[INFO] cloning repository https://github.com/tuepon/rocket-demo-app
[INFO] running `Command { std: "git" "-c" "credential.helper=" "-c" "credential.helper=/workspace/cargo-home/bin/git-credential-null" "clone" "--bare" "https://github.com/tuepon/rocket-demo-app" "/workspace/cache/git-repos/https%3A%2F%2Fgithub.com%2Ftuepon%2Frocket-demo-app", kill_on_drop: false }`
[INFO] [stderr] Cloning into bare repository '/workspace/cache/git-repos/https%3A%2F%2Fgithub.com%2Ftuepon%2Frocket-demo-app'...
[INFO] running `Command { std: "git" "rev-parse" "HEAD", kill_on_drop: false }`
[INFO] [stdout] 7d869f1b7eedb197e2f8510ae116d5f39e8da0c1
[INFO] testing tuepon/rocket-demo-app against 1.99.0-beta.8 for beta-1.100-2
[INFO] running `Command { std: "git" "clone" "/workspace/cache/git-repos/https%3A%2F%2Fgithub.com%2Ftuepon%2Frocket-demo-app" "/workspace/builds/worker-7-tc1/source", kill_on_drop: false }`
[INFO] [stderr] Cloning into '/workspace/builds/worker-7-tc1/source'...
[INFO] [stderr] done.
[INFO] [stderr] Updating files:  79% (9761/12209)
Updating files:  80% (9768/12209)
Updating files:  81% (9890/12209)
Updating files:  82% (10012/12209)
Updating files:  83% (10134/12209)
Updating files:  84% (10256/12209)
Updating files:  85% (10378/12209)
Updating files:  86% (10500/12209)
Updating files:  87% (10622/12209)
Updating files:  88% (10744/12209)
Updating files:  89% (10867/12209)
Updating files:  90% (10989/12209)
Updating files:  91% (11111/12209)
Updating files:  92% (11233/12209)
Updating files:  93% (11355/12209)
Updating files:  94% (11477/12209)
Updating files:  95% (11599/12209)
Updating files:  96% (11721/12209)
Updating files:  97% (11843/12209)
Updating files:  98% (11965/12209)
Updating files:  99% (12087/12209)
Updating files: 100% (12209/12209)
Updating files: 100% (12209/12209), done.
[INFO] removed /workspace/builds/worker-7-tc1/source/rust-toolchain
[INFO] started tweaking git repo https://github.com/tuepon/rocket-demo-app
[INFO] finished tweaking git repo https://github.com/tuepon/rocket-demo-app
[INFO] tweaked toml for git repo https://github.com/tuepon/rocket-demo-app written to /workspace/builds/worker-7-tc1/source/Cargo.toml
[INFO] validating manifest of git repo https://github.com/tuepon/rocket-demo-app on toolchain 1.99.0-beta.8
[INFO] running `Command { std: CARGO_HOME="/workspace/cargo-home" RUSTUP_HOME="/workspace/rustup-home" "/workspace/cargo-home/bin/cargo" "+1.99.0-beta.8" "metadata" "--manifest-path" "Cargo.toml" "--no-deps", kill_on_drop: false }`
[INFO] crate git repo https://github.com/tuepon/rocket-demo-app already has a lockfile, it will not be regenerated
[INFO] running `Command { std: CARGO_HOME="/workspace/cargo-home" RUSTUP_HOME="/workspace/rustup-home" "/workspace/cargo-home/bin/cargo" "+1.99.0-beta.8" "fetch" "--manifest-path" "Cargo.toml", kill_on_drop: false }`
[INFO] [stderr]     Updating crates.io index
[INFO] [stderr]  Downloading crates ...
[INFO] [stderr]   Downloaded safemem v0.3.3
[INFO] [stderr]   Downloaded percent-encoding v1.0.1
[INFO] [stderr]   Downloaded state v0.4.2
[INFO] [stderr]   Downloaded hkdf v0.10.0
[INFO] [stderr]   Downloaded universal-hash v0.4.1
[INFO] [stderr]   Downloaded cpuid-bool v0.2.0
[INFO] [stderr]   Downloaded devise v0.2.1
[INFO] [stderr]   Downloaded devise_core v0.2.1
[INFO] [stderr]   Downloaded devise_codegen v0.2.1
[INFO] [stderr]   Downloaded proc-macro2 v1.0.43
[INFO] [stderr]   Downloaded pear_codegen v0.1.5
[INFO] [stderr]   Downloaded typeable v0.1.2
[INFO] [stderr]   Downloaded ghash v0.3.1
[INFO] [stderr]   Downloaded pear v0.1.5
[INFO] [stderr]   Downloaded polyval v0.4.5
[INFO] [stderr]   Downloaded traitobject v0.1.0
[INFO] [stderr]   Downloaded unicase v1.4.2
[INFO] [stderr]   Downloaded mime v0.2.6
[INFO] [stderr]   Downloaded aead v0.3.2
[INFO] [stderr]   Downloaded ctr v0.6.0
[INFO] [stderr]   Downloaded cookie v0.11.4
[INFO] [stderr]   Downloaded glob v0.3.0
[INFO] [stderr]   Downloaded syn v1.0.100
[INFO] [stderr]   Downloaded serde v1.0.144
[INFO] [stderr]   Downloaded base64 v0.9.3
[INFO] [stderr]   Downloaded rocket_http v0.4.11
[INFO] [stderr]   Downloaded url v1.7.2
[INFO] [stderr]   Downloaded rocket_codegen v0.4.11
[INFO] [stderr]   Downloaded aes v0.6.0
[INFO] [stderr]   Downloaded aesni v0.10.0
[INFO] [stderr]   Downloaded aes-soft v0.6.4
[INFO] [stderr]   Downloaded rocket v0.4.11
[INFO] [stderr]   Downloaded hyper v0.10.16
[INFO] [stderr]   Downloaded aes-gcm v0.8.0
[INFO] [stderr]   Downloaded idna v0.1.5
[INFO] [stderr]   Downloaded libc v0.2.133
[INFO] running `Command { std: "docker" "create" "-v" "/var/lib/crater-agent-workspace/builds/worker-7-tc1/source:/opt/rustwide/workdir:ro,Z" "-v" "/var/lib/crater-agent-workspace/builds/worker-7-tc1/target:/opt/rustwide/target:rw,Z" "-v" "/var/lib/crater-agent-workspace/cargo-home:/opt/rustwide/cargo-home:ro,Z" "-v" "/var/lib/crater-agent-workspace/rustup-home:/opt/rustwide/rustup-home:ro,Z" "-m" "1610612736" "--network" "none" "ghcr.io/rust-lang/crates-build-env/linux@sha256:3111399a4047eeb3a02b7a90e478d715f38a8c6669b5c4b49d30a17385265909" "sleep" "infinity", kill_on_drop: false }`
[INFO] [stdout] a967a76b8ed78046e1cc3336f5717ce08d164b02e7337b286f383c1beee1c9e1
[INFO] running `Command { std: "docker" "start" "a967a76b8ed78046e1cc3336f5717ce08d164b02e7337b286f383c1beee1c9e1", kill_on_drop: false }`
[INFO] running `Command { std: "docker" "inspect" "a967a76b8ed78046e1cc3336f5717ce08d164b02e7337b286f383c1beee1c9e1", kill_on_drop: false }`
[INFO] running `Command { std: "docker" "exec" "-e" "SOURCE_DIR=/opt/rustwide/workdir" "-e" "CARGO_HOME=/opt/rustwide/cargo-home" "-e" "RUSTUP_HOME=/opt/rustwide/rustup-home" "-e" "CARGO_TARGET_DIR=/opt/rustwide/target" "-w" "/opt/rustwide/workdir" "--user" "0:0" "a967a76b8ed78046e1cc3336f5717ce08d164b02e7337b286f383c1beee1c9e1" "/opt/rustwide/cargo-home/bin/cargo" "+1.99.0-beta.8" "metadata" "--no-deps" "--format-version=1", kill_on_drop: false }`
[INFO] running `Command { std: "docker" "inspect" "a967a76b8ed78046e1cc3336f5717ce08d164b02e7337b286f383c1beee1c9e1", kill_on_drop: false }`
[INFO] running `Command { std: "docker" "exec" "-e" "SOURCE_DIR=/opt/rustwide/workdir" "-e" "CARGO_HOME=/opt/rustwide/cargo-home" "-e" "RUSTUP_HOME=/opt/rustwide/rustup-home" "-e" "CARGO_TARGET_DIR=/opt/rustwide/target" "-e" "CARGO_INCREMENTAL=0" "-e" "RUST_BACKTRACE=full" "-e" "RUSTFLAGS=--cap-lints=warn" "-e" "RUSTDOCFLAGS=--cap-lints=warn" "-w" "/opt/rustwide/workdir" "--user" "0:0" "a967a76b8ed78046e1cc3336f5717ce08d164b02e7337b286f383c1beee1c9e1" "/opt/rustwide/cargo-home/bin/cargo" "+1.99.0-beta.8" "build" "--frozen" "--message-format=json", kill_on_drop: false }`
[INFO] [stderr]    Compiling typenum v1.15.0
[INFO] [stderr]    Compiling generic-array v0.14.6
[INFO] [stderr]    Compiling libc v0.2.133
[INFO] [stderr]    Compiling proc-macro2 v0.4.30
[INFO] [stderr]    Compiling log v0.4.17
[INFO] [stderr]    Compiling unicode-xid v0.1.0
[INFO] [stderr]    Compiling yansi v0.5.1
[INFO] [stderr]    Compiling syn v0.15.44
[INFO] [stderr]    Compiling subtle v2.4.1
[INFO] [stderr]    Compiling opaque-debug v0.3.0
[INFO] [stderr]    Compiling tinyvec_macros v0.1.0
[INFO] [stderr]    Compiling proc-macro2 v1.0.43
[INFO] [stderr]    Compiling version_check v0.1.5
[INFO] [stderr]    Compiling unicode-bidi v0.3.8
[INFO] [stderr]    Compiling httparse v1.8.0
[INFO] [stderr]    Compiling quote v1.0.21
[INFO] [stderr]    Compiling matches v0.1.9
[INFO] [stderr]    Compiling unicode-ident v1.0.4
[INFO] [stderr]    Compiling tinyvec v1.6.0
[INFO] [stderr]    Compiling indexmap v1.9.1
[INFO] [stderr]    Compiling syn v1.0.100
[INFO] [stderr]    Compiling cpuid-bool v0.2.0
[INFO] [stderr]    Compiling safemem v0.3.3
[INFO] [stderr]    Compiling percent-encoding v1.0.1
[INFO] [stderr]    Compiling pear_codegen v0.1.5
[INFO] [stderr]    Compiling wasm-bindgen-shared v0.2.83
[INFO] [stderr]    Compiling base64 v0.9.3
[INFO] [stderr]    Compiling typeable v0.1.2
[INFO] [stderr]    Compiling log v0.3.9
[INFO] [stderr]    Compiling unicase v1.4.2
[INFO] [stderr]    Compiling traitobject v0.1.0
[INFO] [stdout] error[E0119]: conflicting implementations of trait `Trait` for type `(dyn Send + Sync + 'static)`
[INFO] [stdout]   --> /opt/rustwide/cargo-home/registry/src/index.crates.io-1949cf8c6b5b557f/traitobject-0.1.0/src/impls.rs:72:1
[INFO] [stdout]    |
[INFO] [stdout] 71 | unsafe impl Trait for ::std::marker::Send + Sync { }
[INFO] [stdout]    | ------------------------------------------------ first implementation here
[INFO] [stdout] 72 | unsafe impl Trait for ::std::marker::Send + Send + Sync { }
[INFO] [stdout]    | ^^^^^^^^^^^^^^^^^^^^^^^^^^^^^^^^^^^^^^^^^^^^^^^^^^^^^^^ conflicting implementation for `(dyn Send + Sync + 'static)`
[INFO] [stdout] 
[INFO] [stdout] 
[INFO] [stdout] error[E0119]: conflicting implementations of trait `Trait` for type `(dyn Send + Sync + 'static)`
[INFO] [stdout]   --> /opt/rustwide/cargo-home/registry/src/index.crates.io-1949cf8c6b5b557f/traitobject-0.1.0/src/impls.rs:73:1
[INFO] [stdout]    |
[INFO] [stdout] 71 | unsafe impl Trait for ::std::marker::Send + Sync { }
[INFO] [stdout]    | ------------------------------------------------ first implementation here
[INFO] [stdout] 72 | unsafe impl Trait for ::std::marker::Send + Send + Sync { }
[INFO] [stdout] 73 | unsafe impl Trait for ::std::marker::Sync + Send { }
[INFO] [stdout]    | ^^^^^^^^^^^^^^^^^^^^^^^^^^^^^^^^^^^^^^^^^^^^^^^^ conflicting implementation for `(dyn Send + Sync + 'static)`
[INFO] [stdout] 
[INFO] [stdout] 
[INFO] [stdout] error[E0119]: conflicting implementations of trait `Trait` for type `(dyn Send + Sync + 'static)`
[INFO] [stdout]   --> /opt/rustwide/cargo-home/registry/src/index.crates.io-1949cf8c6b5b557f/traitobject-0.1.0/src/impls.rs:75:1
[INFO] [stdout]    |
[INFO] [stdout] 71 | unsafe impl Trait for ::std::marker::Send + Sync { }
[INFO] [stdout]    | ------------------------------------------------ first implementation here
[INFO] [stdout] ...
[INFO] [stdout] 75 | unsafe impl Trait for ::std::marker::Sync + Send + Sync { }
[INFO] [stdout]    | ^^^^^^^^^^^^^^^^^^^^^^^^^^^^^^^^^^^^^^^^^^^^^^^^^^^^^^^ conflicting implementation for `(dyn Send + Sync + 'static)`
[INFO] [stdout] 
[INFO] [stdout] 
[INFO] [stdout] For more information about this error, try `rustc --explain E0119`.
[INFO] [stdout] 
[INFO] [stderr] error: could not compile `traitobject` (lib) due to 3 previous errors
[INFO] [stderr] warning: build failed, waiting for other jobs to finish...
[INFO] running `Command { std: "docker" "inspect" "a967a76b8ed78046e1cc3336f5717ce08d164b02e7337b286f383c1beee1c9e1", kill_on_drop: false }`
[INFO] running `Command { std: "docker" "rm" "-f" "a967a76b8ed78046e1cc3336f5717ce08d164b02e7337b286f383c1beee1c9e1", kill_on_drop: false }`
[INFO] [stdout] a967a76b8ed78046e1cc3336f5717ce08d164b02e7337b286f383c1beee1c9e1
