[INFO] cloning repository https://github.com/studyupup1949/rustup
[INFO] running `Command { std: "git" "-c" "credential.helper=" "-c" "credential.helper=/workspace/cargo-home/bin/git-credential-null" "clone" "--bare" "https://github.com/studyupup1949/rustup" "/workspace/cache/git-repos/https%3A%2F%2Fgithub.com%2Fstudyupup1949%2Frustup", kill_on_drop: false }`
[INFO] [stderr] Cloning into bare repository '/workspace/cache/git-repos/https%3A%2F%2Fgithub.com%2Fstudyupup1949%2Frustup'...
[INFO] running `Command { std: "git" "rev-parse" "HEAD", kill_on_drop: false }`
[INFO] [stdout] d44ea20b519ac304df8e0f7c9b8a430bcd393162
[INFO] testing studyupup1949/rustup against 1.100.0-beta.1 for beta-1.100-2
[INFO] running `Command { std: "git" "clone" "/workspace/cache/git-repos/https%3A%2F%2Fgithub.com%2Fstudyupup1949%2Frustup" "/workspace/builds/worker-3-tc2/source", kill_on_drop: false }`
[INFO] [stderr] Cloning into '/workspace/builds/worker-3-tc2/source'...
[INFO] [stderr] done.
[INFO] removed /workspace/builds/worker-3-tc2/source/.cargo/config.toml
[INFO] started tweaking git repo https://github.com/studyupup1949/rustup
[INFO] finished tweaking git repo https://github.com/studyupup1949/rustup
[INFO] tweaked toml for git repo https://github.com/studyupup1949/rustup written to /workspace/builds/worker-3-tc2/source/Cargo.toml
[INFO] validating manifest of git repo https://github.com/studyupup1949/rustup on toolchain 1.100.0-beta.1
[INFO] running `Command { std: CARGO_HOME="/workspace/cargo-home" RUSTUP_HOME="/workspace/rustup-home" "/workspace/cargo-home/bin/cargo" "+1.100.0-beta.1" "metadata" "--manifest-path" "Cargo.toml" "--no-deps", kill_on_drop: false }`
[INFO] crate git repo https://github.com/studyupup1949/rustup already has a lockfile, it will not be regenerated
[INFO] running `Command { std: CARGO_HOME="/workspace/cargo-home" RUSTUP_HOME="/workspace/rustup-home" "/workspace/cargo-home/bin/cargo" "+1.100.0-beta.1" "fetch" "--manifest-path" "Cargo.toml", kill_on_drop: false }`
[INFO] [stderr] warning: `package.homepage` is redundant with `package.repository`
[INFO] [stderr]    --> Cargo.toml:202:12
[INFO] [stderr]     |
[INFO] [stderr] 202 | homepage = "https://github.com/rust-lang/rustup"
[INFO] [stderr]     |            ^^^^^^^^^^^^^^^^^^^^^^^^^^^^^^^^^^^^^
[INFO] [stderr] ...
[INFO] [stderr] 207 | repository = "https://github.com/rust-lang/rustup"
[INFO] [stderr]     |              -------------------------------------
[INFO] [stderr]     |
[INFO] [stderr]     = note: `cargo::redundant_homepage` is set to `warn` by default
[INFO] [stderr] help: consider removing `package.homepage`
[INFO] [stderr] warning: `rustup` (manifest) generated 1 warning
[INFO] running `Command { std: "docker" "create" "-v" "/var/lib/crater-agent-workspace/builds/worker-3-tc2/source:/opt/rustwide/workdir:ro,Z" "-v" "/var/lib/crater-agent-workspace/builds/worker-3-tc2/target:/opt/rustwide/target:rw,Z" "-v" "/var/lib/crater-agent-workspace/cargo-home:/opt/rustwide/cargo-home:ro,Z" "-v" "/var/lib/crater-agent-workspace/rustup-home:/opt/rustwide/rustup-home:ro,Z" "-m" "1610612736" "--network" "none" "ghcr.io/rust-lang/crates-build-env/linux@sha256:3111399a4047eeb3a02b7a90e478d715f38a8c6669b5c4b49d30a17385265909" "sleep" "infinity", kill_on_drop: false }`
[INFO] [stdout] 069ba1a5c43fc1b6b4dadf100fd9d0c04a5f913d523c13d03b2b15798efd2c4e
[INFO] running `Command { std: "docker" "start" "069ba1a5c43fc1b6b4dadf100fd9d0c04a5f913d523c13d03b2b15798efd2c4e", kill_on_drop: false }`
[INFO] running `Command { std: "docker" "inspect" "069ba1a5c43fc1b6b4dadf100fd9d0c04a5f913d523c13d03b2b15798efd2c4e", kill_on_drop: false }`
[INFO] running `Command { std: "docker" "exec" "-e" "SOURCE_DIR=/opt/rustwide/workdir" "-e" "CARGO_HOME=/opt/rustwide/cargo-home" "-e" "RUSTUP_HOME=/opt/rustwide/rustup-home" "-e" "CARGO_TARGET_DIR=/opt/rustwide/target" "-w" "/opt/rustwide/workdir" "--user" "0:0" "069ba1a5c43fc1b6b4dadf100fd9d0c04a5f913d523c13d03b2b15798efd2c4e" "/opt/rustwide/cargo-home/bin/cargo" "+1.100.0-beta.1" "metadata" "--no-deps" "--format-version=1", kill_on_drop: false }`
[INFO] running `Command { std: "docker" "inspect" "069ba1a5c43fc1b6b4dadf100fd9d0c04a5f913d523c13d03b2b15798efd2c4e", kill_on_drop: false }`
[INFO] running `Command { std: "docker" "exec" "-e" "SOURCE_DIR=/opt/rustwide/workdir" "-e" "CARGO_HOME=/opt/rustwide/cargo-home" "-e" "RUSTUP_HOME=/opt/rustwide/rustup-home" "-e" "CARGO_TARGET_DIR=/opt/rustwide/target" "-e" "CARGO_INCREMENTAL=0" "-e" "RUST_BACKTRACE=full" "-e" "RUSTFLAGS=--cap-lints=warn" "-e" "RUSTDOCFLAGS=--cap-lints=warn" "-w" "/opt/rustwide/workdir" "--user" "0:0" "069ba1a5c43fc1b6b4dadf100fd9d0c04a5f913d523c13d03b2b15798efd2c4e" "/opt/rustwide/cargo-home/bin/cargo" "+1.100.0-beta.1" "build" "--frozen" "--message-format=json", kill_on_drop: false }`
[INFO] [stderr] warning: `package.homepage` is redundant with `package.repository`
[INFO] [stderr]    --> Cargo.toml:202:12
[INFO] [stderr]     |
[INFO] [stderr] 202 | homepage = "https://github.com/rust-lang/rustup"
[INFO] [stderr]     |            ^^^^^^^^^^^^^^^^^^^^^^^^^^^^^^^^^^^^^
[INFO] [stderr] ...
[INFO] [stderr] 207 | repository = "https://github.com/rust-lang/rustup"
[INFO] [stderr]     |              -------------------------------------
[INFO] [stderr]     |
[INFO] [stderr]     = note: `cargo::redundant_homepage` is set to `warn` by default
[INFO] [stderr] help: consider removing `package.homepage`
[INFO] [stderr] warning: `rustup` (manifest) generated 1 warning
[INFO] [stderr]    Compiling libc v0.2.189
[INFO] [stderr]    Compiling shlex v2.0.1
[INFO] [stderr]    Compiling find-msvc-tools v0.1.10
[INFO] [stderr]    Compiling tokio-macros v2.7.2
[INFO] [stderr]    Compiling zerovec-derive v0.11.3
[INFO] [stderr]    Compiling futures-core v0.3.33
[INFO] [stderr]    Compiling displaydoc v0.2.7
[INFO] [stderr]    Compiling fs_extra v1.3.0
[INFO] [stderr]    Compiling dunce v1.0.5
[INFO] [stderr]    Compiling futures-sink v0.3.33
[INFO] [stderr]    Compiling serde_core v1.0.229
[INFO] [stderr]    Compiling aws-lc-rs v1.18.0
[INFO] [stderr]    Compiling rustix v1.1.4
[INFO] [stderr]    Compiling futures-macro v0.3.33
[INFO] [stderr]    Compiling futures-io v0.3.33
[INFO] [stderr]    Compiling zerotrie v0.2.4
[INFO] [stderr]    Compiling futures-task v0.3.33
[INFO] [stderr]    Compiling openssl v0.10.81
[INFO] [stderr]    Compiling rustls v0.23.43
[INFO] [stderr]    Compiling futures-channel v0.3.33
[INFO] [stderr]    Compiling openssl-macros v0.1.1
[INFO] [stderr]    Compiling zlib-rs v0.6.7
[INFO] [stderr]    Compiling native-tls v0.2.18
[INFO] [stderr]    Compiling nix v0.29.0
[INFO] [stderr]    Compiling jobserver v0.1.35
[INFO] [stderr]    Compiling futures-util v0.3.33
[INFO] [stderr]    Compiling zerovec v0.11.6
[INFO] [stderr]    Compiling cc v1.4.2
[INFO] [stderr]    Compiling hybrid-array v0.4.14
[INFO] [stderr]    Compiling tinystr v0.8.3
[INFO] [stderr]    Compiling potential_utf v0.1.5
[INFO] [stderr]    Compiling icu_locale_core v2.2.0
[INFO] [stderr]    Compiling icu_collections v2.2.0
[INFO] [stderr]    Compiling socket2 v0.6.5
[INFO] [stderr]    Compiling mio v1.2.2
[INFO] [stderr]    Compiling tokio v1.53.1
[INFO] [stderr]    Compiling cmake v0.1.58
[INFO] [stderr]    Compiling terminal_size v0.4.4
[INFO] [stderr]    Compiling icu_provider v2.2.0
[INFO] [stderr]    Compiling openssl-sys v0.9.117
[INFO] [stderr]    Compiling aws-lc-sys v0.44.0
[INFO] [stderr]    Compiling libz-sys v1.1.24
[INFO] [stderr]    Compiling icu_normalizer v2.2.0
[INFO] [stderr]    Compiling icu_properties v2.2.0
[INFO] [stderr]    Compiling zstd-sys v2.0.16+zstd.1.5.7
[INFO] [stderr]    Compiling curl-sys v0.4.90+curl-8.21.0
[INFO] [stderr]    Compiling getrandom v0.3.4
[INFO] [stderr]    Compiling form_urlencoded v1.2.2
[INFO] [stderr]    Compiling time-core v0.1.9
[INFO] [stderr]    Compiling num-conv v0.2.2
[INFO] [stderr]    Compiling compression-core v0.4.32
[INFO] [stderr]    Compiling clap_builder v4.6.6
[INFO] [stderr]    Compiling time-macros v0.2.32
[INFO] [stderr]    Compiling idna_adapter v1.2.2
[INFO] [stderr]    Compiling idna v1.1.0
[INFO] [stderr]    Compiling flate2 v1.1.9
[INFO] [stderr]    Compiling url v2.5.8
[INFO] [stderr]    Compiling num-traits v0.2.19
[INFO] [stderr]    Compiling clap_derive v4.6.4
[INFO] [stderr]    Compiling compression-codecs v0.4.38
[INFO] [stderr]    Compiling getrandom v0.4.3
[INFO] [stderr]    Compiling rand_core v0.9.5
[INFO] [stderr]    Compiling lzma-sys v0.1.20
[INFO] [stderr]    Compiling sys-info v0.9.1
[INFO] [stderr]    Compiling http-body-util v0.1.4
[INFO] [stderr]    Compiling sync_wrapper v1.0.2
[INFO] [stderr]    Compiling serde_derive v1.0.229
[INFO] [stderr]    Compiling powerfmt v0.2.0
[INFO] [stderr]    Compiling either v1.17.0
[INFO] [stderr]    Compiling deranged v0.5.8
[INFO] [stderr]    Compiling tokio-util v0.7.19
[INFO] [stderr]    Compiling h2 v0.4.15
[INFO] [stderr]    Compiling zstd-safe v7.2.4
[INFO] [stderr]    Compiling tokio-native-tls v0.3.1
[INFO] [stderr]    Compiling time v0.3.55
[INFO] [stderr]    Compiling clap v4.6.6
[INFO] [stderr]    Compiling async-compression v0.4.43
[INFO] [stderr]    Compiling tower v0.5.3
[INFO] [stderr]    Compiling rand_chacha v0.9.0
[INFO] [stderr]    Compiling crypto-common v0.2.2
[INFO] [stderr]    Compiling serde v1.0.229
[INFO] [stderr]    Compiling block-buffer v0.12.1
[INFO] [stderr]    Compiling cvt v0.1.2
[INFO] [stderr]    Compiling const-oid v0.10.2
[INFO] [stderr]    Compiling winnow v1.0.4
[INFO] [stderr]    Compiling pulldown-cmark v0.13.4
[INFO] [stderr]    Compiling platforms v4.1.0
[INFO] [stderr]    Compiling curl v0.4.50
[INFO] [stderr]    Compiling toml_parser v1.1.3+spec-1.1.0
[INFO] [stderr]    Compiling console v0.16.4
[INFO] [stderr]    Compiling digest v0.11.3
[INFO] [stderr]    Compiling rustup v1.29.1 (/opt/rustwide/workdir)
[INFO] [stderr]    Compiling fs_at v0.2.1
[INFO] [stderr]    Compiling git-testament-derive v0.2.1
[INFO] [stderr]    Compiling rand v0.10.2
[INFO] [stderr]    Compiling serde_json v1.0.151
[INFO] [stderr]    Compiling rayon v1.12.0
[INFO] [stderr]    Compiling hyper v1.11.0
[INFO] [stderr]    Compiling rand v0.9.5
[INFO] [stderr]    Compiling tower-http v0.6.11
[INFO] [stderr]    Compiling serde_spanned v1.1.1
[INFO] [stderr]    Compiling toml_datetime v1.1.1+spec-1.1.0
[INFO] [stderr]    Compiling xattr v1.6.1
[INFO] [stderr]    Compiling num_cpus v1.17.0
[INFO] [stderr]    Compiling filetime v0.2.29
[INFO] [stderr]    Compiling bstr v1.13.0
[INFO] [stderr]    Compiling tracing-log v0.2.0
[INFO] [stderr]    Compiling enum-map-derive v1.0.1
[INFO] [stderr]    Compiling hyper-util v0.1.20
[INFO] [stderr]    Compiling normpath v1.5.1
[INFO] [stderr]    Compiling unit-prefix v0.5.2
[INFO] [stderr]    Compiling toml_writer v1.1.2+spec-1.1.0
[INFO] [stderr]    Compiling toml v1.1.4+spec-1.1.0
[INFO] [stderr]    Compiling remove_dir_all v1.0.0
[INFO] [stderr]    Compiling opener v0.8.5
[INFO] [stderr]    Compiling zstd v0.13.3
[INFO] [stderr]    Compiling indicatif v0.18.6
[INFO] [stderr]    Compiling enum-map v3.1.0
[INFO] [stderr]    Compiling tracing-subscriber v0.3.23
[INFO] [stderr]    Compiling tempfile v3.27.0
[INFO] [stderr]    Compiling hyper-tls v0.6.0
[INFO] [stderr]    Compiling effective-limits v0.5.5
[INFO] [stderr]    Compiling threadpool v1.8.1
[INFO] [stderr]    Compiling tar v0.4.46
[INFO] [stderr]    Compiling retry v2.2.0
[INFO] [stderr]    Compiling faster-hex v0.10.0
[INFO] [stderr]    Compiling xz2 v0.1.7
[INFO] [stderr]    Compiling rs_tracing v1.1.0
[INFO] [stderr]    Compiling chrono v0.4.45
[INFO] [stderr]    Compiling tokio-retry v0.3.2
[INFO] [stderr]    Compiling git-testament v0.2.6
[INFO] [stderr]    Compiling sha2 v0.11.0
[INFO] [stderr]    Compiling clap-cargo v0.18.3
[INFO] [stderr]    Compiling clap_complete v4.6.9
[INFO] [stderr]    Compiling tokio-stream v0.1.19
[INFO] [stderr]    Compiling itertools v0.15.0
[INFO] [stderr]    Compiling env_proxy v0.4.1
[INFO] [stderr]    Compiling wait-timeout v0.2.1
[INFO] [stderr]    Compiling semver v1.0.28
[INFO] [stderr]    Compiling rustls-webpki v0.103.13
[INFO] [stderr]    Compiling tokio-rustls v0.26.4
[INFO] [stderr]    Compiling rustls-platform-verifier v0.7.0
[INFO] [stderr]    Compiling hyper-rustls v0.27.9
[INFO] [stderr]    Compiling reqwest v0.13.4
[INFO] [stderr]     Finished `dev` profile [unoptimized + debuginfo] target(s) in 3m 18s
[INFO] running `Command { std: "docker" "inspect" "069ba1a5c43fc1b6b4dadf100fd9d0c04a5f913d523c13d03b2b15798efd2c4e", kill_on_drop: false }`
[INFO] running `Command { std: "docker" "exec" "-e" "SOURCE_DIR=/opt/rustwide/workdir" "-e" "CARGO_HOME=/opt/rustwide/cargo-home" "-e" "RUSTUP_HOME=/opt/rustwide/rustup-home" "-e" "CARGO_TARGET_DIR=/opt/rustwide/target" "-e" "CARGO_INCREMENTAL=0" "-e" "RUST_BACKTRACE=full" "-e" "RUSTFLAGS=--cap-lints=warn" "-e" "RUSTDOCFLAGS=--cap-lints=warn" "-w" "/opt/rustwide/workdir" "--user" "0:0" "069ba1a5c43fc1b6b4dadf100fd9d0c04a5f913d523c13d03b2b15798efd2c4e" "/opt/rustwide/cargo-home/bin/cargo" "+1.100.0-beta.1" "test" "--frozen" "--no-run" "--message-format=json", kill_on_drop: false }`
[INFO] [stderr] warning: `package.homepage` is redundant with `package.repository`
[INFO] [stderr]    --> Cargo.toml:202:12
[INFO] [stderr]     |
[INFO] [stderr] 202 | homepage = "https://github.com/rust-lang/rustup"
[INFO] [stderr]     |            ^^^^^^^^^^^^^^^^^^^^^^^^^^^^^^^^^^^^^
[INFO] [stderr] ...
[INFO] [stderr] 207 | repository = "https://github.com/rust-lang/rustup"
[INFO] [stderr]     |              -------------------------------------
[INFO] [stderr]     |
[INFO] [stderr]     = note: `cargo::redundant_homepage` is set to `warn` by default
[INFO] [stderr] help: consider removing `package.homepage`
[INFO] [stderr] warning: `rustup` (manifest) generated 1 warning
[INFO] [stderr]    Compiling rustls-webpki v0.103.13
[INFO] [stderr]    Compiling num-traits v0.2.19
[INFO] [stderr]    Compiling bit-vec v0.8.0
[INFO] [stderr]    Compiling rand_xorshift v0.4.0
[INFO] [stderr]    Compiling rusty-fork v0.3.1
[INFO] [stderr]    Compiling unarray v0.1.4
[INFO] [stderr]    Compiling webpki-root-certs v1.0.9
[INFO] [stderr]    Compiling bit-set v0.8.0
[INFO] [stderr]    Compiling rustls v0.23.43
[INFO] [stderr]    Compiling chrono v0.4.45
[INFO] [stderr]    Compiling proptest v1.11.0
[INFO] [stderr]    Compiling tokio-rustls v0.26.4
[INFO] [stderr]    Compiling rustls-platform-verifier v0.7.0
[INFO] [stderr]    Compiling hyper-rustls v0.27.9
[INFO] [stderr]    Compiling reqwest v0.13.4
[INFO] [stderr]    Compiling rustup v1.29.1 (/opt/rustwide/workdir)
[INFO] [stdout] error[E0432]: unresolved import `crate::test`
[INFO] [stdout]     --> src/cli/self_update.rs:1332:16
[INFO] [stdout]      |
[INFO] [stdout] 1332 |     use crate::test::{Env, test_dir, with_rustup_home};
[INFO] [stdout]      |                ^^^^ unresolved import
[INFO] [stdout]      |
[INFO] [stdout] note: found an item that was configured out
[INFO] [stdout]     --> src/lib.rs:82:9
[INFO] [stdout]      |
[INFO] [stdout]   81 | #[cfg(feature = "test")]
[INFO] [stdout]      |       ---------------- the item is gated behind the `test` feature
[INFO] [stdout]   82 | pub mod test;
[INFO] [stdout]      |         ^^^^
[INFO] [stdout] help: a similar path exists
[INFO] [stdout]      |
[INFO] [stdout] 1332 |     use crate::diskio::test::{Env, test_dir, with_rustup_home};
[INFO] [stdout]      |                ++++++++
[INFO] [stdout] 
[INFO] [stdout] 
[INFO] [stdout] error[E0432]: unresolved import `crate::for_host`
[INFO] [stdout]     --> src/cli/self_update.rs:1333:17
[INFO] [stdout]      |
[INFO] [stdout] 1333 |     use crate::{for_host, process::TestProcess};
[INFO] [stdout]      |                 ^^^^^^^^ no `for_host` in the root
[INFO] [stdout] 
[INFO] [stdout] 
[INFO] [stdout] error[E0432]: unresolved import `crate::test`
[INFO] [stdout]   --> src/diskio/test.rs:7:12
[INFO] [stdout]    |
[INFO] [stdout]  7 | use crate::test::test_dir;
[INFO] [stdout]    |            ^^^^ unresolved import
[INFO] [stdout]    |
[INFO] [stdout] note: found an item that was configured out
[INFO] [stdout]   --> src/lib.rs:82:9
[INFO] [stdout]    |
[INFO] [stdout] 81 | #[cfg(feature = "test")]
[INFO] [stdout]    |       ---------------- the item is gated behind the `test` feature
[INFO] [stdout] 82 | pub mod test;
[INFO] [stdout]    |         ^^^^
[INFO] [stdout] help: a similar path exists
[INFO] [stdout]    |
[INFO] [stdout]  7 | use crate::diskio::test::test_dir;
[INFO] [stdout]    |            ++++++++
[INFO] [stdout] 
[INFO] [stdout] 
[INFO] [stdout] error[E0432]: unresolved import `crate::test`
[INFO] [stdout]   --> src/dist/component/tests.rs:6:12
[INFO] [stdout]    |
[INFO] [stdout]  6 | use crate::test::DistContext;
[INFO] [stdout]    |            ^^^^ unresolved import
[INFO] [stdout]    |
[INFO] [stdout] note: found an item that was configured out
[INFO] [stdout]   --> src/lib.rs:82:9
[INFO] [stdout]    |
[INFO] [stdout] 81 | #[cfg(feature = "test")]
[INFO] [stdout]    |       ---------------- the item is gated behind the `test` feature
[INFO] [stdout] 82 | pub mod test;
[INFO] [stdout]    |         ^^^^
[INFO] [stdout] help: a similar path exists
[INFO] [stdout]    |
[INFO] [stdout]  6 | use crate::diskio::test::DistContext;
[INFO] [stdout]    |            ++++++++
[INFO] [stdout] 
[INFO] [stdout] 
[INFO] [stdout] error[E0433]: cannot find `test` in the crate root
[INFO] [stdout]   --> src/dist/manifestation/tests.rs:30:5
[INFO] [stdout]    |
[INFO] [stdout] 30 |     test::{
[INFO] [stdout]    |     ^^^^ unresolved import
[INFO] [stdout]    |
[INFO] [stdout] note: found an item that was configured out
[INFO] [stdout]   --> src/lib.rs:82:9
[INFO] [stdout]    |
[INFO] [stdout] 81 | #[cfg(feature = "test")]
[INFO] [stdout]    |       ---------------- the item is gated behind the `test` feature
[INFO] [stdout] 82 | pub mod test;
[INFO] [stdout]    |         ^^^^
[INFO] [stdout] help: a similar path exists
[INFO] [stdout]    |
[INFO] [stdout] 30 |     diskio::test::{
[INFO] [stdout]    |     ++++++++
[INFO] [stdout] 
[INFO] [stdout] 
[INFO] [stdout] error[E0432]: unresolved import `crate::test`
[INFO] [stdout]   --> src/dist/manifestation/tests.rs:30:5
[INFO] [stdout]    |
[INFO] [stdout] 30 |     test::{
[INFO] [stdout]    |     ^^^^ unresolved import
[INFO] [stdout]    |
[INFO] [stdout] note: found an item that was configured out
[INFO] [stdout]   --> src/lib.rs:82:9
[INFO] [stdout]    |
[INFO] [stdout] 81 | #[cfg(feature = "test")]
[INFO] [stdout]    |       ---------------- the item is gated behind the `test` feature
[INFO] [stdout] 82 | pub mod test;
[INFO] [stdout]    |         ^^^^
[INFO] [stdout] help: a similar path exists
[INFO] [stdout]    |
[INFO] [stdout] 30 |     diskio::test::{
[INFO] [stdout]    |     ++++++++
[INFO] [stdout] 
[INFO] [stdout] 
[INFO] [stdout] error[E0432]: unresolved import `crate::test`
[INFO] [stdout]   --> src/env_var.rs:58:16
[INFO] [stdout]    |
[INFO] [stdout] 58 |     use crate::test::Env;
[INFO] [stdout]    |                ^^^^ unresolved import
[INFO] [stdout]    |
[INFO] [stdout] note: found an item that was configured out
[INFO] [stdout]   --> src/lib.rs:82:9
[INFO] [stdout]    |
[INFO] [stdout] 81 | #[cfg(feature = "test")]
[INFO] [stdout]    |       ---------------- the item is gated behind the `test` feature
[INFO] [stdout] 82 | pub mod test;
[INFO] [stdout]    |         ^^^^
[INFO] [stdout] help: a similar path exists
[INFO] [stdout]    |
[INFO] [stdout] 58 |     use crate::diskio::test::Env;
[INFO] [stdout]    |                ++++++++
[INFO] [stdout] 
[INFO] [stdout] 
[INFO] [stdout] error[E0432]: unresolved import `crate::test`
[INFO] [stdout]    --> src/process.rs:392:16
[INFO] [stdout]     |
[INFO] [stdout] 392 |     use crate::test::Env;
[INFO] [stdout]     |                ^^^^ unresolved import
[INFO] [stdout]     |
[INFO] [stdout] note: found an item that was configured out
[INFO] [stdout]    --> src/lib.rs:82:9
[INFO] [stdout]     |
[INFO] [stdout]  81 | #[cfg(feature = "test")]
[INFO] [stdout]     |       ---------------- the item is gated behind the `test` feature
[INFO] [stdout]  82 | pub mod test;
[INFO] [stdout]     |         ^^^^
[INFO] [stdout] help: a similar path exists
[INFO] [stdout]     |
[INFO] [stdout] 392 |     use crate::diskio::test::Env;
[INFO] [stdout]     |                ++++++++
[INFO] [stdout] 
[INFO] [stdout] 
[INFO] [stdout] error[E0432]: unresolved import `crate::process::TestProcess`
[INFO] [stdout]     --> src/cli/self_update.rs:1333:27
[INFO] [stdout]      |
[INFO] [stdout] 1333 |     use crate::{for_host, process::TestProcess};
[INFO] [stdout]      |                           ^^^^^^^^^-----------
[INFO] [stdout]      |                                    |
[INFO] [stdout]      |                                    no `TestProcess` in `process`
[INFO] [stdout]      |
[INFO] [stdout] note: found an item that was configured out
[INFO] [stdout]     --> src/process.rs:300:12
[INFO] [stdout]      |
[INFO] [stdout]  299 | #[cfg(feature = "test")]
[INFO] [stdout]      |       ---------------- the item is gated behind the `test` feature
[INFO] [stdout]  300 | pub struct TestProcess {
[INFO] [stdout]      |            ^^^^^^^^^^^
[INFO] [stdout] help: a similar name exists in the module
[INFO] [stdout]      |
[INFO] [stdout] 1333 -     use crate::{for_host, process::TestProcess};
[INFO] [stdout] 1333 +     use crate::{for_host, process::OsProcess};
[INFO] [stdout]      |
[INFO] [stdout] 
[INFO] [stdout] 
[INFO] [stdout] error[E0432]: unresolved import `crate::process::TestProcess`
[INFO] [stdout]    --> src/diskio/test.rs:6:5
[INFO] [stdout]     |
[INFO] [stdout]   6 | use crate::process::TestProcess;
[INFO] [stdout]     |     ^^^^^^^^^^^^^^^^-----------
[INFO] [stdout]     |                     |
[INFO] [stdout]     |                     no `TestProcess` in `process`
[INFO] [stdout]     |
[INFO] [stdout] note: found an item that was configured out
[INFO] [stdout]    --> src/process.rs:300:12
[INFO] [stdout]     |
[INFO] [stdout] 299 | #[cfg(feature = "test")]
[INFO] [stdout]     |       ---------------- the item is gated behind the `test` feature
[INFO] [stdout] 300 | pub struct TestProcess {
[INFO] [stdout]     |            ^^^^^^^^^^^
[INFO] [stdout] help: a similar name exists in the module
[INFO] [stdout]     |
[INFO] [stdout]   6 - use crate::process::TestProcess;
[INFO] [stdout]   6 + use crate::process::OsProcess;
[INFO] [stdout]     |
[INFO] [stdout] 
[INFO] [stdout] 
[INFO] [stdout] error[E0432]: unresolved import `crate::process::TestProcess`
[INFO] [stdout]    --> src/dist/manifestation/tests.rs:29:5
[INFO] [stdout]     |
[INFO] [stdout]  29 |     process::TestProcess,
[INFO] [stdout]     |     ^^^^^^^^^-----------
[INFO] [stdout]     |              |
[INFO] [stdout]     |              no `TestProcess` in `process`
[INFO] [stdout]     |
[INFO] [stdout] note: found an item that was configured out
[INFO] [stdout]    --> src/process.rs:300:12
[INFO] [stdout]     |
[INFO] [stdout] 299 | #[cfg(feature = "test")]
[INFO] [stdout]     |       ---------------- the item is gated behind the `test` feature
[INFO] [stdout] 300 | pub struct TestProcess {
[INFO] [stdout]     |            ^^^^^^^^^^^
[INFO] [stdout] help: a similar name exists in the module
[INFO] [stdout]     |
[INFO] [stdout]  29 -     process::TestProcess,
[INFO] [stdout]  29 +     process::OsProcess,
[INFO] [stdout]     |
[INFO] [stdout] 
[INFO] [stdout] 
[INFO] [stdout] error[E0432]: unresolved import `crate::process::TestProcess`
[INFO] [stdout]    --> src/env_var.rs:57:9
[INFO] [stdout]     |
[INFO] [stdout]  57 |     use crate::process::TestProcess;
[INFO] [stdout]     |         ^^^^^^^^^^^^^^^^-----------
[INFO] [stdout]     |                         |
[INFO] [stdout]     |                         no `TestProcess` in `process`
[INFO] [stdout]     |
[INFO] [stdout] note: found an item that was configured out
[INFO] [stdout]    --> src/process.rs:300:12
[INFO] [stdout]     |
[INFO] [stdout] 299 | #[cfg(feature = "test")]
[INFO] [stdout]     |       ---------------- the item is gated behind the `test` feature
[INFO] [stdout] 300 | pub struct TestProcess {
[INFO] [stdout]     |            ^^^^^^^^^^^
[INFO] [stdout] help: a similar name exists in the module
[INFO] [stdout]     |
[INFO] [stdout]  57 -     use crate::process::TestProcess;
[INFO] [stdout]  57 +     use crate::process::OsProcess;
[INFO] [stdout]     |
[INFO] [stdout] 
[INFO] [stdout] 
[INFO] [stdout] error[E0432]: unresolved import `crate::process::TestProcess`
[INFO] [stdout]    --> src/process.rs:391:9
[INFO] [stdout]     |
[INFO] [stdout] 391 |     use crate::process::TestProcess;
[INFO] [stdout]     |         ^^^^^^^^^^^^^^^^-----------
[INFO] [stdout]     |                         |
[INFO] [stdout]     |                         no `TestProcess` in `process`
[INFO] [stdout]     |
[INFO] [stdout] note: found an item that was configured out
[INFO] [stdout]    --> src/process.rs:300:12
[INFO] [stdout]     |
[INFO] [stdout] 299 | #[cfg(feature = "test")]
[INFO] [stdout]     |       ---------------- the item is gated behind the `test` feature
[INFO] [stdout] 300 | pub struct TestProcess {
[INFO] [stdout]     |            ^^^^^^^^^^^
[INFO] [stdout] help: a similar name exists in the module
[INFO] [stdout]     |
[INFO] [stdout] 391 -     use crate::process::TestProcess;
[INFO] [stdout] 391 +     use crate::process::OsProcess;
[INFO] [stdout]     |
[INFO] [stdout] 
[INFO] [stdout] 
[INFO] [stdout] error[E0425]: cannot find type `MockChannel` in this scope
[INFO] [stdout]   --> src/dist/manifestation/tests.rs:44:37
[INFO] [stdout]    |
[INFO] [stdout] 44 |     edit: Option<&dyn Fn(&str, &mut MockChannel)>,
[INFO] [stdout]    |                                     ^^^^^^^^^^^ not found in this scope
[INFO] [stdout]    |
[INFO] [stdout] help: you might be missing a type parameter
[INFO] [stdout]    |
[INFO] [stdout] 42 | fn create_mock_dist_server<MockChannel>(
[INFO] [stdout]    |                           +++++++++++++
[INFO] [stdout] 
[INFO] [stdout] 
[INFO] [stdout] error[E0425]: cannot find type `MockDistServer` in this scope
[INFO] [stdout]   --> src/dist/manifestation/tests.rs:45:6
[INFO] [stdout]    |
[INFO] [stdout] 45 | ) -> MockDistServer {
[INFO] [stdout]    |      ^^^^^^^^^^^^^^ not found in this scope
[INFO] [stdout] 
[INFO] [stdout] 
[INFO] [stdout] error[E0422]: cannot find struct, variant or union type `MockDistServer` in this scope
[INFO] [stdout]   --> src/dist/manifestation/tests.rs:46:5
[INFO] [stdout]    |
[INFO] [stdout] 46 |     MockDistServer {
[INFO] [stdout]    |     ^^^^^^^^^^^^^^ not found in this scope
[INFO] [stdout] 
[INFO] [stdout] 
[INFO] [stdout] error[E0425]: cannot find type `MockChannel` in this scope
[INFO] [stdout]   --> src/dist/manifestation/tests.rs:58:37
[INFO] [stdout]    |
[INFO] [stdout] 58 |     edit: Option<&dyn Fn(&str, &mut MockChannel)>,
[INFO] [stdout]    |                                     ^^^^^^^^^^^ not found in this scope
[INFO] [stdout]    |
[INFO] [stdout] help: you might be missing a type parameter
[INFO] [stdout]    |
[INFO] [stdout] 55 | fn create_mock_channel<MockChannel>(
[INFO] [stdout]    |                       +++++++++++++
[INFO] [stdout] 
[INFO] [stdout] 
[INFO] [stdout] error[E0425]: cannot find type `MockChannel` in this scope
[INFO] [stdout]   --> src/dist/manifestation/tests.rs:59:6
[INFO] [stdout]    |
[INFO] [stdout] 59 | ) -> MockChannel {
[INFO] [stdout]    |      ^^^^^^^^^^^ not found in this scope
[INFO] [stdout] 
[INFO] [stdout] 
[INFO] [stdout] error[E0422]: cannot find struct, variant or union type `MockPackage` in this scope
[INFO] [stdout]   --> src/dist/manifestation/tests.rs:65:19
[INFO] [stdout]    |
[INFO] [stdout] 65 |     packages.push(MockPackage {
[INFO] [stdout]    |                   ^^^^^^^^^^^ not found in this scope
[INFO] [stdout] 
[INFO] [stdout] 
[INFO] [stdout] error[E0422]: cannot find struct, variant or union type `MockTargetedPackage` in this scope
[INFO] [stdout]   --> src/dist/manifestation/tests.rs:69:13
[INFO] [stdout]    |
[INFO] [stdout] 69 |             MockTargetedPackage {
[INFO] [stdout]    |             ^^^^^^^^^^^^^^^^^^^ not found in this scope
[INFO] [stdout] 
[INFO] [stdout] 
[INFO] [stdout] error[E0422]: cannot find struct, variant or union type `MockComponent` in this scope
[INFO] [stdout]    --> src/dist/manifestation/tests.rs:73:21
[INFO] [stdout]     |
[INFO] [stdout]  73 |                     MockComponent {
[INFO] [stdout]     |                     ^^^^^^^^^^^^^ not found in this scope
[INFO] [stdout]     |
[INFO] [stdout] note: similarly named struct `Component` defined here
[INFO] [stdout]    --> src/dist/manifest.rs:273:1
[INFO] [stdout]     |
[INFO] [stdout] 273 | pub struct Component {
[INFO] [stdout]     | ^^^^^^^^^^^^^^^^^^^^
[INFO] [stdout] help: a struct with a similar name exists
[INFO] [stdout]     |
[INFO] [stdout]  73 -                     MockComponent {
[INFO] [stdout]  73 +                     Component {
[INFO] [stdout]     |
[INFO] [stdout] 
[INFO] [stdout] 
[INFO] [stdout] error[E0422]: cannot find struct, variant or union type `MockComponent` in this scope
[INFO] [stdout]    --> src/dist/manifestation/tests.rs:78:21
[INFO] [stdout]     |
[INFO] [stdout]  78 |                     MockComponent {
[INFO] [stdout]     |                     ^^^^^^^^^^^^^ not found in this scope
[INFO] [stdout]     |
[INFO] [stdout] note: similarly named struct `Component` defined here
[INFO] [stdout]    --> src/dist/manifest.rs:273:1
[INFO] [stdout]     |
[INFO] [stdout] 273 | pub struct Component {
[INFO] [stdout]     | ^^^^^^^^^^^^^^^^^^^^
[INFO] [stdout] help: a struct with a similar name exists
[INFO] [stdout]     |
[INFO] [stdout]  78 -                     MockComponent {
[INFO] [stdout]  78 +                     Component {
[INFO] [stdout]     |
[INFO] [stdout] 
[INFO] [stdout] 
[INFO] [stdout] error[E0422]: cannot find struct, variant or union type `MockComponent` in this scope
[INFO] [stdout]    --> src/dist/manifestation/tests.rs:83:21
[INFO] [stdout]     |
[INFO] [stdout]  83 |                     MockComponent {
[INFO] [stdout]     |                     ^^^^^^^^^^^^^ not found in this scope
[INFO] [stdout]     |
[INFO] [stdout] note: similarly named struct `Component` defined here
[INFO] [stdout]    --> src/dist/manifest.rs:273:1
[INFO] [stdout]     |
[INFO] [stdout] 273 | pub struct Component {
[INFO] [stdout]     | ^^^^^^^^^^^^^^^^^^^^
[INFO] [stdout] help: a struct with a similar name exists
[INFO] [stdout]     |
[INFO] [stdout]  83 -                     MockComponent {
[INFO] [stdout]  83 +                     Component {
[INFO] [stdout]     |
[INFO] [stdout] 
[INFO] [stdout] 
[INFO] [stdout] error[E0422]: cannot find struct, variant or union type `MockComponent` in this scope
[INFO] [stdout]    --> src/dist/manifestation/tests.rs:88:21
[INFO] [stdout]     |
[INFO] [stdout]  88 |                     MockComponent {
[INFO] [stdout]     |                     ^^^^^^^^^^^^^ not found in this scope
[INFO] [stdout]     |
[INFO] [stdout] note: similarly named struct `Component` defined here
[INFO] [stdout]    --> src/dist/manifest.rs:273:1
[INFO] [stdout]     |
[INFO] [stdout] 273 | pub struct Component {
[INFO] [stdout]     | ^^^^^^^^^^^^^^^^^^^^
[INFO] [stdout] help: a struct with a similar name exists
[INFO] [stdout]     |
[INFO] [stdout]  88 -                     MockComponent {
[INFO] [stdout]  88 +                     Component {
[INFO] [stdout]     |
[INFO] [stdout] 
[INFO] [stdout] 
[INFO] [stdout] error[E0422]: cannot find struct, variant or union type `MockComponent` in this scope
[INFO] [stdout]    --> src/dist/manifestation/tests.rs:93:21
[INFO] [stdout]     |
[INFO] [stdout]  93 |                     MockComponent {
[INFO] [stdout]     |                     ^^^^^^^^^^^^^ not found in this scope
[INFO] [stdout]     |
[INFO] [stdout] note: similarly named struct `Component` defined here
[INFO] [stdout]    --> src/dist/manifest.rs:273:1
[INFO] [stdout]     |
[INFO] [stdout] 273 | pub struct Component {
[INFO] [stdout]     | ^^^^^^^^^^^^^^^^^^^^
[INFO] [stdout] help: a struct with a similar name exists
[INFO] [stdout]     |
[INFO] [stdout]  93 -                     MockComponent {
[INFO] [stdout]  93 +                     Component {
[INFO] [stdout]     |
[INFO] [stdout] 
[INFO] [stdout] 
[INFO] [stdout] error[E0422]: cannot find struct, variant or union type `MockTargetedPackage` in this scope
[INFO] [stdout]    --> src/dist/manifestation/tests.rs:101:13
[INFO] [stdout]     |
[INFO] [stdout] 101 |             MockTargetedPackage {
[INFO] [stdout]     |             ^^^^^^^^^^^^^^^^^^^ not found in this scope
[INFO] [stdout] 
[INFO] [stdout] 
[INFO] [stdout] error[E0422]: cannot find struct, variant or union type `MockComponent` in this scope
[INFO] [stdout]    --> src/dist/manifestation/tests.rs:105:21
[INFO] [stdout]     |
[INFO] [stdout] 105 |                     MockComponent {
[INFO] [stdout]     |                     ^^^^^^^^^^^^^ not found in this scope
[INFO] [stdout]     |
[INFO] [stdout] note: similarly named struct `Component` defined here
[INFO] [stdout]    --> src/dist/manifest.rs:273:1
[INFO] [stdout]     |
[INFO] [stdout] 273 | pub struct Component {
[INFO] [stdout]     | ^^^^^^^^^^^^^^^^^^^^
[INFO] [stdout] help: a struct with a similar name exists
[INFO] [stdout]     |
[INFO] [stdout] 105 -                     MockComponent {
[INFO] [stdout] 105 +                     Component {
[INFO] [stdout]     |
[INFO] [stdout] 
[INFO] [stdout] 
[INFO] [stdout] error[E0422]: cannot find struct, variant or union type `MockComponent` in this scope
[INFO] [stdout]    --> src/dist/manifestation/tests.rs:110:21
[INFO] [stdout]     |
[INFO] [stdout] 110 |                     MockComponent {
[INFO] [stdout]     |                     ^^^^^^^^^^^^^ not found in this scope
[INFO] [stdout]     |
[INFO] [stdout] note: similarly named struct `Component` defined here
[INFO] [stdout]    --> src/dist/manifest.rs:273:1
[INFO] [stdout]     |
[INFO] [stdout] 273 | pub struct Component {
[INFO] [stdout]     | ^^^^^^^^^^^^^^^^^^^^
[INFO] [stdout] help: a struct with a similar name exists
[INFO] [stdout]     |
[INFO] [stdout] 110 -                     MockComponent {
[INFO] [stdout] 110 +                     Component {
[INFO] [stdout]     |
[INFO] [stdout] 
[INFO] [stdout] 
[INFO] [stdout] error[E0422]: cannot find struct, variant or union type `MockComponent` in this scope
[INFO] [stdout]    --> src/dist/manifestation/tests.rs:115:21
[INFO] [stdout]     |
[INFO] [stdout] 115 |                     MockComponent {
[INFO] [stdout]     |                     ^^^^^^^^^^^^^ not found in this scope
[INFO] [stdout]     |
[INFO] [stdout] note: similarly named struct `Component` defined here
[INFO] [stdout]    --> src/dist/manifest.rs:273:1
[INFO] [stdout]     |
[INFO] [stdout] 273 | pub struct Component {
[INFO] [stdout]     | ^^^^^^^^^^^^^^^^^^^^
[INFO] [stdout] help: a struct with a similar name exists
[INFO] [stdout]     |
[INFO] [stdout] 115 -                     MockComponent {
[INFO] [stdout] 115 +                     Component {
[INFO] [stdout]     |
[INFO] [stdout] 
[INFO] [stdout] 
[INFO] [stdout] error[E0422]: cannot find struct, variant or union type `MockPackage` in this scope
[INFO] [stdout]    --> src/dist/manifestation/tests.rs:128:23
[INFO] [stdout]     |
[INFO] [stdout] 128 |         packages.push(MockPackage {
[INFO] [stdout]     |                       ^^^^^^^^^^^ not found in this scope
[INFO] [stdout] 
[INFO] [stdout] 
[INFO] [stdout] error[E0422]: cannot find struct, variant or union type `MockTargetedPackage` in this scope
[INFO] [stdout]    --> src/dist/manifestation/tests.rs:132:17
[INFO] [stdout]     |
[INFO] [stdout] 132 |                 MockTargetedPackage {
[INFO] [stdout]     |                 ^^^^^^^^^^^^^^^^^^^ not found in this scope
[INFO] [stdout] 
[INFO] [stdout] 
[INFO] [stdout] error[E0422]: cannot find struct, variant or union type `MockTargetedPackage` in this scope
[INFO] [stdout]    --> src/dist/manifestation/tests.rs:143:17
[INFO] [stdout]     |
[INFO] [stdout] 143 |                 MockTargetedPackage {
[INFO] [stdout]     |                 ^^^^^^^^^^^^^^^^^^^ not found in this scope
[INFO] [stdout] 
[INFO] [stdout] 
[INFO] [stdout] error[E0422]: cannot find struct, variant or union type `MockPackage` in this scope
[INFO] [stdout]    --> src/dist/manifestation/tests.rs:153:19
[INFO] [stdout]     |
[INFO] [stdout] 153 |     packages.push(MockPackage {
[INFO] [stdout]     |                   ^^^^^^^^^^^ not found in this scope
[INFO] [stdout] 
[INFO] [stdout] 
[INFO] [stdout] error[E0422]: cannot find struct, variant or union type `MockTargetedPackage` in this scope
[INFO] [stdout]    --> src/dist/manifestation/tests.rs:157:13
[INFO] [stdout]     |
[INFO] [stdout] 157 |             MockTargetedPackage {
[INFO] [stdout]     |             ^^^^^^^^^^^^^^^^^^^ not found in this scope
[INFO] [stdout] 
[INFO] [stdout] 
[INFO] [stdout] error[E0422]: cannot find struct, variant or union type `MockTargetedPackage` in this scope
[INFO] [stdout]    --> src/dist/manifestation/tests.rs:168:13
[INFO] [stdout]     |
[INFO] [stdout] 168 |             MockTargetedPackage {
[INFO] [stdout]     |             ^^^^^^^^^^^^^^^^^^^ not found in this scope
[INFO] [stdout] 
[INFO] [stdout] 
[INFO] [stdout] error[E0422]: cannot find struct, variant or union type `MockTargetedPackage` in this scope
[INFO] [stdout]    --> src/dist/manifestation/tests.rs:182:13
[INFO] [stdout]     |
[INFO] [stdout] 182 |             MockTargetedPackage {
[INFO] [stdout]     |             ^^^^^^^^^^^^^^^^^^^ not found in this scope
[INFO] [stdout] 
[INFO] [stdout] 
[INFO] [stdout] error[E0422]: cannot find struct, variant or union type `MockChannel` in this scope
[INFO] [stdout]    --> src/dist/manifestation/tests.rs:203:23
[INFO] [stdout]     |
[INFO] [stdout] 203 |     let mut channel = MockChannel {
[INFO] [stdout]     |                       ^^^^^^^^^^^ not found in this scope
[INFO] [stdout] 
[INFO] [stdout] 
[INFO] [stdout] error[E0425]: cannot find type `MockPackage` in this scope
[INFO] [stdout]    --> src/dist/manifestation/tests.rs:217:67
[INFO] [stdout]     |
[INFO] [stdout] 217 | fn bonus_component(name: &'static str, contents: Arc<Vec<u8>>) -> MockPackage {
[INFO] [stdout]     |                                                                   ^^^^^^^^^^^ not found in this scope
[INFO] [stdout] 
[INFO] [stdout] 
[INFO] [stdout] error[E0422]: cannot find struct, variant or union type `MockPackage` in this scope
[INFO] [stdout]    --> src/dist/manifestation/tests.rs:218:5
[INFO] [stdout]     |
[INFO] [stdout] 218 |     MockPackage {
[INFO] [stdout]     |     ^^^^^^^^^^^ not found in this scope
[INFO] [stdout] 
[INFO] [stdout] 
[INFO] [stdout] error[E0422]: cannot find struct, variant or union type `MockTargetedPackage` in this scope
[INFO] [stdout]    --> src/dist/manifestation/tests.rs:221:23
[INFO] [stdout]     |
[INFO] [stdout] 221 |         targets: vec![MockTargetedPackage {
[INFO] [stdout]     |                       ^^^^^^^^^^^^^^^^^^^ not found in this scope
[INFO] [stdout] 
[INFO] [stdout] 
[INFO] [stdout] error[E0425]: cannot find type `MockChannel` in this scope
[INFO] [stdout]    --> src/dist/manifestation/tests.rs:281:40
[INFO] [stdout]     |
[INFO] [stdout] 281 |     let edit_1 = &|_: &str, chan: &mut MockChannel| {
[INFO] [stdout]     |                                        ^^^^^^^^^^^ not found in this scope
[INFO] [stdout] 
[INFO] [stdout] 
[INFO] [stdout] error[E0422]: cannot find struct, variant or union type `MockComponent` in this scope
[INFO] [stdout]    --> src/dist/manifestation/tests.rs:287:30
[INFO] [stdout]     |
[INFO] [stdout] 287 |         tpkg.components.push(MockComponent {
[INFO] [stdout]     |                              ^^^^^^^^^^^^^ not found in this scope
[INFO] [stdout]     |
[INFO] [stdout] note: similarly named struct `Component` defined here
[INFO] [stdout]    --> src/dist/manifest.rs:273:1
[INFO] [stdout]     |
[INFO] [stdout] 273 | pub struct Component {
[INFO] [stdout]     | ^^^^^^^^^^^^^^^^^^^^
[INFO] [stdout] help: a struct with a similar name exists
[INFO] [stdout]     |
[INFO] [stdout] 287 -         tpkg.components.push(MockComponent {
[INFO] [stdout] 287 +         tpkg.components.push(Component {
[INFO] [stdout]     |
[INFO] [stdout] 
[INFO] [stdout] 
[INFO] [stdout] error[E0425]: cannot find type `MockChannel` in this scope
[INFO] [stdout]    --> src/dist/manifestation/tests.rs:293:40
[INFO] [stdout]     |
[INFO] [stdout] 293 |     let edit_2 = &|_: &str, chan: &mut MockChannel| {
[INFO] [stdout]     |                                        ^^^^^^^^^^^ not found in this scope
[INFO] [stdout] 
[INFO] [stdout] 
[INFO] [stdout] error[E0422]: cannot find struct, variant or union type `MockComponent` in this scope
[INFO] [stdout]    --> src/dist/manifestation/tests.rs:299:30
[INFO] [stdout]     |
[INFO] [stdout] 299 |         tpkg.components.push(MockComponent {
[INFO] [stdout]     |                              ^^^^^^^^^^^^^ not found in this scope
[INFO] [stdout]     |
[INFO] [stdout] note: similarly named struct `Component` defined here
[INFO] [stdout]    --> src/dist/manifest.rs:273:1
[INFO] [stdout]     |
[INFO] [stdout] 273 | pub struct Component {
[INFO] [stdout]     | ^^^^^^^^^^^^^^^^^^^^
[INFO] [stdout] help: a struct with a similar name exists
[INFO] [stdout]     |
[INFO] [stdout] 299 -         tpkg.components.push(MockComponent {
[INFO] [stdout] 299 +         tpkg.components.push(Component {
[INFO] [stdout]     |
[INFO] [stdout] 
[INFO] [stdout] 
[INFO] [stdout] error[E0422]: cannot find struct, variant or union type `MockDistServer` in this scope
[INFO] [stdout]    --> src/dist/manifestation/tests.rs:312:28
[INFO] [stdout]     |
[INFO] [stdout] 312 |     let mock_dist_server = MockDistServer {
[INFO] [stdout]     |                            ^^^^^^^^^^^^^^ not found in this scope
[INFO] [stdout] 
[INFO] [stdout] 
[INFO] [stdout] error[E0422]: cannot find struct, variant or union type `MockDistServer` in this scope
[INFO] [stdout]    --> src/dist/manifestation/tests.rs:352:28
[INFO] [stdout]     |
[INFO] [stdout] 352 |     let mock_dist_server = MockDistServer {
[INFO] [stdout]     |                            ^^^^^^^^^^^^^^ not found in this scope
[INFO] [stdout] 
[INFO] [stdout] 
[INFO] [stdout] error[E0425]: cannot find type `MockChannel` in this scope
[INFO] [stdout]    --> src/dist/manifestation/tests.rs:422:44
[INFO] [stdout]     |
[INFO] [stdout] 422 |     fn new(edit: Option<&dyn Fn(&str, &mut MockChannel)>, comps: Compressions) -> Self {
[INFO] [stdout]     |                                            ^^^^^^^^^^^ not found in this scope
[INFO] [stdout]     |
[INFO] [stdout] help: you might be missing a type parameter
[INFO] [stdout]     |
[INFO] [stdout] 421 | impl<MockChannel> TestContext {
[INFO] [stdout]     |     +++++++++++++
[INFO] [stdout] 
[INFO] [stdout] 
[INFO] [stdout] error[E0425]: cannot find type `MockChannel` in this scope
[INFO] [stdout]    --> src/dist/manifestation/tests.rs:427:41
[INFO] [stdout]     |
[INFO] [stdout] 427 |         edit: Option<&dyn Fn(&str, &mut MockChannel)>,
[INFO] [stdout]     |                                         ^^^^^^^^^^^ not found in this scope
[INFO] [stdout]     |
[INFO] [stdout] help: you might be missing a type parameter
[INFO] [stdout]     |
[INFO] [stdout] 421 | impl<MockChannel> TestContext {
[INFO] [stdout]     |     +++++++++++++
[INFO] [stdout] 
[INFO] [stdout] 
[INFO] [stdout] error[E0425]: cannot find type `MockDistServer` in this scope
[INFO] [stdout]    --> src/dist/manifestation/tests.rs:440:33
[INFO] [stdout]     |
[INFO] [stdout] 440 |     fn from_dist_server(server: MockDistServer, url: Url, comps: Compressions) -> Self {
[INFO] [stdout]     |                                 ^^^^^^^^^^^^^^ not found in this scope
[INFO] [stdout] 
[INFO] [stdout] 
[INFO] [stdout] error[E0425]: cannot find type `MockDistServer` in this scope
[INFO] [stdout]    --> src/dist/manifestation/tests.rs:445:17
[INFO] [stdout]     |
[INFO] [stdout] 445 |         server: MockDistServer,
[INFO] [stdout]     |                 ^^^^^^^^^^^^^^ not found in this scope
[INFO] [stdout] 
[INFO] [stdout] 
[INFO] [stdout] error[E0425]: cannot find type `MockChannel` in this scope
[INFO] [stdout]    --> src/dist/manifestation/tests.rs:610:41
[INFO] [stdout]     |
[INFO] [stdout] 610 |     let edit = &|date: &str, chan: &mut MockChannel| {
[INFO] [stdout]     |                                         ^^^^^^^^^^^ not found in this scope
[INFO] [stdout] 
[INFO] [stdout] 
[INFO] [stdout] error[E0422]: cannot find struct, variant or union type `MockComponent` in this scope
[INFO] [stdout]    --> src/dist/manifestation/tests.rs:618:34
[INFO] [stdout]     |
[INFO] [stdout] 618 |             tpkg.components.push(MockComponent {
[INFO] [stdout]     |                                  ^^^^^^^^^^^^^ not found in this scope
[INFO] [stdout]     |
[INFO] [stdout] note: similarly named struct `Component` defined here
[INFO] [stdout]    --> src/dist/manifest.rs:273:1
[INFO] [stdout]     |
[INFO] [stdout] 273 | pub struct Component {
[INFO] [stdout]     | ^^^^^^^^^^^^^^^^^^^^
[INFO] [stdout] help: a struct with a similar name exists
[INFO] [stdout]     |
[INFO] [stdout] 618 -             tpkg.components.push(MockComponent {
[INFO] [stdout] 618 +             tpkg.components.push(Component {
[INFO] [stdout]     |
[INFO] [stdout] 
[INFO] [stdout] 
[INFO] [stdout] error[E0425]: cannot find type `MockChannel` in this scope
[INFO] [stdout]    --> src/dist/manifestation/tests.rs:675:41
[INFO] [stdout]     |
[INFO] [stdout] 675 |     let edit = &|date: &str, chan: &mut MockChannel| {
[INFO] [stdout]     |                                         ^^^^^^^^^^^ not found in this scope
[INFO] [stdout] 
[INFO] [stdout] 
[INFO] [stdout] error[E0425]: cannot find type `MockChannel` in this scope
[INFO] [stdout]    --> src/dist/manifestation/tests.rs:721:41
[INFO] [stdout]     |
[INFO] [stdout] 721 |     let edit = &|date: &str, chan: &mut MockChannel| {
[INFO] [stdout]     |                                         ^^^^^^^^^^^ not found in this scope
[INFO] [stdout] 
[INFO] [stdout] 
[INFO] [stdout] error[E0422]: cannot find struct, variant or union type `MockComponent` in this scope
[INFO] [stdout]    --> src/dist/manifestation/tests.rs:728:34
[INFO] [stdout]     |
[INFO] [stdout] 728 |             tpkg.components.push(MockComponent {
[INFO] [stdout]     |                                  ^^^^^^^^^^^^^ not found in this scope
[INFO] [stdout]     |
[INFO] [stdout] note: similarly named struct `Component` defined here
[INFO] [stdout]    --> src/dist/manifest.rs:273:1
[INFO] [stdout]     |
[INFO] [stdout] 273 | pub struct Component {
[INFO] [stdout]     | ^^^^^^^^^^^^^^^^^^^^
[INFO] [stdout] help: a struct with a similar name exists
[INFO] [stdout]     |
[INFO] [stdout] 728 -             tpkg.components.push(MockComponent {
[INFO] [stdout] 728 +             tpkg.components.push(Component {
[INFO] [stdout]     |
[INFO] [stdout] 
[INFO] [stdout] 
[INFO] [stdout] error[E0425]: cannot find type `MockChannel` in this scope
[INFO] [stdout]    --> src/dist/manifestation/tests.rs:773:41
[INFO] [stdout]     |
[INFO] [stdout] 773 |     let edit = &|date: &str, chan: &mut MockChannel| {
[INFO] [stdout]     |                                         ^^^^^^^^^^^ not found in this scope
[INFO] [stdout] 
[INFO] [stdout] 
[INFO] [stdout] error[E0425]: cannot find type `MockChannel` in this scope
[INFO] [stdout]    --> src/dist/manifestation/tests.rs:844:41
[INFO] [stdout]     |
[INFO] [stdout] 844 |     let edit = &|date: &str, chan: &mut MockChannel| {
[INFO] [stdout]     |                                         ^^^^^^^^^^^ not found in this scope
[INFO] [stdout] 
[INFO] [stdout] 
[INFO] [stdout] error[E0425]: cannot find type `MockChannel` in this scope
[INFO] [stdout]     --> src/dist/manifestation/tests.rs:1211:41
[INFO] [stdout]      |
[INFO] [stdout] 1211 |     let edit = &|date: &str, chan: &mut MockChannel| {
[INFO] [stdout]      |                                         ^^^^^^^^^^^ not found in this scope
[INFO] [stdout] 
[INFO] [stdout] 
[INFO] [stdout] error[E0422]: cannot find struct, variant or union type `MockComponent` in this scope
[INFO] [stdout]     --> src/dist/manifestation/tests.rs:1218:34
[INFO] [stdout]      |
[INFO] [stdout] 1218 |             tpkg.components.push(MockComponent {
[INFO] [stdout]      |                                  ^^^^^^^^^^^^^ not found in this scope
[INFO] [stdout]      |
[INFO] [stdout] note: similarly named struct `Component` defined here
[INFO] [stdout]     --> src/dist/manifest.rs:273:1
[INFO] [stdout]      |
[INFO] [stdout]  273 | pub struct Component {
[INFO] [stdout]      | ^^^^^^^^^^^^^^^^^^^^
[INFO] [stdout] help: a struct with a similar name exists
[INFO] [stdout]      |
[INFO] [stdout] 1218 -             tpkg.components.push(MockComponent {
[INFO] [stdout] 1218 +             tpkg.components.push(Component {
[INFO] [stdout]      |
[INFO] [stdout] 
[INFO] [stdout] 
[INFO] [stdout] error[E0599]: no method named `env` found for struct `HashMap<K, V, S, A>` in the current scope
[INFO] [stdout]     --> src/cli/self_update.rs:1382:14
[INFO] [stdout]      |
[INFO] [stdout] 1382 |         vars.env("CARGO_HOME", cargo_home.to_string_lossy().to_string());
[INFO] [stdout]      |              ^^^ method not found in `HashMap<_, _>`
[INFO] [stdout] 
[INFO] [stdout] 
[INFO] [stdout] error[E0433]: cannot find type `MockManifestVersion` in this scope
[INFO] [stdout]    --> src/dist/manifestation/tests.rs:240:49
[INFO] [stdout]     |
[INFO] [stdout] 240 |     create_mock_dist_server(path, None).write(&[MockManifestVersion::V2], false, false);
[INFO] [stdout]     |                                                 ^^^^^^^^^^^^^^^^^^^ use of undeclared type `MockManifestVersion`
[INFO] [stdout] 
[INFO] [stdout] 
[INFO] [stdout] error[E0425]: cannot find function `change_channel_date` in this scope
[INFO] [stdout]    --> src/dist/manifestation/tests.rs:328:5
[INFO] [stdout]     |
[INFO] [stdout] 328 |     change_channel_date(&cx.url, "nightly", "2016-02-01");
[INFO] [stdout]     |     ^^^^^^^^^^^^^^^^^^^ not found in this scope
[INFO] [stdout] 
[INFO] [stdout] 
[INFO] [stdout] error[E0425]: cannot find function `change_channel_date` in this scope
[INFO] [stdout]    --> src/dist/manifestation/tests.rs:332:5
[INFO] [stdout]     |
[INFO] [stdout] 332 |     change_channel_date(&cx.url, "nightly", "2016-02-02");
[INFO] [stdout]     |     ^^^^^^^^^^^^^^^^^^^ not found in this scope
[INFO] [stdout] 
[INFO] [stdout] 
[INFO] [stdout] error[E0425]: cannot find function `change_channel_date` in this scope
[INFO] [stdout]    --> src/dist/manifestation/tests.rs:368:5
[INFO] [stdout]     |
[INFO] [stdout] 368 |     change_channel_date(&cx.url, "nightly", "2016-02-01");
[INFO] [stdout]     |     ^^^^^^^^^^^^^^^^^^^ not found in this scope
[INFO] [stdout] 
[INFO] [stdout] 
[INFO] [stdout] error[E0425]: cannot find function `change_channel_date` in this scope
[INFO] [stdout]    --> src/dist/manifestation/tests.rs:375:5
[INFO] [stdout]     |
[INFO] [stdout] 375 |     change_channel_date(&cx.url, "nightly", "2016-02-02");
[INFO] [stdout]     |     ^^^^^^^^^^^^^^^^^^^ not found in this scope
[INFO] [stdout] 
[INFO] [stdout] 
[INFO] [stdout] error[E0433]: cannot find type `MockManifestVersion` in this scope
[INFO] [stdout]    --> src/dist/manifestation/tests.rs:451:15
[INFO] [stdout]     |
[INFO] [stdout] 451 |             &[MockManifestVersion::V2],
[INFO] [stdout]     |               ^^^^^^^^^^^^^^^^^^^ use of undeclared type `MockManifestVersion`
[INFO] [stdout] 
[INFO] [stdout] 
[INFO] [stdout] error[E0425]: cannot find function `change_channel_date` in this scope
[INFO] [stdout]    --> src/dist/manifestation/tests.rs:593:5
[INFO] [stdout]     |
[INFO] [stdout] 593 |     change_channel_date(&cx.url, "nightly", "2016-02-01");
[INFO] [stdout]     |     ^^^^^^^^^^^^^^^^^^^ not found in this scope
[INFO] [stdout] 
[INFO] [stdout] 
[INFO] [stdout] error[E0425]: cannot find function `change_channel_date` in this scope
[INFO] [stdout]    --> src/dist/manifestation/tests.rs:599:5
[INFO] [stdout]     |
[INFO] [stdout] 599 |     change_channel_date(&cx.url, "nightly", "2016-02-02");
[INFO] [stdout]     |     ^^^^^^^^^^^^^^^^^^^ not found in this scope
[INFO] [stdout] 
[INFO] [stdout] 
[INFO] [stdout] error[E0425]: cannot find function `change_channel_date` in this scope
[INFO] [stdout]    --> src/dist/manifestation/tests.rs:646:5
[INFO] [stdout]     |
[INFO] [stdout] 646 |     change_channel_date(&cx.url, "nightly", "2016-02-01");
[INFO] [stdout]     |     ^^^^^^^^^^^^^^^^^^^ not found in this scope
[INFO] [stdout] 
[INFO] [stdout] 
[INFO] [stdout] error[E0425]: cannot find function `change_channel_date` in this scope
[INFO] [stdout]    --> src/dist/manifestation/tests.rs:650:5
[INFO] [stdout]     |
[INFO] [stdout] 650 |     change_channel_date(&cx.url, "nightly", "2016-02-02");
[INFO] [stdout]     |     ^^^^^^^^^^^^^^^^^^^ not found in this scope
[INFO] [stdout] 
[INFO] [stdout] 
[INFO] [stdout] error[E0425]: cannot find function `change_channel_date` in this scope
[INFO] [stdout]    --> src/dist/manifestation/tests.rs:691:5
[INFO] [stdout]     |
[INFO] [stdout] 691 |     change_channel_date(&cx.url, "nightly", "2016-02-01");
[INFO] [stdout]     |     ^^^^^^^^^^^^^^^^^^^ not found in this scope
[INFO] [stdout] 
[INFO] [stdout] 
[INFO] [stdout] error[E0425]: cannot find function `change_channel_date` in this scope
[INFO] [stdout]    --> src/dist/manifestation/tests.rs:695:5
[INFO] [stdout]     |
[INFO] [stdout] 695 |     change_channel_date(&cx.url, "nightly", "2016-02-02");
[INFO] [stdout]     |     ^^^^^^^^^^^^^^^^^^^ not found in this scope
[INFO] [stdout] 
[INFO] [stdout] 
[INFO] [stdout] error[E0425]: cannot find function `change_channel_date` in this scope
[INFO] [stdout]    --> src/dist/manifestation/tests.rs:746:5
[INFO] [stdout]     |
[INFO] [stdout] 746 |     change_channel_date(&cx.url, "nightly", "2016-02-01");
[INFO] [stdout]     |     ^^^^^^^^^^^^^^^^^^^ not found in this scope
[INFO] [stdout] 
[INFO] [stdout] 
[INFO] [stdout] error[E0425]: cannot find function `change_channel_date` in this scope
[INFO] [stdout]    --> src/dist/manifestation/tests.rs:751:5
[INFO] [stdout]     |
[INFO] [stdout] 751 |     change_channel_date(&cx.url, "nightly", "2016-02-02");
[INFO] [stdout]     |     ^^^^^^^^^^^^^^^^^^^ not found in this scope
[INFO] [stdout] 
[INFO] [stdout] 
[INFO] [stdout] error[E0425]: cannot find function `change_channel_date` in this scope
[INFO] [stdout]    --> src/dist/manifestation/tests.rs:803:5
[INFO] [stdout]     |
[INFO] [stdout] 803 |     change_channel_date(&cx.url, "nightly", "2016-02-01");
[INFO] [stdout]     |     ^^^^^^^^^^^^^^^^^^^ not found in this scope
[INFO] [stdout] 
[INFO] [stdout] 
[INFO] [stdout] error[E0425]: cannot find function `change_channel_date` in this scope
[INFO] [stdout]    --> src/dist/manifestation/tests.rs:815:5
[INFO] [stdout]     |
[INFO] [stdout] 815 |     change_channel_date(&cx.url, "nightly", "2016-02-02");
[INFO] [stdout]     |     ^^^^^^^^^^^^^^^^^^^ not found in this scope
[INFO] [stdout] 
[INFO] [stdout] 
[INFO] [stdout] error[E0425]: cannot find function `change_channel_date` in this scope
[INFO] [stdout]    --> src/dist/manifestation/tests.rs:874:5
[INFO] [stdout]     |
[INFO] [stdout] 874 |     change_channel_date(&cx.url, "nightly", "2016-02-01");
[INFO] [stdout]     |     ^^^^^^^^^^^^^^^^^^^ not found in this scope
[INFO] [stdout] 
[INFO] [stdout] 
[INFO] [stdout] error[E0425]: cannot find function `change_channel_date` in this scope
[INFO] [stdout]    --> src/dist/manifestation/tests.rs:880:5
[INFO] [stdout]     |
[INFO] [stdout] 880 |     change_channel_date(&cx.url, "nightly", "2016-02-02");
[INFO] [stdout]     |     ^^^^^^^^^^^^^^^^^^^ not found in this scope
[INFO] [stdout] 
[INFO] [stdout] 
[INFO] [stdout] error[E0425]: cannot find function `change_channel_date` in this scope
[INFO] [stdout]    --> src/dist/manifestation/tests.rs:922:5
[INFO] [stdout]     |
[INFO] [stdout] 922 |     change_channel_date(&cx.url, "nightly", "2016-02-01");
[INFO] [stdout]     |     ^^^^^^^^^^^^^^^^^^^ not found in this scope
[INFO] [stdout] 
[INFO] [stdout] 
[INFO] [stdout] error[E0425]: cannot find function `change_channel_date` in this scope
[INFO] [stdout]    --> src/dist/manifestation/tests.rs:934:5
[INFO] [stdout]     |
[INFO] [stdout] 934 |     change_channel_date(&cx.url, "nightly", "2016-02-02");
[INFO] [stdout]     |     ^^^^^^^^^^^^^^^^^^^ not found in this scope
[INFO] [stdout] 
[INFO] [stdout] 
[INFO] [stdout] error[E0425]: cannot find function `change_channel_date` in this scope
[INFO] [stdout]     --> src/dist/manifestation/tests.rs:1016:5
[INFO] [stdout]      |
[INFO] [stdout] 1016 |     change_channel_date(&cx.url, "nightly", "2016-02-01");
[INFO] [stdout]      |     ^^^^^^^^^^^^^^^^^^^ not found in this scope
[INFO] [stdout] 
[INFO] [stdout] 
[INFO] [stdout] error[E0425]: cannot find function `change_channel_date` in this scope
[INFO] [stdout]     --> src/dist/manifestation/tests.rs:1020:5
[INFO] [stdout]      |
[INFO] [stdout] 1020 |     change_channel_date(&cx.url, "nightly", "2016-02-02");
[INFO] [stdout]      |     ^^^^^^^^^^^^^^^^^^^ not found in this scope
[INFO] [stdout] 
[INFO] [stdout] 
[INFO] [stdout] error[E0425]: cannot find function `change_channel_date` in this scope
[INFO] [stdout]     --> src/dist/manifestation/tests.rs:1150:5
[INFO] [stdout]      |
[INFO] [stdout] 1150 |     change_channel_date(&cx.url, "nightly", "2016-02-01");
[INFO] [stdout]      |     ^^^^^^^^^^^^^^^^^^^ not found in this scope
[INFO] [stdout] 
[INFO] [stdout] 
[INFO] [stdout] error[E0425]: cannot find function `change_channel_date` in this scope
[INFO] [stdout]     --> src/dist/manifestation/tests.rs:1167:5
[INFO] [stdout]      |
[INFO] [stdout] 1167 |     change_channel_date(&cx.url, "nightly", "2016-02-02");
[INFO] [stdout]      |     ^^^^^^^^^^^^^^^^^^^ not found in this scope
[INFO] [stdout] 
[INFO] [stdout] 
[INFO] [stdout] error[E0425]: cannot find function `change_channel_date` in this scope
[INFO] [stdout]     --> src/dist/manifestation/tests.rs:1192:5
[INFO] [stdout]      |
[INFO] [stdout] 1192 |     change_channel_date(&cx.url, "nightly", "2016-02-01");
[INFO] [stdout]      |     ^^^^^^^^^^^^^^^^^^^ not found in this scope
[INFO] [stdout] 
[INFO] [stdout] 
[INFO] [stdout] error[E0425]: cannot find function `change_channel_date` in this scope
[INFO] [stdout]     --> src/dist/manifestation/tests.rs:1196:5
[INFO] [stdout]      |
[INFO] [stdout] 1196 |     change_channel_date(&cx.url, "nightly", "2016-02-02");
[INFO] [stdout]      |     ^^^^^^^^^^^^^^^^^^^ not found in this scope
[INFO] [stdout] 
[INFO] [stdout] 
[INFO] [stdout] error[E0425]: cannot find function `change_channel_date` in this scope
[INFO] [stdout]     --> src/dist/manifestation/tests.rs:1230:5
[INFO] [stdout]      |
[INFO] [stdout] 1230 |     change_channel_date(&cx.url, "nightly", "2016-02-01");
[INFO] [stdout]      |     ^^^^^^^^^^^^^^^^^^^ not found in this scope
[INFO] [stdout] 
[INFO] [stdout] 
[INFO] [stdout] error[E0425]: cannot find function `change_channel_date` in this scope
[INFO] [stdout]     --> src/dist/manifestation/tests.rs:1240:5
[INFO] [stdout]      |
[INFO] [stdout] 1240 |     change_channel_date(&cx.url, "nightly", "2016-02-02");
[INFO] [stdout]      |     ^^^^^^^^^^^^^^^^^^^ not found in this scope
[INFO] [stdout] 
[INFO] [stdout] 
[INFO] [stdout] error[E0425]: cannot find function `change_channel_date` in this scope
[INFO] [stdout]     --> src/dist/manifestation/tests.rs:1336:5
[INFO] [stdout]      |
[INFO] [stdout] 1336 |     change_channel_date(&cx.url, "nightly", "2016-02-01");
[INFO] [stdout]      |     ^^^^^^^^^^^^^^^^^^^ not found in this scope
[INFO] [stdout] 
[INFO] [stdout] 
[INFO] [stdout] error[E0425]: cannot find function `change_channel_date` in this scope
[INFO] [stdout]     --> src/dist/manifestation/tests.rs:1346:5
[INFO] [stdout]      |
[INFO] [stdout] 1346 |     change_channel_date(&cx.url, "nightly", "2016-02-02");
[INFO] [stdout]      |     ^^^^^^^^^^^^^^^^^^^ not found in this scope
[INFO] [stdout] 
[INFO] [stdout] 
[INFO] [stdout] error[E0599]: no method named `env` found for struct `HashMap<K, V, S, A>` in the current scope
[INFO] [stdout]     --> src/dist/manifestation/tests.rs:1564:10
[INFO] [stdout]      |
[INFO] [stdout] 1564 |     vars.env(
[INFO] [stdout]      |          ^^^ method not found in `HashMap<_, _>`
[INFO] [stdout] 
[INFO] [stdout] 
[INFO] [stdout] error[E0599]: no method named `env` found for struct `HashMap<K, V, S, A>` in the current scope
[INFO] [stdout]     --> src/dist/manifestation/tests.rs:1568:10
[INFO] [stdout]      |
[INFO] [stdout] 1568 |     vars.env("HOME", home.path().to_string_lossy().to_string());
[INFO] [stdout]      |          ^^^ method not found in `HashMap<_, _>`
[INFO] [stdout] 
[INFO] [stdout] 
[INFO] [stdout] error[E0599]: no method named `env` found for struct `HashMap<K, V, S, A>` in the current scope
[INFO] [stdout]     --> src/dist/manifestation/tests.rs:1569:10
[INFO] [stdout]      |
[INFO] [stdout] 1569 |     vars.env("RUSTUP_DIST_SERVER", cx.url.as_str());
[INFO] [stdout]      |          ^^^ method not found in `HashMap<_, _>`
[INFO] [stdout] 
[INFO] [stdout] 
[INFO] [stdout] error[E0599]: no method named `env` found for struct `HashMap<K, V, S, A>` in the current scope
[INFO] [stdout]   --> src/env_var.rs:63:14
[INFO] [stdout]    |
[INFO] [stdout] 63 |         vars.env(
[INFO] [stdout]    |              ^^^ method not found in `HashMap<_, _>`
[INFO] [stdout] 
[INFO] [stdout] 
[INFO] [stdout] error[E0599]: no method named `env` found for struct `HashMap<K, V, S, A>` in the current scope
[INFO] [stdout]    --> src/env_var.rs:109:14
[INFO] [stdout]     |
[INFO] [stdout] 109 |         vars.env(
[INFO] [stdout]     |              ^^^ method not found in `HashMap<_, _>`
[INFO] [stdout] 
[INFO] [stdout] 
[INFO] [stdout] error[E0599]: no method named `env` found for struct `HashMap<K, V, S, A>` in the current scope
[INFO] [stdout]    --> src/process.rs:398:18
[INFO] [stdout]     |
[INFO] [stdout] 398 |             vars.env("RUSTUP_TERM_COLOR", env_val);
[INFO] [stdout]     |                  ^^^ method not found in `HashMap<_, _>`
[INFO] [stdout] 
[INFO] [stdout] 
[INFO] [stdout] Some errors have detailed explanations: E0422, E0425, E0432, E0433, E0599.
[INFO] [stdout] 
[INFO] [stdout] For more information about an error, try `rustc --explain E0422`.
[INFO] [stdout] 
[INFO] [stderr] error: could not compile `rustup` (lib test) due to 96 previous errors
[INFO] [stderr] warning: build failed, waiting for other jobs to finish...
[INFO] running `Command { std: "docker" "inspect" "069ba1a5c43fc1b6b4dadf100fd9d0c04a5f913d523c13d03b2b15798efd2c4e", kill_on_drop: false }`
[INFO] running `Command { std: "docker" "rm" "-f" "069ba1a5c43fc1b6b4dadf100fd9d0c04a5f913d523c13d03b2b15798efd2c4e", kill_on_drop: false }`
[INFO] [stdout] 069ba1a5c43fc1b6b4dadf100fd9d0c04a5f913d523c13d03b2b15798efd2c4e
