[INFO] cloning repository https://github.com/shuttle-hq/ecs-shuttle-mirror
[INFO] running `Command { std: "git" "-c" "credential.helper=" "-c" "credential.helper=/workspace/cargo-home/bin/git-credential-null" "clone" "--bare" "https://github.com/shuttle-hq/ecs-shuttle-mirror" "/workspace/cache/git-repos/https%3A%2F%2Fgithub.com%2Fshuttle-hq%2Fecs-shuttle-mirror", kill_on_drop: false }`
[INFO] [stderr] Cloning into bare repository '/workspace/cache/git-repos/https%3A%2F%2Fgithub.com%2Fshuttle-hq%2Fecs-shuttle-mirror'...
[INFO] running `Command { std: "git" "rev-parse" "HEAD", kill_on_drop: false }`
[INFO] [stdout] d6443fa89ec18188be277df9ad9ddaa92378e9f7
[INFO] testing shuttle-hq/ecs-shuttle-mirror against 1.100.0-beta.1 for beta-1.100-2
[INFO] running `Command { std: "git" "clone" "/workspace/cache/git-repos/https%3A%2F%2Fgithub.com%2Fshuttle-hq%2Fecs-shuttle-mirror" "/workspace/builds/worker-0-tc2/source", kill_on_drop: false }`
[INFO] [stderr] Cloning into '/workspace/builds/worker-0-tc2/source'...
[INFO] [stderr] done.
[INFO] started tweaking git repo https://github.com/shuttle-hq/ecs-shuttle-mirror
[INFO] finished tweaking git repo https://github.com/shuttle-hq/ecs-shuttle-mirror
[INFO] tweaked toml for git repo https://github.com/shuttle-hq/ecs-shuttle-mirror written to /workspace/builds/worker-0-tc2/source/Cargo.toml
[INFO] validating manifest of git repo https://github.com/shuttle-hq/ecs-shuttle-mirror on toolchain 1.100.0-beta.1
[INFO] running `Command { std: CARGO_HOME="/workspace/cargo-home" RUSTUP_HOME="/workspace/rustup-home" "/workspace/cargo-home/bin/cargo" "+1.100.0-beta.1" "metadata" "--manifest-path" "Cargo.toml" "--no-deps", kill_on_drop: false }`
[INFO] crate git repo https://github.com/shuttle-hq/ecs-shuttle-mirror already has a lockfile, it will not be regenerated
[INFO] running `Command { std: CARGO_HOME="/workspace/cargo-home" RUSTUP_HOME="/workspace/rustup-home" "/workspace/cargo-home/bin/cargo" "+1.100.0-beta.1" "fetch" "--manifest-path" "Cargo.toml", kill_on_drop: false }`
[INFO] [stderr] warning: unused workspace dependency `cfg-if`
[INFO] [stderr]   --> Cargo.toml:28:1
[INFO] [stderr]    |
[INFO] [stderr] 28 | cfg-if = "1.0.0"
[INFO] [stderr]    | ^^^^^^
[INFO] [stderr]    |
[INFO] [stderr]    = note: `cargo::unused_workspace_dependencies` is set to `warn` by default
[INFO] [stderr] help: consider removing the workspace dependency `cfg-if`
[INFO] [stderr] warning: unused workspace dependency `hyper-rustls`
[INFO] [stderr]    --> Cargo.toml:118:25
[INFO] [stderr]     |
[INFO] [stderr] 118 | [workspace.dependencies.hyper-rustls]
[INFO] [stderr]     |                         ^^^^^^^^^^^^
[INFO] [stderr]     |
[INFO] [stderr] help: consider removing the workspace dependency `hyper-rustls`
[INFO] [stderr] warning: unused workspace dependency `hyper-util`
[INFO] [stderr]   --> Cargo.toml:39:1
[INFO] [stderr]    |
[INFO] [stderr] 39 | hyper-util = "0.1.10"
[INFO] [stderr]    | ^^^^^^^^^^
[INFO] [stderr]    |
[INFO] [stderr] help: consider removing the workspace dependency `hyper-util`
[INFO] [stderr] warning: unused workspace dependency `once_cell`
[INFO] [stderr]   --> Cargo.toml:45:1
[INFO] [stderr]    |
[INFO] [stderr] 45 | once_cell = "1.20.3"
[INFO] [stderr]    | ^^^^^^^^^
[INFO] [stderr]    |
[INFO] [stderr] help: consider removing the workspace dependency `once_cell`
[INFO] [stderr] warning: unused workspace dependency `rustls-pemfile`
[INFO] [stderr]   --> Cargo.toml:58:1
[INFO] [stderr]    |
[INFO] [stderr] 58 | rustls-pemfile = "2.2.0"
[INFO] [stderr]    | ^^^^^^^^^^^^^^
[INFO] [stderr]    |
[INFO] [stderr] help: consider removing the workspace dependency `rustls-pemfile`
[INFO] [stderr] warning: workspace (manifest) generated 5 warnings
[INFO] [stderr]     Blocking waiting for file lock on package cache
[INFO] [stderr]     Blocking waiting for file lock on package cache
[ERROR] error running command: no output for 300 seconds
[INFO] testing shuttle-hq/ecs-shuttle-mirror against 1.100.0-beta.1 for beta-1.100-2
[INFO] running `Command { std: "git" "clone" "/workspace/cache/git-repos/https%3A%2F%2Fgithub.com%2Fshuttle-hq%2Fecs-shuttle-mirror" "/workspace/builds/worker-0-tc2/source", kill_on_drop: false }`
[INFO] [stderr] Cloning into '/workspace/builds/worker-0-tc2/source'...
[INFO] [stderr] done.
[INFO] started tweaking git repo https://github.com/shuttle-hq/ecs-shuttle-mirror
[INFO] finished tweaking git repo https://github.com/shuttle-hq/ecs-shuttle-mirror
[INFO] tweaked toml for git repo https://github.com/shuttle-hq/ecs-shuttle-mirror written to /workspace/builds/worker-0-tc2/source/Cargo.toml
[INFO] validating manifest of git repo https://github.com/shuttle-hq/ecs-shuttle-mirror on toolchain 1.100.0-beta.1
[INFO] running `Command { std: CARGO_HOME="/workspace/cargo-home" RUSTUP_HOME="/workspace/rustup-home" "/workspace/cargo-home/bin/cargo" "+1.100.0-beta.1" "metadata" "--manifest-path" "Cargo.toml" "--no-deps", kill_on_drop: false }`
[INFO] crate git repo https://github.com/shuttle-hq/ecs-shuttle-mirror already has a lockfile, it will not be regenerated
[INFO] running `Command { std: CARGO_HOME="/workspace/cargo-home" RUSTUP_HOME="/workspace/rustup-home" "/workspace/cargo-home/bin/cargo" "+1.100.0-beta.1" "fetch" "--manifest-path" "Cargo.toml", kill_on_drop: false }`
[INFO] [stderr] warning: unused workspace dependency `cfg-if`
[INFO] [stderr]   --> Cargo.toml:28:1
[INFO] [stderr]    |
[INFO] [stderr] 28 | cfg-if = "1.0.0"
[INFO] [stderr]    | ^^^^^^
[INFO] [stderr]    |
[INFO] [stderr]    = note: `cargo::unused_workspace_dependencies` is set to `warn` by default
[INFO] [stderr] help: consider removing the workspace dependency `cfg-if`
[INFO] [stderr] warning: unused workspace dependency `hyper-rustls`
[INFO] [stderr]    --> Cargo.toml:118:25
[INFO] [stderr]     |
[INFO] [stderr] 118 | [workspace.dependencies.hyper-rustls]
[INFO] [stderr]     |                         ^^^^^^^^^^^^
[INFO] [stderr]     |
[INFO] [stderr] help: consider removing the workspace dependency `hyper-rustls`
[INFO] [stderr] warning: unused workspace dependency `hyper-util`
[INFO] [stderr]   --> Cargo.toml:39:1
[INFO] [stderr]    |
[INFO] [stderr] 39 | hyper-util = "0.1.10"
[INFO] [stderr]    | ^^^^^^^^^^
[INFO] [stderr]    |
[INFO] [stderr] help: consider removing the workspace dependency `hyper-util`
[INFO] [stderr] warning: unused workspace dependency `once_cell`
[INFO] [stderr]   --> Cargo.toml:45:1
[INFO] [stderr]    |
[INFO] [stderr] 45 | once_cell = "1.20.3"
[INFO] [stderr]    | ^^^^^^^^^
[INFO] [stderr]    |
[INFO] [stderr] help: consider removing the workspace dependency `once_cell`
[INFO] [stderr] warning: unused workspace dependency `rustls-pemfile`
[INFO] [stderr]   --> Cargo.toml:58:1
[INFO] [stderr]    |
[INFO] [stderr] 58 | rustls-pemfile = "2.2.0"
[INFO] [stderr]    | ^^^^^^^^^^^^^^
[INFO] [stderr]    |
[INFO] [stderr] help: consider removing the workspace dependency `rustls-pemfile`
[INFO] [stderr] warning: workspace (manifest) generated 5 warnings
[INFO] [stderr]     Blocking waiting for file lock on package cache
[INFO] [stderr]     Blocking waiting for file lock on package cache
[ERROR] error running command: no output for 300 seconds
[INFO] testing shuttle-hq/ecs-shuttle-mirror against 1.100.0-beta.1 for beta-1.100-2
[INFO] running `Command { std: "git" "clone" "/workspace/cache/git-repos/https%3A%2F%2Fgithub.com%2Fshuttle-hq%2Fecs-shuttle-mirror" "/workspace/builds/worker-0-tc2/source", kill_on_drop: false }`
[INFO] [stderr] Cloning into '/workspace/builds/worker-0-tc2/source'...
[INFO] [stderr] done.
[INFO] started tweaking git repo https://github.com/shuttle-hq/ecs-shuttle-mirror
[INFO] finished tweaking git repo https://github.com/shuttle-hq/ecs-shuttle-mirror
[INFO] tweaked toml for git repo https://github.com/shuttle-hq/ecs-shuttle-mirror written to /workspace/builds/worker-0-tc2/source/Cargo.toml
[INFO] validating manifest of git repo https://github.com/shuttle-hq/ecs-shuttle-mirror on toolchain 1.100.0-beta.1
[INFO] running `Command { std: CARGO_HOME="/workspace/cargo-home" RUSTUP_HOME="/workspace/rustup-home" "/workspace/cargo-home/bin/cargo" "+1.100.0-beta.1" "metadata" "--manifest-path" "Cargo.toml" "--no-deps", kill_on_drop: false }`
[INFO] crate git repo https://github.com/shuttle-hq/ecs-shuttle-mirror already has a lockfile, it will not be regenerated
[INFO] running `Command { std: CARGO_HOME="/workspace/cargo-home" RUSTUP_HOME="/workspace/rustup-home" "/workspace/cargo-home/bin/cargo" "+1.100.0-beta.1" "fetch" "--manifest-path" "Cargo.toml", kill_on_drop: false }`
[INFO] [stderr] warning: unused workspace dependency `cfg-if`
[INFO] [stderr]   --> Cargo.toml:28:1
[INFO] [stderr]    |
[INFO] [stderr] 28 | cfg-if = "1.0.0"
[INFO] [stderr]    | ^^^^^^
[INFO] [stderr]    |
[INFO] [stderr]    = note: `cargo::unused_workspace_dependencies` is set to `warn` by default
[INFO] [stderr] help: consider removing the workspace dependency `cfg-if`
[INFO] [stderr] warning: unused workspace dependency `hyper-rustls`
[INFO] [stderr]    --> Cargo.toml:118:25
[INFO] [stderr]     |
[INFO] [stderr] 118 | [workspace.dependencies.hyper-rustls]
[INFO] [stderr]     |                         ^^^^^^^^^^^^
[INFO] [stderr]     |
[INFO] [stderr] help: consider removing the workspace dependency `hyper-rustls`
[INFO] [stderr] warning: unused workspace dependency `hyper-util`
[INFO] [stderr]   --> Cargo.toml:39:1
[INFO] [stderr]    |
[INFO] [stderr] 39 | hyper-util = "0.1.10"
[INFO] [stderr]    | ^^^^^^^^^^
[INFO] [stderr]    |
[INFO] [stderr] help: consider removing the workspace dependency `hyper-util`
[INFO] [stderr] warning: unused workspace dependency `once_cell`
[INFO] [stderr]   --> Cargo.toml:45:1
[INFO] [stderr]    |
[INFO] [stderr] 45 | once_cell = "1.20.3"
[INFO] [stderr]    | ^^^^^^^^^
[INFO] [stderr]    |
[INFO] [stderr] help: consider removing the workspace dependency `once_cell`
[INFO] [stderr] warning: unused workspace dependency `rustls-pemfile`
[INFO] [stderr]   --> Cargo.toml:58:1
[INFO] [stderr]    |
[INFO] [stderr] 58 | rustls-pemfile = "2.2.0"
[INFO] [stderr]    | ^^^^^^^^^^^^^^
[INFO] [stderr]    |
[INFO] [stderr] help: consider removing the workspace dependency `rustls-pemfile`
[INFO] [stderr] warning: workspace (manifest) generated 5 warnings
[INFO] [stderr]     Blocking waiting for file lock on package cache
[ERROR] error running command: no output for 300 seconds
[INFO] testing shuttle-hq/ecs-shuttle-mirror against 1.100.0-beta.1 for beta-1.100-2
[INFO] running `Command { std: "git" "clone" "/workspace/cache/git-repos/https%3A%2F%2Fgithub.com%2Fshuttle-hq%2Fecs-shuttle-mirror" "/workspace/builds/worker-0-tc2/source", kill_on_drop: false }`
[INFO] [stderr] Cloning into '/workspace/builds/worker-0-tc2/source'...
[INFO] [stderr] done.
[INFO] started tweaking git repo https://github.com/shuttle-hq/ecs-shuttle-mirror
[INFO] finished tweaking git repo https://github.com/shuttle-hq/ecs-shuttle-mirror
[INFO] tweaked toml for git repo https://github.com/shuttle-hq/ecs-shuttle-mirror written to /workspace/builds/worker-0-tc2/source/Cargo.toml
[INFO] validating manifest of git repo https://github.com/shuttle-hq/ecs-shuttle-mirror on toolchain 1.100.0-beta.1
[INFO] running `Command { std: CARGO_HOME="/workspace/cargo-home" RUSTUP_HOME="/workspace/rustup-home" "/workspace/cargo-home/bin/cargo" "+1.100.0-beta.1" "metadata" "--manifest-path" "Cargo.toml" "--no-deps", kill_on_drop: false }`
[INFO] crate git repo https://github.com/shuttle-hq/ecs-shuttle-mirror already has a lockfile, it will not be regenerated
[INFO] running `Command { std: CARGO_HOME="/workspace/cargo-home" RUSTUP_HOME="/workspace/rustup-home" "/workspace/cargo-home/bin/cargo" "+1.100.0-beta.1" "fetch" "--manifest-path" "Cargo.toml", kill_on_drop: false }`
[INFO] [stderr] warning: unused workspace dependency `cfg-if`
[INFO] [stderr]   --> Cargo.toml:28:1
[INFO] [stderr]    |
[INFO] [stderr] 28 | cfg-if = "1.0.0"
[INFO] [stderr]    | ^^^^^^
[INFO] [stderr]    |
[INFO] [stderr]    = note: `cargo::unused_workspace_dependencies` is set to `warn` by default
[INFO] [stderr] help: consider removing the workspace dependency `cfg-if`
[INFO] [stderr] warning: unused workspace dependency `hyper-rustls`
[INFO] [stderr]    --> Cargo.toml:118:25
[INFO] [stderr]     |
[INFO] [stderr] 118 | [workspace.dependencies.hyper-rustls]
[INFO] [stderr]     |                         ^^^^^^^^^^^^
[INFO] [stderr]     |
[INFO] [stderr] help: consider removing the workspace dependency `hyper-rustls`
[INFO] [stderr] warning: unused workspace dependency `hyper-util`
[INFO] [stderr]   --> Cargo.toml:39:1
[INFO] [stderr]    |
[INFO] [stderr] 39 | hyper-util = "0.1.10"
[INFO] [stderr]    | ^^^^^^^^^^
[INFO] [stderr]    |
[INFO] [stderr] help: consider removing the workspace dependency `hyper-util`
[INFO] [stderr] warning: unused workspace dependency `once_cell`
[INFO] [stderr]   --> Cargo.toml:45:1
[INFO] [stderr]    |
[INFO] [stderr] 45 | once_cell = "1.20.3"
[INFO] [stderr]    | ^^^^^^^^^
[INFO] [stderr]    |
[INFO] [stderr] help: consider removing the workspace dependency `once_cell`
[INFO] [stderr] warning: unused workspace dependency `rustls-pemfile`
[INFO] [stderr]   --> Cargo.toml:58:1
[INFO] [stderr]    |
[INFO] [stderr] 58 | rustls-pemfile = "2.2.0"
[INFO] [stderr]    | ^^^^^^^^^^^^^^
[INFO] [stderr]    |
[INFO] [stderr] help: consider removing the workspace dependency `rustls-pemfile`
[INFO] [stderr] warning: workspace (manifest) generated 5 warnings
[INFO] [stderr]     Blocking waiting for file lock on package cache
[INFO] [stderr]     Blocking waiting for file lock on package cache
[ERROR] error running command: no output for 300 seconds
[INFO] testing shuttle-hq/ecs-shuttle-mirror against 1.100.0-beta.1 for beta-1.100-2
[INFO] running `Command { std: "git" "clone" "/workspace/cache/git-repos/https%3A%2F%2Fgithub.com%2Fshuttle-hq%2Fecs-shuttle-mirror" "/workspace/builds/worker-0-tc2/source", kill_on_drop: false }`
[INFO] [stderr] Cloning into '/workspace/builds/worker-0-tc2/source'...
[INFO] [stderr] done.
[INFO] started tweaking git repo https://github.com/shuttle-hq/ecs-shuttle-mirror
[INFO] finished tweaking git repo https://github.com/shuttle-hq/ecs-shuttle-mirror
[INFO] tweaked toml for git repo https://github.com/shuttle-hq/ecs-shuttle-mirror written to /workspace/builds/worker-0-tc2/source/Cargo.toml
[INFO] validating manifest of git repo https://github.com/shuttle-hq/ecs-shuttle-mirror on toolchain 1.100.0-beta.1
[INFO] running `Command { std: CARGO_HOME="/workspace/cargo-home" RUSTUP_HOME="/workspace/rustup-home" "/workspace/cargo-home/bin/cargo" "+1.100.0-beta.1" "metadata" "--manifest-path" "Cargo.toml" "--no-deps", kill_on_drop: false }`
[INFO] crate git repo https://github.com/shuttle-hq/ecs-shuttle-mirror already has a lockfile, it will not be regenerated
[INFO] running `Command { std: CARGO_HOME="/workspace/cargo-home" RUSTUP_HOME="/workspace/rustup-home" "/workspace/cargo-home/bin/cargo" "+1.100.0-beta.1" "fetch" "--manifest-path" "Cargo.toml", kill_on_drop: false }`
[INFO] [stderr] warning: unused workspace dependency `cfg-if`
[INFO] [stderr]   --> Cargo.toml:28:1
[INFO] [stderr]    |
[INFO] [stderr] 28 | cfg-if = "1.0.0"
[INFO] [stderr]    | ^^^^^^
[INFO] [stderr]    |
[INFO] [stderr]    = note: `cargo::unused_workspace_dependencies` is set to `warn` by default
[INFO] [stderr] help: consider removing the workspace dependency `cfg-if`
[INFO] [stderr] warning: unused workspace dependency `hyper-rustls`
[INFO] [stderr]    --> Cargo.toml:118:25
[INFO] [stderr]     |
[INFO] [stderr] 118 | [workspace.dependencies.hyper-rustls]
[INFO] [stderr]     |                         ^^^^^^^^^^^^
[INFO] [stderr]     |
[INFO] [stderr] help: consider removing the workspace dependency `hyper-rustls`
[INFO] [stderr] warning: unused workspace dependency `hyper-util`
[INFO] [stderr]   --> Cargo.toml:39:1
[INFO] [stderr]    |
[INFO] [stderr] 39 | hyper-util = "0.1.10"
[INFO] [stderr]    | ^^^^^^^^^^
[INFO] [stderr]    |
[INFO] [stderr] help: consider removing the workspace dependency `hyper-util`
[INFO] [stderr] warning: unused workspace dependency `once_cell`
[INFO] [stderr]   --> Cargo.toml:45:1
[INFO] [stderr]    |
[INFO] [stderr] 45 | once_cell = "1.20.3"
[INFO] [stderr]    | ^^^^^^^^^
[INFO] [stderr]    |
[INFO] [stderr] help: consider removing the workspace dependency `once_cell`
[INFO] [stderr] warning: unused workspace dependency `rustls-pemfile`
[INFO] [stderr]   --> Cargo.toml:58:1
[INFO] [stderr]    |
[INFO] [stderr] 58 | rustls-pemfile = "2.2.0"
[INFO] [stderr]    | ^^^^^^^^^^^^^^
[INFO] [stderr]    |
[INFO] [stderr] help: consider removing the workspace dependency `rustls-pemfile`
[INFO] [stderr] warning: workspace (manifest) generated 5 warnings
[INFO] [stderr]     Blocking waiting for file lock on package cache
[INFO] [stderr]     Blocking waiting for file lock on package cache
[INFO] [stderr]  Downloading crates ...
[INFO] [stderr]   Downloaded ulid v1.2.1
[INFO] [stderr]   Downloaded testcontainers-modules v0.13.0
[INFO] [stderr]   Downloaded serde_with_macros v3.15.1
[INFO] [stderr]   Downloaded cmake v0.1.54
[INFO] [stderr]   Downloaded indexmap v2.12.0
[INFO] [stderr]   Downloaded cc v1.2.46
[INFO] [stderr]   Downloaded testcontainers v0.25.2
[INFO] [stderr]   Downloaded structmeta v0.3.0
[INFO] [stderr]   Downloaded structmeta-derive v0.3.0
[INFO] [stderr]   Downloaded serde_with v3.15.1
[INFO] [stderr]   Downloaded aws-lc-rs v1.15.0
[INFO] [stderr]   Downloaded parse-display v0.9.1
[INFO] [stderr]   Downloaded docker_credential v1.3.2
[INFO] [stderr]   Downloaded conquer-once v0.4.0
[INFO] [stderr]   Downloaded tracing-subscriber v0.3.20
[INFO] [stderr]   Downloaded conquer-util v0.3.0
[INFO] [stderr]   Downloaded tonic v0.14.2
[INFO] [stderr]   Downloaded bollard v0.19.4
[INFO] [stderr]   Downloaded axum-core v0.5.5
[INFO] [stderr]   Downloaded parse-display-derive v0.9.1
[INFO] [stderr]   Downloaded axum v0.8.6
[INFO] [stderr]   Downloaded hyper-named-pipe v0.1.0
[INFO] [stderr]   Downloaded astral-tokio-tar v0.5.6
[INFO] [stderr]   Downloaded prost-derive v0.14.1
[INFO] [stderr]   Downloaded bollard-stubs v1.49.1-rc.28.4.0
[INFO] [stderr]   Downloaded hyperlocal v0.9.1
[INFO] [stderr]   Downloaded ureq v3.1.4
[INFO] [stderr]   Downloaded prost v0.14.1
[INFO] [stderr]   Downloaded test-log-macros v0.2.18
[INFO] [stderr]   Downloaded bollard-buildkit-proto v0.7.0
[INFO] [stderr]   Downloaded prost-types v0.14.1
[INFO] [stderr]   Downloaded tonic-prost v0.14.2
[INFO] [stderr]   Downloaded test-log v0.2.18
[INFO] [stderr]   Downloaded ureq-proto v0.5.2
[INFO] [stderr]   Downloaded opentelemetry_sdk v0.27.1
[INFO] [stderr]   Downloaded typeshare v1.0.4
[INFO] [stderr]   Downloaded rstest_macros v0.24.0
[INFO] [stderr]   Downloaded utoipa v5.4.0
[INFO] [stderr]   Downloaded utoipa-gen v5.4.0
[INFO] [stderr]   Downloaded typeshare-annotation v1.0.4
[INFO] [stderr]   Downloaded rstest v0.24.0
[INFO] [stderr]   Downloaded opentelemetry v0.27.1
[INFO] [stderr]   Downloaded tracing-opentelemetry v0.28.0
[INFO] [stderr]   Downloaded proptest v1.9.0
[INFO] [stderr]   Downloaded aws-lc-sys v0.33.0
[INFO] [stderr]   Downloaded opentelemetry-otlp v0.27.0
[INFO] [stderr]   Downloaded opentelemetry-http v0.27.0
[INFO] [stderr]   Downloaded pingora-limits v0.6.0
[INFO] [stderr]   Downloaded opentelemetry-proto v0.27.0
[INFO] [stderr]   Downloaded pingora-proxy v0.6.0
[INFO] [stderr]   Downloaded pingora-core v0.6.0
[INFO] [stderr]   Downloaded pingora-timeout v0.6.0
[INFO] [stderr]   Downloaded pingora-http v0.6.0
[INFO] [stderr]   Downloaded sfv v0.10.4
[INFO] [stderr]   Downloaded pingora v0.6.0
[INFO] [stderr]   Downloaded pingora-error v0.6.0
[INFO] [stderr]   Downloaded pingora-pool v0.6.0
[INFO] [stderr]   Downloaded lru v0.14.0
[INFO] [stderr]   Downloaded daemonize v0.5.0
[INFO] [stderr]   Downloaded pingora-runtime v0.6.0
[INFO] [stderr]   Downloaded pingora-openssl v0.6.0
[INFO] [stderr]   Downloaded clap v3.2.25
[INFO] [stderr]   Downloaded tokio-openssl v0.6.5
[INFO] [stderr]   Downloaded rmp-serde v1.3.0
[INFO] [stderr]   Downloaded clap_derive v3.2.25
[INFO] [stderr]   Downloaded pingora-header-serde v0.6.0
[INFO] [stderr]   Downloaded libz-ng-sys v1.1.23
[INFO] [stderr]   Downloaded hostname v0.4.1
[INFO] [stderr]   Downloaded pingora-lru v0.6.0
[INFO] [stderr]   Downloaded thrift_codec v0.3.2
[INFO] [stderr]   Downloaded pingora-cache v0.6.0
[INFO] [stderr]   Downloaded trackable_derive v1.0.0
[INFO] [stderr]   Downloaded local-ip-address v0.6.5
[INFO] [stderr]   Downloaded cf-rustracing v1.2.1
[INFO] [stderr]   Downloaded neli-proc-macros v0.1.4
[INFO] [stderr]   Downloaded cf-rustracing-jaeger v1.2.2
[INFO] [stderr]   Downloaded trackable v1.3.0
[INFO] [stderr]   Downloaded neli v0.6.5
[INFO] [stderr]   Downloaded pingora-load-balancing v0.6.0
[INFO] [stderr]   Downloaded pingora-ketama v0.6.0
[INFO] [stderr]   Downloaded brotli v3.5.0
[INFO] [stderr]   Downloaded moka v0.12.11
[INFO] [stderr]   Downloaded aws-smithy-types v1.3.4
[INFO] [stderr]   Downloaded fqdn v0.4.6
[INFO] [stderr]   Downloaded aws-smithy-runtime-api v1.9.2
[INFO] [stderr]   Downloaded aws-smithy-async v1.2.6
[INFO] [stderr]   Downloaded aws-smithy-http-client v1.1.4
[INFO] [stderr]   Downloaded aws-smithy-runtime v1.9.4
[INFO] [stderr]   Downloaded aws-smithy-observability v0.1.4
[INFO] [stderr]   Downloaded aws-smithy-protocol-test v0.63.6
[INFO] [stderr]   Downloaded separator v0.4.1
[INFO] [stderr]   Downloaded cbor-diag v0.1.12
[INFO] [stderr]   Downloaded ff v0.12.1
[INFO] [stderr]   Downloaded aws-smithy-query v0.60.8
[INFO] [stderr]   Downloaded pkcs8 v0.9.0
[INFO] [stderr]   Downloaded aws-runtime v1.5.14
[INFO] [stderr]   Downloaded crypto-bigint v0.4.9
[INFO] [stderr]   Downloaded sendgrid v0.23.0
[INFO] [stderr]   Downloaded aws-smithy-json v0.61.7
[INFO] [stderr]   Downloaded sec1 v0.3.0
[INFO] [stderr]   Downloaded aws-sdk-servicediscovery v1.89.0
[INFO] [stderr]   Downloaded serde_assert v0.8.0
[INFO] [stderr]   Downloaded aws-smithy-eventstream v0.60.13
[INFO] [stderr]   Downloaded rfc6979 v0.3.1
[INFO] [stderr]   Downloaded libyml v0.0.5
[INFO] [stderr]   Downloaded aws-smithy-http v0.62.5
[INFO] [stderr]   Downloaded aws-sdk-sso v1.89.0
[INFO] [stderr]   Downloaded group v0.12.1
[INFO] [stderr]   Downloaded tokio-tungstenite v0.26.2
[INFO] [stderr]   Downloaded aws-credential-types v1.2.9
[INFO] [stderr]   Downloaded aws-sigv4 v1.3.6
[INFO] [stderr]   Downloaded getset v0.1.6
[INFO] [stderr]   Downloaded ecdsa v0.14.8
[INFO] [stderr]   Downloaded der v0.6.1
[INFO] [stderr]   Downloaded aws-sdk-sts v1.92.0
[INFO] [stderr]   Downloaded utoipa-rapidoc v6.0.0
[INFO] [stderr]   Downloaded aws-config v1.8.10
[INFO] [stderr]   Downloaded serde_qs v0.10.1
[INFO] [stderr]   Downloaded rustrict v0.7.12
[INFO] [stderr]   Downloaded oci-spec v0.8.3
[INFO] [stderr]   Downloaded snafu-derive v0.8.9
[INFO] [stderr]   Downloaded smol_str v0.1.24
[INFO] [stderr]   Downloaded tungstenite v0.26.2
[INFO] [stderr]   Downloaded alcoholic_jwt v4091.0.0
[INFO] [stderr]   Downloaded askama_escape v0.10.3
[INFO] [stderr]   Downloaded askama_derive v0.12.5
[INFO] [stderr]   Downloaded spki v0.6.0
[INFO] [stderr]   Downloaded elliptic-curve v0.12.3
[INFO] [stderr]   Downloaded aws-types v1.3.10
[INFO] [stderr]   Downloaded p256 v0.11.1
[INFO] [stderr]   Downloaded aws-smithy-xml v0.60.12
[INFO] [stderr]   Downloaded askama v0.12.1
[INFO] [stderr]   Downloaded basic-toml v0.1.10
[INFO] [stderr]   Downloaded aws-smithy-checksums v0.63.11
[INFO] [stderr]   Downloaded askama_parser v0.2.1
[INFO] [stderr]   Downloaded snafu v0.8.9
[INFO] [stderr]   Downloaded aws-sdk-ssooidc v1.91.0
[INFO] [stderr]   Downloaded crc-fast v1.6.0
[INFO] [stderr]   Downloaded serde_yml v0.0.12
[INFO] [stderr]   Downloaded aws-sdk-sqs v1.89.0
[INFO] [stderr]   Downloaded aws-sdk-acm v1.92.0
[INFO] [stderr]   Downloaded aws-sdk-appconfig v1.94.0
[INFO] [stderr]   Downloaded aws-sdk-ecr v1.99.0
[INFO] [stderr]   Downloaded aws-sdk-elasticloadbalancingv2 v1.101.0
[INFO] [stderr]   Downloaded async-stripe v0.40.2
[INFO] [stderr]   Downloaded aws-sdk-codebuild v1.113.0
[INFO] [stderr]   Downloaded aws-sdk-cloudwatchlogs v1.107.0
[INFO] [stderr]   Downloaded aws-sdk-ecs v1.104.0
[INFO] [stderr]   Downloaded aws-sdk-s3 v1.112.0
[INFO] [stderr]   Downloaded aws-sdk-ssm v1.99.0
[INFO] [stderr]   Downloaded aws-sdk-rds v1.115.0
[INFO] [stderr]   Downloaded aws-sdk-ec2 v1.186.0
[INFO] [stderr]   Downloaded aws-sdk-appconfigdata v1.89.0
[INFO] running `Command { std: "docker" "create" "-v" "/var/lib/crater-agent-workspace/builds/worker-0-tc2/source:/opt/rustwide/workdir:ro,Z" "-v" "/var/lib/crater-agent-workspace/builds/worker-0-tc2/target:/opt/rustwide/target:rw,Z" "-v" "/var/lib/crater-agent-workspace/cargo-home:/opt/rustwide/cargo-home:ro,Z" "-v" "/var/lib/crater-agent-workspace/rustup-home:/opt/rustwide/rustup-home:ro,Z" "-m" "1610612736" "--network" "none" "ghcr.io/rust-lang/crates-build-env/linux@sha256:3111399a4047eeb3a02b7a90e478d715f38a8c6669b5c4b49d30a17385265909" "sleep" "infinity", kill_on_drop: false }`
[INFO] [stdout] d636decc3132adc38df3264f55beb595fd552bd3198de30b7af9d41e5c95af1f
[INFO] running `Command { std: "docker" "start" "d636decc3132adc38df3264f55beb595fd552bd3198de30b7af9d41e5c95af1f", kill_on_drop: false }`
[INFO] running `Command { std: "docker" "inspect" "d636decc3132adc38df3264f55beb595fd552bd3198de30b7af9d41e5c95af1f", kill_on_drop: false }`
[INFO] running `Command { std: "docker" "exec" "-e" "SOURCE_DIR=/opt/rustwide/workdir" "-e" "CARGO_HOME=/opt/rustwide/cargo-home" "-e" "RUSTUP_HOME=/opt/rustwide/rustup-home" "-e" "CARGO_TARGET_DIR=/opt/rustwide/target" "-w" "/opt/rustwide/workdir" "--user" "0:0" "d636decc3132adc38df3264f55beb595fd552bd3198de30b7af9d41e5c95af1f" "/opt/rustwide/cargo-home/bin/cargo" "+1.100.0-beta.1" "metadata" "--no-deps" "--format-version=1", kill_on_drop: false }`
[INFO] running `Command { std: "docker" "inspect" "d636decc3132adc38df3264f55beb595fd552bd3198de30b7af9d41e5c95af1f", kill_on_drop: false }`
[INFO] running `Command { std: "docker" "exec" "-e" "SOURCE_DIR=/opt/rustwide/workdir" "-e" "CARGO_HOME=/opt/rustwide/cargo-home" "-e" "RUSTUP_HOME=/opt/rustwide/rustup-home" "-e" "CARGO_TARGET_DIR=/opt/rustwide/target" "-e" "CARGO_INCREMENTAL=0" "-e" "RUST_BACKTRACE=full" "-e" "RUSTFLAGS=--cap-lints=warn" "-e" "RUSTDOCFLAGS=--cap-lints=warn" "-w" "/opt/rustwide/workdir" "--user" "0:0" "d636decc3132adc38df3264f55beb595fd552bd3198de30b7af9d41e5c95af1f" "/opt/rustwide/cargo-home/bin/cargo" "+1.100.0-beta.1" "build" "--frozen" "--message-format=json", kill_on_drop: false }`
[INFO] [stderr] warning: unused workspace dependency `cfg-if`
[INFO] [stderr]   --> Cargo.toml:28:1
[INFO] [stderr]    |
[INFO] [stderr] 28 | cfg-if = "1.0.0"
[INFO] [stderr]    | ^^^^^^
[INFO] [stderr]    |
[INFO] [stderr]    = note: `cargo::unused_workspace_dependencies` is set to `warn` by default
[INFO] [stderr] help: consider removing the workspace dependency `cfg-if`
[INFO] [stderr] warning: unused workspace dependency `hyper-rustls`
[INFO] [stderr]    --> Cargo.toml:118:25
[INFO] [stderr]     |
[INFO] [stderr] 118 | [workspace.dependencies.hyper-rustls]
[INFO] [stderr]     |                         ^^^^^^^^^^^^
[INFO] [stderr]     |
[INFO] [stderr] help: consider removing the workspace dependency `hyper-rustls`
[INFO] [stderr] warning: unused workspace dependency `hyper-util`
[INFO] [stderr]   --> Cargo.toml:39:1
[INFO] [stderr]    |
[INFO] [stderr] 39 | hyper-util = "0.1.10"
[INFO] [stderr]    | ^^^^^^^^^^
[INFO] [stderr]    |
[INFO] [stderr] help: consider removing the workspace dependency `hyper-util`
[INFO] [stderr] warning: unused workspace dependency `once_cell`
[INFO] [stderr]   --> Cargo.toml:45:1
[INFO] [stderr]    |
[INFO] [stderr] 45 | once_cell = "1.20.3"
[INFO] [stderr]    | ^^^^^^^^^
[INFO] [stderr]    |
[INFO] [stderr] help: consider removing the workspace dependency `once_cell`
[INFO] [stderr] warning: unused workspace dependency `rustls-pemfile`
[INFO] [stderr]   --> Cargo.toml:58:1
[INFO] [stderr]    |
[INFO] [stderr] 58 | rustls-pemfile = "2.2.0"
[INFO] [stderr]    | ^^^^^^^^^^^^^^
[INFO] [stderr]    |
[INFO] [stderr] help: consider removing the workspace dependency `rustls-pemfile`
[INFO] [stderr] warning: workspace (manifest) generated 5 warnings
[INFO] [stderr]    Compiling proc-macro2 v1.0.103
[INFO] [stderr]    Compiling quote v1.0.42
[INFO] [stderr]    Compiling libc v0.2.177
[INFO] [stderr]    Compiling serde v1.0.228
[INFO] [stderr]    Compiling serde_core v1.0.228
[INFO] [stderr]    Compiling find-msvc-tools v0.1.5
[INFO] [stderr]    Compiling lock_api v0.4.14
[INFO] [stderr]    Compiling log v0.4.28
[INFO] [stderr]    Compiling autocfg v1.5.0
[INFO] [stderr]    Compiling tracing-core v0.1.34
[INFO] [stderr]    Compiling http v1.3.1
[INFO] [stderr]    Compiling zeroize v1.8.2
[INFO] [stderr]    Compiling subtle v2.6.1
[INFO] [stderr]    Compiling typenum v1.19.0
[INFO] [stderr]    Compiling syn v2.0.110
[INFO] [stderr]    Compiling hashbrown v0.16.0
[INFO] [stderr]    Compiling num-traits v0.2.19
[INFO] [stderr]    Compiling jobserver v0.1.34
[INFO] [stderr]    Compiling cc v1.2.46
[INFO] [stderr]    Compiling generic-array v0.14.7
[INFO] [stderr]    Compiling http-body v1.0.1
[INFO] [stderr]    Compiling http-body-util v0.1.3
[INFO] [stderr]    Compiling zerocopy v0.8.27
[INFO] [stderr]    Compiling rustls-pki-types v1.13.0
[INFO] [stderr]    Compiling openssl-probe v0.1.6
[INFO] [stderr]    Compiling signal-hook-registry v1.4.6
[INFO] [stderr]    Compiling mio v1.1.0
[INFO] [stderr]    Compiling socket2 v0.6.1
[INFO] [stderr]    Compiling getrandom v0.2.16
[INFO] [stderr]    Compiling crypto-common v0.1.7
[INFO] [stderr]    Compiling block-buffer v0.10.4
[INFO] [stderr]    Compiling rand_core v0.6.4
[INFO] [stderr]    Compiling digest v0.10.7
[INFO] [stderr]    Compiling cmake v0.1.54
[INFO] [stderr]    Compiling getrandom v0.3.4
[INFO] [stderr]    Compiling sync_wrapper v1.0.2
[INFO] [stderr]    Compiling indexmap v2.12.0
[INFO] [stderr]    Compiling ipnet v2.11.0
[INFO] [stderr]    Compiling aws-lc-rs v1.15.0
[INFO] [stderr]    Compiling webpki-roots v1.0.4
[INFO] [stderr]    Compiling num-conv v0.1.0
[INFO] [stderr]    Compiling time-core v0.1.6
[INFO] [stderr]    Compiling powerfmt v0.2.0
[INFO] [stderr]    Compiling http v0.2.12
[INFO] [stderr]    Compiling deranged v0.5.5
[INFO] [stderr]    Compiling time-macros v0.2.24
[INFO] [stderr]    Compiling ring v0.17.14
[INFO] [stderr]    Compiling aws-lc-sys v0.33.0
[INFO] [stderr]    Compiling ppv-lite86 v0.2.21
[INFO] [stderr]    Compiling serde_json v1.0.145
[INFO] [stderr]    Compiling rustls v0.23.35
[INFO] [stderr]    Compiling num-integer v0.1.46
[INFO] [stderr]    Compiling vsimd v0.8.0
[INFO] [stderr]    Compiling time v0.3.44
[INFO] [stderr]    Compiling http-body v0.4.6
[INFO] [stderr]    Compiling outref v0.5.2
[INFO] [stderr]    Compiling pkg-config v0.3.32
[INFO] [stderr]    Compiling base64-simd v0.8.0
[INFO] [stderr]    Compiling synstructure v0.13.2
[INFO] [stderr]    Compiling rustls-native-certs v0.8.2
[INFO] [stderr]    Compiling icu_properties_data v2.1.1
[INFO] [stderr]    Compiling thiserror v2.0.17
[INFO] [stderr]    Compiling socket2 v0.5.10
[INFO] [stderr]    Compiling hmac v0.12.1
[INFO] [stderr]    Compiling bitflags v2.10.0
[INFO] [stderr]    Compiling der v0.6.1
[INFO] [stderr]    Compiling sha2 v0.10.9
[INFO] [stderr]    Compiling openssl-src v300.5.4+3.5.4
[INFO] [stderr]    Compiling vcpkg v0.2.15
[INFO] [stderr]    Compiling rustls v0.21.12
[INFO] [stderr]    Compiling rustls-pemfile v1.0.4
[INFO] [stderr]    Compiling crypto-bigint v0.4.9
[INFO] [stderr]    Compiling ff v0.12.1
[INFO] [stderr]    Compiling serde_derive v1.0.228
[INFO] [stderr]    Compiling tokio-macros v2.6.0
[INFO] [stderr]    Compiling futures-macro v0.3.31
[INFO] [stderr]    Compiling tracing-attributes v0.1.30
[INFO] [stderr]    Compiling zerofrom-derive v0.1.6
[INFO] [stderr]    Compiling yoke-derive v0.8.1
[INFO] [stderr]    Compiling zerovec-derive v0.11.2
[INFO] [stderr]    Compiling futures-util v0.3.31
[INFO] [stderr]    Compiling tracing v0.1.41
[INFO] [stderr]    Compiling zerofrom v0.1.6
[INFO] [stderr]    Compiling displaydoc v0.2.5
[INFO] [stderr]    Compiling yoke v0.8.1
[INFO] [stderr]    Compiling thiserror-impl v2.0.17
[INFO] [stderr]    Compiling openssl-sys v0.9.111
[INFO] [stderr]    Compiling zerovec v0.11.5
[INFO] [stderr]    Compiling zerotrie v0.2.3
[INFO] [stderr]    Compiling rustls-webpki v0.101.7
[INFO] [stderr]    Compiling sct v0.7.1
[INFO] [stderr]    Compiling spki v0.6.0
[INFO] [stderr]    Compiling tinystr v0.8.2
[INFO] [stderr]    Compiling icu_locale_core v2.1.1
[INFO] [stderr]    Compiling potential_utf v0.1.4
[INFO] [stderr]    Compiling icu_collections v2.1.1
[INFO] [stderr]    Compiling pkcs8 v0.9.0
[INFO] [stderr]    Compiling aho-corasick v1.1.4
[INFO] [stderr]    Compiling crossbeam-utils v0.8.21
[INFO] [stderr]    Compiling icu_provider v2.1.1
[INFO] [stderr]    Compiling smallvec v1.15.1
[INFO] [stderr]    Compiling either v1.15.0
[INFO] [stderr]    Compiling icu_properties v2.1.1
[INFO] [stderr]    Compiling parking_lot_core v0.9.12
[INFO] [stderr]    Compiling base16ct v0.1.1
[INFO] [stderr]    Compiling bytes-utils v0.1.4
[INFO] [stderr]    Compiling parking_lot v0.12.5
[INFO] [stderr]    Compiling regex-syntax v0.8.8
[INFO] [stderr]    Compiling sec1 v0.3.0
[INFO] [stderr]    Compiling tokio v1.48.0
[INFO] [stderr]    Compiling group v0.12.1
[INFO] [stderr]    Compiling rustls-native-certs v0.6.3
[INFO] [stderr]    Compiling semver v1.0.27
[INFO] [stderr]    Compiling rustc_version v0.4.1
[INFO] [stderr]    Compiling elliptic-curve v0.12.3
[INFO] [stderr]    Compiling rfc6979 v0.3.1
[INFO] [stderr]    Compiling signature v1.6.4
[INFO] [stderr]    Compiling syn v1.0.109
[INFO] [stderr]    Compiling iana-time-zone v0.1.64
[INFO] [stderr]    Compiling ecdsa v0.14.8
[INFO] [stderr]    Compiling aws-types v1.3.10
[INFO] [stderr]    Compiling icu_normalizer v2.1.1
[INFO] [stderr]    Compiling thiserror-impl v1.0.69
[INFO] [stderr]    Compiling openssl v0.10.75
[INFO] [stderr]    Compiling idna_adapter v1.2.1
[INFO] [stderr]    Compiling p256 v0.11.1
[INFO] [stderr]    Compiling openssl-macros v0.1.1
[INFO] [stderr]    Compiling rand_chacha v0.3.1
[INFO] [stderr]    Compiling uuid v1.18.1
[INFO] [stderr]    Compiling thiserror v1.0.69
[INFO] [stderr]    Compiling rand_core v0.9.3
[INFO] [stderr]    Compiling crypto-bigint v0.5.5
[INFO] [stderr]    Compiling rand_chacha v0.9.0
[INFO] [stderr]    Compiling rand v0.8.5
[INFO] [stderr]    Compiling idna v1.1.0
[INFO] [stderr]    Compiling rand v0.9.2
[INFO] [stderr]    Compiling async-trait v0.1.89
[INFO] [stderr]    Compiling url v2.5.7
[INFO] [stderr]    Compiling regex-lite v0.1.8
[INFO] [stderr]    Compiling serde_urlencoded v0.7.1
[INFO] [stderr]    Compiling regex-automata v0.4.13
[INFO] [stderr]    Compiling chrono v0.4.42
[INFO] [stderr]    Compiling tokio-util v0.7.17
[INFO] [stderr]    Compiling aws-smithy-async v1.2.6
[INFO] [stderr]    Compiling tokio-rustls v0.24.1
[INFO] [stderr]    Compiling tokio-stream v0.1.17
[INFO] [stderr]    Compiling h2 v0.4.12
[INFO] [stderr]    Compiling tower v0.5.2
[INFO] [stderr]    Compiling aws-smithy-types v1.3.4
[INFO] [stderr]    Compiling h2 v0.3.27
[INFO] [stderr]    Compiling aws-smithy-runtime-api v1.9.2
[INFO] [stderr]    Compiling aws-smithy-eventstream v0.60.13
[INFO] [stderr]    Compiling aws-smithy-json v0.61.7
[INFO] [stderr]    Compiling indexmap v1.9.3
[INFO] [stderr]    Compiling anyhow v1.0.100
[INFO] [stderr]    Compiling crc-catalog v2.4.0
[INFO] [stderr]    Compiling hashbrown v0.12.3
[INFO] [stderr]    Compiling crc v3.3.0
[INFO] [stderr]    Compiling aws-smithy-http v0.62.5
[INFO] [stderr]    Compiling aws-credential-types v1.2.9
[INFO] [stderr]    Compiling aws-smithy-observability v0.1.4
[INFO] [stderr]    Compiling aws-sigv4 v1.3.6
[INFO] [stderr]    Compiling hyper v1.8.1
[INFO] [stderr]    Compiling concurrent-queue v2.5.0
[INFO] [stderr]    Compiling futures-executor v0.3.31
[INFO] [stderr]    Compiling sha1 v0.10.6
[INFO] [stderr]    Compiling thread_local v1.1.9
[INFO] [stderr]    Compiling native-tls v0.2.14
[INFO] [stderr]    Compiling lazy_static v1.5.0
[INFO] [stderr]    Compiling async-stream-impl v0.3.6
[INFO] [stderr]    Compiling hyper-util v0.1.18
[INFO] [stderr]    Compiling hyper v0.14.32
[INFO] [stderr]    Compiling tinyvec v1.10.0
[INFO] [stderr]    Compiling async-stream v0.3.6
[INFO] [stderr]    Compiling regex v1.12.2
[INFO] [stderr]    Compiling crossbeam-queue v0.3.12
[INFO] [stderr]    Compiling iri-string v0.7.9
[INFO] [stderr]    Compiling data-encoding v2.9.0
[INFO] [stderr]    Compiling unicase v2.8.1
[INFO] [stderr]    Compiling unicode-normalization v0.1.25
[INFO] [stderr]    Compiling webpki-roots v0.26.11
[INFO] [stderr]    Compiling serde_path_to_error v0.1.20
[INFO] [stderr]    Compiling tower-http v0.6.6
[INFO] [stderr]    Compiling hashlink v0.10.0
[INFO] [stderr]    Compiling futures-sink v0.3.31
[INFO] [stderr]    Compiling arrayvec v0.7.6
[INFO] [stderr]    Compiling tungstenite v0.28.0
[INFO] [stderr]    Compiling rustls-webpki v0.103.8
[INFO] [stderr]    Compiling hyper-rustls v0.24.2
[INFO] [stderr]    Compiling event-listener v5.4.1
[INFO] [stderr]    Compiling pin-project-internal v1.1.10
[INFO] [stderr]    Compiling zstd-sys v2.0.16+zstd.1.5.7
[INFO] [stderr]    Compiling form_urlencoded v1.2.2
[INFO] [stderr]    Compiling encoding_rs v0.8.35
[INFO] [stderr]    Compiling unicode-bidi v0.3.18
[INFO] [stderr]    Compiling protobuf v2.28.0
[INFO] [stderr]    Compiling unicode-properties v0.1.4
[INFO] [stderr]    Compiling stringprep v0.1.5
[INFO] [stderr]    Compiling pin-project v1.1.10
[INFO] [stderr]    Compiling tokio-tungstenite v0.28.0
[INFO] [stderr]    Compiling futures-intrusive v0.5.0
[INFO] [stderr]    Compiling opentelemetry v0.27.1
[INFO] [stderr]    Compiling itertools v0.14.0
[INFO] [stderr]    Compiling axum-core v0.5.5
[INFO] [stderr]    Compiling proc-macro-error-attr v1.0.4
[INFO] [stderr]    Compiling matchit v0.8.4
[INFO] [stderr]    Compiling xmlparser v0.13.6
[INFO] [stderr]    Compiling dotenvy v0.15.7
[INFO] [stderr]    Compiling base64 v0.22.1
[INFO] [stderr]    Compiling urlencoding v2.1.3
[INFO] [stderr]    Compiling home v0.5.12
[INFO] [stderr]    Compiling prometheus v0.13.4
[INFO] [stderr]    Compiling whoami v1.6.1
[INFO] [stderr]    Compiling sqlx-core v0.8.6
[INFO] [stderr]    Compiling axum v0.8.6
[INFO] [stderr]    Compiling aws-smithy-xml v0.60.12
[INFO] [stderr]    Compiling prost-derive v0.13.5
[INFO] [stderr]    Compiling hkdf v0.12.4
[INFO] [stderr]    Compiling utoipa-gen v5.4.0
[INFO] [stderr]    Compiling futures-channel v0.3.31
[INFO] [stderr]    Compiling atoi v2.0.0
[INFO] [stderr]    Compiling hyper-timeout v0.5.2
[INFO] [stderr]    Compiling md-5 v0.10.6
[INFO] [stderr]    Compiling futures v0.3.31
[INFO] [stderr]    Compiling axum-core v0.4.5
[INFO] [stderr]    Compiling proc-macro-error v1.0.4
[INFO] [stderr]    Compiling getrandom v0.1.16
[INFO] [stderr]    Compiling matchit v0.7.3
[INFO] [stderr]    Compiling zstd-safe v7.2.4
[INFO] [stderr]    Compiling glob v0.3.3
[INFO] [stderr]    Compiling byteorder v1.5.0
[INFO] [stderr]    Compiling darling_core v0.20.11
[INFO] [stderr]    Compiling axum v0.7.9
[INFO] [stderr]    Compiling sqlx-postgres v0.8.6
[INFO] [stderr]    Compiling utoipa v5.4.0
[INFO] [stderr]    Compiling opentelemetry_sdk v0.27.1
[INFO] [stderr]    Compiling prost v0.13.5
[INFO] [stderr]    Compiling aws-smithy-query v0.60.8
[INFO] [stderr]    Compiling tower v0.4.13
[INFO] [stderr]    Compiling trackable_derive v1.0.0
[INFO] [stderr]    Compiling strum_macros v0.27.2
[INFO] [stderr]    Compiling libz-ng-sys v1.1.23
[INFO] [stderr]    Compiling memoffset v0.6.5
[INFO] [stderr]    Compiling ahash v0.8.12
[INFO] [stderr]    Compiling rust_decimal v1.39.0
[INFO] [stderr]    Compiling tokio-openssl v0.6.5
[INFO] [stderr]    Compiling tonic v0.12.3
[INFO] [stderr]    Compiling trackable v1.3.0
[INFO] [stderr]    Compiling sqlx-macros-core v0.8.6
[INFO] [stderr]    Compiling strum v0.27.2
[INFO] [stderr]    Compiling object v0.37.3
[INFO] [stderr]    Compiling darling_macro v0.20.11
[INFO] [stderr]    Compiling sharded-slab v0.1.7
[INFO] [stderr]    Compiling neli-proc-macros v0.1.4
[INFO] [stderr]    Compiling matchers v0.2.0
[INFO] [stderr]    Compiling tracing-serde v0.2.0
[INFO] [stderr]    Compiling typeshare-annotation v1.0.4
[INFO] [stderr]    Compiling tracing-log v0.2.0
[INFO] [stderr]    Compiling linked-hash-map v0.5.6
[INFO] [stderr]    Compiling nu-ansi-term v0.50.3
[INFO] [stderr]    Compiling rustc-demangle v0.1.26
[INFO] [stderr]    Compiling os_str_bytes v6.6.1
[INFO] [stderr]    Compiling pingora-error v0.6.0
[INFO] [stderr]    Compiling clap_lex v0.2.4
[INFO] [stderr]    Compiling pingora-http v0.6.0
[INFO] [stderr]    Compiling tracing-subscriber v0.3.20
[INFO] [stderr]    Compiling yaml-rust v0.4.5
[INFO] [stderr]    Compiling backtrace v0.3.76
[INFO] [stderr]    Compiling clap_derive v3.2.25
[INFO] [stderr]    Compiling neli v0.6.5
[INFO] [stderr]    Compiling typeshare v1.0.4
[INFO] [stderr]    Compiling opentelemetry-proto v0.27.0
[INFO] [stderr]    Compiling darling v0.20.11
[INFO] [stderr]    Compiling sqlx-macros v0.8.6
[INFO] [stderr]    Compiling zstd v0.13.3
[INFO] [stderr]    Compiling rand_core v0.5.1
[INFO] [stderr]    Compiling brotli-decompressor v2.5.1
[INFO] [stderr]    Compiling mime_guess v2.0.5
[INFO] [stderr]    Compiling pingora-timeout v0.6.0
[INFO] [stderr]    Compiling strum_macros v0.26.4
[INFO] [stderr]    Compiling atty v0.2.14
[INFO] [stderr]    Compiling headers-core v0.3.0
[INFO] [stderr]    Compiling lru v0.14.0
[INFO] [stderr]    Compiling minimal-lexical v0.2.1
[INFO] [stderr]    Compiling textwrap v0.16.2
[INFO] [stderr]    Compiling clap_builder v4.5.51
[INFO] [stderr]    Compiling nom v7.1.3
[INFO] [stderr]    Compiling clap v3.2.25
[INFO] [stderr]    Compiling pingora-pool v0.6.0
[INFO] [stderr]    Compiling shuttle-common v0.57.0 (https://github.com/shuttle-hq/shuttle?rev=a95d4138#a95d4138)
[INFO] [stderr]    Compiling strum v0.26.3
[INFO] [stderr]    Compiling brotli v3.5.0
[INFO] [stderr]    Compiling headers v0.4.1
[INFO] [stderr]    Compiling sfv v0.10.4
[INFO] [stderr]    Compiling nix v0.24.3
[INFO] [stderr]    Compiling rand_chacha v0.2.2
[INFO] [stderr]    Compiling local-ip-address v0.6.5
[INFO] [stderr]    Compiling derive_builder_core v0.20.2
[INFO] [stderr]    Compiling cf-rustracing v1.2.1
[INFO] [stderr]    Compiling tracing-opentelemetry v0.28.0
[INFO] [stderr]    Compiling serde_yaml v0.8.26
[INFO] [stderr]    Compiling thrift_codec v0.3.2
[INFO] [stderr]    Compiling rmp v0.8.14
[INFO] [stderr]    Compiling tokio-test v0.4.4
[INFO] [stderr]    Compiling pingora-runtime v0.6.0
[INFO] [stderr]    Compiling derivative v2.2.0
[INFO] [stderr]    Compiling clap_derive v4.5.49
[INFO] [stderr]    Compiling num-bigint v0.4.6
[INFO] [stderr]    Compiling hostname v0.4.1
[INFO] [stderr]    Compiling daemonize v0.5.0
[INFO] [stderr]    Compiling pem v3.0.6
[INFO] [stderr]    Compiling proc-macro-error-attr2 v2.0.0
[INFO] [stderr]    Compiling http-types v2.12.0
[INFO] [stderr]    Compiling doc-comment v0.3.4
[INFO] [stderr]    Compiling waker-fn v1.2.0
[INFO] [stderr]    Compiling futures-lite v1.13.0
[INFO] [stderr]    Compiling async-channel v1.9.0
[INFO] [stderr]    Compiling const_format_proc_macros v0.2.34
[INFO] [stderr]    Compiling simple_asn1 v0.6.3
[INFO] [stderr]    Compiling proc-macro-error2 v2.0.1
[INFO] [stderr]    Compiling cf-rustracing-jaeger v1.2.2
[INFO] [stderr]    Compiling clap v4.5.51
[INFO] [stderr]    Compiling rmp-serde v1.3.0
[INFO] [stderr]    Compiling derive_builder_macro v0.20.2
[INFO] [stderr]    Compiling rand v0.7.3
[INFO] [stderr]    Compiling askama_parser v0.2.1
[INFO] [stderr]    Compiling pingora-header-serde v0.6.0
[INFO] [stderr]    Compiling pingora-lru v0.6.0
[INFO] [stderr]    Compiling crc-fast v1.6.0
[INFO] [stderr]    Compiling serde_qs v0.8.5
[INFO] [stderr]    Compiling tokio-rustls v0.26.4
[INFO] [stderr]    Compiling hyper-rustls v0.27.7
[INFO] [stderr]    Compiling aws-smithy-http-client v1.1.4
[INFO] [stderr]    Compiling snafu-derive v0.8.9
[INFO] [stderr]    Compiling basic-toml v0.1.10
[INFO] [stderr]    Compiling blake2 v0.10.6
[INFO] [stderr]    Compiling serde_yml v0.0.12
[INFO] [stderr]    Compiling infer v0.2.3
[INFO] [stderr]    Compiling portable-atomic v1.11.1
[INFO] [stderr]    Compiling async-stripe v0.40.2
[INFO] [stderr]    Compiling snafu v0.8.9
[INFO] [stderr]    Compiling askama_derive v0.12.5
[INFO] [stderr]    Compiling aws-smithy-checksums v0.63.11
[INFO] [stderr]    Compiling aws-smithy-runtime v1.9.4
[INFO] [stderr]    Compiling flate2 v1.1.5
[INFO] [stderr]    Compiling humansize v2.1.3
[INFO] [stderr]    Compiling derive_builder v0.20.2
[INFO] [stderr]    Compiling getset v0.1.6
[INFO] [stderr]    Compiling const_format v0.2.35
[INFO] [stderr]    Compiling jsonwebtoken v9.3.1
[INFO] [stderr]    Compiling event-listener-strategy v0.5.4
[INFO] [stderr]    Compiling libyml v0.0.5
[INFO] [stderr]    Compiling smart-default v0.6.0
[INFO] [stderr]    Compiling posthog-core v0.1.0 (https://github.com/shuttle-hq/posthog-rs?rev=160e609#160e6094)
[INFO] [stderr]    Compiling serde_qs v0.10.1
[INFO] [stderr]    Compiling itertools v0.10.5
[INFO] [stderr]    Compiling smol_str v0.1.24
[INFO] [stderr]    Compiling yasna v0.5.2
[INFO] [stderr]    Compiling secrecy v0.10.3
[INFO] [stderr]    Compiling moka v0.12.11
[INFO] [stderr]    Compiling web-time v1.1.0
[INFO] [stderr]    Compiling finl_unicode v1.4.0
[INFO] [stderr]    Compiling arc-swap v1.7.1
[INFO] [stderr]    Compiling askama_escape v0.10.3
[INFO] [stderr]    Compiling askama v0.12.1
[INFO] [stderr]    Compiling octocrab v0.46.0 (https://github.com/shuttle-hq/octocrab?branch=shuttle-fixes#cdd3e2a7)
[INFO] [stderr]    Compiling rcgen v0.13.2
[INFO] [stderr]    Compiling aws-runtime v1.5.14
[INFO] [stderr]    Compiling rustrict v0.7.12
[INFO] [stderr]    Compiling sqlx v0.8.6
[INFO] [stderr]    Compiling aws-sdk-sts v1.92.0
[INFO] [stderr]    Compiling aws-sdk-sso v1.89.0
[INFO] [stderr]    Compiling aws-sdk-ssooidc v1.91.0
[INFO] [stderr] error: could not compile `async-stripe` (lib)
[INFO] [stderr] 
[INFO] [stderr] Caused by:
[INFO] [stderr]   process didn't exit successfully: `/opt/rustwide/rustup-home/toolchains/1.100.0-beta.1-x86_64-unknown-linux-gnu/bin/rustc --crate-name stripe --edition=2021 /opt/rustwide/cargo-home/registry/src/index.crates.io-1949cf8c6b5b557f/async-stripe-0.40.2/src/lib.rs --error-format=json --json=diagnostic-rendered-ansi,artifacts,future-incompat,unused-externs-silent --crate-type lib --emit=dep-info,metadata,link -C embed-bitcode=no -C debuginfo=2 --cfg 'feature="async"' --cfg 'feature="billing"' --cfg 'feature="checkout"' --cfg 'feature="futures-util"' --cfg 'feature="hyper"' --cfg 'feature="hyper-client"' --cfg 'feature="hyper-rustls"' --cfg 'feature="hyper-rustls-native"' --cfg 'feature="runtime-tokio-hyper-rustls"' --cfg 'feature="tokio"' --check-cfg 'cfg(docsrs,test)' --check-cfg 'cfg(feature, values("async", "async-std", "billing", "blocking", "checkout", "chrono", "connect", "default", "events", "fraud", "full", "futures-util", "hex", "hmac", "hyper", "hyper-client", "hyper-rustls", "hyper-rustls-native", "hyper-rustls-webpki", "hyper-tls", "issuing", "orders", "products", "rocket", "runtime-async-std-surf", "runtime-blocking", "runtime-blocking-rustls", "runtime-blocking-rustls-webpki", "runtime-tokio-hyper", "runtime-tokio-hyper-rustls", "runtime-tokio-hyper-rustls-webpki", "sha2", "sigma", "stream", "surf", "tax-calculation", "terminal", "tokio", "uuid", "webhook-endpoints", "webhook-events"))' -C metadata=d5ae16b12c7faf66 -C extra-filename=-a725752cc9e053c0 --out-dir /opt/rustwide/target/debug/build/async-stripe/a725752cc9e053c0/out -L dependency=/opt/rustwide/target/debug/build/allocator-api2/8d9c1e895dea53bd/out -L dependency=/opt/rustwide/target/debug/build/anyhow/4342eda19ce54c8e/out -L dependency=/opt/rustwide/target/debug/build/async-channel/35d6b869441d886f/out -L dependency=/opt/rustwide/target/debug/build/base64/13144a1f1e192158/out -L dependency=/opt/rustwide/target/debug/build/base64/42295ac2e0e134a3/out -L dependency=/opt/rustwide/target/debug/build/bytes/82ad4f0211bdc963/out -L dependency=/opt/rustwide/target/debug/build/cfg-if/83060ec5685761ae/out -L dependency=/opt/rustwide/target/debug/build/concurrent-queue/ef28dc46dee383fe/out -L dependency=/opt/rustwide/target/debug/build/crossbeam-utils/f696a08ab1e94e7a/out -L dependency=/opt/rustwide/target/debug/build/displaydoc/c2c726ff9e8b4978/out -L dependency=/opt/rustwide/target/debug/build/equivalent/6a754676e6af62ae/out -L dependency=/opt/rustwide/target/debug/build/event-listener/0282a877755a83ef/out -L dependency=/opt/rustwide/target/debug/build/fastrand/273731efb4a6b13e/out -L dependency=/opt/rustwide/target/debug/build/fnv/79e2cbfbe03dcd16/out -L dependency=/opt/rustwide/target/debug/build/foldhash/07f233db1c671507/out -L dependency=/opt/rustwide/target/debug/build/foldhash/3b780c428974a407/out -L dependency=/opt/rustwide/target/debug/build/form_urlencoded/58b0f0edb59b40d2/out -L dependency=/opt/rustwide/target/debug/build/futures-channel/3bb2db6cecc5bacb/out -L dependency=/opt/rustwide/target/debug/build/futures-core/3b920243fce8fec0/out -L dependency=/opt/rustwide/target/debug/build/futures-io/6a4719510b0746bc/out -L dependency=/opt/rustwide/target/debug/build/futures-lite/9354baa3f59365e6/out -L dependency=/opt/rustwide/target/debug/build/futures-macro/b8cafe79ad519778/out -L dependency=/opt/rustwide/target/debug/build/futures-sink/ae1eb2d060de53a2/out -L dependency=/opt/rustwide/target/debug/build/futures-task/e09ab7898221cb97/out -L dependency=/opt/rustwide/target/debug/build/futures-util/ee73c6f23c2265a8/out -L dependency=/opt/rustwide/target/debug/build/getrandom/76e62132efe721d0/out -L dependency=/opt/rustwide/target/debug/build/getrandom/f321d4be89094b74/out -L dependency=/opt/rustwide/target/debug/build/h2/5773cedc8a8c1a6a/out -L dependency=/opt/rustwide/target/debug/build/hashbrown/621f4a290160b487/out -L dependency=/opt/rustwide/target/debug/build/hashbrown/b87bdde7eaa6c8e1/out -L dependency=/opt/rustwide/target/debug/build/http-body/32978a92019d505a/out -L dependency=/opt/rustwide/target/debug/build/http/f7e42874eabb68a3/out -L dependency=/opt/rustwide/target/debug/build/httparse/8c9b827b8f345444/out -L dependency=/opt/rustwide/target/debug/build/httpdate/331798cefc82cc7e/out -L dependency=/opt/rustwide/target/debug/build/hyper/9c15379518bd75f3/out -L dependency=/opt/rustwide/target/debug/build/icu_collections/1926dbb4f28aa506/out -L dependency=/opt/rustwide/target/debug/build/icu_locale_core/432851c5088f143f/out -L dependency=/opt/rustwide/target/debug/build/icu_normalizer/0b3c7f136cd77731/out -L dependency=/opt/rustwide/target/debug/build/icu_normalizer_data/ab8997d7cbbb3306/out -L dependency=/opt/rustwide/target/debug/build/icu_properties/a6fcb38e432d1308/out -L dependency=/opt/rustwide/target/debug/build/icu_properties_data/ca07e36d75086861/out -L dependency=/opt/rustwide/target/debug/build/icu_provider/58adb0dcfd921c08/out -L dependency=/opt/rustwide/target/debug/build/idna/2ef5b06a9c6eac6c/out -L dependency=/opt/rustwide/target/debug/build/idna_adapter/3e01189d31b05748/out -L dependency=/opt/rustwide/target/debug/build/indexmap/eeab81e62e5a970e/out -L dependency=/opt/rustwide/target/debug/build/infer/5dfce7e4c0072ccb/out -L dependency=/opt/rustwide/target/debug/build/itoa/ef40fa516293a9d3/out -L dependency=/opt/rustwide/target/debug/build/libc/447cbd2ab314a675/out -L dependency=/opt/rustwide/target/debug/build/litemap/cd9b5b2aa04e2018/out -L dependency=/opt/rustwide/target/debug/build/lock_api/114f3eb5f2090750/out -L dependency=/opt/rustwide/target/debug/build/log/28ade3d6717210f3/out -L dependency=/opt/rustwide/target/debug/build/memchr/9be7e24c0cc6f173/out -L dependency=/opt/rustwide/target/debug/build/mio/274a87e64cd614eb/out -L dependency=/opt/rustwide/target/debug/build/once_cell/e9252a7b5119f3eb/out -L dependency=/opt/rustwide/target/debug/build/openssl-probe/2c6d21a9709cae46/out -L dependency=/opt/rustwide/target/debug/build/parking/a9ae72c6c16ee980/out -L dependency=/opt/rustwide/target/debug/build/parking_lot/b54df4d948293538/out -L dependency=/opt/rustwide/target/debug/build/parking_lot_core/b38ef08aa8960253/out -L dependency=/opt/rustwide/target/debug/build/percent-encoding/fa055ecaa1e57cfa/out -L dependency=/opt/rustwide/target/debug/build/pin-project-lite/72bf04572caa1c84/out -L dependency=/opt/rustwide/target/debug/build/pin-utils/3860774ad9b215b5/out -L dependency=/opt/rustwide/target/debug/build/potential_utf/6ae711011b8c8d20/out -L dependency=/opt/rustwide/target/debug/build/ppv-lite86/a9f9c43a8866d5d8/out -L dependency=/opt/rustwide/target/debug/build/rand/3e905aec5072a8bf/out -L dependency=/opt/rustwide/target/debug/build/rand_chacha/a4403fa4c50c3416/out -L dependency=/opt/rustwide/target/debug/build/rand_core/86ff50b4f513d558/out -L dependency=/opt/rustwide/target/debug/build/ring/74d6675a8c6ee52a/out -L dependency=/opt/rustwide/target/debug/build/rustls-native-certs/734f027cccd60e7f/out -L dependency=/opt/rustwide/target/debug/build/rustls-pemfile/30aaf682314043cb/out -L dependency=/opt/rustwide/target/debug/build/rustls-webpki/df3a10260a8f5e6a/out -L dependency=/opt/rustwide/target/debug/build/rustls/b7efb77fc9cf6799/out -L dependency=/opt/rustwide/target/debug/build/ryu/a7164637bc4900ee/out -L dependency=/opt/rustwide/target/debug/build/scopeguard/7ec2214574194454/out -L dependency=/opt/rustwide/target/debug/build/sct/c8cd00e665216e52/out -L dependency=/opt/rustwide/target/debug/build/serde/0113b89aaf984fdc/out -L dependency=/opt/rustwide/target/debug/build/serde_core/46542aab222bf259/out -L dependency=/opt/rustwide/target/debug/build/serde_derive/670fec445d5a0ad9/out -L dependency=/opt/rustwide/target/debug/build/serde_json/9da2823d1e7cd1f4/out -L dependency=/opt/rustwide/target/debug/build/serde_qs/b7d8d70f1f467427/out -L dependency=/opt/rustwide/target/debug/build/serde_urlencoded/d548134fa6589c23/out -L dependency=/opt/rustwide/target/debug/build/signal-hook-registry/d688fd7f782fc468/out -L dependency=/opt/rustwide/target/debug/build/slab/5629529544b2a983/out -L dependency=/opt/rustwide/target/debug/build/smallvec/f81e0b615869d05f/out -L dependency=/opt/rustwide/target/debug/build/socket2/74cdf1fe8b7a45b9/out -L dependency=/opt/rustwide/target/debug/build/socket2/99ea61f8d2803bbb/out -L dependency=/opt/rustwide/target/debug/build/stable_deref_trait/63cbf3f3d3f94e56/out -L dependency=/opt/rustwide/target/debug/build/thiserror-impl/6abe514e67848a56/out -L dependency=/opt/rustwide/target/debug/build/thiserror/3f9a495558d64776/out -L dependency=/opt/rustwide/target/debug/build/tinystr/c3f03d66a32899f7/out -L dependency=/opt/rustwide/target/debug/build/tokio-macros/02c9662be6b92181/out -L dependency=/opt/rustwide/target/debug/build/tokio-rustls/50c122923b3aa61a/out -L dependency=/opt/rustwide/target/debug/build/tokio-util/c644c0ab4911f898/out -L dependency=/opt/rustwide/target/debug/build/tokio/cb9ed160a368b0b3/out -L dependency=/opt/rustwide/target/debug/build/tower-service/3fb88d28c2218805/out -L dependency=/opt/rustwide/target/debug/build/tracing-attributes/03c17c239510087c/out -L dependency=/opt/rustwide/target/debug/build/tracing-core/aa4ed84ab5d584f8/out -L dependency=/opt/rustwide/target/debug/build/tracing/cf1daa7d06404d83/out -L dependency=/opt/rustwide/target/debug/build/try-lock/8fa2f6971035be84/out -L dependency=/opt/rustwide/target/debug/build/untrusted/b2f816886faf2178/out -L dependency=/opt/rustwide/target/debug/build/url/69472a1d4067b4c7/out -L dependency=/opt/rustwide/target/debug/build/utf8_iter/51566bbad89f3a68/out -L dependency=/opt/rustwide/target/debug/build/waker-fn/9e7b89ace1562e3c/out -L dependency=/opt/rustwide/target/debug/build/want/7a6260b9c50f1479/out -L dependency=/opt/rustwide/target/debug/build/writeable/4f74a67d38fff78e/out -L dependency=/opt/rustwide/target/debug/build/yoke-derive/fbdcb73e993d1dd6/out -L dependency=/opt/rustwide/target/debug/build/yoke/48628dfcaec80a56/out -L dependency=/opt/rustwide/target/debug/build/zerocopy/ed46142cfaf51ef7/out -L dependency=/opt/rustwide/target/debug/build/zerofrom-derive/8b65c05d42d1d1c5/out -L dependency=/opt/rustwide/target/debug/build/zerofrom/3214794069a9d973/out -L dependency=/opt/rustwide/target/debug/build/zerotrie/d662b9d1421986e6/out -L dependency=/opt/rustwide/target/debug/build/zerovec-derive/5ab4b8f2a330c2c9/out -L dependency=/opt/rustwide/target/debug/build/zerovec/284cdb98eebe8a68/out --extern futures_util=/opt/rustwide/target/debug/build/futures-util/ee73c6f23c2265a8/out/libfutures_util-ee73c6f23c2265a8.rmeta --extern http_types=/opt/rustwide/target/debug/build/http-types/15afa6a48a608646/out/libhttp_types-15afa6a48a608646.rmeta --extern hyper=/opt/rustwide/target/debug/build/hyper/9c15379518bd75f3/out/libhyper-9c15379518bd75f3.rmeta --extern hyper_rustls=/opt/rustwide/target/debug/build/hyper-rustls/d7387114640056e5/out/libhyper_rustls-d7387114640056e5.rmeta --extern serde=/opt/rustwide/target/debug/build/serde/0113b89aaf984fdc/out/libserde-0113b89aaf984fdc.rmeta --extern serde_json=/opt/rustwide/target/debug/build/serde_json/9da2823d1e7cd1f4/out/libserde_json-9da2823d1e7cd1f4.rmeta --extern serde_path_to_error=/opt/rustwide/target/debug/build/serde_path_to_error/a41e9e25fb8ae38b/out/libserde_path_to_error-a41e9e25fb8ae38b.rmeta --extern serde_qs=/opt/rustwide/target/debug/build/serde_qs/f2fd0d40095e1bc6/out/libserde_qs-f2fd0d40095e1bc6.rmeta --extern smart_default=/opt/rustwide/target/debug/build/smart-default/3d95092591d651fe/out/libsmart_default-3d95092591d651fe.so --extern smol_str=/opt/rustwide/target/debug/build/smol_str/516146ad8ad35278/out/libsmol_str-516146ad8ad35278.rmeta --extern thiserror=/opt/rustwide/target/debug/build/thiserror/3f9a495558d64776/out/libthiserror-3f9a495558d64776.rmeta --extern tokio=/opt/rustwide/target/debug/build/tokio/cb9ed160a368b0b3/out/libtokio-cb9ed160a368b0b3.rmeta --cap-lints allow --cap-lints=warn --force-warn=unused_crate_dependencies -L native=/opt/rustwide/target/debug/build/ring/059414474607ae67/out` (signal: 9, SIGKILL: kill)
[INFO] [stderr] warning: build failed, waiting for other jobs to finish...
[INFO] [stderr] error: could not compile `octocrab` (lib)
[INFO] [stderr] 
[INFO] [stderr] Caused by:
[INFO] [stderr]   process didn't exit successfully: `/opt/rustwide/rustup-home/toolchains/1.100.0-beta.1-x86_64-unknown-linux-gnu/bin/rustc --crate-name octocrab --edition=2018 /opt/rustwide/cargo-home/git/checkouts/octocrab-2a2f728b950b63c4/cdd3e2a/src/lib.rs --error-format=json --json=diagnostic-rendered-ansi,artifacts,future-incompat,unused-externs-silent --crate-type lib --emit=dep-info,metadata,link -C embed-bitcode=no -C debuginfo=2 --cfg 'feature="default"' --cfg 'feature="default-client"' --cfg 'feature="follow-redirect"' --cfg 'feature="futures-util"' --cfg 'feature="hyper-rustls"' --cfg 'feature="hyper-timeout"' --cfg 'feature="retry"' --cfg 'feature="rustls"' --cfg 'feature="rustls-ring"' --cfg 'feature="timeout"' --cfg 'feature="tokio"' --cfg 'feature="tracing"' --check-cfg 'cfg(docsrs,test)' --check-cfg 'cfg(feature, values("default", "default-client", "follow-redirect", "futures-core", "futures-util", "hyper-rustls", "hyper-timeout", "hyper-tls", "opentls", "retry", "rustls", "rustls-aws-lc-rs", "rustls-ring", "rustls-webpki-tokio", "stream", "timeout", "tokio", "tracing"))' -C metadata=f52ba479508a07e0 -C extra-filename=-132f05f3023f9dc3 --out-dir /opt/rustwide/target/debug/build/octocrab/132f05f3023f9dc3/out -L dependency=/opt/rustwide/target/debug/build/allocator-api2/8d9c1e895dea53bd/out -L dependency=/opt/rustwide/target/debug/build/atomic-waker/06950c8c08d2b8fa/out -L dependency=/opt/rustwide/target/debug/build/aws-lc-rs/fe8da438b5a6d7a8/out -L dependency=/opt/rustwide/target/debug/build/aws-lc-sys/623c08086c8dda44/out -L dependency=/opt/rustwide/target/debug/build/base64/32787b0325ea6df8/out -L dependency=/opt/rustwide/target/debug/build/bitflags/81c18dd570709ed4/out -L dependency=/opt/rustwide/target/debug/build/bytes/82ad4f0211bdc963/out -L dependency=/opt/rustwide/target/debug/build/cfg-if/83060ec5685761ae/out -L dependency=/opt/rustwide/target/debug/build/deranged/0497f8a63ebb66e0/out -L dependency=/opt/rustwide/target/debug/build/displaydoc/c2c726ff9e8b4978/out -L dependency=/opt/rustwide/target/debug/build/equivalent/6a754676e6af62ae/out -L dependency=/opt/rustwide/target/debug/build/fnv/79e2cbfbe03dcd16/out -L dependency=/opt/rustwide/target/debug/build/foldhash/07f233db1c671507/out -L dependency=/opt/rustwide/target/debug/build/foldhash/3b780c428974a407/out -L dependency=/opt/rustwide/target/debug/build/form_urlencoded/58b0f0edb59b40d2/out -L dependency=/opt/rustwide/target/debug/build/futures-channel/3bb2db6cecc5bacb/out -L dependency=/opt/rustwide/target/debug/build/futures-core/3b920243fce8fec0/out -L dependency=/opt/rustwide/target/debug/build/futures-executor/fafdcca2d94812a9/out -L dependency=/opt/rustwide/target/debug/build/futures-io/6a4719510b0746bc/out -L dependency=/opt/rustwide/target/debug/build/futures-macro/b8cafe79ad519778/out -L dependency=/opt/rustwide/target/debug/build/futures-sink/ae1eb2d060de53a2/out -L dependency=/opt/rustwide/target/debug/build/futures-task/e09ab7898221cb97/out -L dependency=/opt/rustwide/target/debug/build/futures-util/ee73c6f23c2265a8/out -L dependency=/opt/rustwide/target/debug/build/getrandom/f321d4be89094b74/out -L dependency=/opt/rustwide/target/debug/build/h2/fda4db5c6188dbdc/out -L dependency=/opt/rustwide/target/debug/build/hashbrown/621f4a290160b487/out -L dependency=/opt/rustwide/target/debug/build/hashbrown/b87bdde7eaa6c8e1/out -L dependency=/opt/rustwide/target/debug/build/http-body/105ee97081f5a2ad/out -L dependency=/opt/rustwide/target/debug/build/http/2d03230cfda7aff1/out -L dependency=/opt/rustwide/target/debug/build/httparse/8c9b827b8f345444/out -L dependency=/opt/rustwide/target/debug/build/httpdate/331798cefc82cc7e/out -L dependency=/opt/rustwide/target/debug/build/hyper-util/88245c68aebf7287/out -L dependency=/opt/rustwide/target/debug/build/hyper/355a721dbfd3bf84/out -L dependency=/opt/rustwide/target/debug/build/iana-time-zone/bab5d12b40894ac1/out -L dependency=/opt/rustwide/target/debug/build/icu_collections/1926dbb4f28aa506/out -L dependency=/opt/rustwide/target/debug/build/icu_locale_core/432851c5088f143f/out -L dependency=/opt/rustwide/target/debug/build/icu_normalizer/0b3c7f136cd77731/out -L dependency=/opt/rustwide/target/debug/build/icu_normalizer_data/ab8997d7cbbb3306/out -L dependency=/opt/rustwide/target/debug/build/icu_properties/a6fcb38e432d1308/out -L dependency=/opt/rustwide/target/debug/build/icu_properties_data/ca07e36d75086861/out -L dependency=/opt/rustwide/target/debug/build/icu_provider/58adb0dcfd921c08/out -L dependency=/opt/rustwide/target/debug/build/idna/2ef5b06a9c6eac6c/out -L dependency=/opt/rustwide/target/debug/build/idna_adapter/3e01189d31b05748/out -L dependency=/opt/rustwide/target/debug/build/indexmap/eeab81e62e5a970e/out -L dependency=/opt/rustwide/target/debug/build/ipnet/a38805d99c19843f/out -L dependency=/opt/rustwide/target/debug/build/iri-string/de8b1024d8676424/out -L dependency=/opt/rustwide/target/debug/build/itoa/ef40fa516293a9d3/out -L dependency=/opt/rustwide/target/debug/build/libc/447cbd2ab314a675/out -L dependency=/opt/rustwide/target/debug/build/litemap/cd9b5b2aa04e2018/out -L dependency=/opt/rustwide/target/debug/build/lock_api/114f3eb5f2090750/out -L dependency=/opt/rustwide/target/debug/build/log/28ade3d6717210f3/out -L dependency=/opt/rustwide/target/debug/build/memchr/9be7e24c0cc6f173/out -L dependency=/opt/rustwide/target/debug/build/mime/0188e0814ca7ddbf/out -L dependency=/opt/rustwide/target/debug/build/mio/274a87e64cd614eb/out -L dependency=/opt/rustwide/target/debug/build/num-bigint/75c09caa9f5ce8e3/out -L dependency=/opt/rustwide/target/debug/build/num-conv/d3297905cfb69f59/out -L dependency=/opt/rustwide/target/debug/build/num-integer/2660c0e16153feb5/out -L dependency=/opt/rustwide/target/debug/build/num-traits/61451ab850bd490d/out -L dependency=/opt/rustwide/target/debug/build/once_cell/e9252a7b5119f3eb/out -L dependency=/opt/rustwide/target/debug/build/openssl-probe/2c6d21a9709cae46/out -L dependency=/opt/rustwide/target/debug/build/parking_lot/b54df4d948293538/out -L dependency=/opt/rustwide/target/debug/build/parking_lot_core/b38ef08aa8960253/out -L dependency=/opt/rustwide/target/debug/build/pem/c65b0b75163a9934/out -L dependency=/opt/rustwide/target/debug/build/percent-encoding/fa055ecaa1e57cfa/out -L dependency=/opt/rustwide/target/debug/build/pin-project-internal/7c283f80c7f51125/out -L dependency=/opt/rustwide/target/debug/build/pin-project-lite/72bf04572caa1c84/out -L dependency=/opt/rustwide/target/debug/build/pin-utils/3860774ad9b215b5/out -L dependency=/opt/rustwide/target/debug/build/potential_utf/6ae711011b8c8d20/out -L dependency=/opt/rustwide/target/debug/build/powerfmt/f6019a2766e431f7/out -L dependency=/opt/rustwide/target/debug/build/ring/74d6675a8c6ee52a/out -L dependency=/opt/rustwide/target/debug/build/rustls-native-certs/aa2c3a71d7bc02c5/out -L dependency=/opt/rustwide/target/debug/build/rustls-pki-types/f18b4f853aef11b8/out -L dependency=/opt/rustwide/target/debug/build/rustls-webpki/c64da388b85b3c44/out -L dependency=/opt/rustwide/target/debug/build/rustls/1585b9a4b2d38148/out -L dependency=/opt/rustwide/target/debug/build/ryu/a7164637bc4900ee/out -L dependency=/opt/rustwide/target/debug/build/scopeguard/7ec2214574194454/out -L dependency=/opt/rustwide/target/debug/build/serde/0113b89aaf984fdc/out -L dependency=/opt/rustwide/target/debug/build/serde_core/46542aab222bf259/out -L dependency=/opt/rustwide/target/debug/build/serde_derive/670fec445d5a0ad9/out -L dependency=/opt/rustwide/target/debug/build/serde_json/9da2823d1e7cd1f4/out -L dependency=/opt/rustwide/target/debug/build/signal-hook-registry/d688fd7f782fc468/out -L dependency=/opt/rustwide/target/debug/build/simple_asn1/aa36ce796c092941/out -L dependency=/opt/rustwide/target/debug/build/slab/5629529544b2a983/out -L dependency=/opt/rustwide/target/debug/build/smallvec/f81e0b615869d05f/out -L dependency=/opt/rustwide/target/debug/build/snafu-derive/e8b6925447f40444/out -L dependency=/opt/rustwide/target/debug/build/socket2/74cdf1fe8b7a45b9/out -L dependency=/opt/rustwide/target/debug/build/stable_deref_trait/63cbf3f3d3f94e56/out -L dependency=/opt/rustwide/target/debug/build/subtle/9600f7efd1e82d97/out -L dependency=/opt/rustwide/target/debug/build/sync_wrapper/a254cb6192850e87/out -L dependency=/opt/rustwide/target/debug/build/thiserror-impl/10173855ec10a438/out -L dependency=/opt/rustwide/target/debug/build/thiserror/f46f3fa165c0673e/out -L dependency=/opt/rustwide/target/debug/build/time-core/18c82ab596674382/out -L dependency=/opt/rustwide/target/debug/build/time-macros/64e21c6052aec81a/out -L dependency=/opt/rustwide/target/debug/build/time/4348dc24a660a345/out -L dependency=/opt/rustwide/target/debug/build/tinystr/c3f03d66a32899f7/out -L dependency=/opt/rustwide/target/debug/build/tokio-macros/02c9662be6b92181/out -L dependency=/opt/rustwide/target/debug/build/tokio-rustls/4e9bc741e42b8892/out -L dependency=/opt/rustwide/target/debug/build/tokio-util/c644c0ab4911f898/out -L dependency=/opt/rustwide/target/debug/build/tokio/cb9ed160a368b0b3/out -L dependency=/opt/rustwide/target/debug/build/tower-layer/d908dd771b239ecd/out -L dependency=/opt/rustwide/target/debug/build/tower-service/3fb88d28c2218805/out -L dependency=/opt/rustwide/target/debug/build/tower/1bc2ffc5aed504a9/out -L dependency=/opt/rustwide/target/debug/build/tracing-attributes/03c17c239510087c/out -L dependency=/opt/rustwide/target/debug/build/tracing-core/aa4ed84ab5d584f8/out -L dependency=/opt/rustwide/target/debug/build/tracing/cf1daa7d06404d83/out -L dependency=/opt/rustwide/target/debug/build/try-lock/8fa2f6971035be84/out -L dependency=/opt/rustwide/target/debug/build/untrusted/b2f816886faf2178/out -L dependency=/opt/rustwide/target/debug/build/utf8_iter/51566bbad89f3a68/out -L dependency=/opt/rustwide/target/debug/build/want/7a6260b9c50f1479/out -L dependency=/opt/rustwide/target/debug/build/webpki-roots/1ae6c30e99ddd6ae/out -L dependency=/opt/rustwide/target/debug/build/writeable/4f74a67d38fff78e/out -L dependency=/opt/rustwide/target/debug/build/yoke-derive/fbdcb73e993d1dd6/out -L dependency=/opt/rustwide/target/debug/build/yoke/48628dfcaec80a56/out -L dependency=/opt/rustwide/target/debug/build/zerofrom-derive/8b65c05d42d1d1c5/out -L dependency=/opt/rustwide/target/debug/build/zerofrom/3214794069a9d973/out -L dependency=/opt/rustwide/target/debug/build/zeroize/7f213bea776ca5b6/out -L dependency=/opt/rustwide/target/debug/build/zerotrie/d662b9d1421986e6/out -L dependency=/opt/rustwide/target/debug/build/zerovec-derive/5ab4b8f2a330c2c9/out -L dependency=/opt/rustwide/target/debug/build/zerovec/284cdb98eebe8a68/out --extern arc_swap=/opt/rustwide/target/debug/build/arc-swap/fbe5a56bc5bc5547/out/libarc_swap-fbe5a56bc5bc5547.rmeta --extern async_trait=/opt/rustwide/target/debug/build/async-trait/5ee2d0ee482bbb3b/out/libasync_trait-5ee2d0ee482bbb3b.so --extern base64=/opt/rustwide/target/debug/build/base64/32787b0325ea6df8/out/libbase64-32787b0325ea6df8.rmeta --extern bytes=/opt/rustwide/target/debug/build/bytes/82ad4f0211bdc963/out/libbytes-82ad4f0211bdc963.rmeta --extern cfg_if=/opt/rustwide/target/debug/build/cfg-if/83060ec5685761ae/out/libcfg_if-83060ec5685761ae.rmeta --extern chrono=/opt/rustwide/target/debug/build/chrono/05ad45a18b7a46be/out/libchrono-05ad45a18b7a46be.rmeta --extern either=/opt/rustwide/target/debug/build/either/7a48bca1a3f0f106/out/libeither-7a48bca1a3f0f106.rmeta --extern futures=/opt/rustwide/target/debug/build/futures/e21f03de07d1b488/out/libfutures-e21f03de07d1b488.rmeta --extern futures_util=/opt/rustwide/target/debug/build/futures-util/ee73c6f23c2265a8/out/libfutures_util-ee73c6f23c2265a8.rmeta --extern http=/opt/rustwide/target/debug/build/http/2d03230cfda7aff1/out/libhttp-2d03230cfda7aff1.rmeta --extern http_body=/opt/rustwide/target/debug/build/http-body/105ee97081f5a2ad/out/libhttp_body-105ee97081f5a2ad.rmeta --extern http_body_util=/opt/rustwide/target/debug/build/http-body-util/3e17c470bd7f7a50/out/libhttp_body_util-3e17c470bd7f7a50.rmeta --extern hyper=/opt/rustwide/target/debug/build/hyper/355a721dbfd3bf84/out/libhyper-355a721dbfd3bf84.rmeta --extern hyper_rustls=/opt/rustwide/target/debug/build/hyper-rustls/f7f4a8a5d0d90f70/out/libhyper_rustls-f7f4a8a5d0d90f70.rmeta --extern hyper_timeout=/opt/rustwide/target/debug/build/hyper-timeout/7065cc60435da8d5/out/libhyper_timeout-7065cc60435da8d5.rmeta --extern hyper_util=/opt/rustwide/target/debug/build/hyper-util/88245c68aebf7287/out/libhyper_util-88245c68aebf7287.rmeta --extern jsonwebtoken=/opt/rustwide/target/debug/build/jsonwebtoken/545befbc19924b18/out/libjsonwebtoken-545befbc19924b18.rmeta --extern once_cell=/opt/rustwide/target/debug/build/once_cell/e9252a7b5119f3eb/out/libonce_cell-e9252a7b5119f3eb.rmeta --extern percent_encoding=/opt/rustwide/target/debug/build/percent-encoding/fa055ecaa1e57cfa/out/libpercent_encoding-fa055ecaa1e57cfa.rmeta --extern pin_project=/opt/rustwide/target/debug/build/pin-project/557e8eddc2c214dd/out/libpin_project-557e8eddc2c214dd.rmeta --extern secrecy=/opt/rustwide/target/debug/build/secrecy/084333e1be2ce7ce/out/libsecrecy-084333e1be2ce7ce.rmeta --extern serde=/opt/rustwide/target/debug/build/serde/0113b89aaf984fdc/out/libserde-0113b89aaf984fdc.rmeta --extern serde_json=/opt/rustwide/target/debug/build/serde_json/9da2823d1e7cd1f4/out/libserde_json-9da2823d1e7cd1f4.rmeta --extern serde_path_to_error=/opt/rustwide/target/debug/build/serde_path_to_error/a41e9e25fb8ae38b/out/libserde_path_to_error-a41e9e25fb8ae38b.rmeta --extern serde_urlencoded=/opt/rustwide/target/debug/build/serde_urlencoded/d548134fa6589c23/out/libserde_urlencoded-d548134fa6589c23.rmeta --extern snafu=/opt/rustwide/target/debug/build/snafu/15037a9bd053faf0/out/libsnafu-15037a9bd053faf0.rmeta --extern tokio=/opt/rustwide/target/debug/build/tokio/cb9ed160a368b0b3/out/libtokio-cb9ed160a368b0b3.rmeta --extern tower=/opt/rustwide/target/debug/build/tower/1bc2ffc5aed504a9/out/libtower-1bc2ffc5aed504a9.rmeta --extern tower_http=/opt/rustwide/target/debug/build/tower-http/a38c63310a2dbda1/out/libtower_http-a38c63310a2dbda1.rmeta --extern tracing=/opt/rustwide/target/debug/build/tracing/cf1daa7d06404d83/out/libtracing-cf1daa7d06404d83.rmeta --extern url=/opt/rustwide/target/debug/build/url/69472a1d4067b4c7/out/liburl-69472a1d4067b4c7.rmeta --extern web_time=/opt/rustwide/target/debug/build/web-time/582c05e4d51b223d/out/libweb_time-582c05e4d51b223d.rmeta --cap-lints allow --cap-lints=warn --force-warn=unused_crate_dependencies -L native=/opt/rustwide/target/debug/build/aws-lc-sys/d7136db00db23380/out -L native=/opt/rustwide/target/debug/build/ring/059414474607ae67/out` (signal: 9, SIGKILL: kill)
[INFO] running `Command { std: "docker" "inspect" "d636decc3132adc38df3264f55beb595fd552bd3198de30b7af9d41e5c95af1f", kill_on_drop: false }`
[INFO] running `Command { std: "docker" "rm" "-f" "d636decc3132adc38df3264f55beb595fd552bd3198de30b7af9d41e5c95af1f", kill_on_drop: false }`
[INFO] [stdout] d636decc3132adc38df3264f55beb595fd552bd3198de30b7af9d41e5c95af1f
