[INFO] cloning repository https://github.com/sauloluas/cassiopeia
[INFO] running `Command { std: "git" "-c" "credential.helper=" "-c" "credential.helper=/workspace/cargo-home/bin/git-credential-null" "clone" "--bare" "https://github.com/sauloluas/cassiopeia" "/workspace/cache/git-repos/https%3A%2F%2Fgithub.com%2Fsauloluas%2Fcassiopeia", kill_on_drop: false }`
[INFO] [stderr] Cloning into bare repository '/workspace/cache/git-repos/https%3A%2F%2Fgithub.com%2Fsauloluas%2Fcassiopeia'...
[INFO] running `Command { std: "git" "rev-parse" "HEAD", kill_on_drop: false }`
[INFO] [stdout] 15eaeca69b73c1b2cf29c9919f070b3dbf412f88
[INFO] testing sauloluas/cassiopeia against 1.100.0-beta.1 for beta-1.100-2
[INFO] running `Command { std: "git" "clone" "/workspace/cache/git-repos/https%3A%2F%2Fgithub.com%2Fsauloluas%2Fcassiopeia" "/workspace/builds/worker-6-tc2/source", kill_on_drop: false }`
[INFO] [stderr] Cloning into '/workspace/builds/worker-6-tc2/source'...
[INFO] [stderr] done.
[INFO] started tweaking git repo https://github.com/sauloluas/cassiopeia
[INFO] finished tweaking git repo https://github.com/sauloluas/cassiopeia
[INFO] tweaked toml for git repo https://github.com/sauloluas/cassiopeia written to /workspace/builds/worker-6-tc2/source/Cargo.toml
[INFO] validating manifest of git repo https://github.com/sauloluas/cassiopeia on toolchain 1.100.0-beta.1
[INFO] running `Command { std: CARGO_HOME="/workspace/cargo-home" RUSTUP_HOME="/workspace/rustup-home" "/workspace/cargo-home/bin/cargo" "+1.100.0-beta.1" "metadata" "--manifest-path" "Cargo.toml" "--no-deps", kill_on_drop: false }`
[INFO] crate git repo https://github.com/sauloluas/cassiopeia already has a lockfile, it will not be regenerated
[INFO] running `Command { std: CARGO_HOME="/workspace/cargo-home" RUSTUP_HOME="/workspace/rustup-home" "/workspace/cargo-home/bin/cargo" "+1.100.0-beta.1" "fetch" "--manifest-path" "Cargo.toml", kill_on_drop: false }`
[INFO] running `Command { std: "docker" "create" "-v" "/var/lib/crater-agent-workspace/builds/worker-6-tc2/source:/opt/rustwide/workdir:ro,Z" "-v" "/var/lib/crater-agent-workspace/builds/worker-6-tc2/target:/opt/rustwide/target:rw,Z" "-v" "/var/lib/crater-agent-workspace/cargo-home:/opt/rustwide/cargo-home:ro,Z" "-v" "/var/lib/crater-agent-workspace/rustup-home:/opt/rustwide/rustup-home:ro,Z" "-m" "1610612736" "--network" "none" "ghcr.io/rust-lang/crates-build-env/linux@sha256:3111399a4047eeb3a02b7a90e478d715f38a8c6669b5c4b49d30a17385265909" "sleep" "infinity", kill_on_drop: false }`
[INFO] [stdout] dfe068ecaa8c080ba551b36e1611f3cec822de7273de77ceef99b1a0a9e3a31c
[INFO] running `Command { std: "docker" "start" "dfe068ecaa8c080ba551b36e1611f3cec822de7273de77ceef99b1a0a9e3a31c", kill_on_drop: false }`
[INFO] running `Command { std: "docker" "inspect" "dfe068ecaa8c080ba551b36e1611f3cec822de7273de77ceef99b1a0a9e3a31c", kill_on_drop: false }`
[INFO] running `Command { std: "docker" "exec" "-e" "SOURCE_DIR=/opt/rustwide/workdir" "-e" "CARGO_HOME=/opt/rustwide/cargo-home" "-e" "RUSTUP_HOME=/opt/rustwide/rustup-home" "-e" "CARGO_TARGET_DIR=/opt/rustwide/target" "-w" "/opt/rustwide/workdir" "--user" "0:0" "dfe068ecaa8c080ba551b36e1611f3cec822de7273de77ceef99b1a0a9e3a31c" "/opt/rustwide/cargo-home/bin/cargo" "+1.100.0-beta.1" "metadata" "--no-deps" "--format-version=1", kill_on_drop: false }`
[INFO] running `Command { std: "docker" "inspect" "dfe068ecaa8c080ba551b36e1611f3cec822de7273de77ceef99b1a0a9e3a31c", kill_on_drop: false }`
[INFO] running `Command { std: "docker" "exec" "-e" "SOURCE_DIR=/opt/rustwide/workdir" "-e" "CARGO_HOME=/opt/rustwide/cargo-home" "-e" "RUSTUP_HOME=/opt/rustwide/rustup-home" "-e" "CARGO_TARGET_DIR=/opt/rustwide/target" "-e" "CARGO_INCREMENTAL=0" "-e" "RUST_BACKTRACE=full" "-e" "RUSTFLAGS=--cap-lints=warn" "-e" "RUSTDOCFLAGS=--cap-lints=warn" "-w" "/opt/rustwide/workdir" "--user" "0:0" "dfe068ecaa8c080ba551b36e1611f3cec822de7273de77ceef99b1a0a9e3a31c" "/opt/rustwide/cargo-home/bin/cargo" "+1.100.0-beta.1" "build" "--frozen" "--message-format=json", kill_on_drop: false }`
[INFO] [stderr]    Compiling linearspace v0.1.0 (https://github.com/sauloluas/linearspace.git#125ffd17)
[INFO] [stderr]    Compiling cassiopeia v0.1.0 (/opt/rustwide/workdir)
[INFO] [stderr]     Finished `dev` profile [unoptimized + debuginfo] target(s) in 0.54s
[INFO] running `Command { std: "docker" "inspect" "dfe068ecaa8c080ba551b36e1611f3cec822de7273de77ceef99b1a0a9e3a31c", kill_on_drop: false }`
[INFO] running `Command { std: "docker" "exec" "-e" "SOURCE_DIR=/opt/rustwide/workdir" "-e" "CARGO_HOME=/opt/rustwide/cargo-home" "-e" "RUSTUP_HOME=/opt/rustwide/rustup-home" "-e" "CARGO_TARGET_DIR=/opt/rustwide/target" "-e" "CARGO_INCREMENTAL=0" "-e" "RUST_BACKTRACE=full" "-e" "RUSTFLAGS=--cap-lints=warn" "-e" "RUSTDOCFLAGS=--cap-lints=warn" "-w" "/opt/rustwide/workdir" "--user" "0:0" "dfe068ecaa8c080ba551b36e1611f3cec822de7273de77ceef99b1a0a9e3a31c" "/opt/rustwide/cargo-home/bin/cargo" "+1.100.0-beta.1" "test" "--frozen" "--no-run" "--message-format=json", kill_on_drop: false }`
[INFO] [stderr]    Compiling cassiopeia v0.1.0 (/opt/rustwide/workdir)
[INFO] [stdout] error[E0599]: no variant, associated function, or constant named `new_var` found for enum `Expr<T>` in the current scope
[INFO] [stdout]   --> src/tests/simplify_tests.rs:5:16
[INFO] [stdout]    |
[INFO] [stdout]  5 |     let a = Expr::new_var("a");
[INFO] [stdout]    |                   ^^^^^^^ variant, associated function, or constant not found in `Expr<_>`
[INFO] [stdout]    |
[INFO] [stdout]   ::: src/expr/expr.rs:7:1
[INFO] [stdout]    |
[INFO] [stdout]  7 | pub enum Expr<T> {
[INFO] [stdout]    | ---------------- variant, associated function, or constant `new_var` not found for this enum
[INFO] [stdout]    |
[INFO] [stdout] note: if you're trying to build a new `Expr<_>`, consider using `Expr::<T>::var` which returns `Expr<_>`
[INFO] [stdout]   --> src/expr/expr.rs:21:5
[INFO] [stdout]    |
[INFO] [stdout] 21 |     pub fn var(name: &str) -> Expr<T> {
[INFO] [stdout]    |     ^^^^^^^^^^^^^^^^^^^^^^^^^^^^^^^^^
[INFO] [stdout] 
[INFO] [stdout] 
[INFO] [stdout] error[E0599]: no variant, associated function, or constant named `new_var` found for enum `Expr<T>` in the current scope
[INFO] [stdout]   --> src/tests/simplify_tests.rs:13:16
[INFO] [stdout]    |
[INFO] [stdout] 13 |     let a = Expr::new_var("a");
[INFO] [stdout]    |                   ^^^^^^^ variant, associated function, or constant not found in `Expr<_>`
[INFO] [stdout]    |
[INFO] [stdout]   ::: src/expr/expr.rs:7:1
[INFO] [stdout]    |
[INFO] [stdout]  7 | pub enum Expr<T> {
[INFO] [stdout]    | ---------------- variant, associated function, or constant `new_var` not found for this enum
[INFO] [stdout]    |
[INFO] [stdout] note: if you're trying to build a new `Expr<_>`, consider using `Expr::<T>::var` which returns `Expr<_>`
[INFO] [stdout]   --> src/expr/expr.rs:21:5
[INFO] [stdout]    |
[INFO] [stdout] 21 |     pub fn var(name: &str) -> Expr<T> {
[INFO] [stdout]    |     ^^^^^^^^^^^^^^^^^^^^^^^^^^^^^^^^^
[INFO] [stdout] 
[INFO] [stdout] 
[INFO] [stdout] error[E0599]: no variant, associated function, or constant named `new_var` found for enum `Expr<T>` in the current scope
[INFO] [stdout]   --> src/tests/parsing_tests.rs:13:9
[INFO] [stdout]    |
[INFO] [stdout] 13 |         Expr::new_var("So") 
[INFO] [stdout]    |               ^^^^^^^ variant, associated function, or constant not found in `Expr<_>`
[INFO] [stdout]    |
[INFO] [stdout]   ::: src/expr/expr.rs:7:1
[INFO] [stdout]    |
[INFO] [stdout]  7 | pub enum Expr<T> {
[INFO] [stdout]    | ---------------- variant, associated function, or constant `new_var` not found for this enum
[INFO] [stdout]    |
[INFO] [stdout] note: if you're trying to build a new `Expr<_>`, consider using `Expr::<T>::var` which returns `Expr<_>`
[INFO] [stdout]   --> src/expr/expr.rs:21:5
[INFO] [stdout]    |
[INFO] [stdout] 21 |     pub fn var(name: &str) -> Expr<T> {
[INFO] [stdout]    |     ^^^^^^^^^^^^^^^^^^^^^^^^^^^^^^^^^
[INFO] [stdout] 
[INFO] [stdout] 
[INFO] [stdout] error[E0599]: no variant, associated function, or constant named `new_var` found for enum `Expr<T>` in the current scope
[INFO] [stdout]   --> src/tests/parsing_tests.rs:14:11
[INFO] [stdout]    |
[INFO] [stdout] 14 |         + Expr::new_var("V") 
[INFO] [stdout]    |                 ^^^^^^^ variant, associated function, or constant not found in `Expr<_>`
[INFO] [stdout]    |
[INFO] [stdout]   ::: src/expr/expr.rs:7:1
[INFO] [stdout]    |
[INFO] [stdout]  7 | pub enum Expr<T> {
[INFO] [stdout]    | ---------------- variant, associated function, or constant `new_var` not found for this enum
[INFO] [stdout]    |
[INFO] [stdout] note: if you're trying to build a new `Expr<_>`, consider using `Expr::<T>::var` which returns `Expr<_>`
[INFO] [stdout]   --> src/expr/expr.rs:21:5
[INFO] [stdout]    |
[INFO] [stdout] 21 |     pub fn var(name: &str) -> Expr<T> {
[INFO] [stdout]    |     ^^^^^^^^^^^^^^^^^^^^^^^^^^^^^^^^^
[INFO] [stdout] 
[INFO] [stdout] 
[INFO] [stdout] error[E0599]: no variant, associated function, or constant named `new_var` found for enum `Expr<T>` in the current scope
[INFO] [stdout]   --> src/tests/parsing_tests.rs:15:11
[INFO] [stdout]    |
[INFO] [stdout] 15 |         * Expr::new_var("t");
[INFO] [stdout]    |                 ^^^^^^^ variant, associated function, or constant not found in `Expr<_>`
[INFO] [stdout]    |
[INFO] [stdout]   ::: src/expr/expr.rs:7:1
[INFO] [stdout]    |
[INFO] [stdout]  7 | pub enum Expr<T> {
[INFO] [stdout]    | ---------------- variant, associated function, or constant `new_var` not found for this enum
[INFO] [stdout]    |
[INFO] [stdout] note: if you're trying to build a new `Expr<_>`, consider using `Expr::<T>::var` which returns `Expr<_>`
[INFO] [stdout]   --> src/expr/expr.rs:21:5
[INFO] [stdout]    |
[INFO] [stdout] 21 |     pub fn var(name: &str) -> Expr<T> {
[INFO] [stdout]    |     ^^^^^^^^^^^^^^^^^^^^^^^^^^^^^^^^^
[INFO] [stdout] 
[INFO] [stdout] 
[INFO] [stdout] For more information about this error, try `rustc --explain E0599`.
[INFO] [stdout] 
[INFO] [stderr] error: could not compile `cassiopeia` (lib test) due to 5 previous errors
[INFO] [stderr] warning: build failed, waiting for other jobs to finish...
[INFO] running `Command { std: "docker" "inspect" "dfe068ecaa8c080ba551b36e1611f3cec822de7273de77ceef99b1a0a9e3a31c", kill_on_drop: false }`
[INFO] running `Command { std: "docker" "rm" "-f" "dfe068ecaa8c080ba551b36e1611f3cec822de7273de77ceef99b1a0a9e3a31c", kill_on_drop: false }`
[INFO] [stdout] dfe068ecaa8c080ba551b36e1611f3cec822de7273de77ceef99b1a0a9e3a31c
