[INFO] cloning repository https://github.com/rikuthinks/wba-nft-allowlist
[INFO] running `Command { std: "git" "-c" "credential.helper=" "-c" "credential.helper=/workspace/cargo-home/bin/git-credential-null" "clone" "--bare" "https://github.com/rikuthinks/wba-nft-allowlist" "/workspace/cache/git-repos/https%3A%2F%2Fgithub.com%2Frikuthinks%2Fwba-nft-allowlist", kill_on_drop: false }`
[INFO] [stderr] Cloning into bare repository '/workspace/cache/git-repos/https%3A%2F%2Fgithub.com%2Frikuthinks%2Fwba-nft-allowlist'...
[INFO] running `Command { std: "git" "rev-parse" "HEAD", kill_on_drop: false }`
[INFO] [stdout] 053b898fd4a498ae23252e8dd698a2e6fa3679c0
[INFO] testing rikuthinks/wba-nft-allowlist against 1.100.0-beta.1 for beta-1.100-2
[INFO] running `Command { std: "git" "clone" "/workspace/cache/git-repos/https%3A%2F%2Fgithub.com%2Frikuthinks%2Fwba-nft-allowlist" "/workspace/builds/worker-4-tc2/source", kill_on_drop: false }`
[INFO] [stderr] Cloning into '/workspace/builds/worker-4-tc2/source'...
[INFO] [stderr] done.
[INFO] removed /workspace/builds/worker-4-tc2/source/.cargo/config
[INFO] started tweaking git repo https://github.com/rikuthinks/wba-nft-allowlist
[INFO] finished tweaking git repo https://github.com/rikuthinks/wba-nft-allowlist
[INFO] tweaked toml for git repo https://github.com/rikuthinks/wba-nft-allowlist written to /workspace/builds/worker-4-tc2/source/Cargo.toml
[INFO] validating manifest of git repo https://github.com/rikuthinks/wba-nft-allowlist on toolchain 1.100.0-beta.1
[INFO] running `Command { std: CARGO_HOME="/workspace/cargo-home" RUSTUP_HOME="/workspace/rustup-home" "/workspace/cargo-home/bin/cargo" "+1.100.0-beta.1" "metadata" "--manifest-path" "Cargo.toml" "--no-deps", kill_on_drop: false }`
[INFO] crate git repo https://github.com/rikuthinks/wba-nft-allowlist already has a lockfile, it will not be regenerated
[INFO] running `Command { std: CARGO_HOME="/workspace/cargo-home" RUSTUP_HOME="/workspace/rustup-home" "/workspace/cargo-home/bin/cargo" "+1.100.0-beta.1" "fetch" "--manifest-path" "Cargo.toml", kill_on_drop: false }`
[INFO] [stderr] warning: `package.homepage` is redundant with `package.repository`
[INFO] [stderr]  --> contracts/wba-adminlist/Cargo.toml:9:12
[INFO] [stderr]   |
[INFO] [stderr] 8 | repository = ""
[INFO] [stderr]   |              --
[INFO] [stderr] 9 | homepage = ""
[INFO] [stderr]   |            ^^
[INFO] [stderr]   |
[INFO] [stderr]   = note: `cargo::redundant_homepage` is set to `warn` by default
[INFO] [stderr] help: consider removing `package.homepage`
[INFO] [stderr] warning: `wba-adminlist` (manifest) generated 1 warning
[INFO] running `Command { std: "docker" "create" "-v" "/var/lib/crater-agent-workspace/builds/worker-4-tc2/source:/opt/rustwide/workdir:ro,Z" "-v" "/var/lib/crater-agent-workspace/builds/worker-4-tc2/target:/opt/rustwide/target:rw,Z" "-v" "/var/lib/crater-agent-workspace/cargo-home:/opt/rustwide/cargo-home:ro,Z" "-v" "/var/lib/crater-agent-workspace/rustup-home:/opt/rustwide/rustup-home:ro,Z" "-m" "1610612736" "--network" "none" "ghcr.io/rust-lang/crates-build-env/linux@sha256:3111399a4047eeb3a02b7a90e478d715f38a8c6669b5c4b49d30a17385265909" "sleep" "infinity", kill_on_drop: false }`
[INFO] [stdout] 5652bcc0dba534832142cdb0c200e21c97987fee132d1d3c9b1bb086a77a2b5b
[INFO] running `Command { std: "docker" "start" "5652bcc0dba534832142cdb0c200e21c97987fee132d1d3c9b1bb086a77a2b5b", kill_on_drop: false }`
[INFO] running `Command { std: "docker" "inspect" "5652bcc0dba534832142cdb0c200e21c97987fee132d1d3c9b1bb086a77a2b5b", kill_on_drop: false }`
[INFO] running `Command { std: "docker" "exec" "-e" "SOURCE_DIR=/opt/rustwide/workdir" "-e" "CARGO_HOME=/opt/rustwide/cargo-home" "-e" "RUSTUP_HOME=/opt/rustwide/rustup-home" "-e" "CARGO_TARGET_DIR=/opt/rustwide/target" "-w" "/opt/rustwide/workdir" "--user" "0:0" "5652bcc0dba534832142cdb0c200e21c97987fee132d1d3c9b1bb086a77a2b5b" "/opt/rustwide/cargo-home/bin/cargo" "+1.100.0-beta.1" "metadata" "--no-deps" "--format-version=1", kill_on_drop: false }`
[INFO] running `Command { std: "docker" "inspect" "5652bcc0dba534832142cdb0c200e21c97987fee132d1d3c9b1bb086a77a2b5b", kill_on_drop: false }`
[INFO] running `Command { std: "docker" "exec" "-e" "SOURCE_DIR=/opt/rustwide/workdir" "-e" "CARGO_HOME=/opt/rustwide/cargo-home" "-e" "RUSTUP_HOME=/opt/rustwide/rustup-home" "-e" "CARGO_TARGET_DIR=/opt/rustwide/target" "-e" "CARGO_INCREMENTAL=0" "-e" "RUST_BACKTRACE=full" "-e" "RUSTFLAGS=--cap-lints=warn" "-e" "RUSTDOCFLAGS=--cap-lints=warn" "-w" "/opt/rustwide/workdir" "--user" "0:0" "5652bcc0dba534832142cdb0c200e21c97987fee132d1d3c9b1bb086a77a2b5b" "/opt/rustwide/cargo-home/bin/cargo" "+1.100.0-beta.1" "build" "--frozen" "--message-format=json", kill_on_drop: false }`
[INFO] [stderr] warning: `package.homepage` is redundant with `package.repository`
[INFO] [stderr]  --> contracts/wba-adminlist/Cargo.toml:9:12
[INFO] [stderr]   |
[INFO] [stderr] 8 | repository = ""
[INFO] [stderr]   |              --
[INFO] [stderr] 9 | homepage = ""
[INFO] [stderr]   |            ^^
[INFO] [stderr]   |
[INFO] [stderr]   = note: `cargo::redundant_homepage` is set to `warn` by default
[INFO] [stderr] help: consider removing `package.homepage`
[INFO] [stderr] warning: `wba-adminlist` (manifest) generated 1 warning
[INFO] [stderr]    Compiling typenum v1.15.0
[INFO] [stderr]    Compiling version_check v0.9.4
[INFO] [stderr]    Compiling libc v0.2.133
[INFO] [stderr]    Compiling proc-macro2 v1.0.44
[INFO] [stderr]    Compiling quote v1.0.21
[INFO] [stderr]    Compiling unicode-ident v1.0.4
[INFO] [stderr]    Compiling syn v1.0.100
[INFO] [stderr]    Compiling subtle v2.4.1
[INFO] [stderr]    Compiling zeroize v1.5.7
[INFO] [stderr]    Compiling const-oid v0.9.0
[INFO] [stderr]    Compiling serde_derive v1.0.145
[INFO] [stderr]    Compiling base64ct v1.5.2
[INFO] [stderr]    Compiling serde v1.0.145
[INFO] [stderr]    Compiling getrandom v0.1.16
[INFO] [stderr]    Compiling base16ct v0.1.1
[INFO] [stderr]    Compiling cpufeatures v0.2.5
[INFO] [stderr]    Compiling thiserror v1.0.36
[INFO] [stderr]    Compiling byteorder v1.4.3
[INFO] [stderr]    Compiling der v0.6.0
[INFO] [stderr]    Compiling crunchy v0.2.2
[INFO] [stderr]    Compiling serde_json v1.0.85
[INFO] [stderr]    Compiling hex v0.4.3
[INFO] [stderr]    Compiling schemars v0.8.10
[INFO] [stderr]    Compiling itoa v1.0.3
[INFO] [stderr]    Compiling ryu v1.0.11
[INFO] [stderr]    Compiling dyn-clone v1.0.9
[INFO] [stderr]    Compiling static_assertions v1.1.0
[INFO] [stderr]    Compiling generic-array v0.14.6
[INFO] [stderr]    Compiling forward_ref v1.0.0
[INFO] [stderr]    Compiling uint v0.9.4
[INFO] [stderr]    Compiling getrandom v0.2.7
[INFO] [stderr]    Compiling rand_core v0.6.4
[INFO] [stderr]    Compiling ff v0.12.0
[INFO] [stderr]    Compiling rand_core v0.5.1
[INFO] [stderr]    Compiling group v0.12.0
[INFO] [stderr]    Compiling spki v0.6.0
[INFO] [stderr]    Compiling pkcs8 v0.9.0
[INFO] [stderr]    Compiling crypto-common v0.1.6
[INFO] [stderr]    Compiling block-buffer v0.10.3
[INFO] [stderr]    Compiling crypto-bigint v0.4.8
[INFO] [stderr]    Compiling digest v0.9.0
[INFO] [stderr]    Compiling sec1 v0.3.0
[INFO] [stderr]    Compiling block-buffer v0.9.0
[INFO] [stderr]    Compiling curve25519-dalek v3.2.0
[INFO] [stderr]    Compiling sha2 v0.9.9
[INFO] [stderr]    Compiling digest v0.10.5
[INFO] [stderr]    Compiling hmac v0.12.1
[INFO] [stderr]    Compiling signature v1.6.3
[INFO] [stderr]    Compiling sha2 v0.10.6
[INFO] [stderr]    Compiling rfc6979 v0.3.0
[INFO] [stderr]    Compiling elliptic-curve v0.12.3
[INFO] [stderr]    Compiling ecdsa v0.14.7
[INFO] [stderr]    Compiling k256 v0.11.5
[INFO] [stderr]    Compiling serde_derive_internals v0.26.0
[INFO] [stderr]    Compiling thiserror-impl v1.0.36
[INFO] [stderr]    Compiling derivative v2.2.0
[INFO] [stderr]    Compiling cosmwasm-derive v1.1.2
[INFO] [stderr]    Compiling schemars_derive v0.8.10
[INFO] [stderr]    Compiling ed25519-zebra v3.0.0
[INFO] [stderr]    Compiling serde-json-wasm v0.4.1
[INFO] [stderr]    Compiling cosmwasm-crypto v1.1.2
[INFO] [stderr]    Compiling cosmwasm-std v1.1.2
[INFO] [stderr]    Compiling cw-storage-plus v0.13.4
[INFO] [stderr]    Compiling cw-utils v0.13.4
[INFO] [stderr]    Compiling cosmwasm-storage v1.1.2
[INFO] [stderr]    Compiling cw-storage-plus v0.14.0
[INFO] [stderr]    Compiling cw1 v0.14.0
[INFO] [stderr]    Compiling cw0 v0.10.3
[INFO] [stderr]    Compiling cw721 v0.13.4
[INFO] [stderr]    Compiling cw2 v0.14.0
[INFO] [stderr]    Compiling cw2 v0.13.4
[INFO] [stderr]    Compiling cw-paginate v0.2.0 (https://github.com/DA0-DA0/dao-contracts.git#693a5d6a)
[INFO] [stderr]    Compiling cw721-base v0.13.4
[INFO] [stderr]    Compiling cw-ics721-bridge v0.1.0 (/opt/rustwide/workdir/contracts/cw-ics721-bridge)
[INFO] [stderr]    Compiling nft v0.1.0 (/opt/rustwide/workdir/contracts/nft)
[INFO] [stderr]    Compiling wba-adminlist v0.1.1 (/opt/rustwide/workdir/contracts/wba-adminlist)
[INFO] [stderr]    Compiling cw-ics721-bridge-tester v0.1.0 (/opt/rustwide/workdir/contracts/cw-ics721-bridge-tester)
[INFO] [stderr] warning: unused dependency `cw-paginate`
[INFO] [stderr]   --> contracts/cw-ics721-bridge/Cargo.toml:29:1
[INFO] [stderr]    |
[INFO] [stderr] 29 | cw-paginate = { git = "https://github.com/DA0-DA0/dao-contracts.git" }
[INFO] [stderr]    | ^^^^^^^^^^^^^^^^^^^^^^^^^^^^^^^^^^^^^^^^^^^^^^^^^^^^^^^^^^^^^^^^^^^^^^
[INFO] [stderr]    |
[INFO] [stderr]    = note: `cargo::unused_dependencies` is set to `warn` by default
[INFO] [stderr] help: consider removing the dependency on `cw-paginate`
[INFO] [stderr] warning: `cw-ics721-bridge` (manifest) generated 1 warning
[INFO] [stderr] warning: unused dependency `cosmwasm-storage`
[INFO] [stderr]   --> contracts/nft/Cargo.toml:33:1
[INFO] [stderr]    |
[INFO] [stderr] 33 | cosmwasm-storage = "1.0.0"
[INFO] [stderr]    | ^^^^^^^^^^^^^^^^^^^^^^^^^^
[INFO] [stderr]    |
[INFO] [stderr]    = note: `cargo::unused_dependencies` is set to `warn` by default
[INFO] [stderr] help: consider removing the dependency on `cosmwasm-storage`
[INFO] [stderr] warning: `nft` (manifest) generated 1 warning
[INFO] [stderr] warning: unused dependency `cw0`
[INFO] [stderr]   --> contracts/wba-adminlist/Cargo.toml:29:1
[INFO] [stderr]    |
[INFO] [stderr] 29 | cw0 = "0.10.3"
[INFO] [stderr]    | ^^^^^^^^^^^^^^
[INFO] [stderr]    |
[INFO] [stderr]    = note: `cargo::unused_dependencies` is set to `warn` by default
[INFO] [stderr] help: consider removing the dependency on `cw0`
[INFO] [stderr] warning: unused dependency `nft`
[INFO] [stderr]   --> contracts/wba-adminlist/Cargo.toml:37:1
[INFO] [stderr]    |
[INFO] [stderr] 37 | nft = { path = "../nft", version = "0.1.0" }
[INFO] [stderr]    | ^^^^^^^^^^^^^^^^^^^^^^^^^^^^^^^^^^^^^^^^^^^^
[INFO] [stderr]    |
[INFO] [stderr] help: consider removing the dependency on `nft`
[INFO] [stderr] warning: `wba-adminlist` (manifest) generated 2 warnings
[INFO] [stderr]     Finished `dev` profile [unoptimized + debuginfo] target(s) in 31.92s
[INFO] [stderr] warning: the following packages contain code that will be rejected by a future version of Rust: cosmwasm-std v1.1.2
[INFO] [stderr] note: to see what the problems were, use the option `--future-incompat-report`, or run `cargo report future-incompatibilities --id 2`
[INFO] running `Command { std: "docker" "inspect" "5652bcc0dba534832142cdb0c200e21c97987fee132d1d3c9b1bb086a77a2b5b", kill_on_drop: false }`
[INFO] running `Command { std: "docker" "exec" "-e" "SOURCE_DIR=/opt/rustwide/workdir" "-e" "CARGO_HOME=/opt/rustwide/cargo-home" "-e" "RUSTUP_HOME=/opt/rustwide/rustup-home" "-e" "CARGO_TARGET_DIR=/opt/rustwide/target" "-e" "CARGO_INCREMENTAL=0" "-e" "RUST_BACKTRACE=full" "-e" "RUSTFLAGS=--cap-lints=warn" "-e" "RUSTDOCFLAGS=--cap-lints=warn" "-w" "/opt/rustwide/workdir" "--user" "0:0" "5652bcc0dba534832142cdb0c200e21c97987fee132d1d3c9b1bb086a77a2b5b" "/opt/rustwide/cargo-home/bin/cargo" "+1.100.0-beta.1" "test" "--frozen" "--no-run" "--message-format=json", kill_on_drop: false }`
[INFO] [stderr] warning: `package.homepage` is redundant with `package.repository`
[INFO] [stderr]  --> contracts/wba-adminlist/Cargo.toml:9:12
[INFO] [stderr]   |
[INFO] [stderr] 8 | repository = ""
[INFO] [stderr]   |              --
[INFO] [stderr] 9 | homepage = ""
[INFO] [stderr]   |            ^^
[INFO] [stderr]   |
[INFO] [stderr]   = note: `cargo::redundant_homepage` is set to `warn` by default
[INFO] [stderr] help: consider removing `package.homepage`
[INFO] [stderr] warning: `wba-adminlist` (manifest) generated 1 warning
[INFO] [stderr] warning: output filename collision at /opt/rustwide/target/debug/examples/schema
[INFO] [stderr]   |
[INFO] [stderr]   = note: the example target `schema` in package `nft v0.1.0 (/opt/rustwide/workdir/contracts/nft)` has the same output filename as the example target `schema` in package `cw-ics721-bridge v0.1.0 (/opt/rustwide/workdir/contracts/cw-ics721-bridge)`
[INFO] [stderr]   = note: this may become a hard error in the future; see <https://github.com/rust-lang/cargo/issues/6313>
[INFO] [stderr]   = help: consider changing their names to be unique or compiling them separately
[INFO] [stderr] warning: output filename collision at /opt/rustwide/target/debug/examples/schema.dwp
[INFO] [stderr]   |
[INFO] [stderr]   = note: the example target `schema` in package `nft v0.1.0 (/opt/rustwide/workdir/contracts/nft)` has the same output filename as the example target `schema` in package `cw-ics721-bridge v0.1.0 (/opt/rustwide/workdir/contracts/cw-ics721-bridge)`
[INFO] [stderr]   = note: this may become a hard error in the future; see <https://github.com/rust-lang/cargo/issues/6313>
[INFO] [stderr]   = help: consider changing their names to be unique or compiling them separately
[INFO] [stderr] warning: output filename collision at /opt/rustwide/target/debug/examples/schema
[INFO] [stderr]   |
[INFO] [stderr]   = note: the example target `schema` in package `wba-adminlist v0.1.1 (/opt/rustwide/workdir/contracts/wba-adminlist)` has the same output filename as the example target `schema` in package `nft v0.1.0 (/opt/rustwide/workdir/contracts/nft)`
[INFO] [stderr]   = note: this may become a hard error in the future; see <https://github.com/rust-lang/cargo/issues/6313>
[INFO] [stderr]   = help: consider changing their names to be unique or compiling them separately
[INFO] [stderr] warning: output filename collision at /opt/rustwide/target/debug/examples/schema.dwp
[INFO] [stderr]   |
[INFO] [stderr]   = note: the example target `schema` in package `wba-adminlist v0.1.1 (/opt/rustwide/workdir/contracts/wba-adminlist)` has the same output filename as the example target `schema` in package `nft v0.1.0 (/opt/rustwide/workdir/contracts/nft)`
[INFO] [stderr]   = note: this may become a hard error in the future; see <https://github.com/rust-lang/cargo/issues/6313>
[INFO] [stderr]   = help: consider changing their names to be unique or compiling them separately
[INFO] [stderr]    Compiling anyhow v1.0.65
[INFO] [stderr]    Compiling either v1.8.0
[INFO] [stderr]    Compiling bytes v1.2.1
[INFO] [stderr]    Compiling semver v1.0.14
[INFO] [stderr]    Compiling assert_matches v1.5.0
[INFO] [stderr]    Compiling cosmwasm-schema-derive v1.1.2
[INFO] [stderr]    Compiling cw-ics721-bridge-tester v0.1.0 (/opt/rustwide/workdir/contracts/cw-ics721-bridge-tester)
[INFO] [stderr]    Compiling itertools v0.10.5
[INFO] [stderr]    Compiling cosmwasm-schema v1.1.2
[INFO] [stderr]    Compiling cw-utils v0.14.0
[INFO] [stderr]    Compiling prost-derive v0.9.0
[INFO] [stderr]    Compiling prost v0.9.0
[INFO] [stderr]    Compiling cw-multi-test v0.14.0
[INFO] [stderr]    Compiling cw-multi-test v0.13.4
[INFO] [stderr]    Compiling cw-ics721-bridge v0.1.0 (/opt/rustwide/workdir/contracts/cw-ics721-bridge)
[INFO] [stderr]    Compiling nft v0.1.0 (/opt/rustwide/workdir/contracts/nft)
[INFO] [stderr]    Compiling wba-adminlist v0.1.1 (/opt/rustwide/workdir/contracts/wba-adminlist)
[INFO] [stdout] error[E0433]: cannot find `entry` in `cw721_base`
[INFO] [stdout]   --> contracts/cw-ics721-bridge/src/integration_tests.rs:13:21
[INFO] [stdout]    |
[INFO] [stdout] 13 |         cw721_base::entry::execute,
[INFO] [stdout]    |                     ^^^^^ could not find `entry` in `cw721_base`
[INFO] [stdout]    |
[INFO] [stdout] note: found an item that was configured out
[INFO] [stdout]   --> /opt/rustwide/cargo-home/registry/src/index.crates.io-1949cf8c6b5b557f/cw721-base-0.13.4/src/lib.rs:18:9
[INFO] [stdout]    |
[INFO] [stdout] 17 | #[cfg(not(feature = "library"))]
[INFO] [stdout]    |          --------------------- the item is gated here
[INFO] [stdout] 18 | pub mod entry {
[INFO] [stdout]    |         ^^^^^
[INFO] [stdout] 
[INFO] [stdout] 
[INFO] [stdout] error[E0433]: cannot find `entry` in `cw721_base`
[INFO] [stdout]   --> contracts/cw-ics721-bridge/src/integration_tests.rs:14:21
[INFO] [stdout]    |
[INFO] [stdout] 14 |         cw721_base::entry::instantiate,
[INFO] [stdout]    |                     ^^^^^ could not find `entry` in `cw721_base`
[INFO] [stdout]    |
[INFO] [stdout] note: found an item that was configured out
[INFO] [stdout]   --> /opt/rustwide/cargo-home/registry/src/index.crates.io-1949cf8c6b5b557f/cw721-base-0.13.4/src/lib.rs:18:9
[INFO] [stdout]    |
[INFO] [stdout] 17 | #[cfg(not(feature = "library"))]
[INFO] [stdout]    |          --------------------- the item is gated here
[INFO] [stdout] 18 | pub mod entry {
[INFO] [stdout]    |         ^^^^^
[INFO] [stdout] 
[INFO] [stdout] 
[INFO] [stdout] error[E0433]: cannot find `entry` in `cw721_base`
[INFO] [stdout]   --> contracts/cw-ics721-bridge/src/integration_tests.rs:15:21
[INFO] [stdout]    |
[INFO] [stdout] 15 |         cw721_base::entry::query,
[INFO] [stdout]    |                     ^^^^^ could not find `entry` in `cw721_base`
[INFO] [stdout]    |
[INFO] [stdout] note: found an item that was configured out
[INFO] [stdout]   --> /opt/rustwide/cargo-home/registry/src/index.crates.io-1949cf8c6b5b557f/cw721-base-0.13.4/src/lib.rs:18:9
[INFO] [stdout]    |
[INFO] [stdout] 17 | #[cfg(not(feature = "library"))]
[INFO] [stdout]    |          --------------------- the item is gated here
[INFO] [stdout] 18 | pub mod entry {
[INFO] [stdout]    |         ^^^^^
[INFO] [stdout] 
[INFO] [stdout] 
[INFO] [stdout] error[E0433]: cannot find module or crate `cw1_whitelist` in this scope
[INFO] [stdout]  --> contracts/wba-adminlist/examples/schema.rs:6:5
[INFO] [stdout]   |
[INFO] [stdout] 6 | use cw1_whitelist::msg::{AdminListResponse, ExecuteMsg, InstantiateMsg, QueryMsg};
[INFO] [stdout]   |     ^^^^^^^^^^^^^ use of unresolved module or unlinked crate `cw1_whitelist`
[INFO] [stdout]   |
[INFO] [stdout]   = help: if you wanted to use a crate named `cw1_whitelist`, use `cargo add cw1_whitelist` to add it to your `Cargo.toml`
[INFO] [stdout] 
[INFO] [stdout] 
[INFO] [stdout] For more information about this error, try `rustc --explain E0433`.
[INFO] [stdout] 
[INFO] [stderr] error: could not compile `wba-adminlist` (example "schema") due to 1 previous error
[INFO] [stderr] warning: build failed, waiting for other jobs to finish...
[INFO] [stdout] warning: unused imports: `MockApi`, `MockStorage`, and `mock_env`
[INFO] [stdout]  --> contracts/wba-adminlist/src/integration_tests.rs:4:29
[INFO] [stdout]   |
[INFO] [stdout] 4 | use cosmwasm_std::testing::{mock_env, MockApi, MockStorage};
[INFO] [stdout]   |                             ^^^^^^^^  ^^^^^^^  ^^^^^^^^^^^
[INFO] [stdout]   |
[INFO] [stdout]   = note: `#[warn(unused_imports)]` (part of `#[warn(unused)]`) on by default
[INFO] [stdout] 
[INFO] [stdout] 
[INFO] [stdout] warning: unused import: `BankKeeper`
[INFO] [stdout]  --> contracts/wba-adminlist/src/integration_tests.rs:7:51
[INFO] [stdout]   |
[INFO] [stdout] 7 | use cw_multi_test::{App, AppBuilder, AppResponse, BankKeeper, Contract, ContractWrapper, Executor};
[INFO] [stdout]   |                                                   ^^^^^^^^^^
[INFO] [stdout] 
[INFO] [stdout] 
[INFO] [stdout] warning: constant `ADMIN` is never used
[INFO] [stdout]   --> contracts/wba-adminlist/src/integration_tests.rs:14:7
[INFO] [stdout]    |
[INFO] [stdout] 14 | const ADMIN: &str = "ADMIN";
[INFO] [stdout]    |       ^^^^^
[INFO] [stdout]    |
[INFO] [stdout]    = note: `#[warn(dead_code)]` (part of `#[warn(unused)]`) on by default
[INFO] [stdout] 
[INFO] [stdout] 
[INFO] [stdout] error[E0308]: mismatched types
[INFO] [stdout]    --> contracts/cw-ics721-bridge/src/ibc_tests.rs:185:40
[INFO] [stdout]     |
[INFO] [stdout] 185 |     assert_eq!(res.data, Some(ack_fail("some failure").unwrap()));
[INFO] [stdout]     |                               -------- ^^^^^^^^^^^^^^ expected `String`, found `&str`
[INFO] [stdout]     |                               |
[INFO] [stdout]     |                               arguments to this function are incorrect
[INFO] [stdout]     |
[INFO] [stdout] note: function defined here
[INFO] [stdout]    --> contracts/cw-ics721-bridge/src/ibc_helpers.rs:43:8
[INFO] [stdout]     |
[INFO] [stdout]  43 | pub fn ack_fail(err: String) -> Binary {
[INFO] [stdout]     |        ^^^^^^^^ -----------
[INFO] [stdout] help: try using a conversion method
[INFO] [stdout]     |
[INFO] [stdout] 185 |     assert_eq!(res.data, Some(ack_fail("some failure".to_string()).unwrap()));
[INFO] [stdout]     |                                                      ++++++++++++
[INFO] [stdout] 
[INFO] [stdout] 
[INFO] [stdout] error[E0599]: no method named `unwrap` found for struct `cosmwasm_std::Binary` in the current scope
[INFO] [stdout]    --> contracts/cw-ics721-bridge/src/ibc_tests.rs:185:56
[INFO] [stdout]     |
[INFO] [stdout] 185 |     assert_eq!(res.data, Some(ack_fail("some failure").unwrap()));
[INFO] [stdout]     |                                                        ^^^^^^
[INFO] [stdout]     |
[INFO] [stdout] help: there is a method `swap` with a similar name, but with different arguments
[INFO] [stdout]    --> /rustc/e3feeb59cd1bdd011a2bfcc0747b55125d9b8527/library/core/src/slice/mod.rs:910:4
[INFO] [stdout] 
[INFO] [stdout] 
[INFO] [stdout] Some errors have detailed explanations: E0308, E0433, E0599.
[INFO] [stdout] 
[INFO] [stdout] For more information about an error, try `rustc --explain E0308`.
[INFO] [stdout] 
[INFO] [stderr] error: could not compile `cw-ics721-bridge` (lib test) due to 5 previous errors
[INFO] [stderr] warning: unused dependency `cw-paginate`
[INFO] [stderr]   --> contracts/cw-ics721-bridge/Cargo.toml:29:1
[INFO] [stderr]    |
[INFO] [stderr] 29 | cw-paginate = { git = "https://github.com/DA0-DA0/dao-contracts.git" }
[INFO] [stderr]    | ^^^^^^^^^^^^^^^^^^^^^^^^^^^^^^^^^^^^^^^^^^^^^^^^^^^^^^^^^^^^^^^^^^^^^^
[INFO] [stderr]    |
[INFO] [stderr]    = note: `cargo::unused_dependencies` is set to `warn` by default
[INFO] [stderr] help: consider removing the dependency on `cw-paginate`
[INFO] [stderr] warning: `cw-ics721-bridge` (manifest) generated 1 warning
[INFO] [stderr] warning: unused dependency `cosmwasm-storage`
[INFO] [stderr]   --> contracts/nft/Cargo.toml:33:1
[INFO] [stderr]    |
[INFO] [stderr] 33 | cosmwasm-storage = "1.0.0"
[INFO] [stderr]    | ^^^^^^^^^^^^^^^^^^^^^^^^^^
[INFO] [stderr]    |
[INFO] [stderr]    = note: `cargo::unused_dependencies` is set to `warn` by default
[INFO] [stderr] help: consider removing the dependency on `cosmwasm-storage`
[INFO] [stderr] warning: `nft` (manifest) generated 1 warning
[INFO] [stderr] warning: unused dependency `cw0`
[INFO] [stderr]   --> contracts/wba-adminlist/Cargo.toml:29:1
[INFO] [stderr]    |
[INFO] [stderr] 29 | cw0 = "0.10.3"
[INFO] [stderr]    | ^^^^^^^^^^^^^^
[INFO] [stderr]    |
[INFO] [stderr]    = note: `cargo::unused_dependencies` is set to `warn` by default
[INFO] [stderr] help: consider removing the dependency on `cw0`
[INFO] [stderr] warning: unused dependency `nft`
[INFO] [stderr]   --> contracts/wba-adminlist/Cargo.toml:37:1
[INFO] [stderr]    |
[INFO] [stderr] 37 | nft = { path = "../nft", version = "0.1.0" }
[INFO] [stderr]    | ^^^^^^^^^^^^^^^^^^^^^^^^^^^^^^^^^^^^^^^^^^^^
[INFO] [stderr]    |
[INFO] [stderr] help: consider removing the dependency on `nft`
[INFO] [stderr] help: to still use for development builds, move to `dev-dependencies`
[INFO] [stderr] warning: `wba-adminlist` (manifest) generated 2 warnings
[INFO] running `Command { std: "docker" "inspect" "5652bcc0dba534832142cdb0c200e21c97987fee132d1d3c9b1bb086a77a2b5b", kill_on_drop: false }`
[INFO] running `Command { std: "docker" "rm" "-f" "5652bcc0dba534832142cdb0c200e21c97987fee132d1d3c9b1bb086a77a2b5b", kill_on_drop: false }`
[INFO] [stdout] 5652bcc0dba534832142cdb0c200e21c97987fee132d1d3c9b1bb086a77a2b5b
