[INFO] cloning repository https://github.com/metadaddy/aaaaa
[INFO] running `Command { std: "git" "-c" "credential.helper=" "-c" "credential.helper=/workspace/cargo-home/bin/git-credential-null" "clone" "--bare" "https://github.com/metadaddy/aaaaa" "/workspace/cache/git-repos/https%3A%2F%2Fgithub.com%2Fmetadaddy%2Faaaaa", kill_on_drop: false }`
[INFO] [stderr] Cloning into bare repository '/workspace/cache/git-repos/https%3A%2F%2Fgithub.com%2Fmetadaddy%2Faaaaa'...
[INFO] running `Command { std: "git" "rev-parse" "HEAD", kill_on_drop: false }`
[INFO] [stdout] 09ffbd8e60c134684b40e5fe759d8d2b1abe6117
[INFO] testing metadaddy/aaaaa against 1.99.0-beta.8 for beta-1.100-2
[INFO] running `Command { std: "git" "clone" "/workspace/cache/git-repos/https%3A%2F%2Fgithub.com%2Fmetadaddy%2Faaaaa" "/workspace/builds/worker-7-tc1/source", kill_on_drop: false }`
[INFO] [stderr] Cloning into '/workspace/builds/worker-7-tc1/source'...
[INFO] [stderr] done.
[INFO] removed /workspace/builds/worker-7-tc1/source/.cargo/config
[INFO] removed /workspace/builds/worker-7-tc1/source/rust-toolchain
[INFO] started tweaking git repo https://github.com/metadaddy/aaaaa
[INFO] finished tweaking git repo https://github.com/metadaddy/aaaaa
[INFO] tweaked toml for git repo https://github.com/metadaddy/aaaaa written to /workspace/builds/worker-7-tc1/source/Cargo.toml
[INFO] validating manifest of git repo https://github.com/metadaddy/aaaaa on toolchain 1.99.0-beta.8
[INFO] running `Command { std: CARGO_HOME="/workspace/cargo-home" RUSTUP_HOME="/workspace/rustup-home" "/workspace/cargo-home/bin/cargo" "+1.99.0-beta.8" "metadata" "--manifest-path" "Cargo.toml" "--no-deps", kill_on_drop: false }`
[INFO] crate git repo https://github.com/metadaddy/aaaaa already has a lockfile, it will not be regenerated
[INFO] running `Command { std: CARGO_HOME="/workspace/cargo-home" RUSTUP_HOME="/workspace/rustup-home" "/workspace/cargo-home/bin/cargo" "+1.99.0-beta.8" "fetch" "--manifest-path" "Cargo.toml", kill_on_drop: false }`
[INFO] [stderr]     Updating crates.io index
[INFO] [stderr]  Downloading crates ...
[INFO] [stderr]   Downloaded urlencoding v1.3.3
[INFO] [stderr]   Downloaded num_threads v0.1.3
[INFO] [stderr]   Downloaded hmac-sha256 v0.1.7
[INFO] [stderr]   Downloaded fastly-sys v0.8.2
[INFO] [stderr]   Downloaded serde_urlencoded v0.7.0
[INFO] [stderr]   Downloaded tinyvec v1.5.0
[INFO] [stderr]   Downloaded unicode-bidi v0.3.7
[INFO] [stderr]   Downloaded anyhow v1.0.45
[INFO] [stderr]   Downloaded bytes v0.5.6
[INFO] [stderr]   Downloaded time v0.3.7
[INFO] [stderr]   Downloaded regex v1.5.4
[INFO] [stderr]   Downloaded serde_json v1.0.69
[INFO] [stderr]   Downloaded http v0.2.5
[INFO] [stderr]   Downloaded libc v0.2.107
[INFO] [stderr]   Downloaded fastly v0.8.2
[INFO] [stderr]   Downloaded fastly-shared v0.8.2
[INFO] [stderr]   Downloaded fastly-macros v0.8.2
[INFO] running `Command { std: "docker" "create" "-v" "/var/lib/crater-agent-workspace/builds/worker-7-tc1/source:/opt/rustwide/workdir:ro,Z" "-v" "/var/lib/crater-agent-workspace/builds/worker-7-tc1/target:/opt/rustwide/target:rw,Z" "-v" "/var/lib/crater-agent-workspace/cargo-home:/opt/rustwide/cargo-home:ro,Z" "-v" "/var/lib/crater-agent-workspace/rustup-home:/opt/rustwide/rustup-home:ro,Z" "-m" "1610612736" "--network" "none" "ghcr.io/rust-lang/crates-build-env/linux@sha256:3111399a4047eeb3a02b7a90e478d715f38a8c6669b5c4b49d30a17385265909" "sleep" "infinity", kill_on_drop: false }`
[INFO] [stdout] 83cabbff251e0fab5a8e3ebb96079231e8418ee05c1320cb9754f66208a87512
[INFO] running `Command { std: "docker" "start" "83cabbff251e0fab5a8e3ebb96079231e8418ee05c1320cb9754f66208a87512", kill_on_drop: false }`
[INFO] running `Command { std: "docker" "inspect" "83cabbff251e0fab5a8e3ebb96079231e8418ee05c1320cb9754f66208a87512", kill_on_drop: false }`
[INFO] running `Command { std: "docker" "exec" "-e" "SOURCE_DIR=/opt/rustwide/workdir" "-e" "CARGO_HOME=/opt/rustwide/cargo-home" "-e" "RUSTUP_HOME=/opt/rustwide/rustup-home" "-e" "CARGO_TARGET_DIR=/opt/rustwide/target" "-w" "/opt/rustwide/workdir" "--user" "0:0" "83cabbff251e0fab5a8e3ebb96079231e8418ee05c1320cb9754f66208a87512" "/opt/rustwide/cargo-home/bin/cargo" "+1.99.0-beta.8" "metadata" "--no-deps" "--format-version=1", kill_on_drop: false }`
[INFO] running `Command { std: "docker" "inspect" "83cabbff251e0fab5a8e3ebb96079231e8418ee05c1320cb9754f66208a87512", kill_on_drop: false }`
[INFO] running `Command { std: "docker" "exec" "-e" "SOURCE_DIR=/opt/rustwide/workdir" "-e" "CARGO_HOME=/opt/rustwide/cargo-home" "-e" "RUSTUP_HOME=/opt/rustwide/rustup-home" "-e" "CARGO_TARGET_DIR=/opt/rustwide/target" "-e" "CARGO_INCREMENTAL=0" "-e" "RUST_BACKTRACE=full" "-e" "RUSTFLAGS=--cap-lints=warn" "-e" "RUSTDOCFLAGS=--cap-lints=warn" "-w" "/opt/rustwide/workdir" "--user" "0:0" "83cabbff251e0fab5a8e3ebb96079231e8418ee05c1320cb9754f66208a87512" "/opt/rustwide/cargo-home/bin/cargo" "+1.99.0-beta.8" "build" "--frozen" "--message-format=json", kill_on_drop: false }`
[INFO] [stderr]    Compiling proc-macro2 v1.0.32
[INFO] [stderr]    Compiling unicode-xid v0.2.2
[INFO] [stderr]    Compiling syn v1.0.81
[INFO] [stderr]    Compiling version_check v0.9.3
[INFO] [stderr]    Compiling autocfg v1.0.1
[INFO] [stderr]    Compiling typenum v1.14.0
[INFO] [stderr]    Compiling serde_derive v1.0.130
[INFO] [stderr]    Compiling libc v0.2.107
[INFO] [stderr]    Compiling serde v1.0.130
[INFO] [stderr]    Compiling itoa v0.4.8
[INFO] [stderr]    Compiling matches v0.1.9
[INFO] [stderr]    Compiling tinyvec_macros v0.1.0
[INFO] [stderr]    Compiling ryu v1.0.5
[INFO] [stderr]    Compiling tinyvec v1.5.0
[INFO] [stderr]    Compiling num-traits v0.2.14
[INFO] [stderr]    Compiling bytes v1.1.0
[INFO] [stderr]    Compiling memchr v2.4.1
[INFO] [stderr]    Compiling percent-encoding v2.1.0
[INFO] [stderr]    Compiling generic-array v0.14.4
[INFO] [stderr]    Compiling form_urlencoded v1.0.1
[INFO] [stderr]    Compiling num-integer v0.1.44
[INFO] [stderr]    Compiling serde_json v1.0.69
[INFO] [stderr]    Compiling anyhow v1.0.45
[INFO] [stderr]    Compiling unicode-bidi v0.3.7
[INFO] [stderr]    Compiling quote v1.0.10
[INFO] [stderr]    Compiling http v0.2.5
[INFO] [stderr]    Compiling cpufeatures v0.2.1
[INFO] [stderr]    Compiling opaque-debug v0.3.0
[INFO] [stderr]    Compiling num_threads v0.1.3
[INFO] [stderr]    Compiling unicode-normalization v0.1.19
[INFO] [stderr]    Compiling time v0.1.44
[INFO] [stderr]    Compiling block-buffer v0.9.0
[INFO] [stderr]    Compiling digest v0.9.0
[INFO] [stderr]    Compiling aho-corasick v0.7.18
[INFO] [stderr]    Compiling sha2 v0.9.8
[INFO] [stderr]    Compiling bytes v0.5.6
[INFO] [stderr]    Compiling regex-syntax v0.6.25
[INFO] [stderr]    Compiling idna v0.2.3
[INFO] [stderr]    Compiling mime v0.3.16
[INFO] [stderr]    Compiling lazy_static v1.4.0
[INFO] [stderr]    Compiling chrono v0.4.19
[INFO] [stderr]    Compiling urlencoding v1.3.3
[INFO] [stderr]    Compiling hmac-sha256 v0.1.7
[INFO] [stderr]    Compiling url v2.2.2
[INFO] [stderr]    Compiling regex v1.5.4
[INFO] [stderr]    Compiling thiserror-impl v1.0.30
[INFO] [stderr]    Compiling fastly-macros v0.8.2
[INFO] [stderr]    Compiling thiserror v1.0.30
[INFO] [stderr]    Compiling fastly-shared v0.8.2
[INFO] [stderr]    Compiling fastly-sys v0.8.2
[INFO] [stderr]    Compiling serde_urlencoded v0.7.0
[INFO] [stderr]    Compiling time v0.3.7
[INFO] [stderr]    Compiling fastly v0.8.2
[INFO] [stderr]    Compiling fastly-compute-b2-demo v0.1.0 (/opt/rustwide/workdir)
[INFO] [stdout] warning: unused doc comment
[INFO] [stdout]   --> src/config.rs:22:5
[INFO] [stdout]    |
[INFO] [stdout] 22 |     /// Currently B2 has only one EU endpoint
[INFO] [stdout]    |     ^^^^^^^^^^^^^^^^^^^^^^^^^^^^^^^^^^^^^^^^^
[INFO] [stdout] 23 |     endpoint: "s3.eu-central-003.backblazeb2.com",
[INFO] [stdout]    |     --------------------------------------------- rustdoc does not generate documentation for expression fields
[INFO] [stdout]    |
[INFO] [stdout]    = help: use `//` for a plain comment
[INFO] [stdout]    = note: `#[warn(unused_doc_comments)]` (part of `#[warn(unused)]`) on by default
[INFO] [stdout] 
[INFO] [stdout] 
[INFO] [stdout] error: linking with `cc` failed: exit status: 1
[INFO] [stdout]   |
[INFO] [stdout]   = note:  "cc" "-m64" "/opt/rustwide/target/debug/deps/rustcdBf0fF/symbols.o" "<3 object files omitted>" "-Wl,--as-needed" "-Wl,-Bstatic" "/opt/rustwide/target/debug/deps/{liburlencoding-a9e32a5083035340,libhex-13e08b3b00984ab7,libhmac_sha256-232ee300db50471d,libchrono-0e982eba1975c681,libnum_integer-82fc9b3e6ff487fc,libnum_traits-ca88f391a76ec78c,libtime-8c81c337942fec92,liblibc-7ed31198e5d177d3,libfastly-aa9a3790c21aca7e,libserde_urlencoded-46fe3795126d3ed8,libserde_json-a9f24cc1b98a3c55,libryu-59d9eff8a179efc0,libthiserror-fb1929711791ec4e,libmime-df56754a5ea019bb,libtime-9419d05e7883c8e7,libserde-e7a7cbeed1e081f8,libsha2-f728c90ac7bd2e34,libcpufeatures-6b3fb156db66dda0,libcfg_if-3e7fc4e38d4a72b5,libopaque_debug-1826dab867fa4b9d,libdigest-2a6154a6ea75f6c7,libblock_buffer-c0e4aa3ee0972828,libgeneric_array-2db3f6c5b07d85a7,libtypenum-7ae34ad6bf431909,libanyhow-ba6ba9c761313c88,liburl-4b15367160d3f2ca,libidna-4776460e597019d6,libunicode_normalization-7842ffd8226affaa,libtinyvec-eae85b2f5ae0060f,libtinyvec_macros-36ab4f0266eef07c,libunicode_bidi-6929fad116314dee,libform_urlencoded-eb178531ae0b4252,libpercent_encoding-3e08c199980e8244,libmatches-80dbaef09a125478,libfastly_sys-5a11332c428b353b,libfastly_shared-bf189563aae05554,libbitflags-dde12b0d7d495b50,libhttp-734ddb701219a0fb,libitoa-968a9d3f706bae82,libbytes-3aba2b4fd6e71b66,libfnv-79e2cbfbe03dcd16,libbytes-e5a108237575cc30,libregex-7b9be3a9956bdaf3,libaho_corasick-9eb5366b5a22ad57,libmemchr-a3433a5aca5a03e2,libregex_syntax-12b080b3aec45ada,liblazy_static-af860367908b8176}.rlib" "<sysroot>/lib/rustlib/x86_64-unknown-linux-gnu/lib/{libstd-*,libpanic_unwind-*,libobject-*,libmemchr-*,libaddr2line-*,libgimli-*,libcfg_if-*,librustc_demangle-*,libstd_detect-*,libhashbrown-*,librustc_std_workspace_alloc-*,libminiz_oxide-*,libadler2-*,libunwind-*,liblibc-*,librustc_std_workspace_core-*,liballoc-*,libcore-*,libcompiler_builtins-*}.rlib" "-Wl,-Bdynamic" "-lgcc_s" "-lutil" "-lrt" "-lpthread" "-lm" "-ldl" "-lc" "-L" "/opt/rustwide/target/debug/deps/rustcdBf0fF/raw-dylibs" "-B<sysroot>/lib/rustlib/x86_64-unknown-linux-gnu/bin/gcc-ld" "-fuse-ld=lld" "-Wl,--eh-frame-hdr" "-Wl,-z,noexecstack" "-L" "<sysroot>/lib/rustlib/x86_64-unknown-linux-gnu/lib" "-o" "/opt/rustwide/target/debug/deps/fastly_compute_b2_demo-653de54c0b37c567" "-Wl,--gc-sections" "-pie" "-Wl,-z,relro,-z,now" "-nodefaultlibs"
[INFO] [stdout]   = note: some arguments are omitted. use `--verbose` to show all linker arguments
[INFO] [stdout]   = note: rust-lld: error: undefined symbol: init
[INFO] [stdout]           >>> referenced by lib.rs:170 (src/lib.rs:170)
[INFO] [stdout]           >>>               fastly-aa9a3790c21aca7e.fastly.28a8a54fe9043e02-cgu.2.rcgu.o:(fastly::init) in archive /opt/rustwide/target/debug/deps/libfastly-aa9a3790c21aca7e.rlib
[INFO] [stdout]           >>> did you mean: _init
[INFO] [stdout]           >>> defined in: /usr/lib/gcc/x86_64-linux-gnu/15/../../../x86_64-linux-gnu/crti.o
[INFO] [stdout]           
[INFO] [stdout]           rust-lld: error: undefined symbol: get
[INFO] [stdout]           >>> referenced by handle.rs:55 (src/dictionary/handle.rs:55)
[INFO] [stdout]           >>>               fastly-aa9a3790c21aca7e.fastly.28a8a54fe9043e02-cgu.6.rcgu.o:(<fastly::dictionary::handle::DictionaryHandle>::get) in archive /opt/rustwide/target/debug/deps/libfastly-aa9a3790c21aca7e.rlib
[INFO] [stdout]           >>> did you mean: getc
[INFO] [stdout]           >>> defined in: /usr/lib/x86_64-linux-gnu/libc.so.6
[INFO] [stdout]           
[INFO] [stdout]           rust-lld: error: undefined symbol: new
[INFO] [stdout]           >>> referenced by handle.rs:111 (src/http/body/handle.rs:111)
[INFO] [stdout]           >>>               fastly-aa9a3790c21aca7e.fastly.28a8a54fe9043e02-cgu.6.rcgu.o:(<fastly::http::body::handle::BodyHandle>::new) in archive /opt/rustwide/target/debug/deps/libfastly-aa9a3790c21aca7e.rlib
[INFO] [stdout]           >>> referenced by handle.rs:129 (src/http/request/handle.rs:129)
[INFO] [stdout]           >>>               fastly-aa9a3790c21aca7e.fastly.28a8a54fe9043e02-cgu.7.rcgu.o:(<fastly::http::request::handle::RequestHandle>::new) in archive /opt/rustwide/target/debug/deps/libfastly-aa9a3790c21aca7e.rlib
[INFO] [stdout]           >>> referenced by handle.rs:98 (src/http/response/handle.rs:98)
[INFO] [stdout]           >>>               fastly-aa9a3790c21aca7e.fastly.28a8a54fe9043e02-cgu.7.rcgu.o:(<fastly::http::response::handle::ResponseHandle>::new) in archive /opt/rustwide/target/debug/deps/libfastly-aa9a3790c21aca7e.rlib
[INFO] [stdout]           
[INFO] [stdout]           rust-lld: error: undefined symbol: header_values_set
[INFO] [stdout]           >>> referenced by handle.rs:311 (src/http/request/handle.rs:311)
[INFO] [stdout]           >>>               fastly-aa9a3790c21aca7e.fastly.28a8a54fe9043e02-cgu.7.rcgu.o:(<fastly::http::request::handle::RequestHandle>::set_header_values::<http::header::map::GetAll<http::header::value::HeaderValue>>) in archive /opt/rustwide/target/debug/deps/libfastly-aa9a3790c21aca7e.rlib
[INFO] [stdout]           >>> referenced by handle.rs:281 (src/http/response/handle.rs:281)
[INFO] [stdout]           >>>               fastly-aa9a3790c21aca7e.fastly.28a8a54fe9043e02-cgu.7.rcgu.o:(<fastly::http::response::handle::ResponseHandle>::set_header_values::<http::header::map::GetAll<http::header::value::HeaderValue>>) in archive /opt/rustwide/target/debug/deps/libfastly-aa9a3790c21aca7e.rlib
[INFO] [stdout]           
[INFO] [stdout]           rust-lld: error: undefined symbol: header_names_get
[INFO] [stdout]           >>> referenced by handle.rs:160 (src/http/request/handle.rs:160)
[INFO] [stdout]           >>>               fastly-aa9a3790c21aca7e.fastly.28a8a54fe9043e02-cgu.7.rcgu.o:(<fastly::http::request::handle::RequestHandle>::get_header_names_impl::{closure#0}) in archive /opt/rustwide/target/debug/deps/libfastly-aa9a3790c21aca7e.rlib
[INFO] [stdout]           >>> referenced by handle.rs:129 (src/http/response/handle.rs:129)
[INFO] [stdout]           >>>               fastly-aa9a3790c21aca7e.fastly.28a8a54fe9043e02-cgu.7.rcgu.o:(<fastly::http::response::handle::ResponseHandle>::get_header_names_impl::{closure#0}) in archive /opt/rustwide/target/debug/deps/libfastly-aa9a3790c21aca7e.rlib
[INFO] [stdout]           
[INFO] [stdout]           rust-lld: error: undefined symbol: header_values_get
[INFO] [stdout]           >>> referenced by handle.rs:262 (src/http/request/handle.rs:262)
[INFO] [stdout]           >>>               fastly-aa9a3790c21aca7e.fastly.28a8a54fe9043e02-cgu.7.rcgu.o:(<fastly::http::request::handle::RequestHandle>::get_header_values_impl::{closure#0}) in archive /opt/rustwide/target/debug/deps/libfastly-aa9a3790c21aca7e.rlib
[INFO] [stdout]           >>> referenced by handle.rs:233 (src/http/response/handle.rs:233)
[INFO] [stdout]           >>>               fastly-aa9a3790c21aca7e.fastly.28a8a54fe9043e02-cgu.7.rcgu.o:(<fastly::http::response::handle::ResponseHandle>::get_header_values_impl::{closure#0}) in archive /opt/rustwide/target/debug/deps/libfastly-aa9a3790c21aca7e.rlib
[INFO] [stdout]           
[INFO] [stdout]           rust-lld: error: undefined symbol: method_get
[INFO] [stdout]           >>> referenced by handle.rs:444 (src/http/request/handle.rs:444)
[INFO] [stdout]           >>>               fastly-aa9a3790c21aca7e.fastly.28a8a54fe9043e02-cgu.7.rcgu.o:(<fastly::http::request::handle::RequestHandle>::get_method) in archive /opt/rustwide/target/debug/deps/libfastly-aa9a3790c21aca7e.rlib
[INFO] [stdout]           
[INFO] [stdout]           rust-lld: error: undefined symbol: method_set
[INFO] [stdout]           >>> referenced by handle.rs:499 (src/http/request/handle.rs:499)
[INFO] [stdout]           >>>               fastly-aa9a3790c21aca7e.fastly.28a8a54fe9043e02-cgu.7.rcgu.o:(<fastly::http::request::handle::RequestHandle>::set_method) in archive /opt/rustwide/target/debug/deps/libfastly-aa9a3790c21aca7e.rlib
[INFO] [stdout]           
[INFO] [stdout]           rust-lld: error: undefined symbol: version_get
[INFO] [stdout]           >>> referenced by handle.rs:417 (src/http/request/handle.rs:417)
[INFO] [stdout]           >>>               fastly-aa9a3790c21aca7e.fastly.28a8a54fe9043e02-cgu.7.rcgu.o:(<fastly::http::request::handle::RequestHandle>::get_version) in archive /opt/rustwide/target/debug/deps/libfastly-aa9a3790c21aca7e.rlib
[INFO] [stdout]           >>> referenced by handle.rs:404 (src/http/response/handle.rs:404)
[INFO] [stdout]           >>>               fastly-aa9a3790c21aca7e.fastly.28a8a54fe9043e02-cgu.7.rcgu.o:(<fastly::http::response::handle::ResponseHandle>::get_version) in archive /opt/rustwide/target/debug/deps/libfastly-aa9a3790c21aca7e.rlib
[INFO] [stdout]           
[INFO] [stdout]           rust-lld: error: undefined symbol: version_set
[INFO] [stdout]           >>> referenced by handle.rs:430 (src/http/request/handle.rs:430)
[INFO] [stdout]           >>>               fastly-aa9a3790c21aca7e.fastly.28a8a54fe9043e02-cgu.7.rcgu.o:(<fastly::http::request::handle::RequestHandle>::set_version) in archive /opt/rustwide/target/debug/deps/libfastly-aa9a3790c21aca7e.rlib
[INFO] [stdout]           >>> referenced by handle.rs:417 (src/http/response/handle.rs:417)
[INFO] [stdout]           >>>               fastly-aa9a3790c21aca7e.fastly.28a8a54fe9043e02-cgu.7.rcgu.o:(<fastly::http::response::handle::ResponseHandle>::set_version) in archive /opt/rustwide/target/debug/deps/libfastly-aa9a3790c21aca7e.rlib
[INFO] [stdout]           
[INFO] [stdout]           rust-lld: error: undefined symbol: header_insert
[INFO] [stdout]           >>> referenced by handle.rs:364 (src/http/request/handle.rs:364)
[INFO] [stdout]           >>>               fastly-aa9a3790c21aca7e.fastly.28a8a54fe9043e02-cgu.7.rcgu.o:(<fastly::http::request::handle::RequestHandle>::insert_header) in archive /opt/rustwide/target/debug/deps/libfastly-aa9a3790c21aca7e.rlib
[INFO] [stdout]           
[INFO] [stdout]           rust-lld: error: undefined symbol: cache_override_v2_set
[INFO] [stdout]           >>> referenced by handle.rs:710 (src/http/request/handle.rs:710)
[INFO] [stdout]           >>>               fastly-aa9a3790c21aca7e.fastly.28a8a54fe9043e02-cgu.7.rcgu.o:(<fastly::http::request::handle::RequestHandle>::set_cache_override) in archive /opt/rustwide/target/debug/deps/libfastly-aa9a3790c21aca7e.rlib
[INFO] [stdout]           
[INFO] [stdout]           rust-lld: error: undefined symbol: auto_decompress_response_set
[INFO] [stdout]           >>> referenced by handle.rs:755 (src/http/request/handle.rs:755)
[INFO] [stdout]           >>>               fastly-aa9a3790c21aca7e.fastly.28a8a54fe9043e02-cgu.7.rcgu.o:(<fastly::http::request::handle::RequestHandle>::set_auto_decompress_response) in archive /opt/rustwide/target/debug/deps/libfastly-aa9a3790c21aca7e.rlib
[INFO] [stdout]           
[INFO] [stdout]           rust-lld: error: undefined symbol: uri_get
[INFO] [stdout]           >>> referenced by handle.rs:517 (src/http/request/handle.rs:517)
[INFO] [stdout]           >>>               fastly-aa9a3790c21aca7e.fastly.28a8a54fe9043e02-cgu.7.rcgu.o:(<fastly::http::request::handle::RequestHandle>::get_url) in archive /opt/rustwide/target/debug/deps/libfastly-aa9a3790c21aca7e.rlib
[INFO] [stdout]           
[INFO] [stdout]           rust-lld: error: undefined symbol: uri_set
[INFO] [stdout]           >>> referenced by handle.rs:589 (src/http/request/handle.rs:589)
[INFO] [stdout]           >>>               fastly-aa9a3790c21aca7e.fastly.28a8a54fe9043e02-cgu.7.rcgu.o:(<fastly::http::request::handle::RequestHandle>::set_url) in archive /opt/rustwide/target/debug/deps/libfastly-aa9a3790c21aca7e.rlib
[INFO] [stdout]           
[INFO] [stdout]           rust-lld: error: undefined symbol: status_get
[INFO] [stdout]           >>> referenced by handle.rs:394 (src/http/response/handle.rs:394)
[INFO] [stdout]           >>>               fastly-aa9a3790c21aca7e.fastly.28a8a54fe9043e02-cgu.7.rcgu.o:(<fastly::http::response::handle::ResponseHandle>::get_status) in archive /opt/rustwide/target/debug/deps/libfastly-aa9a3790c21aca7e.rlib
[INFO] [stdout]           
[INFO] [stdout]           rust-lld: error: undefined symbol: status_set
[INFO] [stdout]           >>> referenced by handle.rs:385 (src/http/response/handle.rs:385)
[INFO] [stdout]           >>>               fastly-aa9a3790c21aca7e.fastly.28a8a54fe9043e02-cgu.7.rcgu.o:(<fastly::http::response::handle::ResponseHandle>::set_status) in archive /opt/rustwide/target/debug/deps/libfastly-aa9a3790c21aca7e.rlib
[INFO] [stdout]           
[INFO] [stdout]           rust-lld: error: undefined symbol: send_downstream
[INFO] [stdout]           >>> referenced by handle.rs:426 (src/http/response/handle.rs:426)
[INFO] [stdout]           >>>               fastly-aa9a3790c21aca7e.fastly.28a8a54fe9043e02-cgu.7.rcgu.o:(<fastly::http::response::handle::ResponseHandle>::send_to_client) in archive /opt/rustwide/target/debug/deps/libfastly-aa9a3790c21aca7e.rlib
[INFO] [stdout]           >>> referenced by handle.rs:436 (src/http/response/handle.rs:436)
[INFO] [stdout]           >>>               fastly-aa9a3790c21aca7e.fastly.28a8a54fe9043e02-cgu.7.rcgu.o:(<fastly::http::response::handle::ResponseHandle>::stream_to_client) in archive /opt/rustwide/target/debug/deps/libfastly-aa9a3790c21aca7e.rlib
[INFO] [stdout]           
[INFO] [stdout]           rust-lld: error: undefined symbol: body_downstream_get
[INFO] [stdout]           >>> referenced by handle.rs:782 (src/http/request/handle.rs:782)
[INFO] [stdout]           >>>               fastly-aa9a3790c21aca7e.fastly.28a8a54fe9043e02-cgu.7.rcgu.o:(fastly::http::request::handle::client_request_and_body) in archive /opt/rustwide/target/debug/deps/libfastly-aa9a3790c21aca7e.rlib
[INFO] [stdout]           collect2: error: ld returned 1 exit status
[INFO] [stdout]           
[INFO] [stdout] 
[INFO] [stdout] 
[INFO] [stderr] error: could not compile `fastly-compute-b2-demo` (bin "fastly-compute-b2-demo") due to 1 previous error; 1 warning emitted
[INFO] running `Command { std: "docker" "inspect" "83cabbff251e0fab5a8e3ebb96079231e8418ee05c1320cb9754f66208a87512", kill_on_drop: false }`
[INFO] running `Command { std: "docker" "rm" "-f" "83cabbff251e0fab5a8e3ebb96079231e8418ee05c1320cb9754f66208a87512", kill_on_drop: false }`
[INFO] [stdout] 83cabbff251e0fab5a8e3ebb96079231e8418ee05c1320cb9754f66208a87512
