[INFO] cloning repository https://github.com/ht95158243/codex-desktop-linux
[INFO] running `Command { std: "git" "-c" "credential.helper=" "-c" "credential.helper=/workspace/cargo-home/bin/git-credential-null" "clone" "--bare" "https://github.com/ht95158243/codex-desktop-linux" "/workspace/cache/git-repos/https%3A%2F%2Fgithub.com%2Fht95158243%2Fcodex-desktop-linux", kill_on_drop: false }`
[INFO] [stderr] Cloning into bare repository '/workspace/cache/git-repos/https%3A%2F%2Fgithub.com%2Fht95158243%2Fcodex-desktop-linux'...
[INFO] running `Command { std: "git" "rev-parse" "HEAD", kill_on_drop: false }`
[INFO] [stdout] b4c462a22e741055f24f56cac00cd582e8a18e19
[INFO] testing ht95158243/codex-desktop-linux against 1.100.0-beta.1 for beta-1.100-2
[INFO] running `Command { std: "git" "clone" "/workspace/cache/git-repos/https%3A%2F%2Fgithub.com%2Fht95158243%2Fcodex-desktop-linux" "/workspace/builds/worker-4-tc2/source", kill_on_drop: false }`
[INFO] [stderr] Cloning into '/workspace/builds/worker-4-tc2/source'...
[INFO] [stderr] done.
[INFO] started tweaking git repo https://github.com/ht95158243/codex-desktop-linux
[INFO] finished tweaking git repo https://github.com/ht95158243/codex-desktop-linux
[INFO] tweaked toml for git repo https://github.com/ht95158243/codex-desktop-linux written to /workspace/builds/worker-4-tc2/source/Cargo.toml
[INFO] validating manifest of git repo https://github.com/ht95158243/codex-desktop-linux on toolchain 1.100.0-beta.1
[INFO] running `Command { std: CARGO_HOME="/workspace/cargo-home" RUSTUP_HOME="/workspace/rustup-home" "/workspace/cargo-home/bin/cargo" "+1.100.0-beta.1" "metadata" "--manifest-path" "Cargo.toml" "--no-deps", kill_on_drop: false }`
[INFO] crate git repo https://github.com/ht95158243/codex-desktop-linux already has a lockfile, it will not be regenerated
[INFO] running `Command { std: CARGO_HOME="/workspace/cargo-home" RUSTUP_HOME="/workspace/rustup-home" "/workspace/cargo-home/bin/cargo" "+1.100.0-beta.1" "fetch" "--manifest-path" "Cargo.toml", kill_on_drop: false }`
[INFO] [stderr]     Blocking waiting for file lock on package cache
[INFO] [stderr]     Blocking waiting for file lock on package cache
[ERROR] error running command: no output for 300 seconds
[INFO] testing ht95158243/codex-desktop-linux against 1.100.0-beta.1 for beta-1.100-2
[INFO] running `Command { std: "git" "clone" "/workspace/cache/git-repos/https%3A%2F%2Fgithub.com%2Fht95158243%2Fcodex-desktop-linux" "/workspace/builds/worker-4-tc2/source", kill_on_drop: false }`
[INFO] [stderr] Cloning into '/workspace/builds/worker-4-tc2/source'...
[INFO] [stderr] done.
[INFO] started tweaking git repo https://github.com/ht95158243/codex-desktop-linux
[INFO] finished tweaking git repo https://github.com/ht95158243/codex-desktop-linux
[INFO] tweaked toml for git repo https://github.com/ht95158243/codex-desktop-linux written to /workspace/builds/worker-4-tc2/source/Cargo.toml
[INFO] validating manifest of git repo https://github.com/ht95158243/codex-desktop-linux on toolchain 1.100.0-beta.1
[INFO] running `Command { std: CARGO_HOME="/workspace/cargo-home" RUSTUP_HOME="/workspace/rustup-home" "/workspace/cargo-home/bin/cargo" "+1.100.0-beta.1" "metadata" "--manifest-path" "Cargo.toml" "--no-deps", kill_on_drop: false }`
[INFO] crate git repo https://github.com/ht95158243/codex-desktop-linux already has a lockfile, it will not be regenerated
[INFO] running `Command { std: CARGO_HOME="/workspace/cargo-home" RUSTUP_HOME="/workspace/rustup-home" "/workspace/cargo-home/bin/cargo" "+1.100.0-beta.1" "fetch" "--manifest-path" "Cargo.toml", kill_on_drop: false }`
[INFO] [stderr]     Blocking waiting for file lock on package cache
[INFO] [stderr]     Blocking waiting for file lock on package cache
[ERROR] error running command: no output for 300 seconds
[INFO] testing ht95158243/codex-desktop-linux against 1.100.0-beta.1 for beta-1.100-2
[INFO] running `Command { std: "git" "clone" "/workspace/cache/git-repos/https%3A%2F%2Fgithub.com%2Fht95158243%2Fcodex-desktop-linux" "/workspace/builds/worker-4-tc2/source", kill_on_drop: false }`
[INFO] [stderr] Cloning into '/workspace/builds/worker-4-tc2/source'...
[INFO] [stderr] done.
[INFO] started tweaking git repo https://github.com/ht95158243/codex-desktop-linux
[INFO] finished tweaking git repo https://github.com/ht95158243/codex-desktop-linux
[INFO] tweaked toml for git repo https://github.com/ht95158243/codex-desktop-linux written to /workspace/builds/worker-4-tc2/source/Cargo.toml
[INFO] validating manifest of git repo https://github.com/ht95158243/codex-desktop-linux on toolchain 1.100.0-beta.1
[INFO] running `Command { std: CARGO_HOME="/workspace/cargo-home" RUSTUP_HOME="/workspace/rustup-home" "/workspace/cargo-home/bin/cargo" "+1.100.0-beta.1" "metadata" "--manifest-path" "Cargo.toml" "--no-deps", kill_on_drop: false }`
[INFO] crate git repo https://github.com/ht95158243/codex-desktop-linux already has a lockfile, it will not be regenerated
[INFO] running `Command { std: CARGO_HOME="/workspace/cargo-home" RUSTUP_HOME="/workspace/rustup-home" "/workspace/cargo-home/bin/cargo" "+1.100.0-beta.1" "fetch" "--manifest-path" "Cargo.toml", kill_on_drop: false }`
[INFO] [stderr]     Blocking waiting for file lock on package cache
[INFO] [stderr]     Blocking waiting for file lock on package cache
[ERROR] error running command: no output for 300 seconds
[INFO] testing ht95158243/codex-desktop-linux against 1.100.0-beta.1 for beta-1.100-2
[INFO] running `Command { std: "git" "clone" "/workspace/cache/git-repos/https%3A%2F%2Fgithub.com%2Fht95158243%2Fcodex-desktop-linux" "/workspace/builds/worker-4-tc2/source", kill_on_drop: false }`
[INFO] [stderr] Cloning into '/workspace/builds/worker-4-tc2/source'...
[INFO] [stderr] done.
[INFO] started tweaking git repo https://github.com/ht95158243/codex-desktop-linux
[INFO] finished tweaking git repo https://github.com/ht95158243/codex-desktop-linux
[INFO] tweaked toml for git repo https://github.com/ht95158243/codex-desktop-linux written to /workspace/builds/worker-4-tc2/source/Cargo.toml
[INFO] validating manifest of git repo https://github.com/ht95158243/codex-desktop-linux on toolchain 1.100.0-beta.1
[INFO] running `Command { std: CARGO_HOME="/workspace/cargo-home" RUSTUP_HOME="/workspace/rustup-home" "/workspace/cargo-home/bin/cargo" "+1.100.0-beta.1" "metadata" "--manifest-path" "Cargo.toml" "--no-deps", kill_on_drop: false }`
[INFO] crate git repo https://github.com/ht95158243/codex-desktop-linux already has a lockfile, it will not be regenerated
[INFO] running `Command { std: CARGO_HOME="/workspace/cargo-home" RUSTUP_HOME="/workspace/rustup-home" "/workspace/cargo-home/bin/cargo" "+1.100.0-beta.1" "fetch" "--manifest-path" "Cargo.toml", kill_on_drop: false }`
[INFO] [stderr]     Blocking waiting for file lock on package cache
[INFO] [stderr]     Blocking waiting for file lock on package cache
[INFO] [stderr]  Downloading crates ...
[INFO] [stderr]   Downloaded deadpool-runtime v0.1.4
[INFO] [stderr]   Downloaded wiremock v0.6.5
[INFO] [stderr]   Downloaded deadpool v0.12.3
[INFO] [stderr]   Downloaded assert-json-diff v2.0.2
[INFO] [stderr]   Downloaded wasm-bindgen-shared v0.2.114
[INFO] [stderr]   Downloaded block-buffer v0.12.0
[INFO] [stderr]   Downloaded crypto-common v0.2.1
[INFO] [stderr]   Downloaded cpufeatures v0.3.0
[INFO] [stderr]   Downloaded digest v0.11.2
[INFO] [stderr]   Downloaded hybrid-array v0.4.10
[INFO] [stderr]   Downloaded wasm-bindgen-macro v0.2.114
[INFO] [stderr]   Downloaded wasm-bindgen-futures v0.4.64
[INFO] [stderr]   Downloaded wasm-bindgen v0.2.114
[INFO] [stderr]   Downloaded proc-macro-crate v3.5.0
[INFO] [stderr]   Downloaded wasm-streams v0.5.0
[INFO] [stderr]   Downloaded wasm-bindgen-macro-support v0.2.114
[INFO] [stderr]   Downloaded rustls-platform-verifier v0.6.2
[INFO] [stderr]   Downloaded zvariant_utils v3.3.1
[INFO] [stderr]   Downloaded js-sys v0.3.91
[INFO] [stderr]   Downloaded rustls-webpki v0.103.10
[INFO] [stderr]   Downloaded cc v1.2.57
[INFO] [stderr]   Downloaded zvariant_derive v5.10.1
[INFO] [stderr]   Downloaded winnow v1.0.0
[INFO] [stderr]   Downloaded quinn v0.11.9
[INFO] [stderr]   Downloaded zvariant v5.10.1
[INFO] [stderr]   Downloaded uuid v1.22.0
[INFO] [stderr]   Downloaded reqwest v0.13.2
[INFO] [stderr]   Downloaded webpki-root-certs v1.0.6
[INFO] [stderr]   Downloaded uds_windows v1.2.1
[INFO] [stderr]   Downloaded piper v0.2.5
[INFO] [stderr]   Downloaded iri-string v0.7.11
[INFO] [stderr]   Downloaded toml_edit v0.25.8+spec-1.1.0
[INFO] [stderr]   Downloaded zbus_names v4.3.2
[INFO] [stderr]   Downloaded notify-rust v4.14.0
[INFO] [stderr]   Downloaded zbus_macros v5.14.0
[INFO] [stderr]   Downloaded async-executor v1.14.0
[INFO] [stderr]   Downloaded aws-lc-rs v1.16.2
[INFO] [stderr]   Downloaded windows-version v0.1.7
[INFO] [stderr]   Downloaded tauri-winrt-notification v0.7.2
[INFO] [stderr]   Downloaded quinn-proto v0.11.14
[INFO] [stderr]   Downloaded rustls v0.23.37
[INFO] [stderr]   Downloaded num-conv v0.2.0
[INFO] [stderr]   Downloaded zbus v5.14.0
[INFO] [stderr]   Downloaded quick-xml v0.37.5
[INFO] [stderr]   Downloaded web-sys v0.3.91
[INFO] [stderr]   Downloaded tokio v1.51.1
[INFO] [stderr]   Downloaded libc v0.2.183
[INFO] [stderr]   Downloaded mac-notification-sys v0.6.12
[INFO] [stderr]   Downloaded libredox v0.1.15
[INFO] [stderr]   Downloaded rmcp-macros v1.5.0
[INFO] [stderr]   Downloaded rmcp v1.5.0
[INFO] [stderr]   Downloaded wayland-sys v0.31.11
[INFO] [stderr]   Downloaded wayland-protocols v0.32.12
[INFO] [stderr]   Downloaded wayland-scanner v0.31.10
[INFO] [stderr]   Downloaded wayland-backend v0.3.15
[INFO] [stderr]   Downloaded wayland-client v0.31.14
[INFO] [stderr]   Downloaded pastey v0.2.2
[INFO] [stderr]   Downloaded quick-xml v0.39.2
[INFO] [stderr]   Downloaded zbus_xml v5.1.1
[INFO] [stderr]   Downloaded evdev v0.13.2
[INFO] [stderr]   Downloaded wayland-protocols-wlr v0.3.12
[INFO] [stderr]   Downloaded atspi-common v0.13.0
[INFO] [stderr]   Downloaded atspi-connection v0.13.0
[INFO] [stderr]   Downloaded atspi v0.29.0
[INFO] [stderr]   Downloaded aws-lc-sys v0.39.1
[INFO] [stderr]   Downloaded atspi-proxies v0.13.0
[INFO] running `Command { std: "docker" "create" "-v" "/var/lib/crater-agent-workspace/builds/worker-4-tc2/source:/opt/rustwide/workdir:ro,Z" "-v" "/var/lib/crater-agent-workspace/builds/worker-4-tc2/target:/opt/rustwide/target:rw,Z" "-v" "/var/lib/crater-agent-workspace/cargo-home:/opt/rustwide/cargo-home:ro,Z" "-v" "/var/lib/crater-agent-workspace/rustup-home:/opt/rustwide/rustup-home:ro,Z" "-m" "1610612736" "--network" "none" "ghcr.io/rust-lang/crates-build-env/linux@sha256:3111399a4047eeb3a02b7a90e478d715f38a8c6669b5c4b49d30a17385265909" "sleep" "infinity", kill_on_drop: false }`
[INFO] [stdout] 746aff5fe0b858f6ec8e6e6e1a46fc70af7bb4bcc86135baea48a612ecae14ff
[INFO] running `Command { std: "docker" "start" "746aff5fe0b858f6ec8e6e6e1a46fc70af7bb4bcc86135baea48a612ecae14ff", kill_on_drop: false }`
[INFO] running `Command { std: "docker" "inspect" "746aff5fe0b858f6ec8e6e6e1a46fc70af7bb4bcc86135baea48a612ecae14ff", kill_on_drop: false }`
[INFO] running `Command { std: "docker" "exec" "-e" "SOURCE_DIR=/opt/rustwide/workdir" "-e" "CARGO_HOME=/opt/rustwide/cargo-home" "-e" "RUSTUP_HOME=/opt/rustwide/rustup-home" "-e" "CARGO_TARGET_DIR=/opt/rustwide/target" "-w" "/opt/rustwide/workdir" "--user" "0:0" "746aff5fe0b858f6ec8e6e6e1a46fc70af7bb4bcc86135baea48a612ecae14ff" "/opt/rustwide/cargo-home/bin/cargo" "+1.100.0-beta.1" "metadata" "--no-deps" "--format-version=1", kill_on_drop: false }`
[INFO] running `Command { std: "docker" "inspect" "746aff5fe0b858f6ec8e6e6e1a46fc70af7bb4bcc86135baea48a612ecae14ff", kill_on_drop: false }`
[INFO] running `Command { std: "docker" "exec" "-e" "SOURCE_DIR=/opt/rustwide/workdir" "-e" "CARGO_HOME=/opt/rustwide/cargo-home" "-e" "RUSTUP_HOME=/opt/rustwide/rustup-home" "-e" "CARGO_TARGET_DIR=/opt/rustwide/target" "-e" "CARGO_INCREMENTAL=0" "-e" "RUST_BACKTRACE=full" "-e" "RUSTFLAGS=--cap-lints=warn" "-e" "RUSTDOCFLAGS=--cap-lints=warn" "-w" "/opt/rustwide/workdir" "--user" "0:0" "746aff5fe0b858f6ec8e6e6e1a46fc70af7bb4bcc86135baea48a612ecae14ff" "/opt/rustwide/cargo-home/bin/cargo" "+1.100.0-beta.1" "build" "--frozen" "--message-format=json", kill_on_drop: false }`
[INFO] [stderr]    Compiling proc-macro2 v1.0.106
[INFO] [stderr]    Compiling unicode-ident v1.0.24
[INFO] [stderr]    Compiling serde_core v1.0.228
[INFO] [stderr]    Compiling libc v0.2.183
[INFO] [stderr]    Compiling futures-core v0.3.32
[INFO] [stderr]    Compiling quote v1.0.45
[INFO] [stderr]    Compiling serde v1.0.228
[INFO] [stderr]    Compiling hashbrown v0.16.1
[INFO] [stderr]    Compiling winnow v1.0.0
[INFO] [stderr]    Compiling bitflags v2.11.0
[INFO] [stderr]    Compiling futures-io v0.3.32
[INFO] [stderr]    Compiling syn v2.0.117
[INFO] [stderr]    Compiling indexmap v2.13.0
[INFO] [stderr]    Compiling slab v0.4.12
[INFO] [stderr]    Compiling autocfg v1.5.0
[INFO] [stderr]    Compiling toml_datetime v1.1.1+spec-1.1.0
[INFO] [stderr]    Compiling crossbeam-utils v0.8.21
[INFO] [stderr]    Compiling rustix v1.1.4
[INFO] [stderr]    Compiling toml_parser v1.1.2+spec-1.1.0
[INFO] [stderr]    Compiling parking v2.2.1
[INFO] [stderr]    Compiling errno v0.3.14
[INFO] [stderr]    Compiling socket2 v0.6.3
[INFO] [stderr]    Compiling jobserver v0.1.34
[INFO] [stderr]    Compiling signal-hook-registry v1.4.8
[INFO] [stderr]    Compiling mio v1.2.0
[INFO] [stderr]    Compiling cc v1.2.57
[INFO] [stderr]    Compiling toml_edit v0.25.8+spec-1.1.0
[INFO] [stderr]    Compiling linux-raw-sys v0.12.1
[INFO] [stderr]    Compiling concurrent-queue v2.5.0
[INFO] [stderr]    Compiling endi v1.1.1
[INFO] [stderr]    Compiling futures-sink v0.3.32
[INFO] [stderr]    Compiling smallvec v1.15.1
[INFO] [stderr]    Compiling fastrand v2.3.0
[INFO] [stderr]    Compiling event-listener v5.4.1
[INFO] [stderr]    Compiling proc-macro-crate v3.5.0
[INFO] [stderr]    Compiling event-listener-strategy v0.5.4
[INFO] [stderr]    Compiling futures-lite v2.6.1
[INFO] [stderr]    Compiling futures-channel v0.3.32
[INFO] [stderr]    Compiling async-io v2.6.0
[INFO] [stderr]    Compiling futures-task v0.3.32
[INFO] [stderr]    Compiling cmake v0.1.58
[INFO] [stderr]    Compiling getrandom v0.4.2
[INFO] [stderr]    Compiling dunce v1.0.5
[INFO] [stderr]    Compiling async-task v4.7.1
[INFO] [stderr]    Compiling fs_extra v1.3.0
[INFO] [stderr]    Compiling async-channel v2.5.0
[INFO] [stderr]    Compiling num-traits v0.2.19
[INFO] [stderr]    Compiling async-lock v3.4.2
[INFO] [stderr]    Compiling piper v0.2.5
[INFO] [stderr]    Compiling pkg-config v0.3.33
[INFO] [stderr]    Compiling aws-lc-sys v0.39.1
[INFO] [stderr]    Compiling async-executor v1.14.0
[INFO] [stderr]    Compiling blocking v1.6.2
[INFO] [stderr]    Compiling wayland-sys v0.31.11
[INFO] [stderr]    Compiling uuid v1.22.0
[INFO] [stderr]    Compiling async-broadcast v0.7.2
[INFO] [stderr]    Compiling ordered-stream v0.2.0
[INFO] [stderr]    Compiling winnow v0.7.15
[INFO] [stderr]    Compiling aws-lc-rs v1.16.2
[INFO] [stderr]    Compiling wayland-backend v0.3.15
[INFO] [stderr]    Compiling http v1.4.0
[INFO] [stderr]    Compiling serde_json v1.0.149
[INFO] [stderr]    Compiling litemap v0.8.1
[INFO] [stderr]    Compiling writeable v0.6.2
[INFO] [stderr]    Compiling ident_case v1.0.1
[INFO] [stderr]    Compiling rustls-pki-types v1.14.0
[INFO] [stderr]    Compiling synstructure v0.13.2
[INFO] [stderr]    Compiling darling_core v0.23.0
[INFO] [stderr]    Compiling crc32fast v1.5.0
[INFO] [stderr]    Compiling wayland-client v0.31.14
[INFO] [stderr]    Compiling downcast-rs v1.2.1
[INFO] [stderr]    Compiling typenum v1.19.0
[INFO] [stderr]    Compiling icu_normalizer_data v2.1.1
[INFO] [stderr]    Compiling simd-adler32 v0.3.9
[INFO] [stderr]    Compiling icu_properties_data v2.1.2
[INFO] [stderr]    Compiling ref-cast v1.0.25
[INFO] [stderr]    Compiling http-body v1.0.1
[INFO] [stderr]    Compiling serde_derive_internals v0.29.1
[INFO] [stderr]    Compiling radium v0.7.0
[INFO] [stderr]    Compiling rustls v0.23.37
[INFO] [stderr]    Compiling anyhow v1.0.102
[INFO] [stderr]    Compiling adler2 v2.0.1
[INFO] [stderr]    Compiling cfg_aliases v0.2.1
[INFO] [stderr]    Compiling nix v0.29.0
[INFO] [stderr]    Compiling serde_derive v1.0.228
[INFO] [stderr]    Compiling tokio-macros v2.7.0
[INFO] [stderr]    Compiling enumflags2_derive v0.7.12
[INFO] [stderr]    Compiling tracing-attributes v0.1.31
[INFO] [stderr]    Compiling zerofrom-derive v0.1.6
[INFO] [stderr]    Compiling tokio v1.51.1
[INFO] [stderr]    Compiling zerofrom v0.1.6
[INFO] [stderr]    Compiling tracing v0.1.44
[INFO] [stderr]    Compiling yoke-derive v0.8.1
[INFO] [stderr]    Compiling futures-macro v0.3.32
[INFO] [stderr]    Compiling polling v3.11.0
[INFO] [stderr]    Compiling zerovec-derive v0.11.2
[INFO] [stderr]    Compiling futures-util v0.3.32
[INFO] [stderr]    Compiling yoke v0.8.1
[INFO] [stderr]    Compiling displaydoc v0.2.5
[INFO] [stderr]    Compiling async-trait v0.1.89
[INFO] [stderr]    Compiling async-signal v0.2.13
[INFO] [stderr]    Compiling async-process v2.5.0
[INFO] [stderr]    Compiling zerovec v0.11.5
[INFO] [stderr]    Compiling serde_repr v0.1.20
[INFO] [stderr]    Compiling async-recursion v1.1.1
[INFO] [stderr]    Compiling tinystr v0.8.2
[INFO] [stderr]    Compiling zvariant_utils v3.3.1
[INFO] [stderr]    Compiling enumflags2 v0.7.12
[INFO] [stderr]    Compiling quick-xml v0.39.2
[INFO] [stderr]    Compiling icu_locale_core v2.1.1
[INFO] [stderr]    Compiling zvariant_derive v5.10.1
[INFO] [stderr]    Compiling potential_utf v0.1.4
[INFO] [stderr]    Compiling zerotrie v0.2.3
[INFO] [stderr]    Compiling icu_collections v2.1.1
[INFO] [stderr]    Compiling icu_provider v2.1.1
[INFO] [stderr]    Compiling zvariant v5.10.1
[INFO] [stderr]    Compiling chrono v0.4.44
[INFO] [stderr]    Compiling darling_macro v0.23.0
[INFO] [stderr]    Compiling wayland-scanner v0.31.10
[INFO] [stderr]    Compiling tokio-util v0.7.18
[INFO] [stderr]    Compiling ref-cast-impl v1.0.25
[INFO] [stderr]    Compiling darling v0.23.0
[INFO] [stderr]    Compiling futures-executor v0.3.32
[INFO] [stderr]    Compiling schemars_derive v1.2.1
[INFO] [stderr]    Compiling thiserror-impl v2.0.18
[INFO] [stderr]    Compiling miniz_oxide v0.8.9
[INFO] [stderr]    Compiling zbus_names v4.3.2
[INFO] [stderr]    Compiling zbus_xml v5.1.1
[INFO] [stderr]    Compiling zbus_macros v5.14.0
[INFO] [stderr]    Compiling zbus-lockstep v0.5.2
[INFO] [stderr]    Compiling log v0.4.29
[INFO] [stderr]    Compiling zbus-lockstep-macros v0.5.2
[INFO] [stderr]    Compiling dyn-clone v1.0.20
[INFO] [stderr]    Compiling rmcp v1.5.0
[INFO] [stderr]    Compiling h2 v0.4.13
[INFO] [stderr]    Compiling rmcp-macros v1.5.0
[INFO] [stderr]    Compiling schemars v1.2.1
[INFO] [stderr]    Compiling wyz v0.5.1
[INFO] [stderr]    Compiling hybrid-array v0.4.10
[INFO] [stderr]    Compiling wayland-protocols v0.32.12
[INFO] [stderr]    Compiling icu_properties v2.1.2
[INFO] [stderr]    Compiling icu_normalizer v2.1.1
[INFO] [stderr]    Compiling flate2 v1.1.9
[INFO] [stderr]    Compiling thiserror v2.0.18
[INFO] [stderr]    Compiling futures v0.3.32
[INFO] [stderr]    Compiling fdeflate v0.3.7
[INFO] [stderr]    Compiling pxfm v0.1.29
[INFO] [stderr]    Compiling pastey v0.2.2
[INFO] [stderr]    Compiling zbus v5.14.0
[INFO] [stderr]    Compiling funty v2.0.0
[INFO] [stderr]    Compiling zune-core v0.5.1
[INFO] [stderr]    Compiling zune-jpeg v0.5.15
[INFO] [stderr]    Compiling hyper v1.8.1
[INFO] [stderr]    Compiling bitvec v1.0.1
[INFO] [stderr]    Compiling png v0.18.1
[INFO] [stderr]    Compiling moxcms v0.8.1
[INFO] [stderr]    Compiling wayland-protocols-wlr v0.3.12
[INFO] [stderr]    Compiling idna_adapter v1.2.1
[INFO] [stderr]    Compiling sync_wrapper v1.0.2
[INFO] [stderr]    Compiling byteorder-lite v0.1.0
[INFO] [stderr]    Compiling openssl-probe v0.2.1
[INFO] [stderr]    Compiling bytemuck v1.25.0
[INFO] [stderr]    Compiling ipnet v2.12.0
[INFO] [stderr]    Compiling cosmic-protocols v0.2.0 (https://github.com/pop-os/cosmic-protocols?rev=160b086#160b086a)
[INFO] [stderr]    Compiling hyper-util v0.1.20
[INFO] [stderr]    Compiling rustls-native-certs v0.8.3
[INFO] [stderr]    Compiling idna v1.1.0
[INFO] [stderr]    Compiling evdev v0.13.2
[INFO] [stderr]    Compiling tower v0.5.3
[INFO] [stderr]    Compiling block-buffer v0.12.0
[INFO] [stderr]    Compiling crypto-common v0.2.1
[INFO] [stderr]    Compiling form_urlencoded v1.2.2
[INFO] [stderr]    Compiling xkeysym v0.2.1
[INFO] [stderr]    Compiling iri-string v0.7.11
[INFO] [stderr]    Compiling clap_lex v1.1.0
[INFO] [stderr]    Compiling digest v0.11.2
[INFO] [stderr]    Compiling clap_builder v4.6.0
[INFO] [stderr]    Compiling image v0.25.10
[INFO] [stderr]    Compiling dirs-sys v0.5.0
[INFO] [stderr]    Compiling clap_derive v4.6.0
[INFO] [stderr] error: could not compile `rmcp` (lib)
[INFO] [stderr] 
[INFO] [stderr] Caused by:
[INFO] [stderr]   process didn't exit successfully: `/opt/rustwide/rustup-home/toolchains/1.100.0-beta.1-x86_64-unknown-linux-gnu/bin/rustc --crate-name rmcp --edition=2024 /opt/rustwide/cargo-home/registry/src/index.crates.io-1949cf8c6b5b557f/rmcp-1.5.0/src/lib.rs --error-format=json --json=diagnostic-rendered-ansi,artifacts,future-incompat,unused-externs-silent --crate-type lib --emit=dep-info,metadata,link -C embed-bitcode=no -C debuginfo=2 --cfg 'feature="base64"' --cfg 'feature="default"' --cfg 'feature="macros"' --cfg 'feature="server"' --cfg 'feature="transport-async-rw"' --cfg 'feature="transport-io"' --check-cfg 'cfg(docsrs,test)' --check-cfg 'cfg(feature, values("__reqwest", "auth", "auth-client-credentials-jwt", "base64", "client", "client-side-sse", "default", "elicitation", "local", "macros", "reqwest", "reqwest-native-tls", "reqwest-tls-no-provider", "schemars", "server", "server-side-http", "tower", "transport-async-rw", "transport-child-process", "transport-io", "transport-streamable-http-client", "transport-streamable-http-client-reqwest", "transport-streamable-http-client-unix-socket", "transport-streamable-http-server", "transport-streamable-http-server-session", "transport-worker", "uuid", "which-command"))' -C metadata=52601371b6de5ea3 -C extra-filename=-a64927ce41789948 --out-dir /opt/rustwide/target/debug/build/rmcp/a64927ce41789948/out -L dependency=/opt/rustwide/target/debug/build/bytes/2ed9460101f17bbf/out -L dependency=/opt/rustwide/target/debug/build/chrono/bc005d5d7bb863cc/out -L dependency=/opt/rustwide/target/debug/build/dyn-clone/319e7691ef78165b/out -L dependency=/opt/rustwide/target/debug/build/errno/0368c0335209fb9f/out -L dependency=/opt/rustwide/target/debug/build/futures-channel/04b287164a72dbf0/out -L dependency=/opt/rustwide/target/debug/build/futures-core/1121ff913ed87f93/out -L dependency=/opt/rustwide/target/debug/build/futures-executor/dc74f5ebd49cf69d/out -L dependency=/opt/rustwide/target/debug/build/futures-io/3814ffd654d7040e/out -L dependency=/opt/rustwide/target/debug/build/futures-macro/8bb67682aeb19c2f/out -L dependency=/opt/rustwide/target/debug/build/futures-sink/3971bde37bb30e19/out -L dependency=/opt/rustwide/target/debug/build/futures-task/36f327cfab86eddc/out -L dependency=/opt/rustwide/target/debug/build/futures-util/2756b5b646898021/out -L dependency=/opt/rustwide/target/debug/build/iana-time-zone/bcd81aefedc374a6/out -L dependency=/opt/rustwide/target/debug/build/itoa/5de11b3b23bfe572/out -L dependency=/opt/rustwide/target/debug/build/libc/b8a79d0f534195c5/out -L dependency=/opt/rustwide/target/debug/build/memchr/5cfa70d22cb32987/out -L dependency=/opt/rustwide/target/debug/build/mio/10d5c69cb4dd484f/out -L dependency=/opt/rustwide/target/debug/build/num-traits/8025aadba3f5277e/out -L dependency=/opt/rustwide/target/debug/build/once_cell/b5bdc597ed9676b3/out -L dependency=/opt/rustwide/target/debug/build/pin-project-lite/0a15d51c77964692/out -L dependency=/opt/rustwide/target/debug/build/ref-cast-impl/279b9311fe18c845/out -L dependency=/opt/rustwide/target/debug/build/ref-cast/ef97b27c6562fbf2/out -L dependency=/opt/rustwide/target/debug/build/schemars_derive/8317515c4603e603/out -L dependency=/opt/rustwide/target/debug/build/serde/1d1552a26197dae3/out -L dependency=/opt/rustwide/target/debug/build/serde_core/49c5f0449f9ff544/out -L dependency=/opt/rustwide/target/debug/build/serde_derive/a58f41a353153b74/out -L dependency=/opt/rustwide/target/debug/build/serde_json/9afd0dc16d2b9c1d/out -L dependency=/opt/rustwide/target/debug/build/signal-hook-registry/68e924d39c75c9ed/out -L dependency=/opt/rustwide/target/debug/build/slab/0582d648e59ab406/out -L dependency=/opt/rustwide/target/debug/build/socket2/13d3bb5190c2b954/out -L dependency=/opt/rustwide/target/debug/build/thiserror-impl/9a47a80423ec9ea7/out -L dependency=/opt/rustwide/target/debug/build/tokio-macros/a4bad055b956fda7/out -L dependency=/opt/rustwide/target/debug/build/tokio/1c85dd6c95256113/out -L dependency=/opt/rustwide/target/debug/build/tracing-attributes/468381ba39d72022/out -L dependency=/opt/rustwide/target/debug/build/tracing-core/d26029c784af5925/out -L dependency=/opt/rustwide/target/debug/build/zmij/ef63f1da73704b4c/out --extern async_trait=/opt/rustwide/target/debug/build/async-trait/832300e432524ad6/out/libasync_trait-832300e432524ad6.so --extern base64=/opt/rustwide/target/debug/build/base64/32787b0325ea6df8/out/libbase64-32787b0325ea6df8.rmeta --extern chrono=/opt/rustwide/target/debug/build/chrono/bc005d5d7bb863cc/out/libchrono-bc005d5d7bb863cc.rmeta --extern futures=/opt/rustwide/target/debug/build/futures/58f6fda9046508de/out/libfutures-58f6fda9046508de.rmeta --extern pastey=/opt/rustwide/target/debug/build/pastey/f195d751b6a1d090/out/libpastey-f195d751b6a1d090.so --extern pin_project_lite=/opt/rustwide/target/debug/build/pin-project-lite/0a15d51c77964692/out/libpin_project_lite-0a15d51c77964692.rmeta --extern rmcp_macros=/opt/rustwide/target/debug/build/rmcp-macros/ca087ef28b2d7073/out/librmcp_macros-ca087ef28b2d7073.so --extern schemars=/opt/rustwide/target/debug/build/schemars/29550993d1f235ad/out/libschemars-29550993d1f235ad.rmeta --extern serde=/opt/rustwide/target/debug/build/serde/1d1552a26197dae3/out/libserde-1d1552a26197dae3.rmeta --extern serde_json=/opt/rustwide/target/debug/build/serde_json/9afd0dc16d2b9c1d/out/libserde_json-9afd0dc16d2b9c1d.rmeta --extern thiserror=/opt/rustwide/target/debug/build/thiserror/bc621a72a4fbad49/out/libthiserror-bc621a72a4fbad49.rmeta --extern tokio=/opt/rustwide/target/debug/build/tokio/1c85dd6c95256113/out/libtokio-1c85dd6c95256113.rmeta --extern tokio_util=/opt/rustwide/target/debug/build/tokio-util/a0034c98fabc4485/out/libtokio_util-a0034c98fabc4485.rmeta --extern tracing=/opt/rustwide/target/debug/build/tracing/37cfea5ea62e99bf/out/libtracing-37cfea5ea62e99bf.rmeta --cap-lints allow --cap-lints=warn --force-warn=unused_crate_dependencies` (signal: 9, SIGKILL: kill)
[INFO] [stderr] warning: build failed, waiting for other jobs to finish...
[INFO] running `Command { std: "docker" "inspect" "746aff5fe0b858f6ec8e6e6e1a46fc70af7bb4bcc86135baea48a612ecae14ff", kill_on_drop: false }`
[INFO] running `Command { std: "docker" "rm" "-f" "746aff5fe0b858f6ec8e6e6e1a46fc70af7bb4bcc86135baea48a612ecae14ff", kill_on_drop: false }`
[INFO] [stdout] 746aff5fe0b858f6ec8e6e6e1a46fc70af7bb4bcc86135baea48a612ecae14ff
