[INFO] cloning repository https://github.com/gespel/LibnoneR
[INFO] running `Command { std: "git" "-c" "credential.helper=" "-c" "credential.helper=/workspace/cargo-home/bin/git-credential-null" "clone" "--bare" "https://github.com/gespel/LibnoneR" "/workspace/cache/git-repos/https%3A%2F%2Fgithub.com%2Fgespel%2FLibnoneR", kill_on_drop: false }`
[INFO] [stderr] Cloning into bare repository '/workspace/cache/git-repos/https%3A%2F%2Fgithub.com%2Fgespel%2FLibnoneR'...
[INFO] running `Command { std: "git" "rev-parse" "HEAD", kill_on_drop: false }`
[INFO] [stdout] 5bf75beffae4aa223c478a2170b28eb28c0c6728
[INFO] testing gespel/LibnoneR against 1.100.0-beta.1 for beta-1.100-2
[INFO] running `Command { std: "git" "clone" "/workspace/cache/git-repos/https%3A%2F%2Fgithub.com%2Fgespel%2FLibnoneR" "/workspace/builds/worker-5-tc2/source", kill_on_drop: false }`
[INFO] [stderr] Cloning into '/workspace/builds/worker-5-tc2/source'...
[INFO] [stderr] done.
[INFO] started tweaking git repo https://github.com/gespel/LibnoneR
[INFO] finished tweaking git repo https://github.com/gespel/LibnoneR
[INFO] tweaked toml for git repo https://github.com/gespel/LibnoneR written to /workspace/builds/worker-5-tc2/source/Cargo.toml
[INFO] validating manifest of git repo https://github.com/gespel/LibnoneR on toolchain 1.100.0-beta.1
[INFO] running `Command { std: CARGO_HOME="/workspace/cargo-home" RUSTUP_HOME="/workspace/rustup-home" "/workspace/cargo-home/bin/cargo" "+1.100.0-beta.1" "metadata" "--manifest-path" "Cargo.toml" "--no-deps", kill_on_drop: false }`
[INFO] crate git repo https://github.com/gespel/LibnoneR already has a lockfile, it will not be regenerated
[INFO] running `Command { std: CARGO_HOME="/workspace/cargo-home" RUSTUP_HOME="/workspace/rustup-home" "/workspace/cargo-home/bin/cargo" "+1.100.0-beta.1" "fetch" "--manifest-path" "Cargo.toml", kill_on_drop: false }`
[INFO] running `Command { std: "docker" "create" "-v" "/var/lib/crater-agent-workspace/builds/worker-5-tc2/source:/opt/rustwide/workdir:ro,Z" "-v" "/var/lib/crater-agent-workspace/builds/worker-5-tc2/target:/opt/rustwide/target:rw,Z" "-v" "/var/lib/crater-agent-workspace/cargo-home:/opt/rustwide/cargo-home:ro,Z" "-v" "/var/lib/crater-agent-workspace/rustup-home:/opt/rustwide/rustup-home:ro,Z" "-m" "1610612736" "--network" "none" "ghcr.io/rust-lang/crates-build-env/linux@sha256:3111399a4047eeb3a02b7a90e478d715f38a8c6669b5c4b49d30a17385265909" "sleep" "infinity", kill_on_drop: false }`
[INFO] [stdout] 68269fa73eeaa9b8665ee62008385a82cef732e4dd2aed2f1fa9ae005bb6ea20
[INFO] running `Command { std: "docker" "start" "68269fa73eeaa9b8665ee62008385a82cef732e4dd2aed2f1fa9ae005bb6ea20", kill_on_drop: false }`
[INFO] running `Command { std: "docker" "inspect" "68269fa73eeaa9b8665ee62008385a82cef732e4dd2aed2f1fa9ae005bb6ea20", kill_on_drop: false }`
[INFO] running `Command { std: "docker" "exec" "-e" "SOURCE_DIR=/opt/rustwide/workdir" "-e" "CARGO_HOME=/opt/rustwide/cargo-home" "-e" "RUSTUP_HOME=/opt/rustwide/rustup-home" "-e" "CARGO_TARGET_DIR=/opt/rustwide/target" "-w" "/opt/rustwide/workdir" "--user" "0:0" "68269fa73eeaa9b8665ee62008385a82cef732e4dd2aed2f1fa9ae005bb6ea20" "/opt/rustwide/cargo-home/bin/cargo" "+1.100.0-beta.1" "metadata" "--no-deps" "--format-version=1", kill_on_drop: false }`
[INFO] running `Command { std: "docker" "inspect" "68269fa73eeaa9b8665ee62008385a82cef732e4dd2aed2f1fa9ae005bb6ea20", kill_on_drop: false }`
[INFO] running `Command { std: "docker" "exec" "-e" "SOURCE_DIR=/opt/rustwide/workdir" "-e" "CARGO_HOME=/opt/rustwide/cargo-home" "-e" "RUSTUP_HOME=/opt/rustwide/rustup-home" "-e" "CARGO_TARGET_DIR=/opt/rustwide/target" "-e" "CARGO_INCREMENTAL=0" "-e" "RUST_BACKTRACE=full" "-e" "RUSTFLAGS=--cap-lints=warn" "-e" "RUSTDOCFLAGS=--cap-lints=warn" "-w" "/opt/rustwide/workdir" "--user" "0:0" "68269fa73eeaa9b8665ee62008385a82cef732e4dd2aed2f1fa9ae005bb6ea20" "/opt/rustwide/cargo-home/bin/cargo" "+1.100.0-beta.1" "build" "--frozen" "--message-format=json", kill_on_drop: false }`
[INFO] [stderr]    Compiling autocfg v1.1.0
[INFO] [stderr]    Compiling cfg-if v1.0.0
[INFO] [stderr]    Compiling libc v0.2.149
[INFO] [stderr]    Compiling proc-macro2 v1.0.69
[INFO] [stderr]    Compiling unicode-ident v1.0.12
[INFO] [stderr]    Compiling pkg-config v0.3.27
[INFO] [stderr]    Compiling bitflags v1.3.2
[INFO] [stderr]    Compiling xml-rs v0.8.19
[INFO] [stderr]    Compiling log v0.4.20
[INFO] [stderr]    Compiling crossbeam-utils v0.8.16
[INFO] [stderr]    Compiling khronos_api v3.1.0
[INFO] [stderr]    Compiling smallvec v1.11.1
[INFO] [stderr]    Compiling once_cell v1.18.0
[INFO] [stderr]    Compiling libloading v0.8.1
[INFO] [stderr]    Compiling version_check v0.9.4
[INFO] [stderr]    Compiling ab_glyph_rasterizer v0.1.8
[INFO] [stderr]    Compiling serde v1.0.188
[INFO] [stderr]    Compiling same-file v1.0.6
[INFO] [stderr]    Compiling downcast-rs v1.2.0
[INFO] [stderr]    Compiling scoped-tls v1.0.1
[INFO] [stderr]    Compiling walkdir v2.4.0
[INFO] [stderr]    Compiling parking_lot_core v0.8.6
[INFO] [stderr]    Compiling dlib v0.5.2
[INFO] [stderr]    Compiling instant v0.1.12
[INFO] [stderr]    Compiling nix v0.18.0
[INFO] [stderr]    Compiling crossbeam-queue v0.3.8
[INFO] [stderr]    Compiling num-traits v0.2.17
[INFO] [stderr]    Compiling memoffset v0.9.0
[INFO] [stderr]    Compiling crossbeam-epoch v0.9.15
[INFO] [stderr]    Compiling lock_api v0.4.10
[INFO] [stderr]    Compiling memoffset v0.6.5
[INFO] [stderr]    Compiling memchr v2.6.4
[INFO] [stderr]    Compiling byteorder v1.5.0
[INFO] [stderr]    Compiling ttf-parser v0.15.2
[INFO] [stderr]    Compiling unicase v2.7.0
[INFO] [stderr]    Compiling serde_json v1.0.107
[INFO] [stderr]    Compiling quote v1.0.33
[INFO] [stderr]    Compiling cfg-if v0.1.10
[INFO] [stderr]    Compiling camino v1.1.6
[INFO] [stderr]    Compiling thiserror v1.0.49
[INFO] [stderr]    Compiling rustix v0.38.18
[INFO] [stderr]    Compiling gl_generator v0.14.0
[INFO] [stderr]    Compiling semver v1.0.20
[INFO] [stderr]    Compiling wayland-sys v0.28.6
[INFO] [stderr]    Compiling x11-dl v2.21.0
[INFO] [stderr]    Compiling syn v2.0.38
[INFO] [stderr]    Compiling wayland-scanner v0.28.6
[INFO] [stderr]    Compiling crossbeam-channel v0.5.8
[INFO] [stderr]    Compiling alsa-sys v0.3.1
[INFO] [stderr]    Compiling error-chain v0.12.4
[INFO] [stderr]    Compiling cc v1.0.83
[INFO] [stderr]    Compiling num-integer v0.1.45
[INFO] [stderr]    Compiling libloading v0.6.7
[INFO] [stderr]    Compiling ttf-parser v0.19.2
[INFO] [stderr]    Compiling itoa v1.0.9
[INFO] [stderr]    Compiling xdg v2.5.2
[INFO] [stderr]    Compiling pulldown-cmark v0.9.3
[INFO] [stderr]    Compiling crossbeam-deque v0.8.3
[INFO] [stderr]    Compiling bitflags v2.4.0
[INFO] [stderr]    Compiling crc32fast v1.3.2
[INFO] [stderr]    Compiling linux-raw-sys v0.4.10
[INFO] [stderr]    Compiling nom v7.1.3
[INFO] [stderr]    Compiling cty v0.2.2
[INFO] [stderr]    Compiling ryu v1.0.15
[INFO] [stderr]    Compiling rayon-core v1.12.0
[INFO] [stderr]    Compiling arrayvec v0.5.2
[INFO] [stderr]    Compiling raw-window-handle v0.4.3
[INFO] [stderr]    Compiling crossbeam v0.8.2
[INFO] [stderr]    Compiling dlib v0.4.2
[INFO] [stderr]    Compiling libudev-sys v0.1.4
[INFO] [stderr]    Compiling miniz_oxide v0.4.4
[INFO] [stderr]    Compiling draw_state v0.8.0
[INFO] [stderr]    Compiling winit v0.25.0
[INFO] [stderr]    Compiling glutin_glx_sys v0.1.8
[INFO] [stderr]    Compiling owned_ttf_parser v0.15.2
[INFO] [stderr]    Compiling gfx_gl v0.6.1
[INFO] [stderr]    Compiling glutin_egl_sys v0.1.6
[INFO] [stderr]    Compiling adler32 v1.2.0
[INFO] [stderr]    Compiling rusttype v0.9.3
[INFO] [stderr]    Compiling ppv-lite86 v0.2.17
[INFO] [stderr]    Compiling fastrand v2.0.1
[INFO] [stderr]    Compiling bzip2-sys v0.1.11+1.0.8
[INFO] [stderr]    Compiling euclid v0.22.9
[INFO] [stderr]    Compiling andrew v0.3.1
[INFO] [stderr]    Compiling minimp3-sys v0.3.2
[INFO] [stderr]    Compiling wayland-client v0.28.6
[INFO] [stderr]    Compiling wayland-protocols v0.28.6
[INFO] [stderr]    Compiling nix v0.20.0
[INFO] [stderr]    Compiling nix v0.23.2
[INFO] [stderr]    Compiling getrandom v0.2.10
[INFO] [stderr]    Compiling parking_lot v0.11.2
[INFO] [stderr]    Compiling rand_core v0.6.4
[INFO] [stderr]    Compiling memmap2 v0.1.0
[INFO] [stderr]    Compiling mio v0.7.14
[INFO] [stderr]    Compiling xcursor v0.3.4
[INFO] [stderr]    Compiling lyon_geom v0.17.7
[INFO] [stderr]    Compiling mio-misc v1.2.2
[INFO] [stderr]    Compiling rand_chacha v0.3.1
[INFO] [stderr]    Compiling serde_derive v1.0.188
[INFO] [stderr]    Compiling thiserror-impl v1.0.49
[INFO] [stderr]    Compiling lyon_path v0.17.7
[INFO] [stderr]    Compiling shared_library v0.1.9
[INFO] [stderr]    Compiling raw-window-handle v0.3.4
[INFO] [stderr]    Compiling tempfile v3.8.0
[INFO] [stderr]    Compiling gfx_core v0.9.2
[INFO] [stderr]    Compiling owned_ttf_parser v0.19.0
[INFO] [stderr]    Compiling ab_glyph v0.2.22
[INFO] [stderr]    Compiling num-rational v0.3.2
[INFO] [stderr]    Compiling num-iter v0.1.43
[INFO] [stderr]    Compiling percent-encoding v2.3.0
[INFO] [stderr]    Compiling bytecount v0.6.4
[INFO] [stderr]    Compiling tinyvec_macros v0.1.1
[INFO] [stderr]    Compiling syn v1.0.109
[INFO] [stderr]    Compiling weezl v0.1.7
[INFO] [stderr]    Compiling either v1.9.0
[INFO] [stderr]    Compiling cpal v0.13.5
[INFO] [stderr]    Compiling adler v1.0.2
[INFO] [stderr]    Compiling glob v0.3.1
[INFO] [stderr]    Compiling tinyvec v1.6.0
[INFO] [stderr]    Compiling rayon v1.8.0
[INFO] [stderr]    Compiling osmesa-sys v0.1.2
[INFO] [stderr]    Compiling rand v0.8.5
[INFO] [stderr]    Compiling slice-deque v0.3.0
[INFO] [stderr]    Compiling approx v0.5.1
[INFO] [stderr]    Compiling float_next_after v0.1.5
[INFO] [stderr]    Compiling sid v0.6.1
[INFO] [stderr]    Compiling miniz_oxide v0.3.7
[INFO] [stderr]    Compiling calloop v0.6.5
[INFO] [stderr]    Compiling deflate v0.8.6
[INFO] [stderr]    Compiling ogg v0.8.0
[INFO] [stderr]    Compiling libloading v0.7.4
[INFO] [stderr]    Compiling jpeg-decoder v0.1.22
[INFO] [stderr]    Compiling uuid v0.8.2
[INFO] [stderr]    Compiling vec_map v0.8.2
[INFO] [stderr]    Compiling color_quant v1.1.0
[INFO] [stderr]    Compiling linked-hash-map v0.5.6
[INFO] [stderr]    Compiling xi-unicode v0.3.0
[INFO] [stderr]    Compiling twox-hash v1.6.3
[INFO] [stderr]    Compiling gif v0.11.4
[INFO] [stderr]    Compiling png v0.16.8
[INFO] [stderr]    Compiling lewton v0.10.2
[INFO] [stderr]    Compiling glyph_brush_layout v0.2.3
[INFO] [stderr]    Compiling gfx_device_gl v0.16.2
[INFO] [stderr]    Compiling minimp3 v0.5.1
[INFO] [stderr]    Compiling lyon_algorithms v0.17.7
[INFO] [stderr]    Compiling lyon_tessellation v0.17.10
[INFO] [stderr]    Compiling bzip2 v0.4.4
[INFO] [stderr]    Compiling wayland-commons v0.28.6
[INFO] [stderr]    Compiling tiff v0.6.1
[INFO] [stderr]    Compiling alsa v0.6.0
[INFO] [stderr]    Compiling gilrs-core v0.3.2
[INFO] [stderr]    Compiling dirs-sys v0.3.7
[INFO] [stderr]    Compiling ordered-float v4.1.1
[INFO] [stderr]    Compiling hound v3.5.1
[INFO] [stderr]    Compiling claxon v0.4.3
[INFO] [stderr]    Compiling bytemuck v1.14.0
[INFO] [stderr]    Compiling mint v0.5.9
[INFO] [stderr]    Compiling image v0.23.14
[INFO] [stderr]    Compiling gilrs v0.8.2
[INFO] [stderr]    Compiling glyph_brush_draw_cache v0.1.5
[INFO] [stderr]    Compiling directories v3.0.2
[INFO] [stderr]    Compiling lyon v0.17.10
[INFO] [stderr]    Compiling zip v0.5.13
[INFO] [stderr]    Compiling gfx v0.18.3
[INFO] [stderr]    Compiling glyph_brush v0.7.8
[INFO] [stderr]    Compiling glam v0.17.3
[INFO] [stderr]    Compiling wayland-cursor v0.28.6
[INFO] [stderr]    Compiling wayland-egl v0.28.6
[INFO] [stderr]    Compiling rodio v0.14.0
[INFO] [stderr]    Compiling toml v0.5.11
[INFO] [stderr]    Compiling smart-default v0.6.0
[INFO] [stderr]    Compiling cargo-platform v0.1.4
[INFO] [stderr]    Compiling cargo_metadata v0.14.2
[INFO] [stderr]    Compiling skeptic v0.13.7
[INFO] [stderr]    Compiling ggez v0.6.1
[INFO] [stderr]    Compiling smithay-client-toolkit v0.12.3
[INFO] [stderr]    Compiling glutin v0.27.0
[INFO] [stderr]    Compiling old_school_gfx_glutin_ext v0.27.0
[INFO] [stderr]    Compiling LibnoneR v0.1.0 (/opt/rustwide/workdir)
[INFO] [stdout] error[E0425]: cannot find function `line` in module `graphics`
[INFO] [stdout]   --> src/main.rs:25:19
[INFO] [stdout]    |
[INFO] [stdout] 25 |         graphics::line(ctx, &[start, end], 2.0, color)?;
[INFO] [stdout]    |                   ^^^^ not found in `graphics`
[INFO] [stdout] 
[INFO] [stdout] 
[INFO] [stdout] error[E0603]: type alias `Point2` is private
[INFO] [stdout]   --> src/main.rs:22:31
[INFO] [stdout]    |
[INFO] [stdout] 22 |         let start = graphics::Point2::new(100.0, 100.0);
[INFO] [stdout]    |                               ^^^^^^ private type alias
[INFO] [stdout]    |
[INFO] [stdout] note: the type alias `Point2` is defined here
[INFO] [stdout]   --> /opt/rustwide/cargo-home/registry/src/index.crates.io-1949cf8c6b5b557f/ggez-0.6.1/src/graphics/mod.rs:55:9
[INFO] [stdout]    |
[INFO] [stdout] 55 | pub use crate::graphics::types::*;
[INFO] [stdout]    |         ^^^^^^^^^^^^^^^^^^^^^^
[INFO] [stdout] 
[INFO] [stdout] 
[INFO] [stdout] error[E0603]: type alias `Point2` is private
[INFO] [stdout]   --> src/main.rs:23:29
[INFO] [stdout]    |
[INFO] [stdout] 23 |         let end = graphics::Point2::new(200.0, 200.0);
[INFO] [stdout]    |                             ^^^^^^ private type alias
[INFO] [stdout]    |
[INFO] [stdout] note: the type alias `Point2` is defined here
[INFO] [stdout]   --> /opt/rustwide/cargo-home/registry/src/index.crates.io-1949cf8c6b5b557f/ggez-0.6.1/src/graphics/mod.rs:55:9
[INFO] [stdout]    |
[INFO] [stdout] 55 | pub use crate::graphics::types::*;
[INFO] [stdout]    |         ^^^^^^^^^^^^^^^^^^^^^^
[INFO] [stdout] 
[INFO] [stdout] 
[INFO] [stdout] error[E0107]: missing generics for trait `EventHandler`
[INFO] [stdout]   --> src/main.rs:13:13
[INFO] [stdout]    |
[INFO] [stdout] 13 | impl event::EventHandler for MainState {
[INFO] [stdout]    |             ^^^^^^^^^^^^ expected 1 generic argument
[INFO] [stdout]    |
[INFO] [stdout] note: trait defined here, with 1 generic parameter: `E`
[INFO] [stdout]   --> /opt/rustwide/cargo-home/registry/src/index.crates.io-1949cf8c6b5b557f/ggez-0.6.1/src/event.rs:62:11
[INFO] [stdout]    |
[INFO] [stdout] 62 | pub trait EventHandler<E>
[INFO] [stdout]    |           ^^^^^^^^^^^^ -
[INFO] [stdout] help: add missing generic argument
[INFO] [stdout]    |
[INFO] [stdout] 13 | impl event::EventHandler<E> for MainState {
[INFO] [stdout]    |                         +++
[INFO] [stdout] 
[INFO] [stdout] 
[INFO] [stdout] error[E0308]: arguments to this function are incorrect
[INFO] [stdout]    --> src/main.rs:36:5
[INFO] [stdout]     |
[INFO] [stdout]  36 |     event::run(ctx, event_loop, state)
[INFO] [stdout]     |     ^^^^^^^^^^ --- expected `Context`, found `&mut Context`
[INFO] [stdout]     |
[INFO] [stdout] note: expected `EventLoop<()>`, found `&mut EventLoop<()>`
[INFO] [stdout]    --> src/main.rs:36:21
[INFO] [stdout]     |
[INFO] [stdout]  36 |     event::run(ctx, event_loop, state)
[INFO] [stdout]     |                     ^^^^^^^^^^
[INFO] [stdout]     = note:         expected struct `EventLoop<_>`
[INFO] [stdout]             found mutable reference `&mut EventLoop<_>`
[INFO] [stdout] note: function defined here
[INFO] [stdout]    --> /opt/rustwide/cargo-home/registry/src/index.crates.io-1949cf8c6b5b557f/ggez-0.6.1/src/event.rs:182:8
[INFO] [stdout]     |
[INFO] [stdout] 182 | pub fn run<S: 'static, E>(mut ctx: Context, event_loop: EventLoop<()>, mut state: S) -> !
[INFO] [stdout]     |        ^^^
[INFO] [stdout] 
[INFO] [stdout] 
[INFO] [stdout] Some errors have detailed explanations: E0107, E0308, E0425, E0603.
[INFO] [stdout] 
[INFO] [stdout] For more information about an error, try `rustc --explain E0107`.
[INFO] [stdout] 
[INFO] [stderr] error: could not compile `LibnoneR` (bin "LibnoneR") due to 5 previous errors
[INFO] running `Command { std: "docker" "inspect" "68269fa73eeaa9b8665ee62008385a82cef732e4dd2aed2f1fa9ae005bb6ea20", kill_on_drop: false }`
[INFO] running `Command { std: "docker" "rm" "-f" "68269fa73eeaa9b8665ee62008385a82cef732e4dd2aed2f1fa9ae005bb6ea20", kill_on_drop: false }`
[INFO] [stdout] 68269fa73eeaa9b8665ee62008385a82cef732e4dd2aed2f1fa9ae005bb6ea20
