[INFO] cloning repository https://github.com/genose/genose.org-project20262808-CICS_BMS_ncurses_wysiwyg_editor
[INFO] running `Command { std: "git" "-c" "credential.helper=" "-c" "credential.helper=/workspace/cargo-home/bin/git-credential-null" "clone" "--bare" "https://github.com/genose/genose.org-project20262808-CICS_BMS_ncurses_wysiwyg_editor" "/workspace/cache/git-repos/https%3A%2F%2Fgithub.com%2Fgenose%2Fgenose.org-project20262808-CICS_BMS_ncurses_wysiwyg_editor", kill_on_drop: false }`
[INFO] [stderr] Cloning into bare repository '/workspace/cache/git-repos/https%3A%2F%2Fgithub.com%2Fgenose%2Fgenose.org-project20262808-CICS_BMS_ncurses_wysiwyg_editor'...
[INFO] running `Command { std: "git" "rev-parse" "HEAD", kill_on_drop: false }`
[INFO] [stdout] b5fe5ed2ee1203228e262c55784eb393faef2ced
[INFO] testing genose/genose.org-project20262808-CICS_BMS_ncurses_wysiwyg_editor against 1.99.0-beta.8 for beta-1.100-2
[INFO] running `Command { std: "git" "clone" "/workspace/cache/git-repos/https%3A%2F%2Fgithub.com%2Fgenose%2Fgenose.org-project20262808-CICS_BMS_ncurses_wysiwyg_editor" "/workspace/builds/worker-5-tc1/source", kill_on_drop: false }`
[INFO] [stderr] Cloning into '/workspace/builds/worker-5-tc1/source'...
[INFO] [stderr] done.
[INFO] started tweaking git repo https://github.com/genose/genose.org-project20262808-CICS_BMS_ncurses_wysiwyg_editor
[INFO] finished tweaking git repo https://github.com/genose/genose.org-project20262808-CICS_BMS_ncurses_wysiwyg_editor
[INFO] tweaked toml for git repo https://github.com/genose/genose.org-project20262808-CICS_BMS_ncurses_wysiwyg_editor written to /workspace/builds/worker-5-tc1/source/Cargo.toml
[INFO] validating manifest of git repo https://github.com/genose/genose.org-project20262808-CICS_BMS_ncurses_wysiwyg_editor on toolchain 1.99.0-beta.8
[INFO] running `Command { std: CARGO_HOME="/workspace/cargo-home" RUSTUP_HOME="/workspace/rustup-home" "/workspace/cargo-home/bin/cargo" "+1.99.0-beta.8" "metadata" "--manifest-path" "Cargo.toml" "--no-deps", kill_on_drop: false }`
[INFO] crate git repo https://github.com/genose/genose.org-project20262808-CICS_BMS_ncurses_wysiwyg_editor already has a lockfile, it will not be regenerated
[INFO] running `Command { std: CARGO_HOME="/workspace/cargo-home" RUSTUP_HOME="/workspace/rustup-home" "/workspace/cargo-home/bin/cargo" "+1.99.0-beta.8" "fetch" "--manifest-path" "Cargo.toml", kill_on_drop: false }`
[INFO] [stderr]     Updating crates.io index
[INFO] [stderr]  Downloading crates ...
[INFO] [stderr]   Downloaded either v1.18.0
[INFO] [stderr]   Downloaded instability v0.3.13
[INFO] [stderr]   Downloaded darling v0.24.1
[INFO] [stderr]   Downloaded darling_macro v0.24.1
[INFO] [stderr]   Downloaded equator v0.4.2
[INFO] [stderr]   Downloaded crossbeam-deque v0.8.7
[INFO] [stderr]   Downloaded futures-macro v0.3.34
[INFO] [stderr]   Downloaded wasm-bindgen-shared v0.2.127
[INFO] [stderr]   Downloaded as-slice v0.2.1
[INFO] [stderr]   Downloaded zune-core v0.5.3
[INFO] [stderr]   Downloaded loop9 v0.1.5
[INFO] [stderr]   Downloaded bit_field v0.10.3
[INFO] [stderr]   Downloaded weezl v0.1.12
[INFO] [stderr]   Downloaded ravif v0.13.0
[INFO] [stderr]   Downloaded thiserror-impl v2.0.20
[INFO] [stderr]   Downloaded find-msvc-tools v0.1.11
[INFO] [stderr]   Downloaded interpolate_name v0.2.4
[INFO] [stderr]   Downloaded num-integer v0.1.47
[INFO] [stderr]   Downloaded quick-error v2.0.1
[INFO] [stderr]   Downloaded rgb v0.8.53
[INFO] [stderr]   Downloaded new_debug_unreachable v1.0.6
[INFO] [stderr]   Downloaded maybe-rayon v0.1.1
[INFO] [stderr]   Downloaded aligned v0.4.3
[INFO] [stderr]   Downloaded imgref v1.12.3
[INFO] [stderr]   Downloaded reborrow v0.5.5
[INFO] [stderr]   Downloaded crossbeam-utils v0.8.22
[INFO] [stderr]   Downloaded wasm-bindgen-macro v0.2.127
[INFO] [stderr]   Downloaded profiling v1.0.18
[INFO] [stderr]   Downloaded profiling-procmacros v1.0.18
[INFO] [stderr]   Downloaded noop_proc_macro v0.3.0
[INFO] [stderr]   Downloaded av1-grain v0.2.5
[INFO] [stderr]   Downloaded y4m v0.8.0
[INFO] [stderr]   Downloaded arg_enum_proc_macro v0.3.4
[INFO] [stderr]   Downloaded thiserror v2.0.20
[INFO] [stderr]   Downloaded aligned-vec v0.6.4
[INFO] [stderr]   Downloaded simd_helpers v0.1.0
[INFO] [stderr]   Downloaded pastey v0.1.1
[INFO] [stderr]   Downloaded pulp-wasm-simd-flag v0.1.1
[INFO] [stderr]   Downloaded lebe v0.5.3
[INFO] [stderr]   Downloaded equator-macro v0.4.2
[INFO] [stderr]   Downloaded avif-serialize v0.8.9
[INFO] [stderr]   Downloaded num-complex v0.4.6
[INFO] [stderr]   Downloaded clap_derive v4.6.4
[INFO] [stderr]   Downloaded relative-path v1.9.3
[INFO] [stderr]   Downloaded futures-timer v3.0.4
[INFO] [stderr]   Downloaded fax v0.2.7
[INFO] [stderr]   Downloaded crossbeam-epoch v0.9.20
[INFO] [stderr]   Downloaded wasm-bindgen v0.2.127
[INFO] [stderr]   Downloaded v_frame v0.3.9
[INFO] [stderr]   Downloaded no_std_io2 v0.9.4
[INFO] [stderr]   Downloaded image-webp v0.2.4
[INFO] [stderr]   Downloaded gif v0.14.2
[INFO] [stderr]   Downloaded darling_core v0.24.1
[INFO] [stderr]   Downloaded futures-executor v0.3.34
[INFO] [stderr]   Downloaded crc32fast v1.5.1
[INFO] [stderr]   Downloaded built v0.8.1
[INFO] [stderr]   Downloaded num-rational v0.4.2
[INFO] [stderr]   Downloaded rstest v0.18.2
[INFO] [stderr]   Downloaded rstest_macros v0.18.2
[INFO] [stderr]   Downloaded zune-jpeg v0.5.15
[INFO] [stderr]   Downloaded tiff v0.11.3
[INFO] [stderr]   Downloaded syn v3.0.4
[INFO] [stderr]   Downloaded futures v0.3.34
[INFO] [stderr]   Downloaded wasm-bindgen-macro-support v0.2.127
[INFO] [stderr]   Downloaded rand v0.9.5
[INFO] [stderr]   Downloaded bitstream-io v4.10.0
[INFO] [stderr]   Downloaded clap v4.6.6
[INFO] [stderr]   Downloaded raw-cpuid v11.6.0
[INFO] [stderr]   Downloaded cc v1.4.4
[INFO] [stderr]   Downloaded mio v1.2.2
[INFO] [stderr]   Downloaded zerocopy-derive v0.8.56
[INFO] [stderr]   Downloaded libfuzzer-sys v0.4.13
[INFO] [stderr]   Downloaded png v0.18.1
[INFO] [stderr]   Downloaded itertools v0.14.0
[INFO] [stderr]   Downloaded pulp v0.22.3
[INFO] [stderr]   Downloaded ratatui v0.28.1
[INFO] [stderr]   Downloaded clap_builder v4.6.6
[INFO] [stderr]   Downloaded zlib-rs v0.6.7
[INFO] [stderr]   Downloaded moxcms v0.8.1
[INFO] [stderr]   Downloaded zerocopy v0.8.56
[INFO] [stderr]   Downloaded exr v1.74.2
[INFO] [stderr]   Downloaded image v0.25.10
[INFO] [stderr]   Downloaded av-scenechange v0.14.1
[INFO] [stderr]   Downloaded pxfm v0.1.30
[INFO] [stderr]   Downloaded rav1e v0.8.1
[INFO] running `Command { std: "docker" "create" "-v" "/var/lib/crater-agent-workspace/builds/worker-5-tc1/source:/opt/rustwide/workdir:ro,Z" "-v" "/var/lib/crater-agent-workspace/builds/worker-5-tc1/target:/opt/rustwide/target:rw,Z" "-v" "/var/lib/crater-agent-workspace/cargo-home:/opt/rustwide/cargo-home:ro,Z" "-v" "/var/lib/crater-agent-workspace/rustup-home:/opt/rustwide/rustup-home:ro,Z" "-m" "1610612736" "--network" "none" "ghcr.io/rust-lang/crates-build-env/linux@sha256:3111399a4047eeb3a02b7a90e478d715f38a8c6669b5c4b49d30a17385265909" "sleep" "infinity", kill_on_drop: false }`
[INFO] [stdout] bef2476eb45bbbb4d55ce4ee1da93e47b2ce0a14dcb5b953f169d553b8a90e5e
[INFO] running `Command { std: "docker" "start" "bef2476eb45bbbb4d55ce4ee1da93e47b2ce0a14dcb5b953f169d553b8a90e5e", kill_on_drop: false }`
[INFO] running `Command { std: "docker" "inspect" "bef2476eb45bbbb4d55ce4ee1da93e47b2ce0a14dcb5b953f169d553b8a90e5e", kill_on_drop: false }`
[INFO] running `Command { std: "docker" "exec" "-e" "SOURCE_DIR=/opt/rustwide/workdir" "-e" "CARGO_HOME=/opt/rustwide/cargo-home" "-e" "RUSTUP_HOME=/opt/rustwide/rustup-home" "-e" "CARGO_TARGET_DIR=/opt/rustwide/target" "-w" "/opt/rustwide/workdir" "--user" "0:0" "bef2476eb45bbbb4d55ce4ee1da93e47b2ce0a14dcb5b953f169d553b8a90e5e" "/opt/rustwide/cargo-home/bin/cargo" "+1.99.0-beta.8" "metadata" "--no-deps" "--format-version=1", kill_on_drop: false }`
[INFO] running `Command { std: "docker" "inspect" "bef2476eb45bbbb4d55ce4ee1da93e47b2ce0a14dcb5b953f169d553b8a90e5e", kill_on_drop: false }`
[INFO] running `Command { std: "docker" "exec" "-e" "SOURCE_DIR=/opt/rustwide/workdir" "-e" "CARGO_HOME=/opt/rustwide/cargo-home" "-e" "RUSTUP_HOME=/opt/rustwide/rustup-home" "-e" "CARGO_TARGET_DIR=/opt/rustwide/target" "-e" "CARGO_INCREMENTAL=0" "-e" "RUST_BACKTRACE=full" "-e" "RUSTFLAGS=--cap-lints=warn" "-e" "RUSTDOCFLAGS=--cap-lints=warn" "-w" "/opt/rustwide/workdir" "--user" "0:0" "bef2476eb45bbbb4d55ce4ee1da93e47b2ce0a14dcb5b953f169d553b8a90e5e" "/opt/rustwide/cargo-home/bin/cargo" "+1.99.0-beta.8" "build" "--frozen" "--message-format=json", kill_on_drop: false }`
[INFO] [stderr]    Compiling proc-macro2 v1.0.107
[INFO] [stderr]    Compiling quote v1.0.47
[INFO] [stderr]    Compiling unicode-ident v1.0.24
[INFO] [stderr]    Compiling cfg-if v1.0.4
[INFO] [stderr]    Compiling autocfg v1.5.1
[INFO] [stderr]    Compiling libc v0.2.189
[INFO] [stderr]    Compiling crossbeam-utils v0.8.22
[INFO] [stderr]    Compiling crossbeam-epoch v0.9.20
[INFO] [stderr]    Compiling log v0.4.34
[INFO] [stderr]    Compiling bitflags v2.13.1
[INFO] [stderr]    Compiling either v1.18.0
[INFO] [stderr]    Compiling crossbeam-deque v0.8.7
[INFO] [stderr]    Compiling simd-adler32 v0.3.10
[INFO] [stderr]    Compiling rayon-core v1.13.0
[INFO] [stderr]    Compiling memchr v2.8.3
[INFO] [stderr]    Compiling paste v1.0.15
[INFO] [stderr]    Compiling adler2 v2.0.1
[INFO] [stderr]    Compiling smallvec v1.15.2
[INFO] [stderr]    Compiling anyhow v1.0.104
[INFO] [stderr]    Compiling arrayvec v0.7.8
[INFO] [stderr]    Compiling thiserror v2.0.20
[INFO] [stderr]    Compiling crc32fast v1.5.1
[INFO] [stderr]    Compiling stable_deref_trait v1.2.1
[INFO] [stderr]    Compiling zerocopy v0.8.56
[INFO] [stderr]    Compiling rustversion v1.0.23
[INFO] [stderr]    Compiling built v0.8.1
[INFO] [stderr]    Compiling as-slice v0.2.1
[INFO] [stderr]    Compiling unicode-segmentation v1.13.3
[INFO] [stderr]    Compiling av-scenechange v0.14.1
[INFO] [stderr]    Compiling libm v0.2.16
[INFO] [stderr]    Compiling signal-hook v0.3.18
[INFO] [stderr]    Compiling parking_lot_core v0.9.12
[INFO] [stderr]    Compiling bytemuck v1.25.2
[INFO] [stderr]    Compiling pulp v0.22.3
[INFO] [stderr]    Compiling num-traits v0.2.19
[INFO] [stderr]    Compiling aligned v0.4.3
[INFO] [stderr]    Compiling miniz_oxide v0.9.1
[INFO] [stderr]    Compiling y4m v0.8.0
[INFO] [stderr]    Compiling quick-error v2.0.1
[INFO] [stderr]    Compiling pastey v0.1.1
[INFO] [stderr]    Compiling serde_core v1.0.229
[INFO] [stderr]    Compiling lock_api v0.4.14
[INFO] [stderr]    Compiling rav1e v0.8.1
[INFO] [stderr]    Compiling no_std_io2 v0.9.4
[INFO] [stderr]    Compiling nom v8.0.0
[INFO] [stderr]    Compiling bitstream-io v4.10.0
[INFO] [stderr]    Compiling itertools v0.14.0
[INFO] [stderr]    Compiling raw-cpuid v11.6.0
[INFO] [stderr]    Compiling miniz_oxide v0.8.9
[INFO] [stderr]    Compiling itoa v1.0.18
[INFO] [stderr]    Compiling reborrow v0.5.5
[INFO] [stderr]    Compiling syn v2.0.119
[INFO] [stderr]    Compiling syn v3.0.4
[INFO] [stderr]    Compiling simd_helpers v0.1.0
[INFO] [stderr]    Compiling imgref v1.12.3
[INFO] [stderr]    Compiling pulp-wasm-simd-flag v0.1.1
[INFO] [stderr]    Compiling new_debug_unreachable v1.0.6
[INFO] [stderr]    Compiling zmij v1.0.23
[INFO] [stderr]    Compiling zune-core v0.5.3
[INFO] [stderr]    Compiling rustix v0.38.44
[INFO] [stderr]    Compiling utf8parse v0.2.2
[INFO] [stderr]    Compiling noop_proc_macro v0.3.0
[INFO] [stderr]    Compiling weezl v0.1.12
[INFO] [stderr]    Compiling flate2 v1.1.10
[INFO] [stderr]    Compiling zune-jpeg v0.5.15
[INFO] [stderr]    Compiling anstyle-parse v1.0.0
[INFO] [stderr]    Compiling loop9 v0.1.5
[INFO] [stderr]    Compiling rayon v1.12.0
[INFO] [stderr]    Compiling convert_case v0.10.0
[INFO] [stderr]    Compiling avif-serialize v0.8.9
[INFO] [stderr]    Compiling num-integer v0.1.47
[INFO] [stderr]    Compiling num-complex v0.4.6
[INFO] [stderr]    Compiling num-bigint v0.4.8
[INFO] [stderr]    Compiling errno v0.3.14
[INFO] [stderr]    Compiling mio v1.2.2
[INFO] [stderr]    Compiling signal-hook-registry v1.4.8
[INFO] [stderr]    Compiling parking_lot v0.12.5
[INFO] [stderr]    Compiling fdeflate v0.3.7
[INFO] [stderr]    Compiling zune-inflate v0.2.54
[INFO] [stderr]    Compiling rustix v1.1.4
[INFO] [stderr]    Compiling serde v1.0.229
[INFO] [stderr]    Compiling colorchoice v1.0.5
[INFO] [stderr]    Compiling color_quant v1.1.0
[INFO] [stderr]    Compiling byteorder-lite v0.1.0
[INFO] [stderr]    Compiling linux-raw-sys v0.4.15
[INFO] [stderr]    Compiling foldhash v0.1.5
[INFO] [stderr]    Compiling bit_field v0.10.3
[INFO] [stderr]    Compiling signal-hook-mio v0.2.5
[INFO] [stderr]    Compiling rgb v0.8.53
[INFO] [stderr]    Compiling anstyle v1.0.14
[INFO] [stderr]    Compiling is_terminal_polyfill v1.70.2
[INFO] [stderr]    Compiling anstyle-query v1.1.5
[INFO] [stderr]    Compiling serde_json v1.0.151
[INFO] [stderr]    Compiling fax v0.2.7
[INFO] [stderr]    Compiling pxfm v0.1.30
[INFO] [stderr]    Compiling instability v0.3.13
[INFO] [stderr]    Compiling lebe v0.5.3
[INFO] [stderr]    Compiling allocator-api2 v0.2.21
[INFO] [stderr]    Compiling anstream v1.0.0
[INFO] [stderr]    Compiling image-webp v0.2.4
[INFO] [stderr]    Compiling gif v0.14.2
[INFO] [stderr]    Compiling png v0.18.1
[INFO] [stderr]    Compiling castaway v0.2.4
[INFO] [stderr]    Compiling hashbrown v0.15.5
[INFO] [stderr]    Compiling qoi v0.4.1
[INFO] [stderr]    Compiling itertools v0.13.0
[INFO] [stderr]    Compiling unicode-width v0.1.14
[INFO] [stderr]    Compiling litrs v1.0.0
[INFO] [stderr]    Compiling clap_lex v1.1.0
[INFO] [stderr]    Compiling linux-raw-sys v0.12.1
[INFO] [stderr]    Compiling num-rational v0.4.2
[INFO] [stderr]    Compiling maybe-rayon v0.1.1
[INFO] [stderr]    Compiling minimal-lexical v0.2.1
[INFO] [stderr]    Compiling indoc v2.0.7
[INFO] [stderr]    Compiling static_assertions v1.1.0
[INFO] [stderr]    Compiling ryu v1.0.23
[INFO] [stderr]    Compiling crossterm v0.28.1
[INFO] [stderr]    Compiling compact_str v0.8.2
[INFO] [stderr]    Compiling nom v7.1.3
[INFO] [stderr]    Compiling document-features v0.2.12
[INFO] [stderr]    Compiling clap_builder v4.6.6
[INFO] [stderr]    Compiling lru v0.12.5
[INFO] [stderr]    Compiling cassowary v0.3.0
[INFO] [stderr]    Compiling futures-core v0.3.34
[INFO] [stderr]    Compiling unicode-truncate v1.1.0
[INFO] [stderr]    Compiling equator-macro v0.4.2
[INFO] [stderr]    Compiling zerocopy-derive v0.8.56
[INFO] [stderr]    Compiling arg_enum_proc_macro v0.3.4
[INFO] [stderr]    Compiling profiling-procmacros v1.0.18
[INFO] [stderr]    Compiling num-derive v0.4.2
[INFO] [stderr]    Compiling strum_macros v0.26.4
[INFO] [stderr]    Compiling thiserror-impl v1.0.69
[INFO] [stderr]    Compiling derive_more-impl v2.1.1
[INFO] [stderr]    Compiling moxcms v0.8.1
[INFO] [stderr]    Compiling profiling v1.0.18
[INFO] [stderr]    Compiling darling_core v0.24.1
[INFO] [stderr]    Compiling equator v0.4.2
[INFO] [stderr]    Compiling derive_more v2.1.1
[INFO] [stderr]    Compiling crossterm v0.29.0
[INFO] [stderr]    Compiling aligned-vec v0.6.4
[INFO] [stderr]    Compiling v_frame v0.3.9
[INFO] [stderr]    Compiling thiserror v1.0.69
[INFO] [stderr]    Compiling av1-grain v0.2.5
[INFO] [stderr]    Compiling thiserror-impl v2.0.20
[INFO] [stderr]    Compiling serde_derive v1.0.229
[INFO] [stderr]    Compiling clap_derive v4.6.4
[INFO] [stderr]    Compiling strum v0.26.3
[INFO] [stderr]    Compiling clap v4.6.6
[INFO] [stderr]    Compiling darling_macro v0.24.1
[INFO] [stderr]    Compiling darling v0.24.1
[INFO] [stderr]    Compiling ratatui v0.28.1
[INFO] [stderr]    Compiling half v2.7.1
[INFO] [stderr]    Compiling exr v1.74.2
[INFO] [stderr]    Compiling tiff v0.11.3
[INFO] [stderr]    Compiling ravif v0.13.0
[INFO] [stderr]    Compiling image v0.25.10
[INFO] [stderr]    Compiling cobol-bms-core v0.1.0 (/opt/rustwide/workdir/core)
[INFO] [stdout] warning: fields `magic`, `version`, `total_length`, `map_type`, and `reserved` are never read
[INFO] [stdout]   --> core/src/bms/binary_parser.rs:36:5
[INFO] [stdout]    |
[INFO] [stdout] 34 | struct BmsLoadHeader {
[INFO] [stdout]    |        ------------- fields in this struct
[INFO] [stdout] 35 |     /// Magic number identifying this as a BMS load module
[INFO] [stdout] 36 |     magic: [u8; 3],
[INFO] [stdout]    |     ^^^^^
[INFO] [stdout] 37 |     /// Version of the BMS format
[INFO] [stdout] 38 |     version: u8,
[INFO] [stdout]    |     ^^^^^^^
[INFO] [stdout] ...
[INFO] [stdout] 42 |     total_length: u32,
[INFO] [stdout]    |     ^^^^^^^^^^^^
[INFO] [stdout] ...
[INFO] [stdout] 48 |     map_type: u8,
[INFO] [stdout]    |     ^^^^^^^^
[INFO] [stdout] 49 |     /// Reserved bytes
[INFO] [stdout] 50 |     reserved: [u8; 3],
[INFO] [stdout]    |     ^^^^^^^^
[INFO] [stdout]    |
[INFO] [stdout]    = note: `BmsLoadHeader` has a derived impl for the trait `Debug`, but this is intentionally ignored during dead code analysis
[INFO] [stdout]    = note: `#[warn(dead_code)]` (part of `#[warn(unused)]`) on by default
[INFO] [stdout] 
[INFO] [stdout] 
[INFO] [stdout] warning: field `initial_len` is never read
[INFO] [stdout]    --> core/src/bms/binary_parser.rs:184:5
[INFO] [stdout]     |
[INFO] [stdout] 172 | struct BmsFieldDescriptor {
[INFO] [stdout]     |        ------------------ field in this struct
[INFO] [stdout] ...
[INFO] [stdout] 184 |     initial_len: u16,
[INFO] [stdout]     |     ^^^^^^^^^^^
[INFO] [stdout]     |
[INFO] [stdout]     = note: `BmsFieldDescriptor` has a derived impl for the trait `Debug`, but this is intentionally ignored during dead code analysis
[INFO] [stdout] 
[INFO] [stdout] 
[INFO] [stderr]    Compiling cobol-bms-cli v0.1.0 (/opt/rustwide/workdir/cli)
[INFO] [stdout] warning: unused imports: `BorderCharSet`, `BorderChars`, `BorderStyle`, `Color`, `FieldAttributes`, `FillChar`, `Footer`, `Marker`, `Position`, `PrefixSuffix`, `PropertyValue`, `TextAlign`, `TextStyle`, `VerticalAlign`, and `VerticalMargin`
[INFO] [stdout]     --> cli/src/types.rs:1069:51
[INFO] [stdout]      |
[INFO] [stdout] 1069 | ...ts::{ObjectDefinitions, GuiPropertyInfo, PropertyValue},
[INFO] [stdout]      |                                             ^^^^^^^^^^^^^
[INFO] [stdout] 1070 | ..._types::BmsFieldType,
[INFO] [stdout] 1071 | ...::{Color, BorderStyle, TextAlign, VerticalAlign, FillChar, TextStyle, Marker, PrefixSuffix, Footer, FieldAttributes, BorderCharSet, BorderChars, Position, VerticalMargin},
[INFO] [stdout]      |       ^^^^^  ^^^^^^^^^^^  ^^^^^^^^^  ^^^^^^^^^^^^^  ^^^^^^^^  ^^^^^^^^^  ^^^^^^  ^^^^^^^^^^^^  ^^^^^^  ^^^^^^^^^^^^^^^  ^^^^^^^^^^^^^  ^^^^^^^^^^^  ^^^^^^^^  ^^^^^^^^^^^^^^
[INFO] [stdout]      |
[INFO] [stdout]      = note: `#[warn(unused_imports)]` (part of `#[warn(unused)]`) on by default
[INFO] [stdout] 
[INFO] [stdout] 
[INFO] [stdout] warning: unused import: `crate::combo_keys::ComboKeyManager`
[INFO] [stdout]   --> cli/src/views/combo_key_help.rs:14:5
[INFO] [stdout]    |
[INFO] [stdout] 14 | use crate::combo_keys::ComboKeyManager;
[INFO] [stdout]    |     ^^^^^^^^^^^^^^^^^^^^^^^^^^^^^^^^^^
[INFO] [stdout] 
[INFO] [stdout] 
[INFO] [stdout] warning: unused imports: `BmsEditor` and `create_default_map`
[INFO] [stdout]  --> cli/src/views/edit_mode.rs:6:22
[INFO] [stdout]   |
[INFO] [stdout] 6 | use cobol_bms_core::{BmsEditor, EditorMode, CursorDirection, ResizeDirection, create_default_map};
[INFO] [stdout]   |                      ^^^^^^^^^                                                ^^^^^^^^^^^^^^^^^^
[INFO] [stdout] 
[INFO] [stdout] 
[INFO] [stdout] warning: unused import: `std::path::PathBuf`
[INFO] [stdout]    --> cli/src/views/image_import_dialog.rs:141:9
[INFO] [stdout]     |
[INFO] [stdout] 141 |     use std::path::PathBuf;
[INFO] [stdout]     |         ^^^^^^^^^^^^^^^^^^
[INFO] [stdout] 
[INFO] [stdout] 
[INFO] [stdout] warning: unused import: `cobol_bms_core::model::Color`
[INFO] [stdout]    --> cli/src/views/image_import_dialog.rs:142:9
[INFO] [stdout]     |
[INFO] [stdout] 142 |     use cobol_bms_core::model::Color;
[INFO] [stdout]     |         ^^^^^^^^^^^^^^^^^^^^^^^^^^^^
[INFO] [stdout] 
[INFO] [stdout] 
[INFO] [stdout] warning: unused imports: `Color as TuiColor` and `Style`
[INFO] [stdout]   --> cli/src/views/insert_position_dialog.rs:11:22
[INFO] [stdout]    |
[INFO] [stdout] 11 | use ratatui::style::{Style, Color as TuiColor};
[INFO] [stdout]    |                      ^^^^^  ^^^^^^^^^^^^^^^^^
[INFO] [stdout] 
[INFO] [stdout] 
[INFO] [stdout] warning: unused import: `crate::types::InsertableObject`
[INFO] [stdout]   --> cli/src/views/insert_position_dialog.rs:14:5
[INFO] [stdout]    |
[INFO] [stdout] 14 | use crate::types::InsertableObject;
[INFO] [stdout]    |     ^^^^^^^^^^^^^^^^^^^^^^^^^^^^^^
[INFO] [stdout] 
[INFO] [stdout] 
[INFO] [stdout] warning: unused import: `crate::ActivePanel`
[INFO] [stdout]   --> cli/src/views/ui.rs:14:5
[INFO] [stdout]    |
[INFO] [stdout] 14 | use crate::ActivePanel;
[INFO] [stdout]    |     ^^^^^^^^^^^^^^^^^^
[INFO] [stdout] 
[INFO] [stdout] 
[INFO] [stdout] warning: unused import: `crate::types::get_object_definitions_properties_for_field`
[INFO] [stdout]   --> cli/src/views/properties_mode.rs:10:5
[INFO] [stdout]    |
[INFO] [stdout] 10 | use crate::types::get_object_definitions_properties_for_field;
[INFO] [stdout]    |     ^^^^^^^^^^^^^^^^^^^^^^^^^^^^^^^^^^^^^^^^^^^^^^^^^^^^^^^^^
[INFO] [stdout] 
[INFO] [stdout] 
[INFO] [stdout] warning: unused import: `FileFilter`
[INFO] [stdout]   --> cli/src/views/open_dialog.rs:16:20
[INFO] [stdout]    |
[INFO] [stdout] 16 | use crate::types::{FileFilter, scan_directory_files_with_filter};
[INFO] [stdout]    |                    ^^^^^^^^^^
[INFO] [stdout] 
[INFO] [stdout] 
[INFO] [stdout] warning: unused import: `std::collections::HashMap`
[INFO] [stdout]   --> cli/src/views/canvas.rs:12:5
[INFO] [stdout]    |
[INFO] [stdout] 12 | use std::collections::HashMap;
[INFO] [stdout]    |     ^^^^^^^^^^^^^^^^^^^^^^^^^
[INFO] [stdout] 
[INFO] [stdout] 
[INFO] [stdout] warning: unused import: `FieldAttribute`
[INFO] [stdout]   --> cli/src/views/canvas.rs:14:43
[INFO] [stdout]    |
[INFO] [stdout] 14 | use cobol_bms_core::{BmsField, FieldType, FieldAttribute};
[INFO] [stdout]    |                                           ^^^^^^^^^^^^^^
[INFO] [stdout] 
[INFO] [stdout] 
[INFO] [stdout] warning: unused import: `crate::types::InsertableObject`
[INFO] [stdout]   --> cli/src/views/canvas.rs:16:5
[INFO] [stdout]    |
[INFO] [stdout] 16 | use crate::types::InsertableObject;
[INFO] [stdout]    |     ^^^^^^^^^^^^^^^^^^^^^^^^^^^^^^
[INFO] [stdout] 
[INFO] [stdout] 
[INFO] [stdout] warning: unused import: `AppMode`
[INFO] [stdout]   --> cli/src/views/canvas.rs:17:18
[INFO] [stdout]    |
[INFO] [stdout] 17 | use crate::{App, AppMode, ActivePanel};
[INFO] [stdout]    |                  ^^^^^^^
[INFO] [stdout] 
[INFO] [stdout] 
[INFO] [stdout] warning: unused import: `to_bms_field_type`
[INFO] [stdout]   --> cli/src/views/sidebar.rs:13:68
[INFO] [stdout]    |
[INFO] [stdout] 13 | use crate::types::{InsertableObject, get_objects_with_definitions, to_bms_field_type};
[INFO] [stdout]    |                                                                    ^^^^^^^^^^^^^^^^^
[INFO] [stdout] 
[INFO] [stdout] 
[INFO] [stdout] warning: unused import: `cobol_bms_core::bms::objects::OBJECTS_DEFINITIONS`
[INFO] [stdout]   --> cli/src/views/sidebar.rs:16:5
[INFO] [stdout]    |
[INFO] [stdout] 16 | use cobol_bms_core::bms::objects::OBJECTS_DEFINITIONS;
[INFO] [stdout]    |     ^^^^^^^^^^^^^^^^^^^^^^^^^^^^^^^^^^^^^^^^^^^^^^^^^
[INFO] [stdout] 
[INFO] [stdout] 
[INFO] [stdout] warning: unused imports: `InsertableObject` and `to_bms_field_type`
[INFO] [stdout]   --> cli/src/views/object_definitions_properties.rs:18:65
[INFO] [stdout]    |
[INFO] [stdout] 18 | use crate::types::{get_object_definitions_properties_for_field, to_bms_field_type, InsertableObject};
[INFO] [stdout]    |                                                                 ^^^^^^^^^^^^^^^^^  ^^^^^^^^^^^^^^^^
[INFO] [stdout] 
[INFO] [stdout] 
[INFO] [stdout] warning: unused imports: `ControlType`, `GuiFieldType`, and `PropertyValue`
[INFO] [stdout]   --> cli/src/views/object_definitions_properties.rs:19:71
[INFO] [stdout]    |
[INFO] [stdout] 19 | use cobol_bms_core::bms::objects::{PropertyCategory, GuiPropertyInfo, PropertyValue, GuiFieldType, ControlType};
[INFO] [stdout]    |                                                                       ^^^^^^^^^^^^^  ^^^^^^^^^^^^  ^^^^^^^^^^^
[INFO] [stdout] 
[INFO] [stdout] 
[INFO] [stdout] warning: use of deprecated method `ratatui::Frame::<'_>::set_cursor`: the method set_cursor_position indicates more clearly what about the cursor to set
[INFO] [stdout]    --> cli/src/views/canvas.rs:401:15
[INFO] [stdout]     |
[INFO] [stdout] 401 |             f.set_cursor(
[INFO] [stdout]     |               ^^^^^^^^^^
[INFO] [stdout]     |
[INFO] [stdout]     = note: `#[warn(deprecated)]` on by default
[INFO] [stdout] 
[INFO] [stdout] 
[INFO] [stdout] error[E0277]: `Option<cobol_bms_core::Color>` doesn't implement `std::fmt::Display`
[INFO] [stdout]    --> cli/src/views/object_definitions_properties.rs:414:45
[INFO] [stdout]     |
[INFO] [stdout] 414 |         "field_text_color" => format!("{}", field.text_color),
[INFO] [stdout]     |                                        --   ^^^^^^^^^^^^^^^^ `Option<cobol_bms_core::Color>` cannot be formatted with the default formatter
[INFO] [stdout]     |                                        |
[INFO] [stdout]     |                                        required by this formatting parameter
[INFO] [stdout]     |
[INFO] [stdout]     = help: the trait `std::fmt::Display` is not implemented for `Option<cobol_bms_core::Color>`
[INFO] [stdout]     = note: in format strings you may be able to use `{:?}` (or `{:#?}` for pretty-print) instead
[INFO] [stdout] 
[INFO] [stdout] 
[INFO] [stdout] error[E0609]: no field `field_in_edit_mode` on type `&Vec<FieldAttribute>`
[INFO] [stdout]    --> cli/src/views/object_definitions_properties.rs:419:22
[INFO] [stdout]     |
[INFO] [stdout] 419 |             if attrs.field_in_edit_mode { parts.push("EDIT"); }
[INFO] [stdout]     |                      ^^^^^^^^^^^^^^^^^^ unknown field
[INFO] [stdout] 
[INFO] [stdout] 
[INFO] [stdout] error[E0609]: no field `field_visible` on type `&Vec<FieldAttribute>`
[INFO] [stdout]    --> cli/src/views/object_definitions_properties.rs:420:22
[INFO] [stdout]     |
[INFO] [stdout] 420 |             if attrs.field_visible { parts.push("VISIBLE"); }
[INFO] [stdout]     |                      ^^^^^^^^^^^^^ unknown field
[INFO] [stdout] 
[INFO] [stdout] 
[INFO] [stdout] error[E0609]: no field `field_required` on type `&Vec<FieldAttribute>`
[INFO] [stdout]    --> cli/src/views/object_definitions_properties.rs:421:22
[INFO] [stdout]     |
[INFO] [stdout] 421 |             if attrs.field_required { parts.push("REQUIRED"); }
[INFO] [stdout]     |                      ^^^^^^^^^^^^^^ unknown field
[INFO] [stdout] 
[INFO] [stdout] 
[INFO] [stdout] error[E0609]: no field `field_has_error` on type `&Vec<FieldAttribute>`
[INFO] [stdout]    --> cli/src/views/object_definitions_properties.rs:422:22
[INFO] [stdout]     |
[INFO] [stdout] 422 |             if attrs.field_has_error { parts.push("ERROR"); }
[INFO] [stdout]     |                      ^^^^^^^^^^^^^^^ unknown field
[INFO] [stdout] 
[INFO] [stdout] 
[INFO] [stdout] error[E0609]: no field `field_selected` on type `&Vec<FieldAttribute>`
[INFO] [stdout]    --> cli/src/views/object_definitions_properties.rs:423:22
[INFO] [stdout]     |
[INFO] [stdout] 423 |             if attrs.field_selected { parts.push("SELECTED"); }
[INFO] [stdout]     |                      ^^^^^^^^^^^^^^ unknown field
[INFO] [stdout] 
[INFO] [stdout] 
[INFO] [stdout] error[E0609]: no field `field_focused` on type `&Vec<FieldAttribute>`
[INFO] [stdout]    --> cli/src/views/object_definitions_properties.rs:424:22
[INFO] [stdout]     |
[INFO] [stdout] 424 |             if attrs.field_focused { parts.push("FOCUSED"); }
[INFO] [stdout]     |                      ^^^^^^^^^^^^^ unknown field
[INFO] [stdout] 
[INFO] [stdout] 
[INFO] [stdout] error[E0609]: no field `field_highlighted` on type `&Vec<FieldAttribute>`
[INFO] [stdout]    --> cli/src/views/object_definitions_properties.rs:425:22
[INFO] [stdout]     |
[INFO] [stdout] 425 |             if attrs.field_highlighted { parts.push("HIGHLIGHTED"); }
[INFO] [stdout]     |                      ^^^^^^^^^^^^^^^^^ unknown field
[INFO] [stdout] 
[INFO] [stdout] 
[INFO] [stdout] error[E0609]: no field `field_hidden` on type `&Vec<FieldAttribute>`
[INFO] [stdout]    --> cli/src/views/object_definitions_properties.rs:426:22
[INFO] [stdout]     |
[INFO] [stdout] 426 |             if attrs.field_hidden { parts.push("HIDDEN"); }
[INFO] [stdout]     |                      ^^^^^^^^^^^^ unknown field
[INFO] [stdout] 
[INFO] [stdout] 
[INFO] [stdout] error[E0609]: no field `field_enabled` on type `&Vec<FieldAttribute>`
[INFO] [stdout]    --> cli/src/views/object_definitions_properties.rs:427:22
[INFO] [stdout]     |
[INFO] [stdout] 427 |             if attrs.field_enabled { parts.push("ENABLED"); }
[INFO] [stdout]     |                      ^^^^^^^^^^^^^ unknown field
[INFO] [stdout] 
[INFO] [stdout] 
[INFO] [stdout] error[E0609]: no field `field_readonly` on type `&Vec<FieldAttribute>`
[INFO] [stdout]    --> cli/src/views/object_definitions_properties.rs:428:22
[INFO] [stdout]     |
[INFO] [stdout] 428 |             if attrs.field_readonly { parts.push("READONLY"); }
[INFO] [stdout]     |                      ^^^^^^^^^^^^^^ unknown field
[INFO] [stdout] 
[INFO] [stdout] 
[INFO] [stdout] error[E0609]: no field `field_protected` on type `&Vec<FieldAttribute>`
[INFO] [stdout]    --> cli/src/views/object_definitions_properties.rs:429:22
[INFO] [stdout]     |
[INFO] [stdout] 429 |             if attrs.field_protected { parts.push("PROTECTED"); }
[INFO] [stdout]     |                      ^^^^^^^^^^^^^^^ unknown field
[INFO] [stdout] 
[INFO] [stdout] 
[INFO] [stdout] error[E0609]: no field `field_numeric` on type `&Vec<FieldAttribute>`
[INFO] [stdout]    --> cli/src/views/object_definitions_properties.rs:430:22
[INFO] [stdout]     |
[INFO] [stdout] 430 |             if attrs.field_numeric { parts.push("NUMERIC"); }
[INFO] [stdout]     |                      ^^^^^^^^^^^^^ unknown field
[INFO] [stdout] 
[INFO] [stdout] 
[INFO] [stdout] warning: unreachable pattern
[INFO] [stdout]   --> cli/src/types.rs:65:9
[INFO] [stdout]    |
[INFO] [stdout] 62 |         PhysicalMap | SymbolicMap | MapSet => 1,
[INFO] [stdout]    |         ---------------------------------- matches all the relevant values
[INFO] [stdout] ...
[INFO] [stdout] 65 |         SymbolicMap | PhysicalMap => 1,
[INFO] [stdout]    |         ^^^^^^^^^^^^^^^^^^^^^^^^^ no value can reach this
[INFO] [stdout]    |
[INFO] [stdout]    = note: `#[warn(unreachable_patterns)]` (part of `#[warn(unused)]`) on by default
[INFO] [stdout] 
[INFO] [stdout] 
[INFO] [stdout] warning: unreachable pattern
[INFO] [stdout]    --> cli/src/types.rs:560:21
[INFO] [stdout]     |
[INFO] [stdout] 560 |                     _ => DecorationType::Brackets,
[INFO] [stdout]     |                     ^ no value can reach this
[INFO] [stdout]     |
[INFO] [stdout] note: multiple earlier patterns match some of the same values
[INFO] [stdout]    --> cli/src/types.rs:560:21
[INFO] [stdout]     |
[INFO] [stdout] 552 |                     Some(DecorationType::Brackets) => if increase { DecorationType::Parentheses } else { DecorationType::Equals },
[INFO] [stdout]     |                     ------------------------------ matches some of the same values
[INFO] [stdout] 553 |                     Some(DecorationType::Parentheses) => if increase { DecorationType::Plus } else { DecorationType::Brackets },
[INFO] [stdout]     |                     --------------------------------- matches some of the same values
[INFO] [stdout] 554 |                     Some(DecorationType::Plus) => if increase { DecorationType::Asterisk } else { DecorationType::Parentheses },
[INFO] [stdout]     |                     -------------------------- matches some of the same values
[INFO] [stdout] 555 |                     Some(DecorationType::Asterisk) => if increase { DecorationType::Hash } else { DecorationType::Plus },
[INFO] [stdout]     |                     ------------------------------ matches some of the same values
[INFO] [stdout] ...
[INFO] [stdout] 560 |                     _ => DecorationType::Brackets,
[INFO] [stdout]     |                     ^ ...and 4 other patterns collectively make this unreachable
[INFO] [stdout] 
[INFO] [stdout] 
[INFO] [stdout] warning: unreachable pattern
[INFO] [stdout]    --> cli/src/types.rs:573:21
[INFO] [stdout]     |
[INFO] [stdout] 573 |                     _ => DecorationType::Dashes,
[INFO] [stdout]     |                     ^ no value can reach this
[INFO] [stdout]     |
[INFO] [stdout] note: multiple earlier patterns match some of the same values
[INFO] [stdout]    --> cli/src/types.rs:573:21
[INFO] [stdout]     |
[INFO] [stdout] 565 |                     Some(DecorationType::Brackets) => if increase { DecorationType::Parentheses } else { DecorationType::Equals },
[INFO] [stdout]     |                     ------------------------------ matches some of the same values
[INFO] [stdout] 566 |                     Some(DecorationType::Parentheses) => if increase { DecorationType::Plus } else { DecorationType::Brackets },
[INFO] [stdout]     |                     --------------------------------- matches some of the same values
[INFO] [stdout] 567 |                     Some(DecorationType::Plus) => if increase { DecorationType::Asterisk } else { DecorationType::Parentheses },
[INFO] [stdout]     |                     -------------------------- matches some of the same values
[INFO] [stdout] 568 |                     Some(DecorationType::Asterisk) => if increase { DecorationType::Hash } else { DecorationType::Plus },
[INFO] [stdout]     |                     ------------------------------ matches some of the same values
[INFO] [stdout] ...
[INFO] [stdout] 573 |                     _ => DecorationType::Dashes,
[INFO] [stdout]     |                     ^ ...and 4 other patterns collectively make this unreachable
[INFO] [stdout] 
[INFO] [stdout] 
[INFO] [stdout] warning: unreachable pattern
[INFO] [stdout]    --> cli/src/types.rs:594:21
[INFO] [stdout]     |
[INFO] [stdout] 594 |                     _ => DecorationType::Brackets,
[INFO] [stdout]     |                     ^ no value can reach this
[INFO] [stdout]     |
[INFO] [stdout] note: multiple earlier patterns match some of the same values
[INFO] [stdout]    --> cli/src/types.rs:594:21
[INFO] [stdout]     |
[INFO] [stdout] 586 |                     Some(DecorationType::Brackets) => if increase { DecorationType::Parentheses } else { DecorationType::Equals },
[INFO] [stdout]     |                     ------------------------------ matches some of the same values
[INFO] [stdout] 587 |                     Some(DecorationType::Parentheses) => if increase { DecorationType::Plus } else { DecorationType::Brackets },
[INFO] [stdout]     |                     --------------------------------- matches some of the same values
[INFO] [stdout] 588 |                     Some(DecorationType::Plus) => if increase { DecorationType::Asterisk } else { DecorationType::Parentheses },
[INFO] [stdout]     |                     -------------------------- matches some of the same values
[INFO] [stdout] 589 |                     Some(DecorationType::Asterisk) => if increase { DecorationType::Hash } else { DecorationType::Plus },
[INFO] [stdout]     |                     ------------------------------ matches some of the same values
[INFO] [stdout] ...
[INFO] [stdout] 594 |                     _ => DecorationType::Brackets,
[INFO] [stdout]     |                     ^ ...and 4 other patterns collectively make this unreachable
[INFO] [stdout] 
[INFO] [stdout] 
[INFO] [stdout] warning: variable does not need to be mutable
[INFO] [stdout]    --> cli/src/views/add_object_dialog.rs:119:25
[INFO] [stdout]     |
[INFO] [stdout] 119 |                     let mut field = obj.create_field(app.editor.cursor_pos);
[INFO] [stdout]     |                         ----^^^^^
[INFO] [stdout]     |                         |
[INFO] [stdout]     |                         help: remove this `mut`
[INFO] [stdout]     |
[INFO] [stdout]     = note: `#[warn(unused_mut)]` (part of `#[warn(unused)]`) on by default
[INFO] [stdout] 
[INFO] [stdout] 
[INFO] [stdout] warning: unused variable: `objects`
[INFO] [stdout]   --> cli/src/views/add_object_dialog.rs:82:9
[INFO] [stdout]    |
[INFO] [stdout] 82 |     let objects = InsertableObject::all();
[INFO] [stdout]    |         ^^^^^^^ help: if this is intentional, prefix it with an underscore: `_objects`
[INFO] [stdout]    |
[INFO] [stdout]    = note: `#[warn(unused_variables)]` (part of `#[warn(unused)]`) on by default
[INFO] [stdout] 
[INFO] [stdout] 
[INFO] [stdout] warning: unreachable pattern
[INFO] [stdout]    --> cli/src/views/utils.rs:204:9
[INFO] [stdout]     |
[INFO] [stdout] 201 |         PhysicalMap | SymbolicMap | MapSet => 1,
[INFO] [stdout]     |         ---------------------------------- matches all the relevant values
[INFO] [stdout] ...
[INFO] [stdout] 204 |         SymbolicMap | PhysicalMap => 1,
[INFO] [stdout]     |         ^^^^^^^^^^^^^^^^^^^^^^^^^ no value can reach this
[INFO] [stdout] 
[INFO] [stdout] 
[INFO] [stdout] warning: value assigned to `current_y` is never read
[INFO] [stdout]   --> cli/src/views/open_dialog.rs:91:9
[INFO] [stdout]    |
[INFO] [stdout] 91 |         current_y += 1;
[INFO] [stdout]    |         ^^^^^^^^^^^^^^
[INFO] [stdout]    |
[INFO] [stdout]    = help: maybe it is overwritten before being read?
[INFO] [stdout]    = note: `#[warn(unused_assignments)]` (part of `#[warn(unused)]`) on by default
[INFO] [stdout] 
[INFO] [stdout] 
[INFO] [stdout] warning: value assigned to `is_selected` is never read
[INFO] [stdout]    --> cli/src/views/canvas.rs:107:35
[INFO] [stdout]     |
[INFO] [stdout] 107 |             let mut is_selected = false;
[INFO] [stdout]     |                                   ^^^^^ this value is reassigned later and never used
[INFO] [stdout] ...
[INFO] [stdout] 300 |                         is_selected = false;
[INFO] [stdout]     |                         ------------------- `is_selected` is overwritten here before the previous value is read
[INFO] [stdout] 
[INFO] [stdout] 
[INFO] [stdout] warning: unused variable: `map`
[INFO] [stdout]    --> cli/src/views/canvas.rs:381:9
[INFO] [stdout]     |
[INFO] [stdout] 381 |     let map = &app.editor.map;
[INFO] [stdout]     |         ^^^ help: if this is intentional, prefix it with an underscore: `_map`
[INFO] [stdout] 
[INFO] [stdout] 
[INFO] [stdout] warning: unused variable: `cursor_char`
[INFO] [stdout]    --> cli/src/views/canvas.rs:398:17
[INFO] [stdout]     |
[INFO] [stdout] 398 |             let cursor_char = '▋'; // Block cursor
[INFO] [stdout]     |                 ^^^^^^^^^^^ help: if this is intentional, prefix it with an underscore: `_cursor_char`
[INFO] [stdout] 
[INFO] [stdout] 
[INFO] [stdout] warning: unused variable: `i`
[INFO] [stdout]    --> cli/src/views/object_definitions_properties.rs:325:22
[INFO] [stdout]     |
[INFO] [stdout] 325 |                 for (i, prop) in props.iter().enumerate() {
[INFO] [stdout]     |                      ^ help: if this is intentional, prefix it with an underscore: `_i`
[INFO] [stdout] 
[INFO] [stdout] 
[INFO] [stdout] Some errors have detailed explanations: E0277, E0609.
[INFO] [stdout] 
[INFO] [stdout] For more information about an error, try `rustc --explain E0277`.
[INFO] [stdout] 
[INFO] [stderr] error: could not compile `cobol-bms-cli` (bin "cobol-bms") due to 13 previous errors; 31 warnings emitted
[INFO] running `Command { std: "docker" "inspect" "bef2476eb45bbbb4d55ce4ee1da93e47b2ce0a14dcb5b953f169d553b8a90e5e", kill_on_drop: false }`
[INFO] running `Command { std: "docker" "rm" "-f" "bef2476eb45bbbb4d55ce4ee1da93e47b2ce0a14dcb5b953f169d553b8a90e5e", kill_on_drop: false }`
[INFO] [stdout] bef2476eb45bbbb4d55ce4ee1da93e47b2ce0a14dcb5b953f169d553b8a90e5e
