[INFO] cloning repository https://github.com/garyttierney/x64dbg-ghidra
[INFO] running `Command { std: "git" "-c" "credential.helper=" "-c" "credential.helper=/workspace/cargo-home/bin/git-credential-null" "clone" "--bare" "https://github.com/garyttierney/x64dbg-ghidra" "/workspace/cache/git-repos/https%3A%2F%2Fgithub.com%2Fgaryttierney%2Fx64dbg-ghidra", kill_on_drop: false }`
[INFO] [stderr] Cloning into bare repository '/workspace/cache/git-repos/https%3A%2F%2Fgithub.com%2Fgaryttierney%2Fx64dbg-ghidra'...
[INFO] running `Command { std: "git" "rev-parse" "HEAD", kill_on_drop: false }`
[INFO] [stdout] 379d95157d05a4b8b41915147994a5887023f461
[INFO] testing garyttierney/x64dbg-ghidra against 1.100.0-beta.1 for beta-1.100-2
[INFO] running `Command { std: "git" "clone" "/workspace/cache/git-repos/https%3A%2F%2Fgithub.com%2Fgaryttierney%2Fx64dbg-ghidra" "/workspace/builds/worker-0-tc2/source", kill_on_drop: false }`
[INFO] [stderr] Cloning into '/workspace/builds/worker-0-tc2/source'...
[INFO] [stderr] done.
[INFO] started tweaking git repo https://github.com/garyttierney/x64dbg-ghidra
[INFO] finished tweaking git repo https://github.com/garyttierney/x64dbg-ghidra
[INFO] tweaked toml for git repo https://github.com/garyttierney/x64dbg-ghidra written to /workspace/builds/worker-0-tc2/source/Cargo.toml
[INFO] validating manifest of git repo https://github.com/garyttierney/x64dbg-ghidra on toolchain 1.100.0-beta.1
[INFO] running `Command { std: CARGO_HOME="/workspace/cargo-home" RUSTUP_HOME="/workspace/rustup-home" "/workspace/cargo-home/bin/cargo" "+1.100.0-beta.1" "metadata" "--manifest-path" "Cargo.toml" "--no-deps", kill_on_drop: false }`
[INFO] crate git repo https://github.com/garyttierney/x64dbg-ghidra already has a lockfile, it will not be regenerated
[INFO] running `Command { std: CARGO_HOME="/workspace/cargo-home" RUSTUP_HOME="/workspace/rustup-home" "/workspace/cargo-home/bin/cargo" "+1.100.0-beta.1" "fetch" "--manifest-path" "Cargo.toml", kill_on_drop: false }`
[INFO] [stderr] warning: unused build dependency `protoc-rust-grpc`
[INFO] [stderr]  --> Cargo.toml:2:1
[INFO] [stderr]   |
[INFO] [stderr] 2 | protoc-rust-grpc = "0.8"
[INFO] [stderr]   | ^^^^^^^^^^^^^^^^^^^^^^^^
[INFO] [stderr]   |
[INFO] [stderr]   = note: `cargo::unused_dependencies` is set to `warn` by default
[INFO] [stderr] help: consider removing the dependency on `protoc-rust-grpc`
[INFO] [stderr] warning: `x64dbg-ghidra` (manifest) generated 1 warning
[INFO] running `Command { std: "docker" "create" "-v" "/var/lib/crater-agent-workspace/builds/worker-0-tc2/source:/opt/rustwide/workdir:ro,Z" "-v" "/var/lib/crater-agent-workspace/builds/worker-0-tc2/target:/opt/rustwide/target:rw,Z" "-v" "/var/lib/crater-agent-workspace/cargo-home:/opt/rustwide/cargo-home:ro,Z" "-v" "/var/lib/crater-agent-workspace/rustup-home:/opt/rustwide/rustup-home:ro,Z" "-m" "1610612736" "--network" "none" "ghcr.io/rust-lang/crates-build-env/linux@sha256:3111399a4047eeb3a02b7a90e478d715f38a8c6669b5c4b49d30a17385265909" "sleep" "infinity", kill_on_drop: false }`
[INFO] [stdout] b1a0208becadf899b1e2386a67d6b0088f34920491818d8dce3a7d7d1c426c1a
[INFO] running `Command { std: "docker" "start" "b1a0208becadf899b1e2386a67d6b0088f34920491818d8dce3a7d7d1c426c1a", kill_on_drop: false }`
[INFO] running `Command { std: "docker" "inspect" "b1a0208becadf899b1e2386a67d6b0088f34920491818d8dce3a7d7d1c426c1a", kill_on_drop: false }`
[INFO] running `Command { std: "docker" "exec" "-e" "SOURCE_DIR=/opt/rustwide/workdir" "-e" "CARGO_HOME=/opt/rustwide/cargo-home" "-e" "RUSTUP_HOME=/opt/rustwide/rustup-home" "-e" "CARGO_TARGET_DIR=/opt/rustwide/target" "-w" "/opt/rustwide/workdir" "--user" "0:0" "b1a0208becadf899b1e2386a67d6b0088f34920491818d8dce3a7d7d1c426c1a" "/opt/rustwide/cargo-home/bin/cargo" "+1.100.0-beta.1" "metadata" "--no-deps" "--format-version=1", kill_on_drop: false }`
[INFO] running `Command { std: "docker" "inspect" "b1a0208becadf899b1e2386a67d6b0088f34920491818d8dce3a7d7d1c426c1a", kill_on_drop: false }`
[INFO] running `Command { std: "docker" "exec" "-e" "SOURCE_DIR=/opt/rustwide/workdir" "-e" "CARGO_HOME=/opt/rustwide/cargo-home" "-e" "RUSTUP_HOME=/opt/rustwide/rustup-home" "-e" "CARGO_TARGET_DIR=/opt/rustwide/target" "-e" "CARGO_INCREMENTAL=0" "-e" "RUST_BACKTRACE=full" "-e" "RUSTFLAGS=--cap-lints=warn" "-e" "RUSTDOCFLAGS=--cap-lints=warn" "-w" "/opt/rustwide/workdir" "--user" "0:0" "b1a0208becadf899b1e2386a67d6b0088f34920491818d8dce3a7d7d1c426c1a" "/opt/rustwide/cargo-home/bin/cargo" "+1.100.0-beta.1" "build" "--frozen" "--message-format=json", kill_on_drop: false }`
[INFO] [stderr] warning: unused build dependency `protoc-rust-grpc`
[INFO] [stderr]  --> Cargo.toml:2:1
[INFO] [stderr]   |
[INFO] [stderr] 2 | protoc-rust-grpc = "0.8"
[INFO] [stderr]   | ^^^^^^^^^^^^^^^^^^^^^^^^
[INFO] [stderr]   |
[INFO] [stderr]   = note: `cargo::unused_dependencies` is set to `warn` by default
[INFO] [stderr] help: consider removing the dependency on `protoc-rust-grpc`
[INFO] [stderr] warning: `x64dbg-ghidra` (manifest) generated 1 warning
[INFO] [stderr]    Compiling libc v0.2.76
[INFO] [stderr]    Compiling memchr v2.3.3
[INFO] [stderr]    Compiling cfg-if v0.1.10
[INFO] [stderr]    Compiling proc-macro2 v1.0.20
[INFO] [stderr]    Compiling log v0.4.11
[INFO] [stderr]    Compiling unicode-xid v0.2.1
[INFO] [stderr]    Compiling lazy_static v1.4.0
[INFO] [stderr]    Compiling syn v1.0.40
[INFO] [stderr]    Compiling slab v0.4.2
[INFO] [stderr]    Compiling cc v1.0.59
[INFO] [stderr]    Compiling pin-project-internal v0.4.23
[INFO] [stderr]    Compiling version_check v0.9.2
[INFO] [stderr]    Compiling glob v0.3.0
[INFO] [stderr]    Compiling bitflags v1.2.1
[INFO] [stderr]    Compiling proc-macro-nested v0.1.6
[INFO] [stderr]    Compiling proc-macro-hack v0.5.18
[INFO] [stderr]    Compiling bytes v0.5.6
[INFO] [stderr]    Compiling futures-sink v0.3.5
[INFO] [stderr]    Compiling thread_local v1.0.1
[INFO] [stderr]    Compiling unicode-width v0.1.8
[INFO] [stderr]    Compiling regex-syntax v0.6.18
[INFO] [stderr]    Compiling quick-error v1.2.3
[INFO] [stderr]    Compiling once_cell v1.4.1
[INFO] [stderr]    Compiling futures-core v0.3.5
[INFO] [stderr]    Compiling textwrap v0.11.0
[INFO] [stderr]    Compiling humantime v1.3.0
[INFO] [stderr]    Compiling futures-task v0.3.5
[INFO] [stderr]    Compiling nom v5.1.2
[INFO] [stderr]    Compiling aho-corasick v0.7.13
[INFO] [stderr]    Compiling futures-channel v0.3.5
[INFO] [stderr]    Compiling pin-utils v0.1.0
[INFO] [stderr]    Compiling termcolor v1.1.0
[INFO] [stderr]    Compiling vec_map v0.8.2
[INFO] [stderr]    Compiling pin-project-lite v0.1.7
[INFO] [stderr]    Compiling futures-io v0.3.5
[INFO] [stderr]    Compiling strsim v0.8.0
[INFO] [stderr]    Compiling bindgen v0.53.3
[INFO] [stderr]    Compiling clang-sys v0.29.3
[INFO] [stderr]    Compiling ansi_term v0.11.0
[INFO] [stderr]    Compiling rustc-hash v1.1.0
[INFO] [stderr]    Compiling net2 v0.2.35
[INFO] [stderr]    Compiling iovec v0.1.4
[INFO] [stderr]    Compiling atty v0.2.14
[INFO] [stderr]    Compiling which v3.1.1
[INFO] [stderr]    Compiling shlex v0.1.1
[INFO] [stderr]    Compiling byteorder v1.3.4
[INFO] [stderr]    Compiling rand_core v0.4.2
[INFO] [stderr]    Compiling peeking_take_while v0.1.2
[INFO] [stderr]    Compiling lazycell v1.3.0
[INFO] [stderr]    Compiling void v1.0.2
[INFO] [stderr]    Compiling httpbis v0.9.1
[INFO] [stderr]    Compiling unix_socket v0.5.0
[INFO] [stderr]    Compiling log-ndc v0.2.0
[INFO] [stderr]    Compiling safemem v0.3.3
[INFO] [stderr]    Compiling clap v2.33.3
[INFO] [stderr]    Compiling protobuf v2.17.0
[INFO] [stderr]    Compiling quote v1.0.7
[INFO] [stderr]    Compiling mio v0.6.22
[INFO] [stderr]    Compiling rand_core v0.3.1
[INFO] [stderr]    Compiling rand v0.5.6
[INFO] [stderr]    Compiling libloading v0.5.2
[INFO] [stderr]    Compiling base64 v0.9.3
[INFO] [stdout] error[E0658]: custom inner attributes are unstable
[INFO] [stdout]  --> /opt/rustwide/cargo-home/registry/src/index.crates.io-1949cf8c6b5b557f/protobuf-2.17.0/src/descriptor.rs:9:4
[INFO] [stdout]   |
[INFO] [stdout] 9 | #![rustfmt::skip]
[INFO] [stdout]   |    ^^^^^^^^^^^^^
[INFO] [stdout]   |
[INFO] [stdout]   = note: see issue #54726 <https://github.com/rust-lang/rust/issues/54726> for more information
[INFO] [stdout] 
[INFO] [stdout] 
[INFO] [stdout] error[E0658]: custom inner attributes are unstable
[INFO] [stdout]  --> /opt/rustwide/cargo-home/registry/src/index.crates.io-1949cf8c6b5b557f/protobuf-2.17.0/src/plugin.rs:9:4
[INFO] [stdout]   |
[INFO] [stdout] 9 | #![rustfmt::skip]
[INFO] [stdout]   |    ^^^^^^^^^^^^^
[INFO] [stdout]   |
[INFO] [stdout]   = note: see issue #54726 <https://github.com/rust-lang/rust/issues/54726> for more information
[INFO] [stdout] 
[INFO] [stdout] 
[INFO] [stdout] error[E0658]: custom inner attributes are unstable
[INFO] [stdout]  --> /opt/rustwide/cargo-home/registry/src/index.crates.io-1949cf8c6b5b557f/protobuf-2.17.0/src/rustproto.rs:9:4
[INFO] [stdout]   |
[INFO] [stdout] 9 | #![rustfmt::skip]
[INFO] [stdout]   |    ^^^^^^^^^^^^^
[INFO] [stdout]   |
[INFO] [stdout]   = note: see issue #54726 <https://github.com/rust-lang/rust/issues/54726> for more information
[INFO] [stdout] 
[INFO] [stdout] 
[INFO] [stdout] error[E0658]: custom inner attributes are unstable
[INFO] [stdout]  --> /opt/rustwide/cargo-home/registry/src/index.crates.io-1949cf8c6b5b557f/protobuf-2.17.0/src/well_known_types/any.rs:9:4
[INFO] [stdout]   |
[INFO] [stdout] 9 | #![rustfmt::skip]
[INFO] [stdout]   |    ^^^^^^^^^^^^^
[INFO] [stdout]   |
[INFO] [stdout]   = note: see issue #54726 <https://github.com/rust-lang/rust/issues/54726> for more information
[INFO] [stdout] 
[INFO] [stdout] 
[INFO] [stdout] error[E0658]: custom inner attributes are unstable
[INFO] [stdout]  --> /opt/rustwide/cargo-home/registry/src/index.crates.io-1949cf8c6b5b557f/protobuf-2.17.0/src/well_known_types/api.rs:9:4
[INFO] [stdout]   |
[INFO] [stdout] 9 | #![rustfmt::skip]
[INFO] [stdout]   |    ^^^^^^^^^^^^^
[INFO] [stdout]   |
[INFO] [stdout]   = note: see issue #54726 <https://github.com/rust-lang/rust/issues/54726> for more information
[INFO] [stdout] 
[INFO] [stdout] 
[INFO] [stdout] error[E0658]: custom inner attributes are unstable
[INFO] [stdout]  --> /opt/rustwide/cargo-home/registry/src/index.crates.io-1949cf8c6b5b557f/protobuf-2.17.0/src/well_known_types/duration.rs:9:4
[INFO] [stdout]   |
[INFO] [stdout] 9 | #![rustfmt::skip]
[INFO] [stdout]   |    ^^^^^^^^^^^^^
[INFO] [stdout]   |
[INFO] [stdout]   = note: see issue #54726 <https://github.com/rust-lang/rust/issues/54726> for more information
[INFO] [stdout] 
[INFO] [stdout] 
[INFO] [stdout] error[E0658]: custom inner attributes are unstable
[INFO] [stdout]  --> /opt/rustwide/cargo-home/registry/src/index.crates.io-1949cf8c6b5b557f/protobuf-2.17.0/src/well_known_types/empty.rs:9:4
[INFO] [stdout]   |
[INFO] [stdout] 9 | #![rustfmt::skip]
[INFO] [stdout]   |    ^^^^^^^^^^^^^
[INFO] [stdout]   |
[INFO] [stdout]   = note: see issue #54726 <https://github.com/rust-lang/rust/issues/54726> for more information
[INFO] [stdout] 
[INFO] [stdout] 
[INFO] [stdout] error[E0658]: custom inner attributes are unstable
[INFO] [stdout]  --> /opt/rustwide/cargo-home/registry/src/index.crates.io-1949cf8c6b5b557f/protobuf-2.17.0/src/well_known_types/field_mask.rs:9:4
[INFO] [stdout]   |
[INFO] [stdout] 9 | #![rustfmt::skip]
[INFO] [stdout]   |    ^^^^^^^^^^^^^
[INFO] [stdout]   |
[INFO] [stdout]   = note: see issue #54726 <https://github.com/rust-lang/rust/issues/54726> for more information
[INFO] [stdout] 
[INFO] [stdout] 
[INFO] [stdout] error[E0658]: custom inner attributes are unstable
[INFO] [stdout]  --> /opt/rustwide/cargo-home/registry/src/index.crates.io-1949cf8c6b5b557f/protobuf-2.17.0/src/well_known_types/source_context.rs:9:4
[INFO] [stdout]   |
[INFO] [stdout] 9 | #![rustfmt::skip]
[INFO] [stdout]   |    ^^^^^^^^^^^^^
[INFO] [stdout]   |
[INFO] [stdout]   = note: see issue #54726 <https://github.com/rust-lang/rust/issues/54726> for more information
[INFO] [stdout] 
[INFO] [stdout] 
[INFO] [stdout] error[E0658]: custom inner attributes are unstable
[INFO] [stdout]  --> /opt/rustwide/cargo-home/registry/src/index.crates.io-1949cf8c6b5b557f/protobuf-2.17.0/src/well_known_types/struct_pb.rs:9:4
[INFO] [stdout]   |
[INFO] [stdout] 9 | #![rustfmt::skip]
[INFO] [stdout]   |    ^^^^^^^^^^^^^
[INFO] [stdout]   |
[INFO] [stdout]   = note: see issue #54726 <https://github.com/rust-lang/rust/issues/54726> for more information
[INFO] [stdout] 
[INFO] [stdout] 
[INFO] [stdout] error[E0658]: custom inner attributes are unstable
[INFO] [stdout]  --> /opt/rustwide/cargo-home/registry/src/index.crates.io-1949cf8c6b5b557f/protobuf-2.17.0/src/well_known_types/timestamp.rs:9:4
[INFO] [stdout]   |
[INFO] [stdout] 9 | #![rustfmt::skip]
[INFO] [stdout]   |    ^^^^^^^^^^^^^
[INFO] [stdout]   |
[INFO] [stdout]   = note: see issue #54726 <https://github.com/rust-lang/rust/issues/54726> for more information
[INFO] [stdout] 
[INFO] [stdout] 
[INFO] [stdout] error[E0658]: custom inner attributes are unstable
[INFO] [stdout]  --> /opt/rustwide/cargo-home/registry/src/index.crates.io-1949cf8c6b5b557f/protobuf-2.17.0/src/well_known_types/type_pb.rs:9:4
[INFO] [stdout]   |
[INFO] [stdout] 9 | #![rustfmt::skip]
[INFO] [stdout]   |    ^^^^^^^^^^^^^
[INFO] [stdout]   |
[INFO] [stdout]   = note: see issue #54726 <https://github.com/rust-lang/rust/issues/54726> for more information
[INFO] [stdout] 
[INFO] [stdout] 
[INFO] [stdout] error[E0658]: custom inner attributes are unstable
[INFO] [stdout]  --> /opt/rustwide/cargo-home/registry/src/index.crates.io-1949cf8c6b5b557f/protobuf-2.17.0/src/well_known_types/wrappers.rs:9:4
[INFO] [stdout]   |
[INFO] [stdout] 9 | #![rustfmt::skip]
[INFO] [stdout]   |    ^^^^^^^^^^^^^
[INFO] [stdout]   |
[INFO] [stdout]   = note: see issue #54726 <https://github.com/rust-lang/rust/issues/54726> for more information
[INFO] [stdout] 
[INFO] [stdout] 
[INFO] [stderr]    Compiling mio-uds v0.6.8
[INFO] [stderr]    Compiling tokio v0.2.22
[INFO] [stderr]    Compiling regex v1.3.9
[INFO] [stderr]    Compiling cexpr v0.4.0
[INFO] [stderr]    Compiling env_logger v0.7.1
[INFO] [stdout] For more information about this error, try `rustc --explain E0658`.
[INFO] [stdout] 
[INFO] [stderr] error: could not compile `protobuf` (lib) due to 13 previous errors
[INFO] [stderr] warning: build failed, waiting for other jobs to finish...
[INFO] running `Command { std: "docker" "inspect" "b1a0208becadf899b1e2386a67d6b0088f34920491818d8dce3a7d7d1c426c1a", kill_on_drop: false }`
[INFO] running `Command { std: "docker" "rm" "-f" "b1a0208becadf899b1e2386a67d6b0088f34920491818d8dce3a7d7d1c426c1a", kill_on_drop: false }`
[INFO] [stdout] b1a0208becadf899b1e2386a67d6b0088f34920491818d8dce3a7d7d1c426c1a
