[INFO] cloning repository https://github.com/gaolei8888/dc-terminal
[INFO] running `Command { std: "git" "-c" "credential.helper=" "-c" "credential.helper=/workspace/cargo-home/bin/git-credential-null" "clone" "--bare" "https://github.com/gaolei8888/dc-terminal" "/workspace/cache/git-repos/https%3A%2F%2Fgithub.com%2Fgaolei8888%2Fdc-terminal", kill_on_drop: false }`
[INFO] [stderr] Cloning into bare repository '/workspace/cache/git-repos/https%3A%2F%2Fgithub.com%2Fgaolei8888%2Fdc-terminal'...
[INFO] running `Command { std: "git" "rev-parse" "HEAD", kill_on_drop: false }`
[INFO] [stdout] 3f5d994cfa32676c239ea57ffbb8dc131713627d
[INFO] testing gaolei8888/dc-terminal against 1.99.0-beta.8 for beta-1.100-2
[INFO] running `Command { std: "git" "clone" "/workspace/cache/git-repos/https%3A%2F%2Fgithub.com%2Fgaolei8888%2Fdc-terminal" "/workspace/builds/worker-7-tc1/source", kill_on_drop: false }`
[INFO] [stderr] Cloning into '/workspace/builds/worker-7-tc1/source'...
[INFO] [stderr] done.
[INFO] started tweaking git repo https://github.com/gaolei8888/dc-terminal
[INFO] finished tweaking git repo https://github.com/gaolei8888/dc-terminal
[INFO] tweaked toml for git repo https://github.com/gaolei8888/dc-terminal written to /workspace/builds/worker-7-tc1/source/Cargo.toml
[INFO] validating manifest of git repo https://github.com/gaolei8888/dc-terminal on toolchain 1.99.0-beta.8
[INFO] running `Command { std: CARGO_HOME="/workspace/cargo-home" RUSTUP_HOME="/workspace/rustup-home" "/workspace/cargo-home/bin/cargo" "+1.99.0-beta.8" "metadata" "--manifest-path" "Cargo.toml" "--no-deps", kill_on_drop: false }`
[INFO] crate git repo https://github.com/gaolei8888/dc-terminal already has a lockfile, it will not be regenerated
[INFO] running `Command { std: CARGO_HOME="/workspace/cargo-home" RUSTUP_HOME="/workspace/rustup-home" "/workspace/cargo-home/bin/cargo" "+1.99.0-beta.8" "fetch" "--manifest-path" "Cargo.toml", kill_on_drop: false }`
[INFO] [stderr]     Updating crates.io index
[INFO] [stderr]  Downloading crates ...
[INFO] [stderr]   Downloaded openssl-sys v0.9.117
[INFO] [stderr]   Downloaded vt100 v0.16.2
[INFO] [stderr]   Downloaded g2gen v1.2.2
[INFO] [stderr]   Downloaded unicode-truncate v1.1.0
[INFO] [stderr]   Downloaded instability v0.3.12
[INFO] [stderr]   Downloaded signal-hook-mio v0.2.5
[INFO] [stderr]   Downloaded vte v0.15.0
[INFO] [stderr]   Downloaded g2poly v1.2.2
[INFO] [stderr]   Downloaded g2p v1.2.2
[INFO] [stderr]   Downloaded lru v0.12.5
[INFO] [stderr]   Downloaded rqrr v0.10.1
[INFO] [stderr]   Downloaded indoc v2.0.7
[INFO] [stderr]   Downloaded ioctl-rs v0.1.6
[INFO] [stderr]   Downloaded castaway v0.2.4
[INFO] [stderr]   Downloaded shared_library v0.1.9
[INFO] [stderr]   Downloaded serial v0.4.0
[INFO] [stderr]   Downloaded serial-windows v0.4.0
[INFO] [stderr]   Downloaded serial-core v0.4.0
[INFO] [stderr]   Downloaded serial-unix v0.4.0
[INFO] [stderr]   Downloaded termios v0.2.2
[INFO] [stderr]   Downloaded cassowary v0.3.0
[INFO] [stderr]   Downloaded portable-pty v0.8.1
[INFO] [stderr]   Downloaded winreg v0.10.1
[INFO] [stderr]   Downloaded spake2 v0.4.0
[INFO] [stderr]   Downloaded crossterm_winapi v0.9.1
[INFO] [stderr]   Downloaded qrcode v0.14.1
[INFO] [stderr]   Downloaded crossterm v0.28.1
[INFO] [stderr]   Downloaded filedescriptor v0.8.3
[INFO] [stderr]   Downloaded x25519-dalek v2.0.1
[INFO] [stderr]   Downloaded poly1305 v0.8.0
[INFO] [stderr]   Downloaded chacha20 v0.9.1
[INFO] [stderr]   Downloaded itertools v0.13.0
[INFO] [stderr]   Downloaded compact_str v0.8.2
[INFO] [stderr]   Downloaded chacha20poly1305 v0.10.1
[INFO] [stderr]   Downloaded openssl v0.10.81
[INFO] [stderr]   Downloaded nix v0.25.1
[INFO] [stderr]   Downloaded rustls v0.23.43
[INFO] [stderr]   Downloaded ratatui v0.28.1
[INFO] running `Command { std: "docker" "create" "-v" "/var/lib/crater-agent-workspace/builds/worker-7-tc1/source:/opt/rustwide/workdir:ro,Z" "-v" "/var/lib/crater-agent-workspace/builds/worker-7-tc1/target:/opt/rustwide/target:rw,Z" "-v" "/var/lib/crater-agent-workspace/cargo-home:/opt/rustwide/cargo-home:ro,Z" "-v" "/var/lib/crater-agent-workspace/rustup-home:/opt/rustwide/rustup-home:ro,Z" "-m" "1610612736" "--network" "none" "ghcr.io/rust-lang/crates-build-env/linux@sha256:3111399a4047eeb3a02b7a90e478d715f38a8c6669b5c4b49d30a17385265909" "sleep" "infinity", kill_on_drop: false }`
[INFO] [stdout] 6a0cc57128b3b39f8f49d1a79a9153bb5e2890a7a57272d34d1ccd90b8ed3937
[INFO] running `Command { std: "docker" "start" "6a0cc57128b3b39f8f49d1a79a9153bb5e2890a7a57272d34d1ccd90b8ed3937", kill_on_drop: false }`
[INFO] running `Command { std: "docker" "inspect" "6a0cc57128b3b39f8f49d1a79a9153bb5e2890a7a57272d34d1ccd90b8ed3937", kill_on_drop: false }`
[INFO] running `Command { std: "docker" "exec" "-e" "SOURCE_DIR=/opt/rustwide/workdir" "-e" "CARGO_HOME=/opt/rustwide/cargo-home" "-e" "RUSTUP_HOME=/opt/rustwide/rustup-home" "-e" "CARGO_TARGET_DIR=/opt/rustwide/target" "-w" "/opt/rustwide/workdir" "--user" "0:0" "6a0cc57128b3b39f8f49d1a79a9153bb5e2890a7a57272d34d1ccd90b8ed3937" "/opt/rustwide/cargo-home/bin/cargo" "+1.99.0-beta.8" "metadata" "--no-deps" "--format-version=1", kill_on_drop: false }`
[INFO] running `Command { std: "docker" "inspect" "6a0cc57128b3b39f8f49d1a79a9153bb5e2890a7a57272d34d1ccd90b8ed3937", kill_on_drop: false }`
[INFO] running `Command { std: "docker" "exec" "-e" "SOURCE_DIR=/opt/rustwide/workdir" "-e" "CARGO_HOME=/opt/rustwide/cargo-home" "-e" "RUSTUP_HOME=/opt/rustwide/rustup-home" "-e" "CARGO_TARGET_DIR=/opt/rustwide/target" "-e" "CARGO_INCREMENTAL=0" "-e" "RUST_BACKTRACE=full" "-e" "RUSTFLAGS=--cap-lints=warn" "-e" "RUSTDOCFLAGS=--cap-lints=warn" "-w" "/opt/rustwide/workdir" "--user" "0:0" "6a0cc57128b3b39f8f49d1a79a9153bb5e2890a7a57272d34d1ccd90b8ed3937" "/opt/rustwide/cargo-home/bin/cargo" "+1.99.0-beta.8" "build" "--frozen" "--message-format=json", kill_on_drop: false }`
[INFO] [stderr]    Compiling proc-macro2 v1.0.107
[INFO] [stderr]    Compiling quote v1.0.47
[INFO] [stderr]    Compiling libc v0.2.189
[INFO] [stderr]    Compiling typenum v1.20.1
[INFO] [stderr]    Compiling subtle v2.6.1
[INFO] [stderr]    Compiling const-oid v0.9.6
[INFO] [stderr]    Compiling serde_core v1.0.229
[INFO] [stderr]    Compiling memchr v2.8.3
[INFO] [stderr]    Compiling serde v1.0.229
[INFO] [stderr]    Compiling smallvec v1.15.2
[INFO] [stderr]    Compiling itoa v1.0.18
[INFO] [stderr]    Compiling writeable v0.6.3
[INFO] [stderr]    Compiling litemap v0.8.2
[INFO] [stderr]    Compiling shlex v2.0.1
[INFO] [stderr]    Compiling zmij v1.0.23
[INFO] [stderr]    Compiling icu_normalizer_data v2.2.0
[INFO] [stderr]    Compiling cc v1.4.0
[INFO] [stderr]    Compiling serde_json v1.0.151
[INFO] [stderr]    Compiling log v0.4.33
[INFO] [stderr]    Compiling rustversion v1.0.23
[INFO] [stderr]    Compiling icu_properties_data v2.2.0
[INFO] [stderr]    Compiling semver v1.0.28
[INFO] [stderr]    Compiling signal-hook v0.3.18
[INFO] [stderr]    Compiling autocfg v1.5.1
[INFO] [stderr]    Compiling crc32fast v1.5.1
[INFO] [stderr]    Compiling rustix v0.38.44
[INFO] [stderr]    Compiling regex-syntax v0.8.11
[INFO] [stderr]    Compiling instability v0.3.12
[INFO] [stderr]    Compiling rustls v0.23.43
[INFO] [stderr]    Compiling rustc_version v0.4.1
[INFO] [stderr]    Compiling bitflags v2.13.1
[INFO] [stderr]    Compiling adler2 v2.0.1
[INFO] [stderr]    Compiling allocator-api2 v0.2.21
[INFO] [stderr]    Compiling percent-encoding v2.3.2
[INFO] [stderr]    Compiling linux-raw-sys v0.4.15
[INFO] [stderr]    Compiling foldhash v0.1.5
[INFO] [stderr]    Compiling either v1.17.0
[INFO] [stderr]    Compiling simd-adler32 v0.3.10
[INFO] [stderr]    Compiling hashbrown v0.17.1
[INFO] [stderr]    Compiling form_urlencoded v1.2.2
[INFO] [stderr]    Compiling memoffset v0.6.5
[INFO] [stderr]    Compiling anyhow v1.0.104
[INFO] [stderr]    Compiling aho-corasick v1.1.4
[INFO] [stderr]    Compiling curve25519-dalek v4.1.3
[INFO] [stderr]    Compiling castaway v0.2.4
[INFO] [stderr]    Compiling hashbrown v0.15.5
[INFO] [stderr]    Compiling miniz_oxide v0.9.1
[INFO] [stderr]    Compiling itertools v0.13.0
[INFO] [stderr]    Compiling static_assertions v1.1.0
[INFO] [stderr]    Compiling arrayvec v0.7.8
[INFO] [stderr]    Compiling once_cell v1.21.4
[INFO] [stderr]    Compiling winnow v0.7.15
[INFO] [stderr]    Compiling unicode-segmentation v1.13.3
[INFO] [stderr]    Compiling indoc v2.0.7
[INFO] [stderr]    Compiling vte v0.15.0
[INFO] [stderr]    Compiling compact_str v0.8.2
[INFO] [stderr]    Compiling syn v2.0.119
[INFO] [stderr]    Compiling syn v3.0.3
[INFO] [stderr]    Compiling indexmap v2.14.0
[INFO] [stderr]    Compiling ring v0.17.14
[INFO] [stderr]    Compiling lru v0.12.5
[INFO] [stderr]    Compiling flate2 v1.1.10
[INFO] [stderr]    Compiling dct v0.2.24 (/opt/rustwide/workdir)
[INFO] [stderr]    Compiling cassowary v0.3.0
[INFO] [stderr]    Compiling downcast-rs v1.2.1
[INFO] [stderr]    Compiling vt100 v0.16.2
[INFO] [stderr]    Compiling qrcode v0.14.1
[INFO] [stderr]    Compiling dct-page v0.1.0 (/opt/rustwide/workdir/crates/dct-page)
[INFO] [stderr]    Compiling regex-automata v0.4.16
[INFO] [stderr]    Compiling zip v0.6.6
[INFO] [stderr]    Compiling getrandom v0.2.17
[INFO] [stderr]    Compiling errno v0.3.14
[INFO] [stderr]    Compiling parking_lot_core v0.9.12
[INFO] [stderr]    Compiling rand_core v0.6.4
[INFO] [stderr]    Compiling signal-hook-registry v1.4.8
[INFO] [stderr]    Compiling termios v0.2.2
[INFO] [stderr]    Compiling serial-core v0.4.0
[INFO] [stderr]    Compiling ff v0.13.1
[INFO] [stderr]    Compiling mio v1.2.2
[INFO] [stderr]    Compiling group v0.13.0
[INFO] [stderr]    Compiling ioctl-rs v0.1.6
[INFO] [stderr]    Compiling parking_lot v0.12.5
[INFO] [stderr]    Compiling serial-unix v0.4.0
[INFO] [stderr]    Compiling nix v0.25.1
[INFO] [stderr]    Compiling serial v0.4.0
[INFO] [stderr]    Compiling unicode-truncate v1.1.0
[INFO] [stderr]    Compiling signal-hook-mio v0.2.5
[INFO] [stderr]    Compiling crossterm v0.28.1
[INFO] [stderr]    Compiling displaydoc v0.2.7
[INFO] [stderr]    Compiling serde_derive v1.0.229
[INFO] [stderr]    Compiling regex v1.13.1
[INFO] [stderr]    Compiling synstructure v0.13.2
[INFO] [stderr]    Compiling darling_core v0.23.0
[INFO] [stderr]    Compiling zeroize_derive v1.5.0
[INFO] [stderr]    Compiling zerofrom-derive v0.1.7
[INFO] [stderr]    Compiling yoke-derive v0.8.2
[INFO] [stderr]    Compiling zerovec-derive v0.11.3
[INFO] [stderr]    Compiling curve25519-dalek-derive v0.1.1
[INFO] [stderr]    Compiling thiserror-impl v1.0.69
[INFO] [stderr]    Compiling strum_macros v0.26.4
[INFO] [stderr]    Compiling zeroize v1.9.0
[INFO] [stderr]    Compiling generic-array v0.14.7
[INFO] [stderr]    Compiling der v0.7.10
[INFO] [stderr]    Compiling rustls-pki-types v1.15.1
[INFO] [stderr]    Compiling zerofrom v0.1.8
[INFO] [stderr]    Compiling toml_datetime v0.6.11
[INFO] [stderr]    Compiling serde_spanned v0.6.9
[INFO] [stderr]    Compiling dct-game v0.1.0 (/opt/rustwide/workdir/crates/dct-game)
[INFO] [stderr]    Compiling yoke v0.8.3
[INFO] [stderr]    Compiling webpki-roots v1.0.9
[INFO] [stderr]    Compiling zerotrie v0.2.4
[INFO] [stderr]    Compiling rustls-webpki v0.103.13
[INFO] [stderr]    Compiling webpki-roots v0.26.11
[INFO] [stderr]    Compiling toml_edit v0.22.27
[INFO] [stderr]    Compiling thiserror v1.0.69
[INFO] [stderr]    Compiling filedescriptor v0.8.3
[INFO] [stderr]    Compiling portable-pty v0.8.1
[INFO] [stderr]    Compiling zerovec v0.11.6
[INFO] [stderr]    Compiling crypto-common v0.1.7
[INFO] [stderr]    Compiling block-buffer v0.10.4
[INFO] [stderr]    Compiling crypto-bigint v0.5.5
[INFO] [stderr]    Compiling inout v0.1.4
[INFO] [stderr]    Compiling universal-hash v0.5.1
[INFO] [stderr]    Compiling aead v0.5.2
[INFO] [stderr]    Compiling digest v0.10.7
[INFO] [stderr]    Compiling cipher v0.4.4
[INFO] [stderr]    Compiling poly1305 v0.8.0
[INFO] [stderr]    Compiling chacha20 v0.9.1
[INFO] [stderr]    Compiling hmac v0.12.1
[INFO] [stderr]    Compiling sha2 v0.10.9
[INFO] [stderr]    Compiling signature v2.2.0
[INFO] [stderr]    Compiling rfc6979 v0.4.0
[INFO] [stderr]    Compiling hkdf v0.12.4
[INFO] [stderr]    Compiling dct-link v0.1.0 (/opt/rustwide/workdir/crates/dct-link)
[INFO] [stderr]    Compiling chacha20poly1305 v0.10.1
[INFO] [stderr]    Compiling tinystr v0.8.3
[INFO] [stderr]    Compiling potential_utf v0.1.5
[INFO] [stderr]    Compiling icu_locale_core v2.2.0
[INFO] [stderr]    Compiling sec1 v0.7.3
[INFO] [stderr]    Compiling icu_collections v2.2.0
[INFO] [stderr]    Compiling spki v0.7.3
[INFO] [stderr]    Compiling strum v0.26.3
[INFO] [stderr]    Compiling spake2 v0.4.0
[INFO] [stderr]    Compiling x25519-dalek v2.0.1
[INFO] [stderr]    Compiling darling_macro v0.23.0
[INFO] [stderr]    Compiling darling v0.23.0
[INFO] [stderr]    Compiling elliptic-curve v0.13.8
[INFO] [stderr]    Compiling icu_provider v2.2.0
[INFO] [stderr]    Compiling primeorder v0.13.6
[INFO] [stderr]    Compiling ecdsa v0.16.9
[INFO] [stderr]    Compiling icu_properties v2.2.0
[INFO] [stderr]    Compiling icu_normalizer v2.2.0
[INFO] [stderr]    Compiling ratatui v0.28.1
[INFO] [stderr]    Compiling p256 v0.13.2
[INFO] [stderr]    Compiling toml v0.8.23
[INFO] [stderr]    Compiling dct-brain v0.1.0 (/opt/rustwide/workdir/crates/dct-brain)
[INFO] [stderr]    Compiling dct-mesh v0.1.0 (/opt/rustwide/workdir/crates/dct-mesh)
[INFO] [stderr]    Compiling idna_adapter v1.2.2
[INFO] [stderr]    Compiling idna v1.1.0
[INFO] [stderr]    Compiling url v2.5.8
[INFO] [stderr]    Compiling ureq v2.12.1
[INFO] [stderr]     Finished `dev` profile [unoptimized + debuginfo] target(s) in 1m 26s
[INFO] running `Command { std: "docker" "inspect" "6a0cc57128b3b39f8f49d1a79a9153bb5e2890a7a57272d34d1ccd90b8ed3937", kill_on_drop: false }`
[INFO] running `Command { std: "docker" "exec" "-e" "SOURCE_DIR=/opt/rustwide/workdir" "-e" "CARGO_HOME=/opt/rustwide/cargo-home" "-e" "RUSTUP_HOME=/opt/rustwide/rustup-home" "-e" "CARGO_TARGET_DIR=/opt/rustwide/target" "-e" "CARGO_INCREMENTAL=0" "-e" "RUST_BACKTRACE=full" "-e" "RUSTFLAGS=--cap-lints=warn" "-e" "RUSTDOCFLAGS=--cap-lints=warn" "-w" "/opt/rustwide/workdir" "--user" "0:0" "6a0cc57128b3b39f8f49d1a79a9153bb5e2890a7a57272d34d1ccd90b8ed3937" "/opt/rustwide/cargo-home/bin/cargo" "+1.99.0-beta.8" "test" "--frozen" "--no-run" "--message-format=json", kill_on_drop: false }`
[INFO] [stderr]    Compiling num-traits v0.2.19
[INFO] [stderr]    Compiling g2poly v1.2.2
[INFO] [stderr]    Compiling foldhash v0.2.0
[INFO] [stderr]    Compiling pxfm v0.1.30
[INFO] [stderr]    Compiling rustix v1.1.4
[INFO] [stderr]    Compiling getrandom v0.4.3
[INFO] [stderr]    Compiling dct-brain v0.1.0 (/opt/rustwide/workdir/crates/dct-brain)
[INFO] [stderr]    Compiling bytemuck v1.25.2
[INFO] [stderr]    Compiling byteorder-lite v0.1.0
[INFO] [stderr]    Compiling linux-raw-sys v0.12.1
[INFO] [stderr]    Compiling fastrand v2.5.0
[INFO] [stderr]    Compiling hashbrown v0.16.1
[INFO] [stderr]    Compiling g2gen v1.2.2
[INFO] [stderr]    Compiling g2p v1.2.2
[INFO] [stderr]    Compiling dct v0.2.24 (/opt/rustwide/workdir)
[INFO] [stderr]    Compiling lru v0.16.4
[INFO] [stderr]    Compiling tempfile v3.27.0
[INFO] [stderr]    Compiling moxcms v0.8.1
[INFO] [stderr]    Compiling image v0.25.10
[INFO] [stderr]    Compiling rqrr v0.10.1
[INFO] [stderr] error: could not compile `dct` (test "cli")
[INFO] [stderr] 
[INFO] [stderr] Caused by:
[INFO] [stderr]   process didn't exit successfully: `/opt/rustwide/rustup-home/toolchains/1.99.0-beta.8-x86_64-unknown-linux-gnu/bin/rustc --crate-name cli --edition=2021 tests/cli.rs --error-format=json --json=diagnostic-rendered-ansi,artifacts,future-incompat --emit=dep-info,link -C embed-bitcode=no -C debuginfo=2 --test --check-cfg 'cfg(docsrs,test)' --check-cfg 'cfg(feature, values())' -C metadata=bd8dec1e80cd4c9d -C extra-filename=-a424ad7cfc326ae3 --out-dir /opt/rustwide/target/debug/deps -L dependency=/opt/rustwide/target/debug/deps --extern anyhow=/opt/rustwide/target/debug/deps/libanyhow-eeb2152985963809.rlib --extern base64=/opt/rustwide/target/debug/deps/libbase64-32787b0325ea6df8.rlib --extern crossterm=/opt/rustwide/target/debug/deps/libcrossterm-252d72e78ab33864.rlib --extern dct=/opt/rustwide/target/debug/deps/libdct-683bb4b533959871.rlib --extern dct_brain=/opt/rustwide/target/debug/deps/libdct_brain-3195d6af22751775.rlib --extern dct_game=/opt/rustwide/target/debug/deps/libdct_game-8f30dd3f0f206714.rlib --extern dct_link=/opt/rustwide/target/debug/deps/libdct_link-c8819e03a016a245.rlib --extern dct_mesh=/opt/rustwide/target/debug/deps/libdct_mesh-0c4b85ed02f2fdd1.rlib --extern dct_page=/opt/rustwide/target/debug/deps/libdct_page-da5057eea66aca85.rlib --extern flate2=/opt/rustwide/target/debug/deps/libflate2-1e43143051f14380.rlib --extern getrandom=/opt/rustwide/target/debug/deps/libgetrandom-5498210965ee63d0.rlib --extern libc=/opt/rustwide/target/debug/deps/liblibc-92690407dbecf0f4.rlib --extern portable_pty=/opt/rustwide/target/debug/deps/libportable_pty-45e66a6456a74a07.rlib --extern qrcode=/opt/rustwide/target/debug/deps/libqrcode-c856de149d65f5af.rlib --extern ratatui=/opt/rustwide/target/debug/deps/libratatui-0cfc975edb456467.rlib --extern regex=/opt/rustwide/target/debug/deps/libregex-818aa96f598bdf4a.rlib --extern rqrr=/opt/rustwide/target/debug/deps/librqrr-b5de7d9ec18cd341.rlib --extern serde=/opt/rustwide/target/debug/deps/libserde-fbaece0855810061.rlib --extern serde_json=/opt/rustwide/target/debug/deps/libserde_json-57f88e8165f8908b.rlib --extern sha2=/opt/rustwide/target/debug/deps/libsha2-80dfb846c91b6d64.rlib --extern tempfile=/opt/rustwide/target/debug/deps/libtempfile-d22b92b1de02252b.rlib --extern toml=/opt/rustwide/target/debug/deps/libtoml-bd6f8f2c010bd9d9.rlib --extern unicode_width=/opt/rustwide/target/debug/deps/libunicode_width-b1bc0d6c10c00ecc.rlib --extern ureq=/opt/rustwide/target/debug/deps/libureq-7ac7ace8f3252710.rlib --extern vt100=/opt/rustwide/target/debug/deps/libvt100-030610b166769821.rlib --extern zip=/opt/rustwide/target/debug/deps/libzip-2aa17d091270d7d3.rlib --cap-lints=warn -L native=/opt/rustwide/target/debug/build/ring-e1367c6653867bbf/out` (signal: 9, SIGKILL: kill)
[INFO] [stderr] warning: build failed, waiting for other jobs to finish...
[INFO] [stderr] error: could not compile `dct` (test "mesh_e2e")
[INFO] [stderr] 
[INFO] [stderr] Caused by:
[INFO] [stderr]   process didn't exit successfully: `/opt/rustwide/rustup-home/toolchains/1.99.0-beta.8-x86_64-unknown-linux-gnu/bin/rustc --crate-name mesh_e2e --edition=2021 tests/mesh_e2e.rs --error-format=json --json=diagnostic-rendered-ansi,artifacts,future-incompat --emit=dep-info,link -C embed-bitcode=no -C debuginfo=2 --test --check-cfg 'cfg(docsrs,test)' --check-cfg 'cfg(feature, values())' -C metadata=8fd80ba77d07f97c -C extra-filename=-b063c42a4ad95ba1 --out-dir /opt/rustwide/target/debug/deps -L dependency=/opt/rustwide/target/debug/deps --extern anyhow=/opt/rustwide/target/debug/deps/libanyhow-eeb2152985963809.rlib --extern base64=/opt/rustwide/target/debug/deps/libbase64-32787b0325ea6df8.rlib --extern crossterm=/opt/rustwide/target/debug/deps/libcrossterm-252d72e78ab33864.rlib --extern dct=/opt/rustwide/target/debug/deps/libdct-683bb4b533959871.rlib --extern dct_brain=/opt/rustwide/target/debug/deps/libdct_brain-3195d6af22751775.rlib --extern dct_game=/opt/rustwide/target/debug/deps/libdct_game-8f30dd3f0f206714.rlib --extern dct_link=/opt/rustwide/target/debug/deps/libdct_link-c8819e03a016a245.rlib --extern dct_mesh=/opt/rustwide/target/debug/deps/libdct_mesh-0c4b85ed02f2fdd1.rlib --extern dct_page=/opt/rustwide/target/debug/deps/libdct_page-da5057eea66aca85.rlib --extern flate2=/opt/rustwide/target/debug/deps/libflate2-1e43143051f14380.rlib --extern getrandom=/opt/rustwide/target/debug/deps/libgetrandom-5498210965ee63d0.rlib --extern libc=/opt/rustwide/target/debug/deps/liblibc-92690407dbecf0f4.rlib --extern portable_pty=/opt/rustwide/target/debug/deps/libportable_pty-45e66a6456a74a07.rlib --extern qrcode=/opt/rustwide/target/debug/deps/libqrcode-c856de149d65f5af.rlib --extern ratatui=/opt/rustwide/target/debug/deps/libratatui-0cfc975edb456467.rlib --extern regex=/opt/rustwide/target/debug/deps/libregex-818aa96f598bdf4a.rlib --extern rqrr=/opt/rustwide/target/debug/deps/librqrr-b5de7d9ec18cd341.rlib --extern serde=/opt/rustwide/target/debug/deps/libserde-fbaece0855810061.rlib --extern serde_json=/opt/rustwide/target/debug/deps/libserde_json-57f88e8165f8908b.rlib --extern sha2=/opt/rustwide/target/debug/deps/libsha2-80dfb846c91b6d64.rlib --extern tempfile=/opt/rustwide/target/debug/deps/libtempfile-d22b92b1de02252b.rlib --extern toml=/opt/rustwide/target/debug/deps/libtoml-bd6f8f2c010bd9d9.rlib --extern unicode_width=/opt/rustwide/target/debug/deps/libunicode_width-b1bc0d6c10c00ecc.rlib --extern ureq=/opt/rustwide/target/debug/deps/libureq-7ac7ace8f3252710.rlib --extern vt100=/opt/rustwide/target/debug/deps/libvt100-030610b166769821.rlib --extern zip=/opt/rustwide/target/debug/deps/libzip-2aa17d091270d7d3.rlib --cap-lints=warn -L native=/opt/rustwide/target/debug/build/ring-e1367c6653867bbf/out` (signal: 9, SIGKILL: kill)
[INFO] [stderr] error: could not compile `dct` (lib test)
[INFO] [stderr] 
[INFO] [stderr] Caused by:
[INFO] [stderr]   process didn't exit successfully: `/opt/rustwide/rustup-home/toolchains/1.99.0-beta.8-x86_64-unknown-linux-gnu/bin/rustc --crate-name dct --edition=2021 src/lib.rs --error-format=json --json=diagnostic-rendered-ansi,artifacts,future-incompat --emit=dep-info,link -C embed-bitcode=no -C debuginfo=2 --test --check-cfg 'cfg(docsrs,test)' --check-cfg 'cfg(feature, values())' -C metadata=f55a47f221e1ebce -C extra-filename=-2ffdac2774529e9a --out-dir /opt/rustwide/target/debug/deps -L dependency=/opt/rustwide/target/debug/deps --extern anyhow=/opt/rustwide/target/debug/deps/libanyhow-eeb2152985963809.rlib --extern base64=/opt/rustwide/target/debug/deps/libbase64-32787b0325ea6df8.rlib --extern crossterm=/opt/rustwide/target/debug/deps/libcrossterm-252d72e78ab33864.rlib --extern dct_brain=/opt/rustwide/target/debug/deps/libdct_brain-3195d6af22751775.rlib --extern dct_game=/opt/rustwide/target/debug/deps/libdct_game-8f30dd3f0f206714.rlib --extern dct_link=/opt/rustwide/target/debug/deps/libdct_link-c8819e03a016a245.rlib --extern dct_mesh=/opt/rustwide/target/debug/deps/libdct_mesh-0c4b85ed02f2fdd1.rlib --extern dct_page=/opt/rustwide/target/debug/deps/libdct_page-da5057eea66aca85.rlib --extern flate2=/opt/rustwide/target/debug/deps/libflate2-1e43143051f14380.rlib --extern getrandom=/opt/rustwide/target/debug/deps/libgetrandom-5498210965ee63d0.rlib --extern libc=/opt/rustwide/target/debug/deps/liblibc-92690407dbecf0f4.rlib --extern portable_pty=/opt/rustwide/target/debug/deps/libportable_pty-45e66a6456a74a07.rlib --extern qrcode=/opt/rustwide/target/debug/deps/libqrcode-c856de149d65f5af.rlib --extern ratatui=/opt/rustwide/target/debug/deps/libratatui-0cfc975edb456467.rlib --extern regex=/opt/rustwide/target/debug/deps/libregex-818aa96f598bdf4a.rlib --extern rqrr=/opt/rustwide/target/debug/deps/librqrr-b5de7d9ec18cd341.rlib --extern serde=/opt/rustwide/target/debug/deps/libserde-fbaece0855810061.rlib --extern serde_json=/opt/rustwide/target/debug/deps/libserde_json-57f88e8165f8908b.rlib --extern sha2=/opt/rustwide/target/debug/deps/libsha2-80dfb846c91b6d64.rlib --extern tempfile=/opt/rustwide/target/debug/deps/libtempfile-d22b92b1de02252b.rlib --extern toml=/opt/rustwide/target/debug/deps/libtoml-bd6f8f2c010bd9d9.rlib --extern unicode_width=/opt/rustwide/target/debug/deps/libunicode_width-b1bc0d6c10c00ecc.rlib --extern ureq=/opt/rustwide/target/debug/deps/libureq-7ac7ace8f3252710.rlib --extern vt100=/opt/rustwide/target/debug/deps/libvt100-030610b166769821.rlib --extern zip=/opt/rustwide/target/debug/deps/libzip-2aa17d091270d7d3.rlib --cap-lints=warn -L native=/opt/rustwide/target/debug/build/ring-e1367c6653867bbf/out` (signal: 9, SIGKILL: kill)
[INFO] [stdout] error: linking with `cc` failed: exit status: 1
[INFO] [stdout]   |
[INFO] [stdout]   = note:  "cc" "-m64" "/opt/rustwide/target/debug/deps/rustc1RY4VG/symbols.o" "<2 object files omitted>" "-Wl,--as-needed" "-Wl,-Bstatic" "/opt/rustwide/target/debug/deps/{libdct-683bb4b533959871,libdct_page-da5057eea66aca85,libzip-2aa17d091270d7d3,libbyteorder-8f59b6d1bfdaa844,libtoml-bd6f8f2c010bd9d9,libtoml_edit-97192156158d55bf,libserde_spanned-f85aa9159ba99339,libindexmap-b92bb9c25241b995,libhashbrown-d7214d631586fd51,libwinnow-88e6acd6e2987984,libtoml_write-2c704ffd35684d73,libtoml_datetime-689e7fed73e15598,libureq-7ac7ace8f3252710,libwebpki_roots-ca6155966ba34760,libwebpki_roots-5909ca0173385c01,liburl-65d57b4505c0143e,libidna-b71b7ff9330fe658,libidna_adapter-0dda433c81815481,libicu_properties-76be9a4f59a33660,libicu_properties_data-e6cf238fc98dd59d,libicu_normalizer-933e7aef25a4fe12,libicu_normalizer_data-8fea05bee0bb4e49,libicu_collections-6c38fd9ae9462074,libutf8_iter-51566bbad89f3a68,libpotential_utf-8c7c3668d37b3491,libicu_provider-21ef55c771e04a24,libicu_locale_core-83c61d4e41654046,libtinystr-48724da85debc1e4,liblitemap-dc288f07f8f61193,libwriteable-48b3e52227924bb5,libzerovec-45a7b214a36126f7,libzerotrie-89e29250c36b16f5,libyoke-72fb5a1641b3cd20,libstable_deref_trait-63cbf3f3d3f94e56,libzerofrom-8572d48a38069bee,libform_urlencoded-da07baadaa4a52d9,libpercent_encoding-60965446a9af8f63,librustls-f85f48cb1fd99a68,libwebpki-db8c40fd2596d658,libring-35ca1af655307b04,libuntrusted-b2f816886faf2178,librustls_pki_types-c28ccc7b5abf2b1c,libratatui-0cfc975edb456467,libunicode_truncate-151118559c49d960,liblru-3af40d5519ef5719,libhashbrown-621f4a290160b487,libfoldhash-07f233db1c671507,libequivalent-6a754676e6af62ae,liballocator_api2-8d9c1e895dea53bd,libcassowary-12d00e585f48d567,libitertools-9f281c1c6066d5d9,libeither-2799ee1e07c29ad1,libcompact_str-28435662926e528f,libryu-1f4f40e4352371e5,libstatic_assertions-f0217ecdd817a834,libcastaway-cc9c9278369cb66d,libunicode_segmentation-7adb7faea6d97d51,libunicode_width-b1bc0d6c10c00ecc,libstrum-c5538b5dede24674,libcrossterm-252d72e78ab33864,librustix-ad2c9f05a72e9bb0,liblinux_raw_sys-e0d87a58652c2b0b,libparking_lot-747c2334d3e5505d,libparking_lot_core-5aac998a3d7afaea,libsmallvec-8991f9d163108ead,liblock_api-16d46fed645f7bff,libscopeguard-7ec2214574194454,libsignal_hook_mio-cb9470d936cf5836,libsignal_hook-9a106117205daed9,libsignal_hook_registry-c1d240b9f008104d,liberrno-1bb36c334088ea53,libmio-1700561f950e1b6c,libqrcode-c856de149d65f5af,libvt100-030610b166769821,libvte-70a8f8e40b9f9493,libunicode_width-c0be3735b741df1b,libportable_pty-45e66a6456a74a07,libshell_words-d186b621774bbdb4,liblog-64a74e931fbdff63,libserial-57748d09437cd75b,libserial_unix-ccea579fada38c4f,libioctl_rs-8f4a82c96ba225ae,libtermios-c1e778c19077c39d,libserial_core-b74fc1e45df3b2af,libfiledescriptor-2c5c4a314aecbd7b,libthiserror-6b14c277103667c6,libnix-2f6810acab6b547f,libmemoffset-c5ca5181f39b5509,libpin_utils-3860774ad9b215b5,libbitflags-dde12b0d7d495b50,libdowncast_rs-9143b3ab1f004153,libdct_mesh-0c4b85ed02f2fdd1,libchacha20poly1305-73bde46fe10b466c,libchacha20-0a5bbfd5e182f9cd,libpoly1305-60db3b80bd445145,libopaque_debug-90e66d859d53ff28,libuniversal_hash-936acbf26b2f0aed,libaead-5dd8a7672bf94149,libcipher-ea26f48f15f3a8ba,libinout-a5e9c8fecf384e7c,libx25519_dalek-c8fa9830f5329e9e,libspake2-32584c13831a8da3,libcurve25519_dalek-40381b5f682a350e,libhkdf-2c50fcd7c4fe3fb2,libflate2-1e43143051f14380,libminiz_oxide-b0342c05fad2c2c8,libsimd_adler32-2a047f2153860026,libcrc32fast-72a668f1caef57d4,libdct_link-c8819e03a016a245,libdct_brain-3195d6af22751775,libp256-133b61e3e7eda1be,libecdsa-0a8a32475ef1ac8c,librfc6979-240ca7f7dbb3d3ed,libhmac-5c051f816cf6f1e5,libspki-c13fdffb45d3b841,libsignature-3b8f4feccc0a269f,libprimeorder-941d789f86fdbc45,libelliptic_curve-998467d61af7c2c4,libsec1-a733ed6948f52724,libder-0b61e89994576572,libcrypto_bigint-dae7f000e15e0015,libbase16ct-c4cc4b0550013254,libgroup-10f9433e68b9561f,libff-b2552c6482b11073,librand_core-72a269fc21523d50,libgetrandom-5498210965ee63d0,libsha2-80dfb846c91b6d64,libcpufeatures-e04321643d03190d,libdigest-767966f6fb1c8e30,libsubtle-cdc2b7d5fab71c70,libconst_oid-2aadc73a32842898,libblock_buffer-e74ae260ee1e3288,libcrypto_common-d718855b5169e910,libgeneric_array-d3f224fb77b0a7d3,libtypenum-ed2b1c93b2a4333a,libzeroize-18cb7876aa49af10,libdct_game-8f30dd3f0f206714,libregex-818aa96f598bdf4a,libregex_automata-a3a706a38c9d5926,libaho_corasick-5b74fb32056a7cd4,libregex_syntax-801391c65a42f645,libbase64-32787b0325ea6df8,libserde-fbaece0855810061,libserde_json-57f88e8165f8908b,libmemchr-efcaf924912fba01,libitoa-5de11b3b23bfe572,libzmij-2ca2f302097868c6,libserde_core-ff96c4ffe6afdb18,libanyhow-eeb2152985963809,libtempfile-d22b92b1de02252b,libgetrandom-dd93d911e90837a4,liblibc-92690407dbecf0f4,libcfg_if-83060ec5685761ae,libfastrand-bab015aa83fcde07,libonce_cell-b5bdc597ed9676b3,librustix-04badb96c53eccb6,libbitflags-7039d3929d603d58,liblinux_raw_sys-0b6cde911e9a3109}.rlib" "<sysroot>/lib/rustlib/x86_64-unknown-linux-gnu/lib/{libtest-*,libgetopts-*,librustc_std_workspace_std-*,libstd-*,libpanic_unwind-*,libobject-*,libmemchr-*,libaddr2line-*,libgimli-*,libcfg_if-*,librustc_demangle-*,libstd_detect-*,libhashbrown-*,librustc_std_workspace_alloc-*,libminiz_oxide-*,libadler2-*,libunwind-*,liblibc-*,librustc_std_workspace_core-*,liballoc-*,libcore-*,libcompiler_builtins-*}.rlib" "-Wl,-Bdynamic" "-lc" "-lgcc_s" "-lutil" "-lrt" "-lpthread" "-lm" "-ldl" "-lc" "-L" "/opt/rustwide/target/debug/deps/rustc1RY4VG/raw-dylibs" "-B<sysroot>/lib/rustlib/x86_64-unknown-linux-gnu/bin/gcc-ld" "-fuse-ld=lld" "-Wl,--eh-frame-hdr" "-Wl,-z,noexecstack" "-L" "/opt/rustwide/target/debug/build/ring-e1367c6653867bbf/out" "-L" "<sysroot>/lib/rustlib/x86_64-unknown-linux-gnu/lib" "-o" "/opt/rustwide/target/debug/deps/socket_perms-fff3d1d593789076" "-Wl,--gc-sections" "-pie" "-Wl,-z,relro,-z,now" "-nodefaultlibs"
[INFO] [stdout]   = note: some arguments are omitted. use `--verbose` to show all linker arguments
[INFO] [stdout]   = note: collect2: fatal error: ld terminated with signal 9 [Killed]
[INFO] [stdout]           compilation terminated.
[INFO] [stdout]           
[INFO] [stdout] 
[INFO] [stdout] 
[INFO] [stderr] error: could not compile `dct` (test "socket_perms") due to 1 previous error
[INFO] [stdout] error: linking with `cc` failed: exit status: 1
[INFO] [stdout]   |
[INFO] [stdout]   = note:  "cc" "-m64" "/opt/rustwide/target/debug/deps/rustcyi0GPp/symbols.o" "<2 object files omitted>" "-Wl,--as-needed" "-Wl,-Bstatic" "/opt/rustwide/target/debug/deps/{libtempfile-d22b92b1de02252b,libgetrandom-dd93d911e90837a4,libfastrand-bab015aa83fcde07,librustix-04badb96c53eccb6,liblinux_raw_sys-0b6cde911e9a3109}.rlib" "<sysroot>/lib/rustlib/x86_64-unknown-linux-gnu/lib/{libtest-*,libgetopts-*,librustc_std_workspace_std-*}.rlib" "/opt/rustwide/target/debug/deps/{libdct-683bb4b533959871,libdct_page-da5057eea66aca85,libzip-2aa17d091270d7d3,libbyteorder-8f59b6d1bfdaa844,libtoml-bd6f8f2c010bd9d9,libtoml_edit-97192156158d55bf,libserde_spanned-f85aa9159ba99339,libindexmap-b92bb9c25241b995,libhashbrown-d7214d631586fd51,libwinnow-88e6acd6e2987984,libtoml_write-2c704ffd35684d73,libtoml_datetime-689e7fed73e15598,libureq-7ac7ace8f3252710,libwebpki_roots-ca6155966ba34760,libwebpki_roots-5909ca0173385c01,libonce_cell-b5bdc597ed9676b3,liburl-65d57b4505c0143e,libidna-b71b7ff9330fe658,libidna_adapter-0dda433c81815481,libicu_properties-76be9a4f59a33660,libicu_properties_data-e6cf238fc98dd59d,libicu_normalizer-933e7aef25a4fe12,libicu_normalizer_data-8fea05bee0bb4e49,libicu_collections-6c38fd9ae9462074,libutf8_iter-51566bbad89f3a68,libpotential_utf-8c7c3668d37b3491,libicu_provider-21ef55c771e04a24,libicu_locale_core-83c61d4e41654046,libtinystr-48724da85debc1e4,liblitemap-dc288f07f8f61193,libwriteable-48b3e52227924bb5,libzerovec-45a7b214a36126f7,libzerotrie-89e29250c36b16f5,libyoke-72fb5a1641b3cd20,libstable_deref_trait-63cbf3f3d3f94e56,libzerofrom-8572d48a38069bee,libform_urlencoded-da07baadaa4a52d9,libpercent_encoding-60965446a9af8f63,librustls-f85f48cb1fd99a68,libwebpki-db8c40fd2596d658,libring-35ca1af655307b04,libuntrusted-b2f816886faf2178,librustls_pki_types-c28ccc7b5abf2b1c,libratatui-0cfc975edb456467,libunicode_truncate-151118559c49d960,liblru-3af40d5519ef5719,libhashbrown-621f4a290160b487,libfoldhash-07f233db1c671507,libequivalent-6a754676e6af62ae,liballocator_api2-8d9c1e895dea53bd,libcassowary-12d00e585f48d567,libitertools-9f281c1c6066d5d9,libeither-2799ee1e07c29ad1,libcompact_str-28435662926e528f,libryu-1f4f40e4352371e5,libstatic_assertions-f0217ecdd817a834,libcastaway-cc9c9278369cb66d,libunicode_segmentation-7adb7faea6d97d51,libunicode_width-b1bc0d6c10c00ecc,libstrum-c5538b5dede24674,libcrossterm-252d72e78ab33864,librustix-ad2c9f05a72e9bb0,liblinux_raw_sys-e0d87a58652c2b0b,libbitflags-7039d3929d603d58,libparking_lot-747c2334d3e5505d,libparking_lot_core-5aac998a3d7afaea,libsmallvec-8991f9d163108ead,liblock_api-16d46fed645f7bff,libscopeguard-7ec2214574194454,libsignal_hook_mio-cb9470d936cf5836,libsignal_hook-9a106117205daed9,libsignal_hook_registry-c1d240b9f008104d,liberrno-1bb36c334088ea53,libmio-1700561f950e1b6c,libqrcode-c856de149d65f5af,libvt100-030610b166769821,libvte-70a8f8e40b9f9493,libunicode_width-c0be3735b741df1b,libportable_pty-45e66a6456a74a07,libshell_words-d186b621774bbdb4,liblog-64a74e931fbdff63,libserial-57748d09437cd75b,libserial_unix-ccea579fada38c4f,libioctl_rs-8f4a82c96ba225ae,libtermios-c1e778c19077c39d,libserial_core-b74fc1e45df3b2af,libfiledescriptor-2c5c4a314aecbd7b,libthiserror-6b14c277103667c6,libnix-2f6810acab6b547f,libmemoffset-c5ca5181f39b5509,libpin_utils-3860774ad9b215b5,libbitflags-dde12b0d7d495b50,libdowncast_rs-9143b3ab1f004153,libdct_mesh-0c4b85ed02f2fdd1,libchacha20poly1305-73bde46fe10b466c,libchacha20-0a5bbfd5e182f9cd,libpoly1305-60db3b80bd445145,libopaque_debug-90e66d859d53ff28,libuniversal_hash-936acbf26b2f0aed,libaead-5dd8a7672bf94149,libcipher-ea26f48f15f3a8ba,libinout-a5e9c8fecf384e7c,libx25519_dalek-c8fa9830f5329e9e,libspake2-32584c13831a8da3,libcurve25519_dalek-40381b5f682a350e,libhkdf-2c50fcd7c4fe3fb2,libflate2-1e43143051f14380,libminiz_oxide-b0342c05fad2c2c8,libsimd_adler32-2a047f2153860026,libcrc32fast-72a668f1caef57d4,libdct_link-c8819e03a016a245,libdct_brain-3195d6af22751775,libp256-133b61e3e7eda1be,libecdsa-0a8a32475ef1ac8c,librfc6979-240ca7f7dbb3d3ed,libhmac-5c051f816cf6f1e5,libspki-c13fdffb45d3b841,libsignature-3b8f4feccc0a269f,libprimeorder-941d789f86fdbc45,libelliptic_curve-998467d61af7c2c4,libsec1-a733ed6948f52724,libder-0b61e89994576572,libcrypto_bigint-dae7f000e15e0015,libbase16ct-c4cc4b0550013254,libgroup-10f9433e68b9561f,libff-b2552c6482b11073,librand_core-72a269fc21523d50,libgetrandom-5498210965ee63d0,liblibc-92690407dbecf0f4,libsha2-80dfb846c91b6d64,libcpufeatures-e04321643d03190d,libcfg_if-83060ec5685761ae,libdigest-767966f6fb1c8e30,libsubtle-cdc2b7d5fab71c70,libconst_oid-2aadc73a32842898,libblock_buffer-e74ae260ee1e3288,libcrypto_common-d718855b5169e910,libgeneric_array-d3f224fb77b0a7d3,libtypenum-ed2b1c93b2a4333a,libzeroize-18cb7876aa49af10,libdct_game-8f30dd3f0f206714,libregex-818aa96f598bdf4a,libregex_automata-a3a706a38c9d5926,libaho_corasick-5b74fb32056a7cd4,libregex_syntax-801391c65a42f645,libbase64-32787b0325ea6df8,libserde-fbaece0855810061,libserde_json-57f88e8165f8908b,libmemchr-efcaf924912fba01,libitoa-5de11b3b23bfe572,libzmij-2ca2f302097868c6,libserde_core-ff96c4ffe6afdb18,libanyhow-eeb2152985963809}.rlib" "<sysroot>/lib/rustlib/x86_64-unknown-linux-gnu/lib/{libstd-*,libpanic_unwind-*,libobject-*,libmemchr-*,libaddr2line-*,libgimli-*,libcfg_if-*,librustc_demangle-*,libstd_detect-*,libhashbrown-*,librustc_std_workspace_alloc-*,libminiz_oxide-*,libadler2-*,libunwind-*,liblibc-*,librustc_std_workspace_core-*,liballoc-*,libcore-*,libcompiler_builtins-*}.rlib" "-Wl,-Bdynamic" "-lc" "-lgcc_s" "-lutil" "-lrt" "-lpthread" "-lm" "-ldl" "-lc" "-L" "/opt/rustwide/target/debug/deps/rustcyi0GPp/raw-dylibs" "-B<sysroot>/lib/rustlib/x86_64-unknown-linux-gnu/bin/gcc-ld" "-fuse-ld=lld" "-Wl,--eh-frame-hdr" "-Wl,-z,noexecstack" "-L" "/opt/rustwide/target/debug/build/ring-e1367c6653867bbf/out" "-L" "<sysroot>/lib/rustlib/x86_64-unknown-linux-gnu/lib" "-o" "/opt/rustwide/target/debug/deps/concurrency-258580651a20371f" "-Wl,--gc-sections" "-pie" "-Wl,-z,relro,-z,now" "-nodefaultlibs"
[INFO] [stdout]   = note: some arguments are omitted. use `--verbose` to show all linker arguments
[INFO] [stdout]   = note: collect2: fatal error: ld terminated with signal 9 [Killed]
[INFO] [stdout]           compilation terminated.
[INFO] [stdout]           
[INFO] [stdout] 
[INFO] [stdout] 
[INFO] [stderr] error: could not compile `dct` (test "concurrency") due to 1 previous error
[INFO] [stdout] error: linking with `cc` failed: exit status: 1
[INFO] [stdout]   |
[INFO] [stdout]   = note:  "cc" "-m64" "/opt/rustwide/target/debug/deps/rustcyIiWVa/symbols.o" "<2 object files omitted>" "-Wl,--as-needed" "-Wl,-Bstatic" "/opt/rustwide/target/debug/deps/{libtempfile-d22b92b1de02252b,libgetrandom-dd93d911e90837a4,libfastrand-bab015aa83fcde07,librustix-04badb96c53eccb6,liblinux_raw_sys-0b6cde911e9a3109}.rlib" "<sysroot>/lib/rustlib/x86_64-unknown-linux-gnu/lib/{libtest-*,libgetopts-*,librustc_std_workspace_std-*}.rlib" "/opt/rustwide/target/debug/deps/{libdct-683bb4b533959871,libdct_page-da5057eea66aca85,libzip-2aa17d091270d7d3,libbyteorder-8f59b6d1bfdaa844,libtoml-bd6f8f2c010bd9d9,libtoml_edit-97192156158d55bf,libserde_spanned-f85aa9159ba99339,libindexmap-b92bb9c25241b995,libhashbrown-d7214d631586fd51,libwinnow-88e6acd6e2987984,libtoml_write-2c704ffd35684d73,libtoml_datetime-689e7fed73e15598,libureq-7ac7ace8f3252710,libwebpki_roots-ca6155966ba34760,libwebpki_roots-5909ca0173385c01,libonce_cell-b5bdc597ed9676b3,liburl-65d57b4505c0143e,libidna-b71b7ff9330fe658,libidna_adapter-0dda433c81815481,libicu_properties-76be9a4f59a33660,libicu_properties_data-e6cf238fc98dd59d,libicu_normalizer-933e7aef25a4fe12,libicu_normalizer_data-8fea05bee0bb4e49,libicu_collections-6c38fd9ae9462074,libutf8_iter-51566bbad89f3a68,libpotential_utf-8c7c3668d37b3491,libicu_provider-21ef55c771e04a24,libicu_locale_core-83c61d4e41654046,libtinystr-48724da85debc1e4,liblitemap-dc288f07f8f61193,libwriteable-48b3e52227924bb5,libzerovec-45a7b214a36126f7,libzerotrie-89e29250c36b16f5,libyoke-72fb5a1641b3cd20,libstable_deref_trait-63cbf3f3d3f94e56,libzerofrom-8572d48a38069bee,libform_urlencoded-da07baadaa4a52d9,libpercent_encoding-60965446a9af8f63,librustls-f85f48cb1fd99a68,libwebpki-db8c40fd2596d658,libring-35ca1af655307b04,libuntrusted-b2f816886faf2178,librustls_pki_types-c28ccc7b5abf2b1c,libratatui-0cfc975edb456467,libunicode_truncate-151118559c49d960,liblru-3af40d5519ef5719,libhashbrown-621f4a290160b487,libfoldhash-07f233db1c671507,libequivalent-6a754676e6af62ae,liballocator_api2-8d9c1e895dea53bd,libcassowary-12d00e585f48d567,libitertools-9f281c1c6066d5d9,libeither-2799ee1e07c29ad1,libcompact_str-28435662926e528f,libryu-1f4f40e4352371e5,libstatic_assertions-f0217ecdd817a834,libcastaway-cc9c9278369cb66d,libunicode_segmentation-7adb7faea6d97d51,libunicode_width-b1bc0d6c10c00ecc,libstrum-c5538b5dede24674,libcrossterm-252d72e78ab33864,librustix-ad2c9f05a72e9bb0,liblinux_raw_sys-e0d87a58652c2b0b,libbitflags-7039d3929d603d58,libparking_lot-747c2334d3e5505d,libparking_lot_core-5aac998a3d7afaea,libsmallvec-8991f9d163108ead,liblock_api-16d46fed645f7bff,libscopeguard-7ec2214574194454,libsignal_hook_mio-cb9470d936cf5836,libsignal_hook-9a106117205daed9,libsignal_hook_registry-c1d240b9f008104d,liberrno-1bb36c334088ea53,libmio-1700561f950e1b6c,libqrcode-c856de149d65f5af,libvt100-030610b166769821,libvte-70a8f8e40b9f9493,libunicode_width-c0be3735b741df1b,libportable_pty-45e66a6456a74a07,libshell_words-d186b621774bbdb4,liblog-64a74e931fbdff63,libserial-57748d09437cd75b,libserial_unix-ccea579fada38c4f,libioctl_rs-8f4a82c96ba225ae,libtermios-c1e778c19077c39d,libserial_core-b74fc1e45df3b2af,libfiledescriptor-2c5c4a314aecbd7b,libthiserror-6b14c277103667c6,libnix-2f6810acab6b547f,libmemoffset-c5ca5181f39b5509,libpin_utils-3860774ad9b215b5,libbitflags-dde12b0d7d495b50,libdowncast_rs-9143b3ab1f004153,libdct_mesh-0c4b85ed02f2fdd1,libchacha20poly1305-73bde46fe10b466c,libchacha20-0a5bbfd5e182f9cd,libpoly1305-60db3b80bd445145,libopaque_debug-90e66d859d53ff28,libuniversal_hash-936acbf26b2f0aed,libaead-5dd8a7672bf94149,libcipher-ea26f48f15f3a8ba,libinout-a5e9c8fecf384e7c,libx25519_dalek-c8fa9830f5329e9e,libspake2-32584c13831a8da3,libcurve25519_dalek-40381b5f682a350e,libhkdf-2c50fcd7c4fe3fb2,libflate2-1e43143051f14380,libminiz_oxide-b0342c05fad2c2c8,libsimd_adler32-2a047f2153860026,libcrc32fast-72a668f1caef57d4,libdct_link-c8819e03a016a245,libdct_brain-3195d6af22751775,libp256-133b61e3e7eda1be,libecdsa-0a8a32475ef1ac8c,librfc6979-240ca7f7dbb3d3ed,libhmac-5c051f816cf6f1e5,libspki-c13fdffb45d3b841,libsignature-3b8f4feccc0a269f,libprimeorder-941d789f86fdbc45,libelliptic_curve-998467d61af7c2c4,libsec1-a733ed6948f52724,libder-0b61e89994576572,libcrypto_bigint-dae7f000e15e0015,libbase16ct-c4cc4b0550013254,libgroup-10f9433e68b9561f,libff-b2552c6482b11073,librand_core-72a269fc21523d50,libgetrandom-5498210965ee63d0,liblibc-92690407dbecf0f4,libsha2-80dfb846c91b6d64,libcpufeatures-e04321643d03190d,libcfg_if-83060ec5685761ae,libdigest-767966f6fb1c8e30,libsubtle-cdc2b7d5fab71c70,libconst_oid-2aadc73a32842898,libblock_buffer-e74ae260ee1e3288,libcrypto_common-d718855b5169e910,libgeneric_array-d3f224fb77b0a7d3,libtypenum-ed2b1c93b2a4333a,libzeroize-18cb7876aa49af10,libdct_game-8f30dd3f0f206714,libregex-818aa96f598bdf4a,libregex_automata-a3a706a38c9d5926,libaho_corasick-5b74fb32056a7cd4,libregex_syntax-801391c65a42f645,libbase64-32787b0325ea6df8,libserde-fbaece0855810061,libserde_json-57f88e8165f8908b,libmemchr-efcaf924912fba01,libitoa-5de11b3b23bfe572,libzmij-2ca2f302097868c6,libserde_core-ff96c4ffe6afdb18,libanyhow-eeb2152985963809}.rlib" "<sysroot>/lib/rustlib/x86_64-unknown-linux-gnu/lib/{libstd-*,libpanic_unwind-*,libobject-*,libmemchr-*,libaddr2line-*,libgimli-*,libcfg_if-*,librustc_demangle-*,libstd_detect-*,libhashbrown-*,librustc_std_workspace_alloc-*,libminiz_oxide-*,libadler2-*,libunwind-*,liblibc-*,librustc_std_workspace_core-*,liballoc-*,libcore-*,libcompiler_builtins-*}.rlib" "-Wl,-Bdynamic" "-lc" "-lgcc_s" "-lutil" "-lrt" "-lpthread" "-lm" "-ldl" "-lc" "-L" "/opt/rustwide/target/debug/deps/rustcyIiWVa/raw-dylibs" "-B<sysroot>/lib/rustlib/x86_64-unknown-linux-gnu/bin/gcc-ld" "-fuse-ld=lld" "-Wl,--eh-frame-hdr" "-Wl,-z,noexecstack" "-L" "/opt/rustwide/target/debug/build/ring-e1367c6653867bbf/out" "-L" "<sysroot>/lib/rustlib/x86_64-unknown-linux-gnu/lib" "-o" "/opt/rustwide/target/debug/deps/projects_flow-a1c633e6d0b3c876" "-Wl,--gc-sections" "-pie" "-Wl,-z,relro,-z,now" "-nodefaultlibs"
[INFO] [stdout]   = note: some arguments are omitted. use `--verbose` to show all linker arguments
[INFO] [stdout]   = note: collect2: fatal error: ld terminated with signal 9 [Killed]
[INFO] [stdout]           compilation terminated.
[INFO] [stdout]           
[INFO] [stdout] 
[INFO] [stdout] 
[INFO] [stderr] error: could not compile `dct` (test "projects_flow") due to 1 previous error
[INFO] running `Command { std: "docker" "inspect" "6a0cc57128b3b39f8f49d1a79a9153bb5e2890a7a57272d34d1ccd90b8ed3937", kill_on_drop: false }`
[INFO] running `Command { std: "docker" "rm" "-f" "6a0cc57128b3b39f8f49d1a79a9153bb5e2890a7a57272d34d1ccd90b8ed3937", kill_on_drop: false }`
[INFO] [stdout] 6a0cc57128b3b39f8f49d1a79a9153bb5e2890a7a57272d34d1ccd90b8ed3937
