[INFO] cloning repository https://github.com/fzft/tokyo
[INFO] running `Command { std: "git" "-c" "credential.helper=" "-c" "credential.helper=/workspace/cargo-home/bin/git-credential-null" "clone" "--bare" "https://github.com/fzft/tokyo" "/workspace/cache/git-repos/https%3A%2F%2Fgithub.com%2Ffzft%2Ftokyo", kill_on_drop: false }`
[INFO] [stderr] Cloning into bare repository '/workspace/cache/git-repos/https%3A%2F%2Fgithub.com%2Ffzft%2Ftokyo'...
[INFO] running `Command { std: "git" "rev-parse" "HEAD", kill_on_drop: false }`
[INFO] [stdout] eb0d991b345f9eb47b7bcc1937e43960dee7f41c
[INFO] testing fzft/tokyo against 1.100.0-beta.1 for beta-1.100-2
[INFO] running `Command { std: "git" "clone" "/workspace/cache/git-repos/https%3A%2F%2Fgithub.com%2Ffzft%2Ftokyo" "/workspace/builds/worker-7-tc2/source", kill_on_drop: false }`
[INFO] [stderr] Cloning into '/workspace/builds/worker-7-tc2/source'...
[INFO] [stderr] done.
[INFO] started tweaking git repo https://github.com/fzft/tokyo
[INFO] finished tweaking git repo https://github.com/fzft/tokyo
[INFO] tweaked toml for git repo https://github.com/fzft/tokyo written to /workspace/builds/worker-7-tc2/source/Cargo.toml
[INFO] validating manifest of git repo https://github.com/fzft/tokyo on toolchain 1.100.0-beta.1
[INFO] running `Command { std: CARGO_HOME="/workspace/cargo-home" RUSTUP_HOME="/workspace/rustup-home" "/workspace/cargo-home/bin/cargo" "+1.100.0-beta.1" "metadata" "--manifest-path" "Cargo.toml" "--no-deps", kill_on_drop: false }`
[INFO] crate git repo https://github.com/fzft/tokyo already has a lockfile, it will not be regenerated
[INFO] running `Command { std: CARGO_HOME="/workspace/cargo-home" RUSTUP_HOME="/workspace/rustup-home" "/workspace/cargo-home/bin/cargo" "+1.100.0-beta.1" "fetch" "--manifest-path" "Cargo.toml", kill_on_drop: false }`
[INFO] [stderr]     Blocking waiting for file lock on package cache
[INFO] [stderr]     Blocking waiting for file lock on package cache
[INFO] running `Command { std: "docker" "create" "-v" "/var/lib/crater-agent-workspace/builds/worker-7-tc2/source:/opt/rustwide/workdir:ro,Z" "-v" "/var/lib/crater-agent-workspace/builds/worker-7-tc2/target:/opt/rustwide/target:rw,Z" "-v" "/var/lib/crater-agent-workspace/cargo-home:/opt/rustwide/cargo-home:ro,Z" "-v" "/var/lib/crater-agent-workspace/rustup-home:/opt/rustwide/rustup-home:ro,Z" "-m" "1610612736" "--network" "none" "ghcr.io/rust-lang/crates-build-env/linux@sha256:3111399a4047eeb3a02b7a90e478d715f38a8c6669b5c4b49d30a17385265909" "sleep" "infinity", kill_on_drop: false }`
[INFO] [stdout] 29ff190cf6d4d076a36a6efaa3681571ce02e3ffff40064430abfddbbfff35bf
[INFO] running `Command { std: "docker" "start" "29ff190cf6d4d076a36a6efaa3681571ce02e3ffff40064430abfddbbfff35bf", kill_on_drop: false }`
[INFO] running `Command { std: "docker" "inspect" "29ff190cf6d4d076a36a6efaa3681571ce02e3ffff40064430abfddbbfff35bf", kill_on_drop: false }`
[INFO] running `Command { std: "docker" "exec" "-e" "SOURCE_DIR=/opt/rustwide/workdir" "-e" "CARGO_HOME=/opt/rustwide/cargo-home" "-e" "RUSTUP_HOME=/opt/rustwide/rustup-home" "-e" "CARGO_TARGET_DIR=/opt/rustwide/target" "-w" "/opt/rustwide/workdir" "--user" "0:0" "29ff190cf6d4d076a36a6efaa3681571ce02e3ffff40064430abfddbbfff35bf" "/opt/rustwide/cargo-home/bin/cargo" "+1.100.0-beta.1" "metadata" "--no-deps" "--format-version=1", kill_on_drop: false }`
[INFO] running `Command { std: "docker" "inspect" "29ff190cf6d4d076a36a6efaa3681571ce02e3ffff40064430abfddbbfff35bf", kill_on_drop: false }`
[INFO] running `Command { std: "docker" "exec" "-e" "SOURCE_DIR=/opt/rustwide/workdir" "-e" "CARGO_HOME=/opt/rustwide/cargo-home" "-e" "RUSTUP_HOME=/opt/rustwide/rustup-home" "-e" "CARGO_TARGET_DIR=/opt/rustwide/target" "-e" "CARGO_INCREMENTAL=0" "-e" "RUST_BACKTRACE=full" "-e" "RUSTFLAGS=--cap-lints=warn" "-e" "RUSTDOCFLAGS=--cap-lints=warn" "-w" "/opt/rustwide/workdir" "--user" "0:0" "29ff190cf6d4d076a36a6efaa3681571ce02e3ffff40064430abfddbbfff35bf" "/opt/rustwide/cargo-home/bin/cargo" "+1.100.0-beta.1" "build" "--frozen" "--message-format=json", kill_on_drop: false }`
[INFO] [stderr]    Compiling cfg-if v1.0.0
[INFO] [stderr]    Compiling autocfg v1.1.0
[INFO] [stderr]    Compiling libc v0.2.141
[INFO] [stderr]    Compiling unicode-ident v1.0.8
[INFO] [stderr]    Compiling quote v1.0.26
[INFO] [stderr]    Compiling proc-macro2 v1.0.56
[INFO] [stderr]    Compiling crossbeam-utils v0.8.15
[INFO] [stderr]    Compiling scopeguard v1.1.0
[INFO] [stderr]    Compiling log v0.4.17
[INFO] [stderr]    Compiling parking_lot_core v0.9.7
[INFO] [stderr]    Compiling ppv-lite86 v0.2.17
[INFO] [stderr]    Compiling crossbeam-queue v0.3.8
[INFO] [stderr]    Compiling smallvec v1.10.0
[INFO] [stderr]    Compiling syn v1.0.109
[INFO] [stderr]    Compiling bytes v1.4.0
[INFO] [stderr]    Compiling pin-project-lite v0.2.9
[INFO] [stderr]    Compiling memoffset v0.8.0
[INFO] [stderr]    Compiling crossbeam-epoch v0.9.14
[INFO] [stderr]    Compiling lock_api v0.4.9
[INFO] [stderr]    Compiling tokio v1.27.0
[INFO] [stderr]    Compiling crossbeam-channel v0.5.8
[INFO] [stderr]    Compiling getrandom v0.2.9
[INFO] [stderr]    Compiling mio v0.8.6
[INFO] [stderr]    Compiling signal-hook-registry v1.4.1
[INFO] [stderr]    Compiling socket2 v0.4.9
[INFO] [stderr]    Compiling num_cpus v1.15.0
[INFO] [stderr]    Compiling crossbeam-deque v0.8.3
[INFO] [stderr]    Compiling rand_core v0.6.4
[INFO] [stderr]    Compiling syn v2.0.13
[INFO] [stderr]    Compiling parking_lot v0.12.1
[INFO] [stderr]    Compiling crossbeam v0.8.2
[INFO] [stderr]    Compiling rand_chacha v0.3.1
[INFO] [stderr]    Compiling rand v0.8.5
[INFO] [stderr]    Compiling uuid-macro-internal v1.3.1
[INFO] [stderr]    Compiling tokio-macros v2.0.0
[INFO] [stderr]    Compiling uuid v1.3.1
[INFO] [stderr]    Compiling tokyo v0.1.0 (/opt/rustwide/workdir)
[INFO] [stdout] warning: unused import: `std::collections::HashSet`
[INFO] [stdout]  --> src/topology.rs:1:5
[INFO] [stdout]   |
[INFO] [stdout] 1 | use std::collections::HashSet;
[INFO] [stdout]   |     ^^^^^^^^^^^^^^^^^^^^^^^^^
[INFO] [stdout]   |
[INFO] [stdout]   = note: `#[warn(unused_imports)]` (part of `#[warn(unused)]`) on by default
[INFO] [stdout] 
[INFO] [stdout] 
[INFO] [stdout] warning: unused import: `Actor`
[INFO] [stdout]  --> src/sinkpool.rs:1:20
[INFO] [stdout]   |
[INFO] [stdout] 1 | use crate::actor::{Actor, Message};
[INFO] [stdout]   |                    ^^^^^
[INFO] [stdout] 
[INFO] [stdout] 
[INFO] [stdout] warning: unused import: `fence`
[INFO] [stdout]  --> src/ringbuffer.rs:1:38
[INFO] [stdout]   |
[INFO] [stdout] 1 | use std::sync::atomic::{AtomicUsize, fence, Ordering};
[INFO] [stdout]   |                                      ^^^^^
[INFO] [stdout] 
[INFO] [stdout] 
[INFO] [stdout] error[E0308]: mismatched types
[INFO] [stdout]   --> src/ringbuffer.rs:32:33
[INFO] [stdout]    |
[INFO] [stdout] 32 |                 std::ptr::write(self.buffer.as_ptr().add(current_write), value);
[INFO] [stdout]    |                 --------------- ^^^^^^^^^^^^^^^^^^^^^^^^^^^^^^^^^^^^^^^ types differ in mutability
[INFO] [stdout]    |                 |
[INFO] [stdout]    |                 arguments to this function are incorrect
[INFO] [stdout]    |
[INFO] [stdout]    = note: expected raw pointer `*mut T`
[INFO] [stdout]               found raw pointer `*const T`
[INFO] [stdout] note: function defined here
[INFO] [stdout]   --> /rustc/e3feeb59cd1bdd011a2bfcc0747b55125d9b8527/library/core/src/ptr/mod.rs:1943:20
[INFO] [stdout] 
[INFO] [stdout] 
[INFO] [stdout] error[E0310]: the parameter type `impl ActorContext<M>` may not live long enough
[INFO] [stdout]   --> src/engine.rs:79:32
[INFO] [stdout]    |
[INFO] [stdout] 79 |         self.actors.insert(id, Box::new(ctx) as Box<dyn Any>);
[INFO] [stdout]    |                                ^^^^^^^^^^^^^^^^^^^^^^^^^^^^^
[INFO] [stdout]    |                                |
[INFO] [stdout]    |                                the parameter type `impl ActorContext<M>` must be valid for the static lifetime...
[INFO] [stdout]    |                                ...so that the type `impl ActorContext<M>` will meet its required lifetime bounds
[INFO] [stdout]    |
[INFO] [stdout] help: consider adding an explicit lifetime bound
[INFO] [stdout]    |
[INFO] [stdout] 78 |     pub fn insert_actor<M>(&mut self, id: Uuid, ctx: impl ActorContext<M> + 'static) where M: Message  {
[INFO] [stdout]    |                                                                           +++++++++
[INFO] [stdout] 
[INFO] [stdout] 
[INFO] [stdout] warning: unused variable: `actor`
[INFO] [stdout]   --> src/actor.rs:39:20
[INFO] [stdout]    |
[INFO] [stdout] 39 |     fn spawn(self, actor: impl Actor<M>, e: impl IEngine) {}
[INFO] [stdout]    |                    ^^^^^ help: if this is intentional, prefix it with an underscore: `_actor`
[INFO] [stdout]    |
[INFO] [stdout]    = note: `#[warn(unused_variables)]` (part of `#[warn(unused)]`) on by default
[INFO] [stdout] 
[INFO] [stdout] 
[INFO] [stdout] warning: unused variable: `e`
[INFO] [stdout]   --> src/actor.rs:39:42
[INFO] [stdout]    |
[INFO] [stdout] 39 |     fn spawn(self, actor: impl Actor<M>, e: impl IEngine) {}
[INFO] [stdout]    |                                          ^ help: if this is intentional, prefix it with an underscore: `_e`
[INFO] [stdout] 
[INFO] [stdout] 
[INFO] [stdout] error[E0310]: the parameter type `M` may not live long enough
[INFO] [stdout]    --> src/actor.rs:158:9
[INFO] [stdout]     |
[INFO] [stdout] 158 | /         tokio::spawn(async move {
[INFO] [stdout] 159 | |             loop {
[INFO] [stdout] 160 | |                 tokio::select! {
[INFO] [stdout] 161 | |                     msg = rx.recv() => {
[INFO] [stdout] ...   |
[INFO] [stdout] 175 | |         });
[INFO] [stdout]     | |          ^
[INFO] [stdout]     | |          |
[INFO] [stdout]     | |__________the parameter type `M` must be valid for the static lifetime...
[INFO] [stdout]     |            ...so that the type `M` will meet its required lifetime bounds
[INFO] [stdout]     |
[INFO] [stdout] help: consider adding an explicit lifetime bound
[INFO] [stdout]     |
[INFO] [stdout] 149 |     where M: Message + 'static
[INFO] [stdout]     |                      +++++++++
[INFO] [stdout] 
[INFO] [stdout] 
[INFO] [stdout] error[E0382]: use of moved value: `terminate_rx`
[INFO] [stdout]    --> src/actor.rs:169:25
[INFO] [stdout]     |
[INFO] [stdout] 169 |                     _ = terminate_rx => {
[INFO] [stdout]     |                         ^^^^^^^^^^^^ value moved here, in previous iteration of loop
[INFO] [stdout]     |
[INFO] [stdout]     = note: move occurs because `terminate_rx` has type `tokio::sync::oneshot::Receiver<()>`, which does not implement the `Copy` trait
[INFO] [stdout] 
[INFO] [stdout] 
[INFO] [stdout] warning: unused variable: `msg`
[INFO] [stdout]    --> src/actor.rs:162:37
[INFO] [stdout]     |
[INFO] [stdout] 162 |                         if let Some(msg) = msg {
[INFO] [stdout]     |                                     ^^^ help: if this is intentional, prefix it with an underscore: `_msg`
[INFO] [stdout] 
[INFO] [stdout] 
[INFO] [stdout] warning: unused variable: `actor`
[INFO] [stdout]    --> src/actor.rs:151:19
[INFO] [stdout]     |
[INFO] [stdout] 151 |     pub fn new<A>(actor: A) -> Self where
[INFO] [stdout]     |                   ^^^^^ help: if this is intentional, prefix it with an underscore: `_actor`
[INFO] [stdout] 
[INFO] [stdout] 
[INFO] [stdout] warning: unused variable: `actor`
[INFO] [stdout]   --> src/topology.rs:30:40
[INFO] [stdout]    |
[INFO] [stdout] 30 |     fn validate<M: Message>(&mut self, actor: impl Actor<M>, ctx: Self::Context) -> Result<(), String> {
[INFO] [stdout]    |                                        ^^^^^ help: if this is intentional, prefix it with an underscore: `_actor`
[INFO] [stdout] 
[INFO] [stdout] 
[INFO] [stdout] warning: unused variable: `ctx`
[INFO] [stdout]   --> src/topology.rs:30:62
[INFO] [stdout]    |
[INFO] [stdout] 30 |     fn validate<M: Message>(&mut self, actor: impl Actor<M>, ctx: Self::Context) -> Result<(), String> {
[INFO] [stdout]    |                                                              ^^^ help: if this is intentional, prefix it with an underscore: `_ctx`
[INFO] [stdout] 
[INFO] [stdout] 
[INFO] [stdout] warning: unused variable: `actor`
[INFO] [stdout]   --> src/topology.rs:43:40
[INFO] [stdout]    |
[INFO] [stdout] 43 |     fn validate<M: Message>(&mut self, actor: impl Actor<M>, ctx: Self::Context) -> Result<(), String> where M: Message {
[INFO] [stdout]    |                                        ^^^^^ help: if this is intentional, prefix it with an underscore: `_actor`
[INFO] [stdout] 
[INFO] [stdout] 
[INFO] [stdout] warning: unused variable: `ctx`
[INFO] [stdout]   --> src/topology.rs:43:62
[INFO] [stdout]    |
[INFO] [stdout] 43 |     fn validate<M: Message>(&mut self, actor: impl Actor<M>, ctx: Self::Context) -> Result<(), String> where M: Message {
[INFO] [stdout]    |                                                              ^^^ help: if this is intentional, prefix it with an underscore: `_ctx`
[INFO] [stdout] 
[INFO] [stdout] 
[INFO] [stdout] Some errors have detailed explanations: E0308, E0310, E0382.
[INFO] [stdout] 
[INFO] [stdout] For more information about an error, try `rustc --explain E0308`.
[INFO] [stdout] 
[INFO] [stderr] error: could not compile `tokyo` (lib) due to 4 previous errors; 11 warnings emitted
[INFO] [stderr] warning: build failed, waiting for other jobs to finish...
[INFO] running `Command { std: "docker" "inspect" "29ff190cf6d4d076a36a6efaa3681571ce02e3ffff40064430abfddbbfff35bf", kill_on_drop: false }`
[INFO] running `Command { std: "docker" "rm" "-f" "29ff190cf6d4d076a36a6efaa3681571ce02e3ffff40064430abfddbbfff35bf", kill_on_drop: false }`
[INFO] [stdout] 29ff190cf6d4d076a36a6efaa3681571ce02e3ffff40064430abfddbbfff35bf
