[INFO] cloning repository https://github.com/fredderf121/transit-system-generation
[INFO] running `Command { std: "git" "-c" "credential.helper=" "-c" "credential.helper=/workspace/cargo-home/bin/git-credential-null" "clone" "--bare" "https://github.com/fredderf121/transit-system-generation" "/workspace/cache/git-repos/https%3A%2F%2Fgithub.com%2Ffredderf121%2Ftransit-system-generation", kill_on_drop: false }`
[INFO] [stderr] Cloning into bare repository '/workspace/cache/git-repos/https%3A%2F%2Fgithub.com%2Ffredderf121%2Ftransit-system-generation'...
[INFO] running `Command { std: "git" "rev-parse" "HEAD", kill_on_drop: false }`
[INFO] [stdout] 571243a3fd840e2cf66e7898087b55c2fc43e071
[INFO] testing fredderf121/transit-system-generation against 1.100.0-beta.1 for beta-1.100-2
[INFO] running `Command { std: "git" "clone" "/workspace/cache/git-repos/https%3A%2F%2Fgithub.com%2Ffredderf121%2Ftransit-system-generation" "/workspace/builds/worker-2-tc2/source", kill_on_drop: false }`
[INFO] [stderr] Cloning into '/workspace/builds/worker-2-tc2/source'...
[INFO] [stderr] done.
[INFO] started tweaking git repo https://github.com/fredderf121/transit-system-generation
[INFO] finished tweaking git repo https://github.com/fredderf121/transit-system-generation
[INFO] tweaked toml for git repo https://github.com/fredderf121/transit-system-generation written to /workspace/builds/worker-2-tc2/source/Cargo.toml
[INFO] validating manifest of git repo https://github.com/fredderf121/transit-system-generation on toolchain 1.100.0-beta.1
[INFO] running `Command { std: CARGO_HOME="/workspace/cargo-home" RUSTUP_HOME="/workspace/rustup-home" "/workspace/cargo-home/bin/cargo" "+1.100.0-beta.1" "metadata" "--manifest-path" "Cargo.toml" "--no-deps", kill_on_drop: false }`
[INFO] crate git repo https://github.com/fredderf121/transit-system-generation already has a lockfile, it will not be regenerated
[INFO] running `Command { std: CARGO_HOME="/workspace/cargo-home" RUSTUP_HOME="/workspace/rustup-home" "/workspace/cargo-home/bin/cargo" "+1.100.0-beta.1" "fetch" "--manifest-path" "Cargo.toml", kill_on_drop: false }`
[INFO] [stderr]     Blocking waiting for file lock on package cache
[INFO] [stderr]     Blocking waiting for file lock on package cache
[INFO] running `Command { std: "docker" "create" "-v" "/var/lib/crater-agent-workspace/builds/worker-2-tc2/source:/opt/rustwide/workdir:ro,Z" "-v" "/var/lib/crater-agent-workspace/builds/worker-2-tc2/target:/opt/rustwide/target:rw,Z" "-v" "/var/lib/crater-agent-workspace/cargo-home:/opt/rustwide/cargo-home:ro,Z" "-v" "/var/lib/crater-agent-workspace/rustup-home:/opt/rustwide/rustup-home:ro,Z" "-m" "1610612736" "--network" "none" "ghcr.io/rust-lang/crates-build-env/linux@sha256:3111399a4047eeb3a02b7a90e478d715f38a8c6669b5c4b49d30a17385265909" "sleep" "infinity", kill_on_drop: false }`
[INFO] [stdout] bbe8fd19a9cf18281842a02570cfa6428d603308d90bc6a5987e3717408d5810
[INFO] running `Command { std: "docker" "start" "bbe8fd19a9cf18281842a02570cfa6428d603308d90bc6a5987e3717408d5810", kill_on_drop: false }`
[INFO] running `Command { std: "docker" "inspect" "bbe8fd19a9cf18281842a02570cfa6428d603308d90bc6a5987e3717408d5810", kill_on_drop: false }`
[INFO] running `Command { std: "docker" "exec" "-e" "SOURCE_DIR=/opt/rustwide/workdir" "-e" "CARGO_HOME=/opt/rustwide/cargo-home" "-e" "RUSTUP_HOME=/opt/rustwide/rustup-home" "-e" "CARGO_TARGET_DIR=/opt/rustwide/target" "-w" "/opt/rustwide/workdir" "--user" "0:0" "bbe8fd19a9cf18281842a02570cfa6428d603308d90bc6a5987e3717408d5810" "/opt/rustwide/cargo-home/bin/cargo" "+1.100.0-beta.1" "metadata" "--no-deps" "--format-version=1", kill_on_drop: false }`
[INFO] running `Command { std: "docker" "inspect" "bbe8fd19a9cf18281842a02570cfa6428d603308d90bc6a5987e3717408d5810", kill_on_drop: false }`
[INFO] running `Command { std: "docker" "exec" "-e" "SOURCE_DIR=/opt/rustwide/workdir" "-e" "CARGO_HOME=/opt/rustwide/cargo-home" "-e" "RUSTUP_HOME=/opt/rustwide/rustup-home" "-e" "CARGO_TARGET_DIR=/opt/rustwide/target" "-e" "CARGO_INCREMENTAL=0" "-e" "RUST_BACKTRACE=full" "-e" "RUSTFLAGS=--cap-lints=warn" "-e" "RUSTDOCFLAGS=--cap-lints=warn" "-w" "/opt/rustwide/workdir" "--user" "0:0" "bbe8fd19a9cf18281842a02570cfa6428d603308d90bc6a5987e3717408d5810" "/opt/rustwide/cargo-home/bin/cargo" "+1.100.0-beta.1" "build" "--frozen" "--message-format=json", kill_on_drop: false }`
[INFO] [stderr]    Compiling typenum v1.17.0
[INFO] [stderr]    Compiling fred-transit-gen v0.1.0 (/opt/rustwide/workdir)
[INFO] [stdout] error[E0425]: cannot find value `size_chunk` in this scope
[INFO] [stdout]    --> src/magica_voxel.rs:210:29
[INFO] [stdout]     |
[INFO] [stdout] 210 |         main_chunk.extend(((size_chunk.len() + xyzi_chunk.len()) as u32).to_le_bytes());
[INFO] [stdout]     |                             ^^^^^^^^^^ not found in this scope
[INFO] [stdout]     |
[INFO] [stdout] help: a local variable with a similar name exists
[INFO] [stdout]     |
[INFO] [stdout] 210 -         main_chunk.extend(((size_chunk.len() + xyzi_chunk.len()) as u32).to_le_bytes());
[INFO] [stdout] 210 +         main_chunk.extend(((xyzi_chunk.len() + xyzi_chunk.len()) as u32).to_le_bytes());
[INFO] [stdout]     |
[INFO] [stdout] 
[INFO] [stdout] 
[INFO] [stdout] error[E0425]: cannot find value `size_chunk` in this scope
[INFO] [stdout]    --> src/magica_voxel.rs:212:27
[INFO] [stdout]     |
[INFO] [stdout] 212 |         main_chunk.extend(size_chunk);
[INFO] [stdout]     |                           ^^^^^^^^^^ not found in this scope
[INFO] [stdout]     |
[INFO] [stdout] help: a local variable with a similar name exists
[INFO] [stdout]     |
[INFO] [stdout] 212 -         main_chunk.extend(size_chunk);
[INFO] [stdout] 212 +         main_chunk.extend(xyzi_chunk);
[INFO] [stdout]     |
[INFO] [stdout] 
[INFO] [stdout] 
[INFO] [stdout] error[E0433]: cannot find type `File` in this scope
[INFO] [stdout]    --> src/magica_voxel.rs:225:20
[INFO] [stdout]     |
[INFO] [stdout] 225 |     let mut file = File::create(file_path).unwrap();
[INFO] [stdout]     |                    ^^^^ use of undeclared type `File`
[INFO] [stdout]     |
[INFO] [stdout] help: consider importing this struct
[INFO] [stdout]     |
[INFO] [stdout]   3 + use std::fs::File;
[INFO] [stdout]     |
[INFO] [stdout] 
[INFO] [stdout] 
[INFO] [stdout] error[E0425]: cannot find value `file_path` in this scope
[INFO] [stdout]    --> src/magica_voxel.rs:225:33
[INFO] [stdout]     |
[INFO] [stdout] 225 |     let mut file = File::create(file_path).unwrap();
[INFO] [stdout]     |                                 ^^^^^^^^^ not found in this scope
[INFO] [stdout] 
[INFO] [stdout] 
[INFO] [stdout] error[E0425]: cannot find type `SparseVoxelOctree` in this scope
[INFO] [stdout]    --> src/voxel_model.rs:179:6
[INFO] [stdout]     |
[INFO] [stdout] 179 | impl SparseVoxelOctree {
[INFO] [stdout]     |      ^^^^^^^^^^^^^^^^^ not found in this scope
[INFO] [stdout] 
[INFO] [stdout] 
[INFO] [stdout] error[E0554]: `#![feature]` may not be used on the beta release channel
[INFO] [stdout]  --> src/main.rs:1:1
[INFO] [stdout]   |
[INFO] [stdout] 1 | #![feature(generic_const_exprs)]
[INFO] [stdout]   | ^^^^^^^^^^^^^^^^^^^^^^^^^^^^^^^^
[INFO] [stdout] 
[INFO] [stdout] 
[INFO] [stdout] warning: the feature `generic_const_exprs` is incomplete and may not be safe to use and/or cause compiler crashes
[INFO] [stdout]  --> src/main.rs:1:12
[INFO] [stdout]   |
[INFO] [stdout] 1 | #![feature(generic_const_exprs)]
[INFO] [stdout]   |            ^^^^^^^^^^^^^^^^^^^
[INFO] [stdout]   |
[INFO] [stdout]   = note: see issue #76560 <https://github.com/rust-lang/rust/issues/76560> for more information
[INFO] [stdout]   = note: `#[warn(incomplete_features)]` on by default
[INFO] [stdout] 
[INFO] [stdout] 
[INFO] [stdout] warning: unused import: `iter`
[INFO] [stdout]  --> src/magica_voxel.rs:3:22
[INFO] [stdout]   |
[INFO] [stdout] 3 | use std::{io::Write, iter};
[INFO] [stdout]   |                      ^^^^
[INFO] [stdout]   |
[INFO] [stdout]   = note: `#[warn(unused_imports)]` (part of `#[warn(unused)]`) on by default
[INFO] [stdout] 
[INFO] [stdout] 
[INFO] [stdout] error[E0599]: no method named `len` found for reference `&'a Vec3` in the current scope
[INFO] [stdout]    --> src/magica_voxel.rs:182:55
[INFO] [stdout]     |
[INFO] [stdout] 182 |             (4 + 4 * voxels.into_iter().map(|arr| arr.len()).sum::<usize>() as u32).to_le_bytes(),
[INFO] [stdout]     |                                                       ^^^ method not found in `&'a Vec3`
[INFO] [stdout]     |
[INFO] [stdout]     = help: items from traits can only be used if the trait is implemented and in scope
[INFO] [stdout]     = note: the following traits define an item `len`, perhaps you need to implement one of them:
[INFO] [stdout]             candidate #1: `ExactSizeIterator`
[INFO] [stdout]             candidate #2: `typenum::Len`
[INFO] [stdout] 
[INFO] [stdout] 
[INFO] [stdout] error[E0689]: can't call method `to_le_bytes` on ambiguous numeric type `{integer}`
[INFO] [stdout]    --> src/magica_voxel.rs:182:85
[INFO] [stdout]     |
[INFO] [stdout] 182 |             (4 + 4 * voxels.into_iter().map(|arr| arr.len()).sum::<usize>() as u32).to_le_bytes(),
[INFO] [stdout]     |                                                                                     ^^^^^^^^^^^
[INFO] [stdout] 
[INFO] [stdout] 
[INFO] [stdout] error[E0599]: no method named `iter` found for type parameter `I` in the current scope
[INFO] [stdout]    --> src/magica_voxel.rs:187:31
[INFO] [stdout]     |
[INFO] [stdout] 157 | pub fn write_to_vox<'a, I, F>((x_len, y_len, z_len): (u32, u32, u32), voxels: I, path: F)
[INFO] [stdout]     |                         - method `iter` not found for this type parameter
[INFO] [stdout] ...
[INFO] [stdout] 187 |         header.extend((voxels.iter().map(|arr| arr.len()).sum::<usize>() as u32).to_le_bytes());
[INFO] [stdout]     |                               ^^^^ method not found in `I`
[INFO] [stdout] 
[INFO] [stdout] 
[INFO] [stdout] error[E0599]: no method named `iter` found for type parameter `I` in the current scope
[INFO] [stdout]    --> src/magica_voxel.rs:193:23
[INFO] [stdout]     |
[INFO] [stdout] 157 | pub fn write_to_vox<'a, I, F>((x_len, y_len, z_len): (u32, u32, u32), voxels: I, path: F)
[INFO] [stdout]     |                         - method `iter` not found for this type parameter
[INFO] [stdout] ...
[INFO] [stdout] 193 |         .chain(voxels.iter().enumerate().flat_map(|(i, voxel_group)| {
[INFO] [stdout]     |                       ^^^^ method not found in `I`
[INFO] [stdout] 
[INFO] [stdout] 
[INFO] [stdout] warning: unused variable: `idx`
[INFO] [stdout]    --> src/voxel_model.rs:144:13
[INFO] [stdout]     |
[INFO] [stdout] 144 |         let idx = Self::get_idx(&point);
[INFO] [stdout]     |             ^^^ help: if this is intentional, prefix it with an underscore: `_idx`
[INFO] [stdout]     |
[INFO] [stdout]     = note: `#[warn(unused_variables)]` (part of `#[warn(unused)]`) on by default
[INFO] [stdout] 
[INFO] [stdout] 
[INFO] [stdout] warning: unused variable: `value`
[INFO] [stdout]    --> src/voxel_model.rs:174:17
[INFO] [stdout]     |
[INFO] [stdout] 174 |     fn try_from(value: u32) -> Result<Self, Self::Error> {
[INFO] [stdout]     |                 ^^^^^ help: if this is intentional, prefix it with an underscore: `_value`
[INFO] [stdout] 
[INFO] [stdout] 
[INFO] [stdout] Some errors have detailed explanations: E0425, E0433, E0554, E0599, E0689.
[INFO] [stdout] 
[INFO] [stdout] For more information about an error, try `rustc --explain E0425`.
[INFO] [stdout] 
[INFO] [stderr] error: could not compile `fred-transit-gen` (bin "fred-transit-gen") due to 10 previous errors; 4 warnings emitted
[INFO] [stderr] warning: unused dependency `typenum`
[INFO] [stderr]  --> Cargo.toml:3:1
[INFO] [stderr]   |
[INFO] [stderr] 3 | typenum = "1.17.0"
[INFO] [stderr]   | ^^^^^^^^^^^^^^^^^^
[INFO] [stderr]   |
[INFO] [stderr]   = note: `cargo::unused_dependencies` is set to `warn` by default
[INFO] [stderr] help: consider removing the dependency on `typenum`
[INFO] [stderr] warning: `fred-transit-gen` (manifest) generated 1 warning
[INFO] running `Command { std: "docker" "inspect" "bbe8fd19a9cf18281842a02570cfa6428d603308d90bc6a5987e3717408d5810", kill_on_drop: false }`
[INFO] running `Command { std: "docker" "rm" "-f" "bbe8fd19a9cf18281842a02570cfa6428d603308d90bc6a5987e3717408d5810", kill_on_drop: false }`
[INFO] [stdout] bbe8fd19a9cf18281842a02570cfa6428d603308d90bc6a5987e3717408d5810
