[INFO] cloning repository https://github.com/franchyi/spark.c
[INFO] running `Command { std: "git" "-c" "credential.helper=" "-c" "credential.helper=/workspace/cargo-home/bin/git-credential-null" "clone" "--bare" "https://github.com/franchyi/spark.c" "/workspace/cache/git-repos/https%3A%2F%2Fgithub.com%2Ffranchyi%2Fspark.c", kill_on_drop: false }`
[INFO] [stderr] Cloning into bare repository '/workspace/cache/git-repos/https%3A%2F%2Fgithub.com%2Ffranchyi%2Fspark.c'...
[INFO] running `Command { std: "git" "rev-parse" "HEAD", kill_on_drop: false }`
[INFO] [stdout] 1eba0f446da94c104979d254bd55ff053b8c8613
[INFO] testing franchyi/spark.c against 1.100.0-beta.1 for beta-1.100-2
[INFO] running `Command { std: "git" "clone" "/workspace/cache/git-repos/https%3A%2F%2Fgithub.com%2Ffranchyi%2Fspark.c" "/workspace/builds/worker-7-tc2/source", kill_on_drop: false }`
[INFO] [stderr] Cloning into '/workspace/builds/worker-7-tc2/source'...
[INFO] [stderr] done.
[INFO] started tweaking git repo https://github.com/franchyi/spark.c
[INFO] finished tweaking git repo https://github.com/franchyi/spark.c
[INFO] tweaked toml for git repo https://github.com/franchyi/spark.c written to /workspace/builds/worker-7-tc2/source/Cargo.toml
[INFO] validating manifest of git repo https://github.com/franchyi/spark.c on toolchain 1.100.0-beta.1
[INFO] running `Command { std: CARGO_HOME="/workspace/cargo-home" RUSTUP_HOME="/workspace/rustup-home" "/workspace/cargo-home/bin/cargo" "+1.100.0-beta.1" "metadata" "--manifest-path" "Cargo.toml" "--no-deps", kill_on_drop: false }`
[INFO] crate git repo https://github.com/franchyi/spark.c already has a lockfile, it will not be regenerated
[INFO] running `Command { std: CARGO_HOME="/workspace/cargo-home" RUSTUP_HOME="/workspace/rustup-home" "/workspace/cargo-home/bin/cargo" "+1.100.0-beta.1" "fetch" "--manifest-path" "Cargo.toml", kill_on_drop: false }`
[INFO] running `Command { std: "docker" "create" "-v" "/var/lib/crater-agent-workspace/builds/worker-7-tc2/source:/opt/rustwide/workdir:ro,Z" "-v" "/var/lib/crater-agent-workspace/builds/worker-7-tc2/target:/opt/rustwide/target:rw,Z" "-v" "/var/lib/crater-agent-workspace/cargo-home:/opt/rustwide/cargo-home:ro,Z" "-v" "/var/lib/crater-agent-workspace/rustup-home:/opt/rustwide/rustup-home:ro,Z" "-m" "1610612736" "--network" "none" "ghcr.io/rust-lang/crates-build-env/linux@sha256:3111399a4047eeb3a02b7a90e478d715f38a8c6669b5c4b49d30a17385265909" "sleep" "infinity", kill_on_drop: false }`
[INFO] [stdout] ff55b455c7b3d79527dfa9c6456c2bae73924f8463e361c69a9aef938e0feff5
[INFO] running `Command { std: "docker" "start" "ff55b455c7b3d79527dfa9c6456c2bae73924f8463e361c69a9aef938e0feff5", kill_on_drop: false }`
[INFO] running `Command { std: "docker" "inspect" "ff55b455c7b3d79527dfa9c6456c2bae73924f8463e361c69a9aef938e0feff5", kill_on_drop: false }`
[INFO] running `Command { std: "docker" "exec" "-e" "SOURCE_DIR=/opt/rustwide/workdir" "-e" "CARGO_HOME=/opt/rustwide/cargo-home" "-e" "RUSTUP_HOME=/opt/rustwide/rustup-home" "-e" "CARGO_TARGET_DIR=/opt/rustwide/target" "-w" "/opt/rustwide/workdir" "--user" "0:0" "ff55b455c7b3d79527dfa9c6456c2bae73924f8463e361c69a9aef938e0feff5" "/opt/rustwide/cargo-home/bin/cargo" "+1.100.0-beta.1" "metadata" "--no-deps" "--format-version=1", kill_on_drop: false }`
[INFO] running `Command { std: "docker" "inspect" "ff55b455c7b3d79527dfa9c6456c2bae73924f8463e361c69a9aef938e0feff5", kill_on_drop: false }`
[INFO] running `Command { std: "docker" "exec" "-e" "SOURCE_DIR=/opt/rustwide/workdir" "-e" "CARGO_HOME=/opt/rustwide/cargo-home" "-e" "RUSTUP_HOME=/opt/rustwide/rustup-home" "-e" "CARGO_TARGET_DIR=/opt/rustwide/target" "-e" "CARGO_INCREMENTAL=0" "-e" "RUST_BACKTRACE=full" "-e" "RUSTFLAGS=--cap-lints=warn" "-e" "RUSTDOCFLAGS=--cap-lints=warn" "-w" "/opt/rustwide/workdir" "--user" "0:0" "ff55b455c7b3d79527dfa9c6456c2bae73924f8463e361c69a9aef938e0feff5" "/opt/rustwide/cargo-home/bin/cargo" "+1.100.0-beta.1" "build" "--frozen" "--message-format=json", kill_on_drop: false }`
[INFO] [stderr]    Compiling proc-macro2 v1.0.107
[INFO] [stderr]    Compiling unicode-ident v1.0.24
[INFO] [stderr]    Compiling quote v1.0.47
[INFO] [stderr]    Compiling serde_core v1.0.229
[INFO] [stderr]    Compiling libc v0.2.189
[INFO] [stderr]    Compiling crossbeam-utils v0.8.22
[INFO] [stderr]    Compiling cfg-if v1.0.4
[INFO] [stderr]    Compiling memchr v2.8.3
[INFO] [stderr]    Compiling getrandom v0.3.4
[INFO] [stderr]    Compiling serde v1.0.229
[INFO] [stderr]    Compiling strsim v0.11.1
[INFO] [stderr]    Compiling crossbeam-epoch v0.9.20
[INFO] [stderr]    Compiling zerocopy v0.8.56
[INFO] [stderr]    Compiling ident_case v1.0.1
[INFO] [stderr]    Compiling fnv v1.0.7
[INFO] [stderr]    Compiling find-msvc-tools v0.1.11
[INFO] [stderr]    Compiling crossbeam-deque v0.8.7
[INFO] [stderr]    Compiling shlex v2.0.1
[INFO] [stderr]    Compiling rayon-core v1.13.0
[INFO] [stderr]    Compiling pkg-config v0.3.34
[INFO] [stderr]    Compiling rustversion v1.0.23
[INFO] [stderr]    Compiling version_check v0.9.5
[INFO] [stderr]    Compiling zmij v1.0.23
[INFO] [stderr]    Compiling either v1.18.0
[INFO] [stderr]    Compiling esaxx-rs v0.1.10
[INFO] [stderr]    Compiling cc v1.4.4
[INFO] [stderr]    Compiling minimal-lexical v0.2.1
[INFO] [stderr]    Compiling itoa v1.0.18
[INFO] [stderr]    Compiling paste v1.0.15
[INFO] [stderr]    Compiling serde_json v1.0.151
[INFO] [stderr]    Compiling ahash v0.8.12
[INFO] [stderr]    Compiling thiserror v2.0.20
[INFO] [stderr]    Compiling once_cell v1.21.4
[INFO] [stderr]    Compiling regex-syntax v0.8.11
[INFO] [stderr]    Compiling bitflags v2.13.1
[INFO] [stderr]    Compiling itertools v0.14.0
[INFO] [stderr]    Compiling log v0.4.34
[INFO] [stderr]    Compiling ryu v1.0.23
[INFO] [stderr]    Compiling base64 v0.13.1
[INFO] [stderr]    Compiling macro_rules_attribute-proc_macro v0.2.3
[INFO] [stderr]    Compiling unicode-segmentation v1.13.3
[INFO] [stderr]    Compiling aho-corasick v1.1.5
[INFO] [stderr]    Compiling nom v7.1.3
[INFO] [stderr]    Compiling castaway v0.2.4
[INFO] [stderr]    Compiling smallvec v1.15.2
[INFO] [stderr]    Compiling syn v3.0.4
[INFO] [stderr]    Compiling syn v2.0.119
[INFO] [stderr]    Compiling static_assertions v1.1.0
[INFO] [stderr]    Compiling pastey v0.2.3
[INFO] [stderr]    Compiling unicode-normalization-alignments v0.1.12
[INFO] [stderr]    Compiling daachorse v1.0.1
[INFO] [stderr]    Compiling httpdate v1.0.3
[INFO] [stderr]    Compiling unicode_categories v0.1.1
[INFO] [stderr]    Compiling rayon v1.12.0
[INFO] [stderr]    Compiling macro_rules_attribute v0.2.3
[INFO] [stderr]    Compiling chunked_transfer v1.5.0
[INFO] [stderr]    Compiling rand_core v0.9.5
[INFO] [stderr]    Compiling ascii v1.1.0
[INFO] [stderr]    Compiling io-uring v0.7.14
[INFO] [stderr]    Compiling tiny_http v0.12.0
[INFO] [stderr]    Compiling onig_sys v69.9.3
[INFO] [stderr]    Compiling spark-qwen27 v0.1.0 (/opt/rustwide/workdir/models/qwen3.8-27b/engine)
[INFO] [stderr]    Compiling regex-automata v0.4.18
[INFO] [stderr]    Compiling serde_derive v1.0.229
[INFO] [stderr]    Compiling thiserror-impl v2.0.20
[INFO] [stderr]    Compiling rayon-cond v0.4.0
[INFO] [stderr]    Compiling darling_core v0.20.11
[INFO] [stderr]    Compiling monostate-impl v0.1.18
[INFO] [stderr]    Compiling monostate v0.1.18
[INFO] [stderr]    Compiling regex v1.13.1
[INFO] [stderr]    Compiling darling_macro v0.20.11
[INFO] [stderr]    Compiling darling v0.20.11
[INFO] [stderr]    Compiling derive_builder_core v0.20.2
[INFO] [stderr]    Compiling ppv-lite86 v0.2.21
[INFO] [stderr]    Compiling onig v6.5.3
[INFO] [stderr]    Compiling rand_chacha v0.9.0
[INFO] [stderr]    Compiling rand v0.9.5
[INFO] [stderr]    Compiling compact_str v0.9.1
[INFO] [stderr]    Compiling dary_heap v0.3.9
[INFO] [stderr]    Compiling spm_precompiled v0.1.4
[INFO] [stderr]    Compiling derive_builder_macro v0.20.2
[INFO] [stderr]    Compiling derive_builder v0.20.2
[INFO] [stderr]    Compiling tokenizers v0.23.1
[INFO] [stderr]    Compiling spark-flash-next v0.1.0 (/opt/rustwide/workdir/models/qwen3.8-flash-next/engine)
[INFO] [stdout] warning: use of deprecated method `std::sync::atomic::Atomic::<usize>::fetch_update`: renamed to `try_update` for consistency
[INFO] [stdout]    --> models/qwen3.8-flash-next/engine/src/../../../../common/openai.rs:158:14
[INFO] [stdout]     |
[INFO] [stdout] 158 |             .fetch_update(Ordering::AcqRel, Ordering::Acquire, |current| {
[INFO] [stdout]     |              ^^^^^^^^^^^^
[INFO] [stdout]     |
[INFO] [stdout]     = note: `#[warn(deprecated)]` on by default
[INFO] [stdout] help: replace the use of the deprecated method
[INFO] [stdout]     |
[INFO] [stdout] 158 -             .fetch_update(Ordering::AcqRel, Ordering::Acquire, |current| {
[INFO] [stdout] 158 +             .try_update(Ordering::AcqRel, Ordering::Acquire, |current| {
[INFO] [stdout]     |
[INFO] [stdout] 
[INFO] [stdout] 
[INFO] [stdout] warning: method `runtime_bytes` is never used
[INFO] [stdout]   --> models/qwen3.8-27b/engine/src/checkpoint.rs:81:12
[INFO] [stdout]    |
[INFO] [stdout] 80 | impl Q27Plan {
[INFO] [stdout]    | ------------ method in this implementation
[INFO] [stdout] 81 |     pub fn runtime_bytes(&self) -> u64 {
[INFO] [stdout]    |            ^^^^^^^^^^^^^
[INFO] [stdout]    |
[INFO] [stdout]    = note: `#[warn(dead_code)]` (part of `#[warn(unused)]`) on by default
[INFO] [stdout] 
[INFO] [stdout] 
[INFO] [stdout] warning: method `tensors` is never used
[INFO] [stdout]    --> models/qwen3.8-27b/engine/src/checkpoint.rs:175:12
[INFO] [stdout]     |
[INFO] [stdout]  92 | impl Q27Checkpoint {
[INFO] [stdout]     | ------------------ method in this implementation
[INFO] [stdout] ...
[INFO] [stdout] 175 |     pub fn tensors(&self) -> impl Iterator<Item = (&str, &TensorLocation)> {
[INFO] [stdout]     |            ^^^^^^^
[INFO] [stdout] 
[INFO] [stdout] 
[INFO] [stdout] warning: use of deprecated method `std::sync::atomic::Atomic::<usize>::fetch_update`: renamed to `try_update` for consistency
[INFO] [stdout]    --> models/qwen3.8-27b/engine/src/../../../../common/openai.rs:158:14
[INFO] [stdout]     |
[INFO] [stdout] 158 |             .fetch_update(Ordering::AcqRel, Ordering::Acquire, |current| {
[INFO] [stdout]     |              ^^^^^^^^^^^^
[INFO] [stdout]     |
[INFO] [stdout]     = note: `#[warn(deprecated)]` on by default
[INFO] [stdout] help: replace the use of the deprecated method
[INFO] [stdout]     |
[INFO] [stdout] 158 -             .fetch_update(Ordering::AcqRel, Ordering::Acquire, |current| {
[INFO] [stdout] 158 +             .try_update(Ordering::AcqRel, Ordering::Acquire, |current| {
[INFO] [stdout]     |
[INFO] [stdout] 
[INFO] [stdout] 
[INFO] [stdout] error: linking with `cc` failed: exit status: 1
[INFO] [stdout]   |
[INFO] [stdout]   = note:  "cc" "-m64" "/opt/rustwide/target/debug/build/spark-qwen27/48200940d417ad58/out/rustcpUB2eZ/symbols.o" "<10 object files omitted>" "-Wl,--as-needed" "-Wl,-Bdynamic" "-lq27-mapping" "-lq27-kernels" "-lcudart" "-lcublas" "-Wl,-Bstatic" "/opt/rustwide/target/debug/build/serde_json/87d8c8a8831201be/out/libserde_json-87d8c8a8831201be.rlib" "/opt/rustwide/target/debug/build/memchr/efcaf924912fba01/out/libmemchr-efcaf924912fba01.rlib" "/opt/rustwide/target/debug/build/itoa/5de11b3b23bfe572/out/libitoa-5de11b3b23bfe572.rlib" "/opt/rustwide/target/debug/build/zmij/2ca2f302097868c6/out/libzmij-2ca2f302097868c6.rlib" "/opt/rustwide/target/debug/build/serde_core/1024909fd700b20f/out/libserde_core-1024909fd700b20f.rlib" "<sysroot>/lib/rustlib/x86_64-unknown-linux-gnu/lib/{libstd-*,libpanic_unwind-*,libobject-*,libmemchr-*,libaddr2line-*,libgimli-*,libcfg_if-*,librustc_demangle-*,libstd_detect-*,libhashbrown-*,librustc_std_workspace_alloc-*,libminiz_oxide-*,libadler2-*,libunwind-*,liblibc-*,librustc_std_workspace_core-*,liballoc-*,libcore-*,libcompiler_builtins-*}.rlib" "-Wl,-Bdynamic" "-lgcc_s" "-lutil" "-lrt" "-lpthread" "-lm" "-ldl" "-lc" "-L" "/opt/rustwide/target/debug/build/spark-qwen27/48200940d417ad58/out/rustcpUB2eZ/raw-dylibs" "-B<sysroot>/lib/rustlib/x86_64-unknown-linux-gnu/bin/gcc-ld" "-fuse-ld=lld" "-Wl,--eh-frame-hdr" "-Wl,-z,noexecstack" "-L" "/opt/rustwide/target/debug/build/onig_sys/1d02913d1bb63536/out" "-L" "/opt/rustwide/workdir/models/qwen3.8-27b/engine/../../../build/q27" "-L" "/usr/local/cuda/targets/sbsa-linux/lib" "-L" "<sysroot>/lib/rustlib/x86_64-unknown-linux-gnu/lib" "-o" "/opt/rustwide/target/debug/build/spark-qwen27/48200940d417ad58/out/q27_pack_scales" "-Wl,--gc-sections" "-pie" "-Wl,-z,relro,-z,now" "-nodefaultlibs"
[INFO] [stdout]   = note: some arguments are omitted. use `--verbose` to show all linker arguments
[INFO] [stdout]   = note: rust-lld: error: unable to find library -lq27-mapping
[INFO] [stdout]           rust-lld: error: unable to find library -lq27-kernels
[INFO] [stdout]           rust-lld: error: unable to find library -lcudart
[INFO] [stdout]           rust-lld: error: unable to find library -lcublas
[INFO] [stdout]           collect2: error: ld returned 1 exit status
[INFO] [stdout]           
[INFO] [stdout] 
[INFO] [stdout] 
[INFO] [stderr] error: could not compile `spark-qwen27` (bin "q27-pack-scales") due to 1 previous error; 2 warnings emitted
[INFO] [stderr] warning: build failed, waiting for other jobs to finish...
[INFO] [stdout] warning: method `runtime_bytes` is never used
[INFO] [stdout]   --> models/qwen3.8-27b/engine/src/checkpoint.rs:81:12
[INFO] [stdout]    |
[INFO] [stdout] 80 | impl Q27Plan {
[INFO] [stdout]    | ------------ method in this implementation
[INFO] [stdout] 81 |     pub fn runtime_bytes(&self) -> u64 {
[INFO] [stdout]    |            ^^^^^^^^^^^^^
[INFO] [stdout]    |
[INFO] [stdout]    = note: `#[warn(dead_code)]` (part of `#[warn(unused)]`) on by default
[INFO] [stdout] 
[INFO] [stdout] 
[INFO] [stdout] warning: constant `DFLASH2_REPOSITORY` is never used
[INFO] [stdout]   --> models/qwen3.8-27b/engine/src/dflash2_checkpoint.rs:20:11
[INFO] [stdout]    |
[INFO] [stdout] 20 | pub const DFLASH2_REPOSITORY: &str = "z-lab/Qwen3.8-27B-DFlash2";
[INFO] [stdout]    |           ^^^^^^^^^^^^^^^^^^
[INFO] [stdout] 
[INFO] [stdout] 
[INFO] [stdout] warning: constant `DFLASH2_CONFIG_SHA256` is never used
[INFO] [stdout]   --> models/qwen3.8-27b/engine/src/dflash2_checkpoint.rs:24:11
[INFO] [stdout]    |
[INFO] [stdout] 24 | pub const DFLASH2_CONFIG_SHA256: &str =
[INFO] [stdout]    |           ^^^^^^^^^^^^^^^^^^^^^
[INFO] [stdout] 
[INFO] [stdout] 
[INFO] [stdout] warning: fields `root` and `mapping` are never read
[INFO] [stdout]    --> models/qwen3.8-27b/engine/src/dflash2_checkpoint.rs:169:5
[INFO] [stdout]     |
[INFO] [stdout] 168 | pub struct DFlash2WeightPlan {
[INFO] [stdout]     |            ----------------- fields in this struct
[INFO] [stdout] 169 |     root: PathBuf,
[INFO] [stdout]     |     ^^^^
[INFO] [stdout] 170 |     weights: DFlash2Weights,
[INFO] [stdout] 171 |     mapping: MappedFile,
[INFO] [stdout]     |     ^^^^^^^
[INFO] [stdout] 
[INFO] [stdout] 
[INFO] [stdout] warning: struct `DFlash2CheckpointEvidence` is never constructed
[INFO] [stdout]    --> models/qwen3.8-27b/engine/src/dflash2_checkpoint.rs:175:12
[INFO] [stdout]     |
[INFO] [stdout] 175 | pub struct DFlash2CheckpointEvidence {
[INFO] [stdout]     |            ^^^^^^^^^^^^^^^^^^^^^^^^^
[INFO] [stdout] 
[INFO] [stdout] 
[INFO] [stdout] warning: methods `weights_ptr`, `checkpoint_root`, `mapped_bytes`, and `evidence` are never used
[INFO] [stdout]    --> models/qwen3.8-27b/engine/src/dflash2_checkpoint.rs:224:12
[INFO] [stdout]     |
[INFO] [stdout] 186 | impl DFlash2WeightPlan {
[INFO] [stdout]     | ---------------------- methods in this implementation
[INFO] [stdout] ...
[INFO] [stdout] 224 |     pub fn weights_ptr(&self) -> *const DFlash2Weights {
[INFO] [stdout]     |            ^^^^^^^^^^^
[INFO] [stdout] ...
[INFO] [stdout] 228 |     pub fn checkpoint_root(&self) -> &Path {
[INFO] [stdout]     |            ^^^^^^^^^^^^^^^
[INFO] [stdout] ...
[INFO] [stdout] 232 |     pub fn mapped_bytes(&self) -> u64 {
[INFO] [stdout]     |            ^^^^^^^^^^^^
[INFO] [stdout] ...
[INFO] [stdout] 236 |     pub fn evidence(&self) -> DFlash2CheckpointEvidence {
[INFO] [stdout]     |            ^^^^^^^^
[INFO] [stdout] 
[INFO] [stdout] 
[INFO] [stdout] warning: method `mapped_bytes` is never used
[INFO] [stdout]    --> models/qwen3.8-27b/engine/src/mapping.rs:156:12
[INFO] [stdout]     |
[INFO] [stdout] 140 | impl MappedCheckpoint {
[INFO] [stdout]     | --------------------- method in this implementation
[INFO] [stdout] ...
[INFO] [stdout] 156 |     pub fn mapped_bytes(&self) -> u64 {
[INFO] [stdout]     |            ^^^^^^^^^^^^
[INFO] [stdout] 
[INFO] [stdout] 
[INFO] [stdout] warning: method `bytes` is never used
[INFO] [stdout]    --> models/qwen3.8-27b/engine/src/scale_sidecar.rs:132:12
[INFO] [stdout]     |
[INFO] [stdout]  64 | impl ScaleSidecar {
[INFO] [stdout]     | ----------------- method in this implementation
[INFO] [stdout] ...
[INFO] [stdout] 132 |     pub fn bytes(&self) -> u64 { self.mapping.bytes() }
[INFO] [stdout]     |            ^^^^^
[INFO] [stdout] 
[INFO] [stdout] 
[INFO] [stdout] warning: associated function `new` is never used
[INFO] [stdout]   --> models/qwen3.8-27b/engine/src/../../../../common/qwen_tokenizer.rs:36:12
[INFO] [stdout]    |
[INFO] [stdout] 35 | impl ChatMessage {
[INFO] [stdout]    | ---------------- associated function in this implementation
[INFO] [stdout] 36 |     pub fn new(role: ChatRole, content: impl Into<String>) -> Self {
[INFO] [stdout]    |            ^^^
[INFO] [stdout] 
[INFO] [stdout] 
[INFO] [stdout] warning: methods `vocab_size` and `decoder` are never used
[INFO] [stdout]    --> models/qwen3.8-27b/engine/src/../../../../common/qwen_tokenizer.rs:190:12
[INFO] [stdout]     |
[INFO] [stdout] 178 | impl NativeQwenTokenizer {
[INFO] [stdout]     | ------------------------ methods in this implementation
[INFO] [stdout] ...
[INFO] [stdout] 190 |     pub fn vocab_size(&self) -> usize {
[INFO] [stdout]     |            ^^^^^^^^^^
[INFO] [stdout] ...
[INFO] [stdout] 217 |     pub fn decoder(&self, skip_special_tokens: bool) -> IncrementalDecoder<'_> {
[INFO] [stdout]     |            ^^^^^^^
[INFO] [stdout] 
[INFO] [stdout] 
[INFO] [stdout] warning: struct `IncrementalDecoder` is never constructed
[INFO] [stdout]    --> models/qwen3.8-27b/engine/src/../../../../common/qwen_tokenizer.rs:247:12
[INFO] [stdout]     |
[INFO] [stdout] 247 | pub struct IncrementalDecoder<'a> {
[INFO] [stdout]     |            ^^^^^^^^^^^^^^^^^^
[INFO] [stdout] 
[INFO] [stdout] 
[INFO] [stdout] warning: methods `push` and `finish` are never used
[INFO] [stdout]    --> models/qwen3.8-27b/engine/src/../../../../common/qwen_tokenizer.rs:255:12
[INFO] [stdout]     |
[INFO] [stdout] 254 | impl IncrementalDecoder<'_> {
[INFO] [stdout]     | --------------------------- methods in this implementation
[INFO] [stdout] 255 |     pub fn push(&mut self, token: u32) -> Result<String, TokenizerError> {
[INFO] [stdout]     |            ^^^^
[INFO] [stdout] ...
[INFO] [stdout] 268 |     pub fn finish(&mut self) -> Result<String, TokenizerError> {
[INFO] [stdout]     |            ^^^^^^
[INFO] [stdout] 
[INFO] [stdout] 
[INFO] [stdout] warning: variant `NonMonotonicDecode` is never constructed
[INFO] [stdout]    --> models/qwen3.8-27b/engine/src/../../../../common/qwen_tokenizer.rs:292:5
[INFO] [stdout]     |
[INFO] [stdout] 280 | pub enum TokenizerError {
[INFO] [stdout]     |          -------------- variant in this enum
[INFO] [stdout] ...
[INFO] [stdout] 292 |     NonMonotonicDecode,
[INFO] [stdout]     |     ^^^^^^^^^^^^^^^^^^
[INFO] [stdout]     |
[INFO] [stdout]     = note: `TokenizerError` has derived impls for the traits `Debug` and `Clone`, but these are intentionally ignored during dead code analysis
[INFO] [stdout] 
[INFO] [stdout] 
[INFO] [stdout] error: linking with `cc` failed: exit status: 1
[INFO] [stdout]   |
[INFO] [stdout]   = note:  "cc" "-m64" "/opt/rustwide/target/debug/build/spark-qwen27/be7212e5b10d026a/out/rustcl3T9yq/symbols.o" "<17 object files omitted>" "-Wl,--as-needed" "-Wl,-Bdynamic" "-lq27-dflash2-engine" "-lq27-mapping" "-lq27-kernels" "-lcudart" "-lcublas" "-Wl,-Bstatic" "/opt/rustwide/target/debug/build/tokenizers/77a6617aaa621091/out/libtokenizers-77a6617aaa621091.rlib" "/opt/rustwide/target/debug/build/esaxx-rs/3a779e970ad16977/out/libesaxx_rs-3a779e970ad16977.rlib" "/opt/rustwide/target/debug/build/thiserror/61ae56565fc9d0ac/out/libthiserror-61ae56565fc9d0ac.rlib" "/opt/rustwide/target/debug/build/daachorse/ac1e03323354bacc/out/libdaachorse-ac1e03323354bacc.rlib" "/opt/rustwide/target/debug/build/regex/e2a1df9fe4d77424/out/libregex-e2a1df9fe4d77424.rlib" "/opt/rustwide/target/debug/build/regex-automata/44045568805783a7/out/libregex_automata-44045568805783a7.rlib" "/opt/rustwide/target/debug/build/aho-corasick/57dfe431622534cc/out/libaho_corasick-57dfe431622534cc.rlib" "/opt/rustwide/target/debug/build/regex-syntax/801391c65a42f645/out/libregex_syntax-801391c65a42f645.rlib" "/opt/rustwide/target/debug/build/unicode-normalization-alignments/67f48d1c02689762/out/libunicode_normalization_alignments-67f48d1c02689762.rlib" "/opt/rustwide/target/debug/build/smallvec/49e7c38b3e8bf1d7/out/libsmallvec-49e7c38b3e8bf1d7.rlib" "/opt/rustwide/target/debug/build/spm_precompiled/2c6bb04dd8ddbbb7/out/libspm_precompiled-2c6bb04dd8ddbbb7.rlib" "/opt/rustwide/target/debug/build/base64/42295ac2e0e134a3/out/libbase64-42295ac2e0e134a3.rlib" "/opt/rustwide/target/debug/build/unicode-segmentation/7adb7faea6d97d51/out/libunicode_segmentation-7adb7faea6d97d51.rlib" "/opt/rustwide/target/debug/build/nom/bc4b212d71a2201a/out/libnom-bc4b212d71a2201a.rlib" "/opt/rustwide/target/debug/build/unicode_categories/6f2b7f5ace1e9985/out/libunicode_categories-6f2b7f5ace1e9985.rlib" "/opt/rustwide/target/debug/build/rand/ade1a52ad1ae556b/out/librand-ade1a52ad1ae556b.rlib" "/opt/rustwide/target/debug/build/rand_chacha/c24112bd6fe45863/out/librand_chacha-c24112bd6fe45863.rlib" "/opt/rustwide/target/debug/build/ppv-lite86/4e464ecf9b1fefb4/out/libppv_lite86-4e464ecf9b1fefb4.rlib" "/opt/rustwide/target/debug/build/rand_core/c83eaed7defe7a9e/out/librand_core-c83eaed7defe7a9e.rlib" "/opt/rustwide/target/debug/build/dary_heap/801f914ed3059b82/out/libdary_heap-801f914ed3059b82.rlib" "/opt/rustwide/target/debug/build/compact_str/f16713499fb5ed43/out/libcompact_str-f16713499fb5ed43.rlib" "/opt/rustwide/target/debug/build/ryu/1f4f40e4352371e5/out/libryu-1f4f40e4352371e5.rlib" "/opt/rustwide/target/debug/build/static_assertions/f0217ecdd817a834/out/libstatic_assertions-f0217ecdd817a834.rlib" "/opt/rustwide/target/debug/build/castaway/cc9c9278369cb66d/out/libcastaway-cc9c9278369cb66d.rlib" "/opt/rustwide/target/debug/build/monostate/8826822fc56f6074/out/libmonostate-8826822fc56f6074.rlib" "/opt/rustwide/target/debug/build/macro_rules_attribute/3a2b72ff017cb6ce/out/libmacro_rules_attribute-3a2b72ff017cb6ce.rlib" "/opt/rustwide/target/debug/build/rayon-cond/7c9ddb1ed92d7679/out/librayon_cond-7c9ddb1ed92d7679.rlib" "/opt/rustwide/target/debug/build/itertools/b0ffe90762026fde/out/libitertools-b0ffe90762026fde.rlib" "/opt/rustwide/target/debug/build/rayon/8c83a119065bae6f/out/librayon-8c83a119065bae6f.rlib" "/opt/rustwide/target/debug/build/rayon-core/2b05a47079fb6784/out/librayon_core-2b05a47079fb6784.rlib" "/opt/rustwide/target/debug/build/crossbeam-deque/ab4d4399874b641c/out/libcrossbeam_deque-ab4d4399874b641c.rlib" "/opt/rustwide/target/debug/build/crossbeam-epoch/2423a31cfca6a5f9/out/libcrossbeam_epoch-2423a31cfca6a5f9.rlib" "/opt/rustwide/target/debug/build/crossbeam-utils/982526929d4ea68a/out/libcrossbeam_utils-982526929d4ea68a.rlib" "/opt/rustwide/target/debug/build/either/c9376743e4a51115/out/libeither-c9376743e4a51115.rlib" "/opt/rustwide/target/debug/build/onig/544de12a34201c5b/out/libonig-544de12a34201c5b.rlib" "/opt/rustwide/target/debug/build/bitflags/4e5b7311cdb9fa7b/out/libbitflags-4e5b7311cdb9fa7b.rlib" "/opt/rustwide/target/debug/build/onig_sys/89ca09efcfc46534/out/libonig_sys-89ca09efcfc46534.rlib" "/opt/rustwide/target/debug/build/ahash/8ad6e8cdc58877cf/out/libahash-8ad6e8cdc58877cf.rlib" "/opt/rustwide/target/debug/build/getrandom/1e62ef079fef2f0f/out/libgetrandom-1e62ef079fef2f0f.rlib" "/opt/rustwide/target/debug/build/libc/32464e1b8391e223/out/liblibc-32464e1b8391e223.rlib" "/opt/rustwide/target/debug/build/once_cell/b5bdc597ed9676b3/out/libonce_cell-b5bdc597ed9676b3.rlib" "/opt/rustwide/target/debug/build/cfg-if/83060ec5685761ae/out/libcfg_if-83060ec5685761ae.rlib" "/opt/rustwide/target/debug/build/zerocopy/9545210de90d295f/out/libzerocopy-9545210de90d295f.rlib" "/opt/rustwide/target/debug/build/derive_builder/f0400c6c117d29bb/out/libderive_builder-f0400c6c117d29bb.rlib" "/opt/rustwide/target/debug/build/tiny_http/313ffc674c0ee7c5/out/libtiny_http-313ffc674c0ee7c5.rlib" "/opt/rustwide/target/debug/build/log/22b5be7f6ba2d64a/out/liblog-22b5be7f6ba2d64a.rlib" "/opt/rustwide/target/debug/build/httpdate/331798cefc82cc7e/out/libhttpdate-331798cefc82cc7e.rlib" "/opt/rustwide/target/debug/build/chunked_transfer/bbbfc7acb820ab19/out/libchunked_transfer-bbbfc7acb820ab19.rlib" "/opt/rustwide/target/debug/build/ascii/9b9d62dee4f71246/out/libascii-9b9d62dee4f71246.rlib" "/opt/rustwide/target/debug/build/serde/86d2993e072de547/out/libserde-86d2993e072de547.rlib" "/opt/rustwide/target/debug/build/serde_json/87d8c8a8831201be/out/libserde_json-87d8c8a8831201be.rlib" "/opt/rustwide/target/debug/build/memchr/efcaf924912fba01/out/libmemchr-efcaf924912fba01.rlib" "/opt/rustwide/target/debug/build/itoa/5de11b3b23bfe572/out/libitoa-5de11b3b23bfe572.rlib" "/opt/rustwide/target/debug/build/zmij/2ca2f302097868c6/out/libzmij-2ca2f302097868c6.rlib" "/opt/rustwide/target/debug/build/serde_core/1024909fd700b20f/out/libserde_core-1024909fd700b20f.rlib" "<sysroot>/lib/rustlib/x86_64-unknown-linux-gnu/lib/{libstd-*,libpanic_unwind-*,libobject-*,libmemchr-*,libaddr2line-*,libgimli-*,libcfg_if-*,librustc_demangle-*,libstd_detect-*,libhashbrown-*,librustc_std_workspace_alloc-*,libminiz_oxide-*,libadler2-*,libunwind-*,liblibc-*,librustc_std_workspace_core-*,liballoc-*,libcore-*,libcompiler_builtins-*}.rlib" "-Wl,-Bdynamic" "-lgcc_s" "-lutil" "-lrt" "-lpthread" "-lm" "-ldl" "-lc" "-L" "/opt/rustwide/target/debug/build/spark-qwen27/be7212e5b10d026a/out/rustcl3T9yq/raw-dylibs" "-B<sysroot>/lib/rustlib/x86_64-unknown-linux-gnu/bin/gcc-ld" "-fuse-ld=lld" "-Wl,--eh-frame-hdr" "-Wl,-z,noexecstack" "-L" "/opt/rustwide/target/debug/build/onig_sys/1d02913d1bb63536/out" "-L" "/opt/rustwide/workdir/models/qwen3.8-27b/engine/../../../build/q27" "-L" "/usr/local/cuda/targets/sbsa-linux/lib" "-L" "<sysroot>/lib/rustlib/x86_64-unknown-linux-gnu/lib" "-o" "/opt/rustwide/target/debug/build/spark-qwen27/be7212e5b10d026a/out/q27_serve_dflash2" "-Wl,--gc-sections" "-pie" "-Wl,-z,relro,-z,now" "-nodefaultlibs"
[INFO] [stdout]   = note: some arguments are omitted. use `--verbose` to show all linker arguments
[INFO] [stdout]   = note: rust-lld: error: unable to find library -lq27-dflash2-engine
[INFO] [stdout]           rust-lld: error: unable to find library -lq27-mapping
[INFO] [stdout]           rust-lld: error: unable to find library -lq27-kernels
[INFO] [stdout]           rust-lld: error: unable to find library -lcudart
[INFO] [stdout]           rust-lld: error: unable to find library -lcublas
[INFO] [stdout]           collect2: error: ld returned 1 exit status
[INFO] [stdout]           
[INFO] [stdout] 
[INFO] [stdout] 
[INFO] [stderr] error: could not compile `spark-qwen27` (bin "q27-serve-dflash2") due to 1 previous error; 14 warnings emitted
[INFO] running `Command { std: "docker" "inspect" "ff55b455c7b3d79527dfa9c6456c2bae73924f8463e361c69a9aef938e0feff5", kill_on_drop: false }`
[INFO] running `Command { std: "docker" "rm" "-f" "ff55b455c7b3d79527dfa9c6456c2bae73924f8463e361c69a9aef938e0feff5", kill_on_drop: false }`
[INFO] [stdout] ff55b455c7b3d79527dfa9c6456c2bae73924f8463e361c69a9aef938e0feff5
