[INFO] cloning repository https://github.com/fmckeogh/aht20-async
[INFO] running `Command { std: "git" "-c" "credential.helper=" "-c" "credential.helper=/workspace/cargo-home/bin/git-credential-null" "clone" "--bare" "https://github.com/fmckeogh/aht20-async" "/workspace/cache/git-repos/https%3A%2F%2Fgithub.com%2Ffmckeogh%2Faht20-async", kill_on_drop: false }`
[INFO] [stderr] Cloning into bare repository '/workspace/cache/git-repos/https%3A%2F%2Fgithub.com%2Ffmckeogh%2Faht20-async'...
[INFO] running `Command { std: "git" "rev-parse" "HEAD", kill_on_drop: false }`
[INFO] [stdout] 3e7aa79ec2af93240f96c580ea7c9700c0735af4
[INFO] testing fmckeogh/aht20-async against 1.99.0-beta.8 for beta-1.100-2
[INFO] running `Command { std: "git" "clone" "/workspace/cache/git-repos/https%3A%2F%2Fgithub.com%2Ffmckeogh%2Faht20-async" "/workspace/builds/worker-6-tc1/source", kill_on_drop: false }`
[INFO] [stderr] Cloning into '/workspace/builds/worker-6-tc1/source'...
[INFO] [stderr] done.
[INFO] started tweaking git repo https://github.com/fmckeogh/aht20-async
[INFO] finished tweaking git repo https://github.com/fmckeogh/aht20-async
[INFO] tweaked toml for git repo https://github.com/fmckeogh/aht20-async written to /workspace/builds/worker-6-tc1/source/Cargo.toml
[INFO] validating manifest of git repo https://github.com/fmckeogh/aht20-async on toolchain 1.99.0-beta.8
[INFO] running `Command { std: CARGO_HOME="/workspace/cargo-home" RUSTUP_HOME="/workspace/rustup-home" "/workspace/cargo-home/bin/cargo" "+1.99.0-beta.8" "metadata" "--manifest-path" "Cargo.toml" "--no-deps", kill_on_drop: false }`
[INFO] crate git repo https://github.com/fmckeogh/aht20-async already has a lockfile, it will not be regenerated
[INFO] running `Command { std: CARGO_HOME="/workspace/cargo-home" RUSTUP_HOME="/workspace/rustup-home" "/workspace/cargo-home/bin/cargo" "+1.99.0-beta.8" "fetch" "--manifest-path" "Cargo.toml", kill_on_drop: false }`
[INFO] [stderr]     Updating crates.io index
[INFO] [stderr]  Downloading crates ...
[INFO] [stderr]   Downloaded sysfs_gpio v0.6.1
[INFO] [stderr]   Downloaded memoffset v0.7.1
[INFO] [stderr]   Downloaded linux-embedded-hal v0.4.0
[INFO] [stderr]   Downloaded spidev v0.6.0
[INFO] [stderr]   Downloaded embedded-hal-async v1.0.0
[INFO] [stderr]   Downloaded nb v1.1.0
[INFO] [stderr]   Downloaded crc_all v0.2.2
[INFO] [stderr]   Downloaded thiserror-impl v1.0.56
[INFO] [stderr]   Downloaded embedded-hal-nb v1.0.0
[INFO] [stderr]   Downloaded mach2 v0.4.2
[INFO] [stderr]   Downloaded embedded-hal v1.0.0
[INFO] [stderr]   Downloaded thiserror v1.0.56
[INFO] [stderr]   Downloaded i2cdev v0.6.0
[INFO] [stderr]   Downloaded unescaper v0.1.3
[INFO] [stderr]   Downloaded io-kit-sys v0.4.0
[INFO] [stderr]   Downloaded proc-macro2 v1.0.76
[INFO] [stderr]   Downloaded gpio-cdev v0.6.0
[INFO] [stderr]   Downloaded bitflags v2.4.2
[INFO] [stderr]   Downloaded serialport v4.3.0
[INFO] [stderr]   Downloaded aho-corasick v1.1.2
[INFO] [stderr]   Downloaded regex v1.10.2
[INFO] [stderr]   Downloaded syn v2.0.48
[INFO] [stderr]   Downloaded regex-automata v0.4.3
[INFO] [stderr]   Downloaded libc v0.2.152
[INFO] running `Command { std: "docker" "create" "-v" "/var/lib/crater-agent-workspace/builds/worker-6-tc1/source:/opt/rustwide/workdir:ro,Z" "-v" "/var/lib/crater-agent-workspace/builds/worker-6-tc1/target:/opt/rustwide/target:rw,Z" "-v" "/var/lib/crater-agent-workspace/cargo-home:/opt/rustwide/cargo-home:ro,Z" "-v" "/var/lib/crater-agent-workspace/rustup-home:/opt/rustwide/rustup-home:ro,Z" "-m" "1610612736" "--network" "none" "ghcr.io/rust-lang/crates-build-env/linux@sha256:3111399a4047eeb3a02b7a90e478d715f38a8c6669b5c4b49d30a17385265909" "sleep" "infinity", kill_on_drop: false }`
[INFO] [stdout] 7d781a67835381c9b34f6d0c5d5fe81b6d5fd49406118348945651e0807f3534
[INFO] running `Command { std: "docker" "start" "7d781a67835381c9b34f6d0c5d5fe81b6d5fd49406118348945651e0807f3534", kill_on_drop: false }`
[INFO] running `Command { std: "docker" "inspect" "7d781a67835381c9b34f6d0c5d5fe81b6d5fd49406118348945651e0807f3534", kill_on_drop: false }`
[INFO] running `Command { std: "docker" "exec" "-e" "SOURCE_DIR=/opt/rustwide/workdir" "-e" "CARGO_HOME=/opt/rustwide/cargo-home" "-e" "RUSTUP_HOME=/opt/rustwide/rustup-home" "-e" "CARGO_TARGET_DIR=/opt/rustwide/target" "-w" "/opt/rustwide/workdir" "--user" "0:0" "7d781a67835381c9b34f6d0c5d5fe81b6d5fd49406118348945651e0807f3534" "/opt/rustwide/cargo-home/bin/cargo" "+1.99.0-beta.8" "metadata" "--no-deps" "--format-version=1", kill_on_drop: false }`
[INFO] running `Command { std: "docker" "inspect" "7d781a67835381c9b34f6d0c5d5fe81b6d5fd49406118348945651e0807f3534", kill_on_drop: false }`
[INFO] running `Command { std: "docker" "exec" "-e" "SOURCE_DIR=/opt/rustwide/workdir" "-e" "CARGO_HOME=/opt/rustwide/cargo-home" "-e" "RUSTUP_HOME=/opt/rustwide/rustup-home" "-e" "CARGO_TARGET_DIR=/opt/rustwide/target" "-e" "CARGO_INCREMENTAL=0" "-e" "RUST_BACKTRACE=full" "-e" "RUSTFLAGS=--cap-lints=warn" "-e" "RUSTDOCFLAGS=--cap-lints=warn" "-w" "/opt/rustwide/workdir" "--user" "0:0" "7d781a67835381c9b34f6d0c5d5fe81b6d5fd49406118348945651e0807f3534" "/opt/rustwide/cargo-home/bin/cargo" "+1.99.0-beta.8" "build" "--frozen" "--message-format=json", kill_on_drop: false }`
[INFO] [stderr]    Compiling embedded-hal-async v1.0.0
[INFO] [stderr]    Compiling embedded-hal v1.0.0
[INFO] [stderr]    Compiling bitflags v2.4.2
[INFO] [stderr]    Compiling crc_all v0.2.2
[INFO] [stderr]    Compiling aht20-async v1.0.0 (/opt/rustwide/workdir)
[INFO] [stderr]     Finished `dev` profile [unoptimized + debuginfo] target(s) in 0.97s
[INFO] running `Command { std: "docker" "inspect" "7d781a67835381c9b34f6d0c5d5fe81b6d5fd49406118348945651e0807f3534", kill_on_drop: false }`
[INFO] running `Command { std: "docker" "exec" "-e" "SOURCE_DIR=/opt/rustwide/workdir" "-e" "CARGO_HOME=/opt/rustwide/cargo-home" "-e" "RUSTUP_HOME=/opt/rustwide/rustup-home" "-e" "CARGO_TARGET_DIR=/opt/rustwide/target" "-e" "CARGO_INCREMENTAL=0" "-e" "RUST_BACKTRACE=full" "-e" "RUSTFLAGS=--cap-lints=warn" "-e" "RUSTDOCFLAGS=--cap-lints=warn" "-w" "/opt/rustwide/workdir" "--user" "0:0" "7d781a67835381c9b34f6d0c5d5fe81b6d5fd49406118348945651e0807f3534" "/opt/rustwide/cargo-home/bin/cargo" "+1.99.0-beta.8" "test" "--frozen" "--no-run" "--message-format=json", kill_on_drop: false }`
[INFO] [stderr]    Compiling libc v0.2.152
[INFO] [stderr]    Compiling proc-macro2 v1.0.76
[INFO] [stderr]    Compiling unicode-ident v1.0.12
[INFO] [stderr]    Compiling memoffset v0.7.1
[INFO] [stderr]    Compiling memoffset v0.6.5
[INFO] [stderr]    Compiling thiserror v1.0.56
[INFO] [stderr]    Compiling scopeguard v1.2.0
[INFO] [stderr]    Compiling nb v1.1.0
[INFO] [stderr]    Compiling byteorder v1.5.0
[INFO] [stderr]    Compiling embedded-hal-nb v1.0.0
[INFO] [stderr]    Compiling quote v1.0.35
[INFO] [stderr]    Compiling syn v2.0.48
[INFO] [stderr]    Compiling nix v0.26.4
[INFO] [stderr]    Compiling nix v0.27.1
[INFO] [stderr]    Compiling nix v0.23.2
[INFO] [stderr]    Compiling gpio-cdev v0.6.0
[INFO] [stderr]    Compiling thiserror-impl v1.0.56
[INFO] [stderr]    Compiling unescaper v0.1.3
[INFO] [stderr]    Compiling sysfs_gpio v0.6.1
[INFO] [stderr]    Compiling serialport v4.3.0
[INFO] [stderr]    Compiling i2cdev v0.6.0
[INFO] [stderr]    Compiling spidev v0.6.0
[INFO] [stderr]    Compiling linux-embedded-hal v0.4.0
[INFO] [stderr]    Compiling aht20-async v1.0.0 (/opt/rustwide/workdir)
[INFO] [stdout] error[E0433]: cannot find module or crate `embedded_hal` in this scope
[INFO] [stdout]  --> examples/aht20.rs:5:5
[INFO] [stdout]   |
[INFO] [stdout] 5 |     embedded_hal::blocking::delay::DelayMs,
[INFO] [stdout]   |     ^^^^^^^^^^^^ use of unresolved module or unlinked crate `embedded_hal`
[INFO] [stdout]   |
[INFO] [stdout]   = help: if you wanted to use a crate named `embedded_hal`, use `cargo add embedded_hal` to add it to your `Cargo.toml`
[INFO] [stdout] 
[INFO] [stdout] 
[INFO] [stdout] error[E0432]: unresolved import `aht20`
[INFO] [stdout]  --> examples/aht20.rs:4:5
[INFO] [stdout]   |
[INFO] [stdout] 4 |     aht20::*,
[INFO] [stdout]   |     ^^^^^ use of unresolved module or unlinked crate `aht20`
[INFO] [stdout]   |
[INFO] [stdout] help: to make use of source file examples/aht20.rs, use `mod aht20` in this file to declare the module
[INFO] [stdout]   |
[INFO] [stdout] 3 + mod aht20;
[INFO] [stdout]   |
[INFO] [stdout] 
[INFO] [stdout] 
[INFO] [stdout] error[E0599]: no method named `delay_ms` found for struct `Delay` in the current scope
[INFO] [stdout]   --> examples/aht20.rs:30:20
[INFO] [stdout]    |
[INFO] [stdout] 30 |         hal::Delay.delay_ms(1000u16);
[INFO] [stdout]    |                    ^^^^^^^^
[INFO] [stdout]    |
[INFO] [stdout]   ::: /opt/rustwide/cargo-home/registry/src/index.crates.io-1949cf8c6b5b557f/embedded-hal-1.0.0/src/delay.rs:31:8
[INFO] [stdout]    |
[INFO] [stdout] 31 |     fn delay_ms(&mut self, mut ms: u32) {
[INFO] [stdout]    |        -------- the method is available for `Delay` here
[INFO] [stdout]    |
[INFO] [stdout]    = help: items from traits can only be used if the trait is in scope
[INFO] [stdout] help: trait `DelayNs` which provides `delay_ms` is implemented but not in scope; perhaps you want to import it
[INFO] [stdout]    |
[INFO] [stdout]  3 + use embedded_hal::delay::DelayNs;
[INFO] [stdout]    |
[INFO] [stdout] help: there is a method `delay_ns` with a similar name
[INFO] [stdout]    |
[INFO] [stdout] 30 -         hal::Delay.delay_ms(1000u16);
[INFO] [stdout] 30 +         hal::Delay.delay_ns(1000u16);
[INFO] [stdout]    |
[INFO] [stdout] 
[INFO] [stdout] 
[INFO] [stdout] Some errors have detailed explanations: E0432, E0433, E0599.
[INFO] [stdout] 
[INFO] [stdout] For more information about an error, try `rustc --explain E0432`.
[INFO] [stdout] 
[INFO] [stderr] error: could not compile `aht20-async` (example "aht20") due to 3 previous errors
[INFO] [stderr] warning: build failed, waiting for other jobs to finish...
[INFO] running `Command { std: "docker" "inspect" "7d781a67835381c9b34f6d0c5d5fe81b6d5fd49406118348945651e0807f3534", kill_on_drop: false }`
[INFO] running `Command { std: "docker" "rm" "-f" "7d781a67835381c9b34f6d0c5d5fe81b6d5fd49406118348945651e0807f3534", kill_on_drop: false }`
[INFO] [stdout] 7d781a67835381c9b34f6d0c5d5fe81b6d5fd49406118348945651e0807f3534
