[INFO] cloning repository https://github.com/flyaruu/wasmcloud-super-heroes
[INFO] running `Command { std: "git" "-c" "credential.helper=" "-c" "credential.helper=/workspace/cargo-home/bin/git-credential-null" "clone" "--bare" "https://github.com/flyaruu/wasmcloud-super-heroes" "/workspace/cache/git-repos/https%3A%2F%2Fgithub.com%2Fflyaruu%2Fwasmcloud-super-heroes", kill_on_drop: false }`
[INFO] [stderr] Cloning into bare repository '/workspace/cache/git-repos/https%3A%2F%2Fgithub.com%2Fflyaruu%2Fwasmcloud-super-heroes'...
[INFO] running `Command { std: "git" "rev-parse" "HEAD", kill_on_drop: false }`
[INFO] [stdout] 329818ef4d28a2a4cf55475c6af80d9a1d7ad320
[INFO] testing flyaruu/wasmcloud-super-heroes against 1.99.0-beta.8 for beta-1.100-2
[INFO] running `Command { std: "git" "clone" "/workspace/cache/git-repos/https%3A%2F%2Fgithub.com%2Fflyaruu%2Fwasmcloud-super-heroes" "/workspace/builds/worker-3-tc1/source", kill_on_drop: false }`
[INFO] [stderr] Cloning into '/workspace/builds/worker-3-tc1/source'...
[INFO] [stderr] done.
[INFO] removed /workspace/builds/worker-3-tc1/source/.cargo/config.toml
[INFO] started tweaking git repo https://github.com/flyaruu/wasmcloud-super-heroes
[INFO] finished tweaking git repo https://github.com/flyaruu/wasmcloud-super-heroes
[INFO] tweaked toml for git repo https://github.com/flyaruu/wasmcloud-super-heroes written to /workspace/builds/worker-3-tc1/source/Cargo.toml
[INFO] validating manifest of git repo https://github.com/flyaruu/wasmcloud-super-heroes on toolchain 1.99.0-beta.8
[INFO] running `Command { std: CARGO_HOME="/workspace/cargo-home" RUSTUP_HOME="/workspace/rustup-home" "/workspace/cargo-home/bin/cargo" "+1.99.0-beta.8" "metadata" "--manifest-path" "Cargo.toml" "--no-deps", kill_on_drop: false }`
[INFO] crate git repo https://github.com/flyaruu/wasmcloud-super-heroes already has a lockfile, it will not be regenerated
[INFO] running `Command { std: CARGO_HOME="/workspace/cargo-home" RUSTUP_HOME="/workspace/rustup-home" "/workspace/cargo-home/bin/cargo" "+1.99.0-beta.8" "fetch" "--manifest-path" "Cargo.toml", kill_on_drop: false }`
[INFO] [stderr] warning: virtual workspace defaulting to `resolver = "1"` despite one or more workspace members being on edition 2024 which implies `resolver = "3"`
[INFO] [stderr]   |
[INFO] [stderr]   = note: to keep the current resolver, specify `workspace.resolver = "1"` in the workspace root's manifest
[INFO] [stderr]   = note: to use the edition 2024 resolver, specify `workspace.resolver = "3"` in the workspace root's manifest
[INFO] [stderr]   = note: for more details see https://doc.rust-lang.org/cargo/reference/resolver.html#resolver-versions
[INFO] [stderr] warning: services/location-repository/Cargo.toml: version requirement `=0.14.2+wasi-0.2.4` for dependency `wasi` includes semver metadata which will be ignored, removing the metadata is recommended to avoid confusion
[INFO] [stderr] warning: `location-repository` (manifest) generated 1 warning
[INFO] [stderr] warning: services/hero-repository/Cargo.toml: version requirement `=0.14.2+wasi-0.2.4` for dependency `wasi` includes semver metadata which will be ignored, removing the metadata is recommended to avoid confusion
[INFO] [stderr] warning: `hero-repository` (manifest) generated 1 warning
[INFO] [stderr] warning: services/fights-rest/Cargo.toml: version requirement `=0.14.2+wasi-0.2.4` for dependency `wasi` includes semver metadata which will be ignored, removing the metadata is recommended to avoid confusion
[INFO] [stderr] warning: `fights-rest` (manifest) generated 1 warning
[INFO] [stderr] warning: services/villain-repository/Cargo.toml: version requirement `=0.14.2+wasi-0.2.4` for dependency `wasi` includes semver metadata which will be ignored, removing the metadata is recommended to avoid confusion
[INFO] [stderr] warning: `villain-repository` (manifest) generated 1 warning
[INFO] [stderr] warning: services/location-rest/Cargo.toml: version requirement `=0.14.2+wasi-0.2.4` for dependency `wasi` includes semver metadata which will be ignored, removing the metadata is recommended to avoid confusion
[INFO] [stderr] warning: `location_rest` (manifest) generated 1 warning
[INFO] [stderr] warning: services/hero-rest/Cargo.toml: version requirement `=0.14.2+wasi-0.2.4` for dependency `wasi` includes semver metadata which will be ignored, removing the metadata is recommended to avoid confusion
[INFO] [stderr] warning: `hero-rest` (manifest) generated 1 warning
[INFO] [stderr] warning: services/rest-fights-over-http/Cargo.toml: version requirement `=0.14.2+wasi-0.2.4` for dependency `wasi` includes semver metadata which will be ignored, removing the metadata is recommended to avoid confusion
[INFO] [stderr] warning: `rest-fights-over-http` (manifest) generated 1 warning
[INFO] [stderr] warning: services/villain-rest/Cargo.toml: version requirement `=0.14.2+wasi-0.2.4` for dependency `wasi` includes semver metadata which will be ignored, removing the metadata is recommended to avoid confusion
[INFO] [stderr] warning: `villain-rest` (manifest) generated 1 warning
[INFO] [stderr]  Downloading crates ...
[INFO] [stderr]   Downloaded wit-bindgen-rust-macro v0.42.1
[INFO] [stderr]   Downloaded wasm-bindgen-shared v0.2.103
[INFO] [stderr]   Downloaded serde v1.0.225
[INFO] [stderr]   Downloaded wasm-metadata v0.230.0
[INFO] [stderr]   Downloaded wasm-bindgen-macro v0.2.103
[INFO] [stderr]   Downloaded wasm-bindgen-macro-support v0.2.103
[INFO] [stderr]   Downloaded wit-parser v0.230.0
[INFO] [stderr]   Downloaded wit-bindgen-core v0.42.1
[INFO] [stderr]   Downloaded wasm-bindgen-backend v0.2.103
[INFO] [stderr]   Downloaded wit-bindgen v0.42.1
[INFO] [stderr]   Downloaded wit-bindgen-rt v0.42.1
[INFO] [stderr]   Downloaded wasm-bindgen v0.2.103
[INFO] [stderr]   Downloaded wit-bindgen-rust v0.42.1
[INFO] [stderr]   Downloaded serde_core v1.0.225
[INFO] [stderr]   Downloaded serde_derive v1.0.225
[INFO] [stderr]   Downloaded js-sys v0.3.80
[INFO] [stderr]   Downloaded indexmap v2.11.4
[INFO] [stderr]   Downloaded wasm-encoder v0.230.0
[INFO] [stderr]   Downloaded wit-component v0.230.0
[INFO] [stderr]   Downloaded wasmparser v0.230.0
[INFO] running `Command { std: "docker" "create" "-v" "/var/lib/crater-agent-workspace/builds/worker-3-tc1/source:/opt/rustwide/workdir:ro,Z" "-v" "/var/lib/crater-agent-workspace/builds/worker-3-tc1/target:/opt/rustwide/target:rw,Z" "-v" "/var/lib/crater-agent-workspace/cargo-home:/opt/rustwide/cargo-home:ro,Z" "-v" "/var/lib/crater-agent-workspace/rustup-home:/opt/rustwide/rustup-home:ro,Z" "-m" "1610612736" "--network" "none" "ghcr.io/rust-lang/crates-build-env/linux@sha256:3111399a4047eeb3a02b7a90e478d715f38a8c6669b5c4b49d30a17385265909" "sleep" "infinity", kill_on_drop: false }`
[INFO] [stdout] 33bef94df578f475494c98319372771c72e1d9722c9ddb69fdb5b1c132406560
[INFO] running `Command { std: "docker" "start" "33bef94df578f475494c98319372771c72e1d9722c9ddb69fdb5b1c132406560", kill_on_drop: false }`
[INFO] running `Command { std: "docker" "inspect" "33bef94df578f475494c98319372771c72e1d9722c9ddb69fdb5b1c132406560", kill_on_drop: false }`
[INFO] running `Command { std: "docker" "exec" "-e" "SOURCE_DIR=/opt/rustwide/workdir" "-e" "CARGO_HOME=/opt/rustwide/cargo-home" "-e" "RUSTUP_HOME=/opt/rustwide/rustup-home" "-e" "CARGO_TARGET_DIR=/opt/rustwide/target" "-w" "/opt/rustwide/workdir" "--user" "0:0" "33bef94df578f475494c98319372771c72e1d9722c9ddb69fdb5b1c132406560" "/opt/rustwide/cargo-home/bin/cargo" "+1.99.0-beta.8" "metadata" "--no-deps" "--format-version=1", kill_on_drop: false }`
[INFO] running `Command { std: "docker" "inspect" "33bef94df578f475494c98319372771c72e1d9722c9ddb69fdb5b1c132406560", kill_on_drop: false }`
[INFO] running `Command { std: "docker" "exec" "-e" "SOURCE_DIR=/opt/rustwide/workdir" "-e" "CARGO_HOME=/opt/rustwide/cargo-home" "-e" "RUSTUP_HOME=/opt/rustwide/rustup-home" "-e" "CARGO_TARGET_DIR=/opt/rustwide/target" "-e" "CARGO_INCREMENTAL=0" "-e" "RUST_BACKTRACE=full" "-e" "RUSTFLAGS=--cap-lints=warn" "-e" "RUSTDOCFLAGS=--cap-lints=warn" "-w" "/opt/rustwide/workdir" "--user" "0:0" "33bef94df578f475494c98319372771c72e1d9722c9ddb69fdb5b1c132406560" "/opt/rustwide/cargo-home/bin/cargo" "+1.99.0-beta.8" "build" "--frozen" "--message-format=json", kill_on_drop: false }`
[INFO] [stderr] warning: virtual workspace defaulting to `resolver = "1"` despite one or more workspace members being on edition 2024 which implies `resolver = "3"`
[INFO] [stderr]   |
[INFO] [stderr]   = note: to keep the current resolver, specify `workspace.resolver = "1"` in the workspace root's manifest
[INFO] [stderr]   = note: to use the edition 2024 resolver, specify `workspace.resolver = "3"` in the workspace root's manifest
[INFO] [stderr]   = note: for more details see https://doc.rust-lang.org/cargo/reference/resolver.html#resolver-versions
[INFO] [stderr] warning: services/fights-rest/Cargo.toml: version requirement `=0.14.2+wasi-0.2.4` for dependency `wasi` includes semver metadata which will be ignored, removing the metadata is recommended to avoid confusion
[INFO] [stderr] warning: `fights-rest` (manifest) generated 1 warning
[INFO] [stderr] warning: services/villain-repository/Cargo.toml: version requirement `=0.14.2+wasi-0.2.4` for dependency `wasi` includes semver metadata which will be ignored, removing the metadata is recommended to avoid confusion
[INFO] [stderr] warning: `villain-repository` (manifest) generated 1 warning
[INFO] [stderr] warning: services/rest-fights-over-http/Cargo.toml: version requirement `=0.14.2+wasi-0.2.4` for dependency `wasi` includes semver metadata which will be ignored, removing the metadata is recommended to avoid confusion
[INFO] [stderr] warning: `rest-fights-over-http` (manifest) generated 1 warning
[INFO] [stderr] warning: services/hero-rest/Cargo.toml: version requirement `=0.14.2+wasi-0.2.4` for dependency `wasi` includes semver metadata which will be ignored, removing the metadata is recommended to avoid confusion
[INFO] [stderr] warning: `hero-rest` (manifest) generated 1 warning
[INFO] [stderr] warning: services/location-rest/Cargo.toml: version requirement `=0.14.2+wasi-0.2.4` for dependency `wasi` includes semver metadata which will be ignored, removing the metadata is recommended to avoid confusion
[INFO] [stderr] warning: `location_rest` (manifest) generated 1 warning
[INFO] [stderr] warning: services/villain-rest/Cargo.toml: version requirement `=0.14.2+wasi-0.2.4` for dependency `wasi` includes semver metadata which will be ignored, removing the metadata is recommended to avoid confusion
[INFO] [stderr] warning: `villain-rest` (manifest) generated 1 warning
[INFO] [stderr] warning: services/location-repository/Cargo.toml: version requirement `=0.14.2+wasi-0.2.4` for dependency `wasi` includes semver metadata which will be ignored, removing the metadata is recommended to avoid confusion
[INFO] [stderr] warning: `location-repository` (manifest) generated 1 warning
[INFO] [stderr] warning: services/hero-repository/Cargo.toml: version requirement `=0.14.2+wasi-0.2.4` for dependency `wasi` includes semver metadata which will be ignored, removing the metadata is recommended to avoid confusion
[INFO] [stderr] warning: `hero-repository` (manifest) generated 1 warning
[INFO] [stderr]    Compiling proc-macro2 v1.0.101
[INFO] [stderr]    Compiling unicode-ident v1.0.19
[INFO] [stderr]    Compiling serde_core v1.0.225
[INFO] [stderr]    Compiling bitflags v2.9.4
[INFO] [stderr]    Compiling memchr v2.7.5
[INFO] [stderr]    Compiling hashbrown v0.16.0
[INFO] [stderr]    Compiling wasmparser v0.230.0
[INFO] [stderr]    Compiling foldhash v0.1.5
[INFO] [stderr]    Compiling anyhow v1.0.99
[INFO] [stderr]    Compiling semver v1.0.27
[INFO] [stderr]    Compiling hashbrown v0.15.5
[INFO] [stderr]    Compiling serde_json v1.0.145
[INFO] [stderr]    Compiling serde v1.0.225
[INFO] [stderr]    Compiling wasm-encoder v0.230.0
[INFO] [stderr]    Compiling prettyplease v0.2.37
[INFO] [stderr]    Compiling futures-sink v0.3.31
[INFO] [stderr]    Compiling futures-core v0.3.31
[INFO] [stderr]    Compiling leb128fmt v0.1.0
[INFO] [stderr]    Compiling log v0.4.28
[INFO] [stderr]    Compiling id-arena v2.2.1
[INFO] [stderr]    Compiling futures-channel v0.3.31
[INFO] [stderr]    Compiling futures-task v0.3.31
[INFO] [stderr]    Compiling slab v0.4.11
[INFO] [stderr]    Compiling wit-bindgen-rust v0.42.1
[INFO] [stderr]    Compiling wit-bindgen-rt v0.39.0
[INFO] [stderr]    Compiling wit-bindgen-rust-macro v0.42.1
[INFO] [stderr]    Compiling wit-bindgen-rt v0.42.1
[INFO] [stderr]    Compiling libc v0.2.175
[INFO] [stderr]    Compiling quote v1.0.40
[INFO] [stderr]    Compiling getrandom v0.3.3
[INFO] [stderr]    Compiling cfg-if v1.0.3
[INFO] [stderr]    Compiling wasi v0.14.2+wasi-0.2.4
[INFO] [stderr]    Compiling syn v2.0.106
[INFO] [stderr]    Compiling uuid v1.18.1
[INFO] [stderr]    Compiling indexmap v2.11.4
[INFO] [stderr]    Compiling serde_derive v1.0.225
[INFO] [stderr]    Compiling futures-macro v0.3.31
[INFO] [stderr]    Compiling futures-util v0.3.31
[INFO] [stderr]    Compiling futures-executor v0.3.31
[INFO] [stderr]    Compiling futures v0.3.31
[INFO] [stderr]    Compiling wit-parser v0.230.0
[INFO] [stderr]    Compiling wasm-metadata v0.230.0
[INFO] [stderr]    Compiling wit-component v0.230.0
[INFO] [stderr]    Compiling wit-bindgen-core v0.42.1
[INFO] [stderr]    Compiling wit-bindgen v0.42.1
[INFO] [stderr]    Compiling hero-repository v0.1.0 (/opt/rustwide/workdir/services/hero-repository)
[INFO] [stderr]    Compiling location-repository v0.1.0 (/opt/rustwide/workdir/services/location-repository)
[INFO] [stderr]    Compiling fights-rest v0.1.2 (/opt/rustwide/workdir/services/fights-rest)
[INFO] [stderr]    Compiling villain-rest v0.1.0 (/opt/rustwide/workdir/services/villain-rest)
[INFO] [stderr]    Compiling rest-fights-over-http v0.1.1 (/opt/rustwide/workdir/services/rest-fights-over-http)
[INFO] [stderr]    Compiling location_rest v0.1.0 (/opt/rustwide/workdir/services/location-rest)
[INFO] [stderr]    Compiling hero-rest v0.1.0 (/opt/rustwide/workdir/services/hero-rest)
[INFO] [stderr]    Compiling villain-repository v0.1.0 (/opt/rustwide/workdir/services/villain-repository)
[INFO] [stdout] error: linking with `cc` failed: exit status: 1
[INFO] [stdout]   |
[INFO] [stdout]   = note:  "cc" "-Wl,--version-script=/opt/rustwide/target/debug/deps/rustcJgatq4/list" "-Wl,--no-undefined-version" "-m64" "/opt/rustwide/target/debug/deps/rustcJgatq4/symbols.o" "<2 object files omitted>" "-Wl,--as-needed" "-Wl,-Bstatic" "/opt/rustwide/target/debug/deps/{libserde_json-73a440f743e1970a,libitoa-ef40fa516293a9d3,libryu-a7164637bc4900ee,libwit_bindgen-5a7ca7db1ed2a388,libwit_bindgen_rt-4d06f54b2ad862cd,libfutures-6d2deb2767d2b3e8,libfutures_executor-57579dc870a655bc,libfutures_util-012608a025e523ec,libmemchr-eb753e192a6bbd2d,libfutures_io-59d0071c9258d69f,libslab-5629529544b2a983,libfutures_channel-366235e53a17a4a9,libpin_project_lite-72bf04572caa1c84,libfutures_sink-4f3ee80fddadef94,libfutures_task-e09ab7898221cb97,libpin_utils-3860774ad9b215b5,libfutures_core-6189164566e294f9,libwasi-1dd59ed42c6c710d,libwit_bindgen_rt-6574fbd3deba3fa8,libbitflags-7f84f37ac731566a,libserde-8703010b2c4fc0f3,libserde_core-f4a40ebd389ecbb6}.rlib" "<sysroot>/lib/rustlib/x86_64-unknown-linux-gnu/lib/{libstd-*,libpanic_unwind-*,libobject-*,libmemchr-*,libaddr2line-*,libgimli-*,libcfg_if-*,librustc_demangle-*,libstd_detect-*,libhashbrown-*,librustc_std_workspace_alloc-*,libminiz_oxide-*,libadler2-*,libunwind-*,liblibc-*,librustc_std_workspace_core-*,liballoc-*,libcore-*,libcompiler_builtins-*}.rlib" "-Wl,-Bdynamic" "-lgcc_s" "-lutil" "-lrt" "-lpthread" "-lm" "-ldl" "-lc" "-L" "/opt/rustwide/target/debug/deps/rustcJgatq4/raw-dylibs" "-B<sysroot>/lib/rustlib/x86_64-unknown-linux-gnu/bin/gcc-ld" "-fuse-ld=lld" "-Wl,--eh-frame-hdr" "-Wl,-z,noexecstack" "-L" "<sysroot>/lib/rustlib/x86_64-unknown-linux-gnu/lib" "-o" "/opt/rustwide/target/debug/deps/liblocation_rest.so" "-Wl,--gc-sections" "-shared" "-Wl,-z,relro,-z,now" "-nodefaultlibs"
[INFO] [stdout]   = note: some arguments are omitted. use `--verbose` to show all linker arguments
[INFO] [stdout]   = note: rust-lld: error: /opt/rustwide/target/debug/deps/rustcJgatq4/list:3: ; expected, but got :
[INFO] [stdout]           >>>     wasi:http/incoming-handler@0.2.4#handle;
[INFO] [stdout]           >>>         ^
[INFO] [stdout]           collect2: error: ld returned 1 exit status
[INFO] [stdout]           
[INFO] [stdout] 
[INFO] [stdout] 
[INFO] [stderr] error: could not compile `location_rest` (lib) due to 1 previous error
[INFO] [stderr] warning: build failed, waiting for other jobs to finish...
[INFO] [stdout] error: linking with `cc` failed: exit status: 1
[INFO] [stdout]   |
[INFO] [stdout]   = note:  "cc" "-Wl,--version-script=/opt/rustwide/target/debug/deps/rustcOTR8UV/list" "-Wl,--no-undefined-version" "-m64" "/opt/rustwide/target/debug/deps/rustcOTR8UV/symbols.o" "<2 object files omitted>" "-Wl,--as-needed" "-Wl,-Bstatic" "/opt/rustwide/target/debug/deps/{libserde_json-73a440f743e1970a,libitoa-ef40fa516293a9d3,libryu-a7164637bc4900ee,libwit_bindgen-5a7ca7db1ed2a388,libwit_bindgen_rt-4d06f54b2ad862cd,libfutures-6d2deb2767d2b3e8,libfutures_executor-57579dc870a655bc,libfutures_util-012608a025e523ec,libmemchr-eb753e192a6bbd2d,libfutures_io-59d0071c9258d69f,libslab-5629529544b2a983,libfutures_channel-366235e53a17a4a9,libpin_project_lite-72bf04572caa1c84,libfutures_sink-4f3ee80fddadef94,libfutures_task-e09ab7898221cb97,libpin_utils-3860774ad9b215b5,libfutures_core-6189164566e294f9,libwasi-1dd59ed42c6c710d,libwit_bindgen_rt-6574fbd3deba3fa8,libbitflags-7f84f37ac731566a,libserde-8703010b2c4fc0f3,libserde_core-f4a40ebd389ecbb6}.rlib" "<sysroot>/lib/rustlib/x86_64-unknown-linux-gnu/lib/{libstd-*,libpanic_unwind-*,libobject-*,libmemchr-*,libaddr2line-*,libgimli-*,libcfg_if-*,librustc_demangle-*,libstd_detect-*,libhashbrown-*,librustc_std_workspace_alloc-*,libminiz_oxide-*,libadler2-*,libunwind-*,liblibc-*,librustc_std_workspace_core-*,liballoc-*,libcore-*,libcompiler_builtins-*}.rlib" "-Wl,-Bdynamic" "-lgcc_s" "-lutil" "-lrt" "-lpthread" "-lm" "-ldl" "-lc" "-L" "/opt/rustwide/target/debug/deps/rustcOTR8UV/raw-dylibs" "-B<sysroot>/lib/rustlib/x86_64-unknown-linux-gnu/bin/gcc-ld" "-fuse-ld=lld" "-Wl,--eh-frame-hdr" "-Wl,-z,noexecstack" "-L" "<sysroot>/lib/rustlib/x86_64-unknown-linux-gnu/lib" "-o" "/opt/rustwide/target/debug/deps/libhero_rest.so" "-Wl,--gc-sections" "-shared" "-Wl,-z,relro,-z,now" "-nodefaultlibs"
[INFO] [stdout]   = note: some arguments are omitted. use `--verbose` to show all linker arguments
[INFO] [stdout]   = note: rust-lld: error: /opt/rustwide/target/debug/deps/rustcOTR8UV/list:3: ; expected, but got :
[INFO] [stdout]           >>>     wasi:http/incoming-handler@0.2.4#handle;
[INFO] [stdout]           >>>         ^
[INFO] [stdout]           collect2: error: ld returned 1 exit status
[INFO] [stdout]           
[INFO] [stdout] 
[INFO] [stdout] 
[INFO] [stderr] error: could not compile `hero-rest` (lib) due to 1 previous error
[INFO] [stdout] error: linking with `cc` failed: exit status: 1
[INFO] [stdout]   |
[INFO] [stdout]   = note:  "cc" "-Wl,--version-script=/opt/rustwide/target/debug/deps/rustcazdDVX/list" "-Wl,--no-undefined-version" "-m64" "/opt/rustwide/target/debug/deps/rustcazdDVX/symbols.o" "<2 object files omitted>" "-Wl,--as-needed" "-Wl,-Bstatic" "/opt/rustwide/target/debug/deps/{libserde_json-73a440f743e1970a,libitoa-ef40fa516293a9d3,libryu-a7164637bc4900ee,libwit_bindgen-5a7ca7db1ed2a388,libwit_bindgen_rt-4d06f54b2ad862cd,libfutures-6d2deb2767d2b3e8,libfutures_executor-57579dc870a655bc,libfutures_util-012608a025e523ec,libmemchr-eb753e192a6bbd2d,libfutures_io-59d0071c9258d69f,libslab-5629529544b2a983,libfutures_channel-366235e53a17a4a9,libpin_project_lite-72bf04572caa1c84,libfutures_sink-4f3ee80fddadef94,libfutures_task-e09ab7898221cb97,libpin_utils-3860774ad9b215b5,libfutures_core-6189164566e294f9,libwasi-1dd59ed42c6c710d,libwit_bindgen_rt-6574fbd3deba3fa8,libbitflags-7f84f37ac731566a,libserde-8703010b2c4fc0f3,libserde_core-f4a40ebd389ecbb6}.rlib" "<sysroot>/lib/rustlib/x86_64-unknown-linux-gnu/lib/{libstd-*,libpanic_unwind-*,libobject-*,libmemchr-*,libaddr2line-*,libgimli-*,libcfg_if-*,librustc_demangle-*,libstd_detect-*,libhashbrown-*,librustc_std_workspace_alloc-*,libminiz_oxide-*,libadler2-*,libunwind-*,liblibc-*,librustc_std_workspace_core-*,liballoc-*,libcore-*,libcompiler_builtins-*}.rlib" "-Wl,-Bdynamic" "-lgcc_s" "-lutil" "-lrt" "-lpthread" "-lm" "-ldl" "-lc" "-L" "/opt/rustwide/target/debug/deps/rustcazdDVX/raw-dylibs" "-B<sysroot>/lib/rustlib/x86_64-unknown-linux-gnu/bin/gcc-ld" "-fuse-ld=lld" "-Wl,--eh-frame-hdr" "-Wl,-z,noexecstack" "-L" "<sysroot>/lib/rustlib/x86_64-unknown-linux-gnu/lib" "-o" "/opt/rustwide/target/debug/deps/libvillain_rest.so" "-Wl,--gc-sections" "-shared" "-Wl,-z,relro,-z,now" "-nodefaultlibs"
[INFO] [stdout]   = note: some arguments are omitted. use `--verbose` to show all linker arguments
[INFO] [stdout]   = note: rust-lld: error: /opt/rustwide/target/debug/deps/rustcazdDVX/list:3: ; expected, but got :
[INFO] [stdout]           >>>     wasi:http/incoming-handler@0.2.4#handle;
[INFO] [stdout]           >>>         ^
[INFO] [stdout]           collect2: error: ld returned 1 exit status
[INFO] [stdout]           
[INFO] [stdout] 
[INFO] [stdout] 
[INFO] [stderr] error: could not compile `villain-rest` (lib) due to 1 previous error
[INFO] [stdout] error: linking with `cc` failed: exit status: 1
[INFO] [stdout]   |
[INFO] [stdout]   = note:  "cc" "-Wl,--version-script=/opt/rustwide/target/debug/deps/rustcweBk9A/list" "-Wl,--no-undefined-version" "-m64" "/opt/rustwide/target/debug/deps/rustcweBk9A/symbols.o" "<5 object files omitted>" "-Wl,--as-needed" "-Wl,-Bstatic" "/opt/rustwide/target/debug/deps/{libuuid-ff999366938ed6b2,libgetrandom-c020b392b62073dd,liblibc-09e3117085606d1e,libcfg_if-ae1e883b62e8dab7,libserde_json-73a440f743e1970a,libitoa-ef40fa516293a9d3,libryu-a7164637bc4900ee,libwit_bindgen-5a7ca7db1ed2a388,libwit_bindgen_rt-4d06f54b2ad862cd,libfutures-6d2deb2767d2b3e8,libfutures_executor-57579dc870a655bc,libfutures_util-012608a025e523ec,libmemchr-eb753e192a6bbd2d,libfutures_io-59d0071c9258d69f,libslab-5629529544b2a983,libfutures_channel-366235e53a17a4a9,libpin_project_lite-72bf04572caa1c84,libfutures_sink-4f3ee80fddadef94,libfutures_task-e09ab7898221cb97,libpin_utils-3860774ad9b215b5,libfutures_core-6189164566e294f9,libwasi-1dd59ed42c6c710d,libwit_bindgen_rt-6574fbd3deba3fa8,libbitflags-7f84f37ac731566a,libserde-8703010b2c4fc0f3,libserde_core-f4a40ebd389ecbb6}.rlib" "<sysroot>/lib/rustlib/x86_64-unknown-linux-gnu/lib/{libstd-*,libpanic_unwind-*,libobject-*,libmemchr-*,libaddr2line-*,libgimli-*,libcfg_if-*,librustc_demangle-*,libstd_detect-*,libhashbrown-*,librustc_std_workspace_alloc-*,libminiz_oxide-*,libadler2-*,libunwind-*,liblibc-*,librustc_std_workspace_core-*,liballoc-*,libcore-*,libcompiler_builtins-*}.rlib" "-Wl,-Bdynamic" "-lc" "-lm" "-lrt" "-lpthread" "-lgcc_s" "-lutil" "-lrt" "-lpthread" "-lm" "-ldl" "-lc" "-L" "/opt/rustwide/target/debug/deps/rustcweBk9A/raw-dylibs" "-B<sysroot>/lib/rustlib/x86_64-unknown-linux-gnu/bin/gcc-ld" "-fuse-ld=lld" "-Wl,--eh-frame-hdr" "-Wl,-z,noexecstack" "-L" "<sysroot>/lib/rustlib/x86_64-unknown-linux-gnu/lib" "-o" "/opt/rustwide/target/debug/deps/libfights_rest.so" "-Wl,--gc-sections" "-shared" "-Wl,-z,relro,-z,now" "-nodefaultlibs"
[INFO] [stdout]   = note: some arguments are omitted. use `--verbose` to show all linker arguments
[INFO] [stdout]   = note: rust-lld: error: /opt/rustwide/target/debug/deps/rustcweBk9A/list:3: ; expected, but got :
[INFO] [stdout]           >>>     wasi:http/incoming-handler@0.2.4#handle;
[INFO] [stdout]           >>>         ^
[INFO] [stdout]           collect2: error: ld returned 1 exit status
[INFO] [stdout]           
[INFO] [stdout] 
[INFO] [stdout] 
[INFO] [stderr] error: could not compile `fights-rest` (lib) due to 1 previous error
[INFO] [stdout] error: linking with `cc` failed: exit status: 1
[INFO] [stdout]   |
[INFO] [stdout]   = note:  "cc" "-Wl,--version-script=/opt/rustwide/target/debug/deps/rustcpuVJYs/list" "-Wl,--no-undefined-version" "-m64" "/opt/rustwide/target/debug/deps/rustcpuVJYs/symbols.o" "<5 object files omitted>" "-Wl,--as-needed" "-Wl,-Bstatic" "/opt/rustwide/target/debug/deps/{libuuid-ff999366938ed6b2,libgetrandom-c020b392b62073dd,liblibc-09e3117085606d1e,libcfg_if-ae1e883b62e8dab7,libserde_json-73a440f743e1970a,libitoa-ef40fa516293a9d3,libryu-a7164637bc4900ee,libwit_bindgen-5a7ca7db1ed2a388,libwit_bindgen_rt-4d06f54b2ad862cd,libfutures-6d2deb2767d2b3e8,libfutures_executor-57579dc870a655bc,libfutures_util-012608a025e523ec,libmemchr-eb753e192a6bbd2d,libfutures_io-59d0071c9258d69f,libslab-5629529544b2a983,libfutures_channel-366235e53a17a4a9,libpin_project_lite-72bf04572caa1c84,libfutures_sink-4f3ee80fddadef94,libfutures_task-e09ab7898221cb97,libpin_utils-3860774ad9b215b5,libfutures_core-6189164566e294f9,libwasi-1dd59ed42c6c710d,libwit_bindgen_rt-6574fbd3deba3fa8,libbitflags-7f84f37ac731566a,libserde-8703010b2c4fc0f3,libserde_core-f4a40ebd389ecbb6}.rlib" "<sysroot>/lib/rustlib/x86_64-unknown-linux-gnu/lib/{libstd-*,libpanic_unwind-*,libobject-*,libmemchr-*,libaddr2line-*,libgimli-*,libcfg_if-*,librustc_demangle-*,libstd_detect-*,libhashbrown-*,librustc_std_workspace_alloc-*,libminiz_oxide-*,libadler2-*,libunwind-*,liblibc-*,librustc_std_workspace_core-*,liballoc-*,libcore-*,libcompiler_builtins-*}.rlib" "-Wl,-Bdynamic" "-lc" "-lm" "-lrt" "-lpthread" "-lgcc_s" "-lutil" "-lrt" "-lpthread" "-lm" "-ldl" "-lc" "-L" "/opt/rustwide/target/debug/deps/rustcpuVJYs/raw-dylibs" "-B<sysroot>/lib/rustlib/x86_64-unknown-linux-gnu/bin/gcc-ld" "-fuse-ld=lld" "-Wl,--eh-frame-hdr" "-Wl,-z,noexecstack" "-L" "<sysroot>/lib/rustlib/x86_64-unknown-linux-gnu/lib" "-o" "/opt/rustwide/target/debug/deps/librest_fights_over_http.so" "-Wl,--gc-sections" "-shared" "-Wl,-z,relro,-z,now" "-nodefaultlibs"
[INFO] [stdout]   = note: some arguments are omitted. use `--verbose` to show all linker arguments
[INFO] [stdout]   = note: rust-lld: error: /opt/rustwide/target/debug/deps/rustcpuVJYs/list:3: ; expected, but got :
[INFO] [stdout]           >>>     wasi:http/incoming-handler@0.2.4#handle;
[INFO] [stdout]           >>>         ^
[INFO] [stdout]           collect2: error: ld returned 1 exit status
[INFO] [stdout]           
[INFO] [stdout] 
[INFO] [stdout] 
[INFO] [stderr] error: could not compile `rest-fights-over-http` (lib) due to 1 previous error
[INFO] [stdout] error: linking with `cc` failed: exit status: 1
[INFO] [stdout]   |
[INFO] [stdout]   = note:  "cc" "-Wl,--version-script=/opt/rustwide/target/debug/deps/rustcnNvC2b/list" "-Wl,--no-undefined-version" "-m64" "/opt/rustwide/target/debug/deps/rustcnNvC2b/symbols.o" "<6 object files omitted>" "-Wl,--as-needed" "-Wl,-Bstatic" "/opt/rustwide/target/debug/deps/{libwit_bindgen-5a7ca7db1ed2a388,libwit_bindgen_rt-4d06f54b2ad862cd,libfutures-6d2deb2767d2b3e8,libfutures_executor-57579dc870a655bc,libfutures_util-012608a025e523ec,libmemchr-eb753e192a6bbd2d,libfutures_io-59d0071c9258d69f,libslab-5629529544b2a983,libfutures_channel-366235e53a17a4a9,libpin_project_lite-72bf04572caa1c84,libfutures_sink-4f3ee80fddadef94,libfutures_task-e09ab7898221cb97,libpin_utils-3860774ad9b215b5,libfutures_core-6189164566e294f9,libbitflags-7f84f37ac731566a,libserde-8703010b2c4fc0f3,libserde_core-f4a40ebd389ecbb6}.rlib" "<sysroot>/lib/rustlib/x86_64-unknown-linux-gnu/lib/{libstd-*,libpanic_unwind-*,libobject-*,libmemchr-*,libaddr2line-*,libgimli-*,libcfg_if-*,librustc_demangle-*,libstd_detect-*,libhashbrown-*,librustc_std_workspace_alloc-*,libminiz_oxide-*,libadler2-*,libunwind-*,liblibc-*,librustc_std_workspace_core-*,liballoc-*,libcore-*,libcompiler_builtins-*}.rlib" "-Wl,-Bdynamic" "-lgcc_s" "-lutil" "-lrt" "-lpthread" "-lm" "-ldl" "-lc" "-L" "/opt/rustwide/target/debug/deps/rustcnNvC2b/raw-dylibs" "-B<sysroot>/lib/rustlib/x86_64-unknown-linux-gnu/bin/gcc-ld" "-fuse-ld=lld" "-Wl,--eh-frame-hdr" "-Wl,-z,noexecstack" "-L" "<sysroot>/lib/rustlib/x86_64-unknown-linux-gnu/lib" "-o" "/opt/rustwide/target/debug/deps/libvillain_repository.so" "-Wl,--gc-sections" "-shared" "-Wl,-z,relro,-z,now" "-nodefaultlibs"
[INFO] [stdout]   = note: some arguments are omitted. use `--verbose` to show all linker arguments
[INFO] [stdout]   = note: rust-lld: error: /opt/rustwide/target/debug/deps/rustcnNvC2b/list:3: ; expected, but got :
[INFO] [stdout]           >>>     cabi_post_hti:superheroes/villain-repository#get-all-villains;
[INFO] [stdout]           >>>                  ^
[INFO] [stdout]           collect2: error: ld returned 1 exit status
[INFO] [stdout]           
[INFO] [stdout] 
[INFO] [stdout] 
[INFO] [stderr] error: could not compile `villain-repository` (lib) due to 1 previous error
[INFO] [stdout] error: linking with `cc` failed: exit status: 1
[INFO] [stdout]   |
[INFO] [stdout]   = note:  "cc" "-Wl,--version-script=/opt/rustwide/target/debug/deps/rustckrAxtq/list" "-Wl,--no-undefined-version" "-m64" "/opt/rustwide/target/debug/deps/rustckrAxtq/symbols.o" "<6 object files omitted>" "-Wl,--as-needed" "-Wl,-Bstatic" "/opt/rustwide/target/debug/deps/{libwit_bindgen-5a7ca7db1ed2a388,libwit_bindgen_rt-4d06f54b2ad862cd,libfutures-6d2deb2767d2b3e8,libfutures_executor-57579dc870a655bc,libfutures_util-012608a025e523ec,libmemchr-eb753e192a6bbd2d,libfutures_io-59d0071c9258d69f,libslab-5629529544b2a983,libfutures_channel-366235e53a17a4a9,libpin_project_lite-72bf04572caa1c84,libfutures_sink-4f3ee80fddadef94,libfutures_task-e09ab7898221cb97,libpin_utils-3860774ad9b215b5,libfutures_core-6189164566e294f9,libbitflags-7f84f37ac731566a,libserde-8703010b2c4fc0f3,libserde_core-f4a40ebd389ecbb6}.rlib" "<sysroot>/lib/rustlib/x86_64-unknown-linux-gnu/lib/{libstd-*,libpanic_unwind-*,libobject-*,libmemchr-*,libaddr2line-*,libgimli-*,libcfg_if-*,librustc_demangle-*,libstd_detect-*,libhashbrown-*,librustc_std_workspace_alloc-*,libminiz_oxide-*,libadler2-*,libunwind-*,liblibc-*,librustc_std_workspace_core-*,liballoc-*,libcore-*,libcompiler_builtins-*}.rlib" "-Wl,-Bdynamic" "-lgcc_s" "-lutil" "-lrt" "-lpthread" "-lm" "-ldl" "-lc" "-L" "/opt/rustwide/target/debug/deps/rustckrAxtq/raw-dylibs" "-B<sysroot>/lib/rustlib/x86_64-unknown-linux-gnu/bin/gcc-ld" "-fuse-ld=lld" "-Wl,--eh-frame-hdr" "-Wl,-z,noexecstack" "-L" "<sysroot>/lib/rustlib/x86_64-unknown-linux-gnu/lib" "-o" "/opt/rustwide/target/debug/deps/libhero_repository.so" "-Wl,--gc-sections" "-shared" "-Wl,-z,relro,-z,now" "-nodefaultlibs"
[INFO] [stdout]   = note: some arguments are omitted. use `--verbose` to show all linker arguments
[INFO] [stdout]   = note: rust-lld: error: /opt/rustwide/target/debug/deps/rustckrAxtq/list:3: ; expected, but got :
[INFO] [stdout]           >>>     cabi_post_hti:superheroes/hero-repository#get-all-heroes;
[INFO] [stdout]           >>>                  ^
[INFO] [stdout]           collect2: error: ld returned 1 exit status
[INFO] [stdout]           
[INFO] [stdout] 
[INFO] [stdout] 
[INFO] [stderr] error: could not compile `hero-repository` (lib) due to 1 previous error
[INFO] [stdout] error: linking with `cc` failed: exit status: 1
[INFO] [stdout]   |
[INFO] [stdout]   = note:  "cc" "-Wl,--version-script=/opt/rustwide/target/debug/deps/rustcUngPO0/list" "-Wl,--no-undefined-version" "-m64" "/opt/rustwide/target/debug/deps/rustcUngPO0/symbols.o" "<6 object files omitted>" "-Wl,--as-needed" "-Wl,-Bstatic" "/opt/rustwide/target/debug/deps/{libwit_bindgen-5a7ca7db1ed2a388,libwit_bindgen_rt-4d06f54b2ad862cd,libfutures-6d2deb2767d2b3e8,libfutures_executor-57579dc870a655bc,libfutures_util-012608a025e523ec,libmemchr-eb753e192a6bbd2d,libfutures_io-59d0071c9258d69f,libslab-5629529544b2a983,libfutures_channel-366235e53a17a4a9,libpin_project_lite-72bf04572caa1c84,libfutures_sink-4f3ee80fddadef94,libfutures_task-e09ab7898221cb97,libpin_utils-3860774ad9b215b5,libfutures_core-6189164566e294f9,libbitflags-7f84f37ac731566a,libserde-8703010b2c4fc0f3,libserde_core-f4a40ebd389ecbb6}.rlib" "<sysroot>/lib/rustlib/x86_64-unknown-linux-gnu/lib/{libstd-*,libpanic_unwind-*,libobject-*,libmemchr-*,libaddr2line-*,libgimli-*,libcfg_if-*,librustc_demangle-*,libstd_detect-*,libhashbrown-*,librustc_std_workspace_alloc-*,libminiz_oxide-*,libadler2-*,libunwind-*,liblibc-*,librustc_std_workspace_core-*,liballoc-*,libcore-*,libcompiler_builtins-*}.rlib" "-Wl,-Bdynamic" "-lgcc_s" "-lutil" "-lrt" "-lpthread" "-lm" "-ldl" "-lc" "-L" "/opt/rustwide/target/debug/deps/rustcUngPO0/raw-dylibs" "-B<sysroot>/lib/rustlib/x86_64-unknown-linux-gnu/bin/gcc-ld" "-fuse-ld=lld" "-Wl,--eh-frame-hdr" "-Wl,-z,noexecstack" "-L" "<sysroot>/lib/rustlib/x86_64-unknown-linux-gnu/lib" "-o" "/opt/rustwide/target/debug/deps/liblocation_repository.so" "-Wl,--gc-sections" "-shared" "-Wl,-z,relro,-z,now" "-nodefaultlibs"
[INFO] [stdout]   = note: some arguments are omitted. use `--verbose` to show all linker arguments
[INFO] [stdout]   = note: rust-lld: error: /opt/rustwide/target/debug/deps/rustcUngPO0/list:3: ; expected, but got :
[INFO] [stdout]           >>>     cabi_post_hti:superheroes/location-repository#get-all-locations;
[INFO] [stdout]           >>>                  ^
[INFO] [stdout]           collect2: error: ld returned 1 exit status
[INFO] [stdout]           
[INFO] [stdout] 
[INFO] [stdout] 
[INFO] [stderr] error: could not compile `location-repository` (lib) due to 1 previous error
[INFO] running `Command { std: "docker" "inspect" "33bef94df578f475494c98319372771c72e1d9722c9ddb69fdb5b1c132406560", kill_on_drop: false }`
[INFO] running `Command { std: "docker" "rm" "-f" "33bef94df578f475494c98319372771c72e1d9722c9ddb69fdb5b1c132406560", kill_on_drop: false }`
[INFO] [stdout] 33bef94df578f475494c98319372771c72e1d9722c9ddb69fdb5b1c132406560
