[INFO] cloning repository https://github.com/floyd44/AsyncBotALttPr
[INFO] running `Command { std: "git" "-c" "credential.helper=" "-c" "credential.helper=/workspace/cargo-home/bin/git-credential-null" "clone" "--bare" "https://github.com/floyd44/AsyncBotALttPr" "/workspace/cache/git-repos/https%3A%2F%2Fgithub.com%2Ffloyd44%2FAsyncBotALttPr", kill_on_drop: false }`
[INFO] [stderr] Cloning into bare repository '/workspace/cache/git-repos/https%3A%2F%2Fgithub.com%2Ffloyd44%2FAsyncBotALttPr'...
[INFO] running `Command { std: "git" "rev-parse" "HEAD", kill_on_drop: false }`
[INFO] [stdout] fa77e74178d12d999da3ab9665487f4e4c754d16
[INFO] testing floyd44/AsyncBotALttPr against 1.100.0-beta.1 for beta-1.100-2
[INFO] running `Command { std: "git" "clone" "/workspace/cache/git-repos/https%3A%2F%2Fgithub.com%2Ffloyd44%2FAsyncBotALttPr" "/workspace/builds/worker-3-tc2/source", kill_on_drop: false }`
[INFO] [stderr] Cloning into '/workspace/builds/worker-3-tc2/source'...
[INFO] [stderr] done.
[INFO] started tweaking git repo https://github.com/floyd44/AsyncBotALttPr
[INFO] finished tweaking git repo https://github.com/floyd44/AsyncBotALttPr
[INFO] tweaked toml for git repo https://github.com/floyd44/AsyncBotALttPr written to /workspace/builds/worker-3-tc2/source/Cargo.toml
[INFO] validating manifest of git repo https://github.com/floyd44/AsyncBotALttPr on toolchain 1.100.0-beta.1
[INFO] running `Command { std: CARGO_HOME="/workspace/cargo-home" RUSTUP_HOME="/workspace/rustup-home" "/workspace/cargo-home/bin/cargo" "+1.100.0-beta.1" "metadata" "--manifest-path" "Cargo.toml" "--no-deps", kill_on_drop: false }`
[INFO] crate git repo https://github.com/floyd44/AsyncBotALttPr already has a lockfile, it will not be regenerated
[INFO] running `Command { std: CARGO_HOME="/workspace/cargo-home" RUSTUP_HOME="/workspace/rustup-home" "/workspace/cargo-home/bin/cargo" "+1.100.0-beta.1" "fetch" "--manifest-path" "Cargo.toml", kill_on_drop: false }`
[INFO] running `Command { std: "docker" "create" "-v" "/var/lib/crater-agent-workspace/builds/worker-3-tc2/source:/opt/rustwide/workdir:ro,Z" "-v" "/var/lib/crater-agent-workspace/builds/worker-3-tc2/target:/opt/rustwide/target:rw,Z" "-v" "/var/lib/crater-agent-workspace/cargo-home:/opt/rustwide/cargo-home:ro,Z" "-v" "/var/lib/crater-agent-workspace/rustup-home:/opt/rustwide/rustup-home:ro,Z" "-m" "1610612736" "--network" "none" "ghcr.io/rust-lang/crates-build-env/linux@sha256:3111399a4047eeb3a02b7a90e478d715f38a8c6669b5c4b49d30a17385265909" "sleep" "infinity", kill_on_drop: false }`
[INFO] [stdout] 6b477b5d41aac0fac335a8a67adbb317c185b69b1a5fc95c89b636efb7272935
[INFO] running `Command { std: "docker" "start" "6b477b5d41aac0fac335a8a67adbb317c185b69b1a5fc95c89b636efb7272935", kill_on_drop: false }`
[INFO] running `Command { std: "docker" "inspect" "6b477b5d41aac0fac335a8a67adbb317c185b69b1a5fc95c89b636efb7272935", kill_on_drop: false }`
[INFO] running `Command { std: "docker" "exec" "-e" "SOURCE_DIR=/opt/rustwide/workdir" "-e" "CARGO_HOME=/opt/rustwide/cargo-home" "-e" "RUSTUP_HOME=/opt/rustwide/rustup-home" "-e" "CARGO_TARGET_DIR=/opt/rustwide/target" "-w" "/opt/rustwide/workdir" "--user" "0:0" "6b477b5d41aac0fac335a8a67adbb317c185b69b1a5fc95c89b636efb7272935" "/opt/rustwide/cargo-home/bin/cargo" "+1.100.0-beta.1" "metadata" "--no-deps" "--format-version=1", kill_on_drop: false }`
[INFO] running `Command { std: "docker" "inspect" "6b477b5d41aac0fac335a8a67adbb317c185b69b1a5fc95c89b636efb7272935", kill_on_drop: false }`
[INFO] running `Command { std: "docker" "exec" "-e" "SOURCE_DIR=/opt/rustwide/workdir" "-e" "CARGO_HOME=/opt/rustwide/cargo-home" "-e" "RUSTUP_HOME=/opt/rustwide/rustup-home" "-e" "CARGO_TARGET_DIR=/opt/rustwide/target" "-e" "CARGO_INCREMENTAL=0" "-e" "RUST_BACKTRACE=full" "-e" "RUSTFLAGS=--cap-lints=warn" "-e" "RUSTDOCFLAGS=--cap-lints=warn" "-w" "/opt/rustwide/workdir" "--user" "0:0" "6b477b5d41aac0fac335a8a67adbb317c185b69b1a5fc95c89b636efb7272935" "/opt/rustwide/cargo-home/bin/cargo" "+1.100.0-beta.1" "build" "--frozen" "--message-format=json", kill_on_drop: false }`
[INFO] [stderr]    Compiling libc v0.2.66
[INFO] [stderr]    Compiling log v0.4.8
[INFO] [stderr]    Compiling proc-macro2 v1.0.8
[INFO] [stderr]    Compiling byteorder v1.3.2
[INFO] [stderr]    Compiling unicode-xid v0.2.0
[INFO] [stderr]    Compiling syn v1.0.14
[INFO] [stderr]    Compiling cc v1.0.50
[INFO] [stderr]    Compiling autocfg v0.1.7
[INFO] [stderr]    Compiling autocfg v1.0.0
[INFO] [stderr]    Compiling smallvec v1.2.0
[INFO] [stderr]    Compiling itoa v0.4.5
[INFO] [stderr]    Compiling futures v0.1.29
[INFO] [stderr]    Compiling either v1.5.3
[INFO] [stderr]    Compiling memchr v2.3.0
[INFO] [stderr]    Compiling scopeguard v1.0.0
[INFO] [stderr]    Compiling spin v0.5.2
[INFO] [stderr]    Compiling untrusted v0.7.0
[INFO] [stderr]    Compiling unicode-normalization v0.1.12
[INFO] [stderr]    Compiling lock_api v0.3.3
[INFO] [stderr]    Compiling maybe-uninit v2.0.0
[INFO] [stderr]    Compiling indexmap v1.3.1
[INFO] [stderr]    Compiling crossbeam-utils v0.6.6
[INFO] [stderr]    Compiling rand_core v0.4.2
[INFO] [stderr]    Compiling serde v1.0.104
[INFO] [stderr]    Compiling iovec v0.1.4
[INFO] [stderr]    Compiling quote v1.0.2
[INFO] [stderr]    Compiling num_cpus v1.12.0
[INFO] [stderr]    Compiling bytes v0.4.12
[INFO] [stderr]    Compiling net2 v0.2.33
[INFO] [stderr]    Compiling time v0.1.42
[INFO] [stderr]    Compiling ring v0.16.9
[INFO] [stderr]    Compiling parking_lot_core v0.6.2
[INFO] [stderr]    Compiling httparse v1.3.4
[INFO] [stderr]    Compiling mio v0.6.21
[INFO] [stderr]    Compiling bytes v0.5.4
[INFO] [stderr]    Compiling smallvec v0.6.13
[INFO] [stderr]    Compiling base64 v0.10.1
[INFO] [stderr]    Compiling tokio-executor v0.1.9
[INFO] [stderr]    Compiling crossbeam-utils v0.7.0
[INFO] [stderr]    Compiling parking_lot v0.9.0
[INFO] [stderr]    Compiling memoffset v0.5.3
[INFO] [stderr]    Compiling try-lock v0.2.2
[INFO] [stderr]    Compiling version_check v0.9.1
[INFO] [stderr]    Compiling futures-core v0.3.1
[INFO] [stderr]    Compiling tokio-io v0.1.12
[INFO] [stderr]    Compiling idna v0.2.0
[INFO] [stderr]    Compiling unicase v2.6.0
[INFO] [stderr]    Compiling crossbeam-epoch v0.8.0
[INFO] [stderr]    Compiling pin-project-lite v0.1.4
[INFO] [stderr]    Compiling proc-macro-nested v0.1.3
[INFO] [stderr]    Compiling typenum v1.11.2
[INFO] [stderr]    Compiling percent-encoding v2.1.0
[INFO] [stderr]    Compiling tokio v0.2.11
[INFO] [stderr]    Compiling http v0.1.21
[INFO] [stderr]    Compiling url v2.1.1
[INFO] [stderr]    Compiling rand_core v0.3.1
[INFO] [stderr]    Compiling getrandom v0.1.14
[INFO] [stderr]    Compiling ryu v1.0.2
[INFO] [stderr]    Compiling tokio-sync v0.1.7
[INFO] [stderr]    Compiling http v0.2.0
[INFO] [stderr]    Compiling backtrace-sys v0.1.32
[INFO] [stderr]    Compiling idna v0.1.5
[INFO] [stderr]    Compiling num-traits v0.2.11
[INFO] [stderr]    Compiling futures-sink v0.3.1
[INFO] [stderr]    Compiling pin-utils v0.1.0-alpha.4
[INFO] [stderr]    Compiling futures-io v0.3.1
[INFO] [stderr]    Compiling futures-task v0.3.1
[INFO] [stderr]    Compiling version_check v0.1.5
[INFO] [stderr]    Compiling error-chain v0.12.1
[INFO] [stderr]    Compiling url v1.7.2
[INFO] [stderr]    Compiling tokio-reactor v0.1.11
[INFO] [stderr]    Compiling generic-array v0.12.3
[INFO] [stderr]    Compiling webpki v0.21.0
[INFO] [stderr]    Compiling sct v0.6.0
[INFO] [stderr]    Compiling tokio-util v0.2.0
[INFO] [stderr]    Compiling rustls v0.16.0
[INFO] [stderr]    Compiling ct-logs v0.6.0
[INFO] [stderr]    Compiling mime_guess v2.0.1
[INFO] [stderr]    Compiling crossbeam-deque v0.7.2
[INFO] [stderr]    Compiling crossbeam-queue v0.1.2
[INFO] [stderr]    Compiling aho-corasick v0.7.7
[INFO] [stderr]    Compiling rand_pcg v0.1.2
[INFO] [stderr]    Compiling rand_chacha v0.1.1
[INFO] [stderr]    Compiling num-integer v0.1.42
[INFO] [stderr]    Compiling thread_local v1.0.1
[INFO] [stderr]    Compiling crc32fast v1.2.0
[INFO] [stderr]    Compiling ppv-lite86 v0.2.6
[INFO] [stderr]    Compiling failure_derive v0.1.6
[INFO] [stderr]    Compiling byte-tools v0.3.1
[INFO] [stderr]    Compiling dtoa v0.4.5
[INFO] [stderr]    Compiling regex-syntax v0.6.13
[INFO] [stderr]    Compiling encoding_rs v0.8.22
[INFO] [stderr]    Compiling block-padding v0.1.5
[INFO] [stderr]    Compiling tokio-threadpool v0.1.17
[INFO] [stderr]    Compiling rand_core v0.5.1
[INFO] [stderr]    Compiling http-body v0.3.1
[INFO] [stderr]    Compiling c2-chacha v0.2.3
[INFO] [stderr]    Compiling webpki-roots v0.17.0
[INFO] [stderr]    Compiling synstructure v0.12.3
[INFO] [stderr]    Compiling tokio-tcp v0.1.3
[INFO] [stderr]    Compiling futures-channel v0.3.1
[INFO] [stderr]    Compiling want v0.3.0
[INFO] [stderr]    Compiling tokio-current-thread v0.1.6
[INFO] [stderr]    Compiling tokio-timer v0.2.12
[INFO] [stderr]    Compiling tokio-buf v0.1.1
[INFO] [stderr]    Compiling string v0.2.1
[INFO] [stderr]    Compiling parking_lot_core v0.7.0
[INFO] [stderr]    Compiling rand v0.6.5
[INFO] [stderr]    Compiling hyper v0.12.35
[INFO] [stderr]    Compiling rustc-demangle v0.1.16
[INFO] [stderr]    Compiling pkg-config v0.3.17
[INFO] [stderr]    Compiling tower-service v0.3.0
[INFO] [stderr]    Compiling adler32 v1.0.4
[INFO] [stderr]    Compiling openssl-probe v0.1.2
[INFO] [stderr]    Compiling rustls-native-certs v0.1.0
[INFO] [stderr]    Compiling miniz_oxide v0.3.5
[INFO] [stderr]    Compiling parking_lot v0.10.0
[INFO] [stderr]    Compiling backtrace v0.3.43
[INFO] [stderr]    Compiling mysqlclient-sys v0.2.4
[INFO] [stderr]    Compiling serde_derive v1.0.104
[INFO] [stderr]    Compiling proc-macro-hack v0.5.11
[INFO] [stderr]    Compiling pin-project-internal v0.4.8
[INFO] [stderr]    Compiling tokio v0.1.22
[INFO] [stderr]    Compiling regex v1.3.3
[INFO] [stderr]    Compiling h2 v0.1.26
[INFO] [stderr]    Compiling futures-macro v0.3.1
[INFO] [stderr]    Compiling http-body v0.1.0
[INFO] [stderr]    Compiling tokio-rustls v0.12.2
[INFO] [stderr]    Compiling rand_chacha v0.2.1
[INFO] [stderr]    Compiling futures-util v0.3.1
[INFO] [stderr]    Compiling pin-project v0.4.8
[INFO] [stderr]    Compiling block-buffer v0.7.3
[INFO] [stderr]    Compiling digest v0.8.1
[INFO] [stderr]    Compiling rand_hc v0.1.0
[INFO] [stderr]    Compiling rand_isaac v0.1.1
[INFO] [stderr]    Compiling rand_xorshift v0.1.1
[INFO] [stderr]    Compiling want v0.2.0
[INFO] [stderr]    Compiling futures-cpupool v0.1.8
[INFO] [stderr]    Compiling rand_jitter v0.1.4
[INFO] [stderr]    Compiling rand_os v0.1.3
[INFO] [stderr]    Compiling fake-simd v0.1.2
[INFO] [stderr]    Compiling opaque-debug v0.2.3
[INFO] [stderr]    Compiling bitflags v1.2.1
[INFO] [stderr]    Compiling traitobject v0.1.0
[INFO] [stdout] error[E0119]: conflicting implementations of trait `Trait` for type `(dyn Send + Sync + 'static)`
[INFO] [stdout]   --> /opt/rustwide/cargo-home/registry/src/index.crates.io-1949cf8c6b5b557f/traitobject-0.1.0/src/impls.rs:72:1
[INFO] [stdout]    |
[INFO] [stdout] 71 | unsafe impl Trait for ::std::marker::Send + Sync { }
[INFO] [stdout]    | ------------------------------------------------ first implementation here
[INFO] [stdout] 72 | unsafe impl Trait for ::std::marker::Send + Send + Sync { }
[INFO] [stdout]    | ^^^^^^^^^^^^^^^^^^^^^^^^^^^^^^^^^^^^^^^^^^^^^^^^^^^^^^^ conflicting implementation for `(dyn Send + Sync + 'static)`
[INFO] [stdout] 
[INFO] [stdout] 
[INFO] [stdout] error[E0119]: conflicting implementations of trait `Trait` for type `(dyn Send + Sync + 'static)`
[INFO] [stdout]   --> /opt/rustwide/cargo-home/registry/src/index.crates.io-1949cf8c6b5b557f/traitobject-0.1.0/src/impls.rs:73:1
[INFO] [stdout]    |
[INFO] [stdout] 71 | unsafe impl Trait for ::std::marker::Send + Sync { }
[INFO] [stdout]    | ------------------------------------------------ first implementation here
[INFO] [stdout] 72 | unsafe impl Trait for ::std::marker::Send + Send + Sync { }
[INFO] [stdout] 73 | unsafe impl Trait for ::std::marker::Sync + Send { }
[INFO] [stdout]    | ^^^^^^^^^^^^^^^^^^^^^^^^^^^^^^^^^^^^^^^^^^^^^^^^ conflicting implementation for `(dyn Send + Sync + 'static)`
[INFO] [stdout] 
[INFO] [stdout] 
[INFO] [stdout] error[E0119]: conflicting implementations of trait `Trait` for type `(dyn Send + Sync + 'static)`
[INFO] [stdout]   --> /opt/rustwide/cargo-home/registry/src/index.crates.io-1949cf8c6b5b557f/traitobject-0.1.0/src/impls.rs:75:1
[INFO] [stdout]    |
[INFO] [stdout] 71 | unsafe impl Trait for ::std::marker::Send + Sync { }
[INFO] [stdout]    | ------------------------------------------------ first implementation here
[INFO] [stdout] ...
[INFO] [stdout] 75 | unsafe impl Trait for ::std::marker::Sync + Send + Sync { }
[INFO] [stdout]    | ^^^^^^^^^^^^^^^^^^^^^^^^^^^^^^^^^^^^^^^^^^^^^^^^^^^^^^^ conflicting implementation for `(dyn Send + Sync + 'static)`
[INFO] [stdout] 
[INFO] [stdout] 
[INFO] [stdout] For more information about this error, try `rustc --explain E0119`.
[INFO] [stdout] 
[INFO] [stderr] error: could not compile `traitobject` (lib) due to 3 previous errors
[INFO] [stderr] warning: build failed, waiting for other jobs to finish...
[INFO] running `Command { std: "docker" "inspect" "6b477b5d41aac0fac335a8a67adbb317c185b69b1a5fc95c89b636efb7272935", kill_on_drop: false }`
[INFO] running `Command { std: "docker" "rm" "-f" "6b477b5d41aac0fac335a8a67adbb317c185b69b1a5fc95c89b636efb7272935", kill_on_drop: false }`
[INFO] [stdout] 6b477b5d41aac0fac335a8a67adbb317c185b69b1a5fc95c89b636efb7272935
