[INFO] cloning repository https://github.com/flox1an/oauth-bunker
[INFO] running `Command { std: "git" "-c" "credential.helper=" "-c" "credential.helper=/workspace/cargo-home/bin/git-credential-null" "clone" "--bare" "https://github.com/flox1an/oauth-bunker" "/workspace/cache/git-repos/https%3A%2F%2Fgithub.com%2Fflox1an%2Foauth-bunker", kill_on_drop: false }`
[INFO] [stderr] Cloning into bare repository '/workspace/cache/git-repos/https%3A%2F%2Fgithub.com%2Fflox1an%2Foauth-bunker'...
[INFO] running `Command { std: "git" "rev-parse" "HEAD", kill_on_drop: false }`
[INFO] [stdout] f0c7683cb2374fd9a3ebd1b186055da8abd2c2ff
[INFO] testing flox1an/oauth-bunker against 1.99.0-beta.8 for beta-1.100-2
[INFO] running `Command { std: "git" "clone" "/workspace/cache/git-repos/https%3A%2F%2Fgithub.com%2Fflox1an%2Foauth-bunker" "/workspace/builds/worker-5-tc1/source", kill_on_drop: false }`
[INFO] [stderr] Cloning into '/workspace/builds/worker-5-tc1/source'...
[INFO] [stderr] done.
[INFO] started tweaking git repo https://github.com/flox1an/oauth-bunker
[INFO] finished tweaking git repo https://github.com/flox1an/oauth-bunker
[INFO] tweaked toml for git repo https://github.com/flox1an/oauth-bunker written to /workspace/builds/worker-5-tc1/source/Cargo.toml
[INFO] validating manifest of git repo https://github.com/flox1an/oauth-bunker on toolchain 1.99.0-beta.8
[INFO] running `Command { std: CARGO_HOME="/workspace/cargo-home" RUSTUP_HOME="/workspace/rustup-home" "/workspace/cargo-home/bin/cargo" "+1.99.0-beta.8" "metadata" "--manifest-path" "Cargo.toml" "--no-deps", kill_on_drop: false }`
[INFO] crate git repo https://github.com/flox1an/oauth-bunker already has a lockfile, it will not be regenerated
[INFO] running `Command { std: CARGO_HOME="/workspace/cargo-home" RUSTUP_HOME="/workspace/rustup-home" "/workspace/cargo-home/bin/cargo" "+1.99.0-beta.8" "fetch" "--manifest-path" "Cargo.toml", kill_on_drop: false }`
[INFO] [stderr]     Updating crates.io index
[INFO] [stderr]  Downloading crates ...
[INFO] [stderr]   Downloaded rust-embed-utils v8.11.0
[INFO] [stderr]   Downloaded rust-embed-impl v8.11.0
[INFO] [stderr]   Downloaded bitcoin-io v0.1.4
[INFO] [stderr]   Downloaded rusqlite v0.33.0
[INFO] [stderr]   Downloaded negentropy v0.5.0
[INFO] [stderr]   Downloaded nostr-gossip v0.44.0
[INFO] [stderr]   Downloaded atomic-destructor v0.3.0
[INFO] [stderr]   Downloaded async-utility v0.3.1
[INFO] [stderr]   Downloaded lru v0.16.3
[INFO] [stderr]   Downloaded tokio-socks v0.5.2
[INFO] [stderr]   Downloaded nostr-sdk v0.44.1
[INFO] [stderr]   Downloaded nostr-database v0.44.0
[INFO] [stderr]   Downloaded nostr-connect v0.44.0
[INFO] [stderr]   Downloaded async-wsocket v0.13.2
[INFO] [stderr]   Downloaded bitcoin_hashes v0.14.1
[INFO] [stderr]   Downloaded bech32 v0.11.1
[INFO] [stderr]   Downloaded oauth2 v5.0.0
[INFO] [stderr]   Downloaded nostr-relay-pool v0.44.0
[INFO] [stderr]   Downloaded secp256k1 v0.29.1
[INFO] [stderr]   Downloaded nostr v0.44.2
[INFO] [stderr]   Downloaded rust-embed v8.11.0
[INFO] [stderr]   Downloaded axum-embed v0.1.0
[INFO] [stderr]   Downloaded libsqlite3-sys v0.31.0
[INFO] running `Command { std: "docker" "create" "-v" "/var/lib/crater-agent-workspace/builds/worker-5-tc1/source:/opt/rustwide/workdir:ro,Z" "-v" "/var/lib/crater-agent-workspace/builds/worker-5-tc1/target:/opt/rustwide/target:rw,Z" "-v" "/var/lib/crater-agent-workspace/cargo-home:/opt/rustwide/cargo-home:ro,Z" "-v" "/var/lib/crater-agent-workspace/rustup-home:/opt/rustwide/rustup-home:ro,Z" "-m" "1610612736" "--network" "none" "ghcr.io/rust-lang/crates-build-env/linux@sha256:3111399a4047eeb3a02b7a90e478d715f38a8c6669b5c4b49d30a17385265909" "sleep" "infinity", kill_on_drop: false }`
[INFO] [stdout] 54c3e1e669607adfe14fbd62d42013b0e2bbb28b20940a14e9d7c97ea4cc0605
[INFO] running `Command { std: "docker" "start" "54c3e1e669607adfe14fbd62d42013b0e2bbb28b20940a14e9d7c97ea4cc0605", kill_on_drop: false }`
[INFO] running `Command { std: "docker" "inspect" "54c3e1e669607adfe14fbd62d42013b0e2bbb28b20940a14e9d7c97ea4cc0605", kill_on_drop: false }`
[INFO] running `Command { std: "docker" "exec" "-e" "SOURCE_DIR=/opt/rustwide/workdir" "-e" "CARGO_HOME=/opt/rustwide/cargo-home" "-e" "RUSTUP_HOME=/opt/rustwide/rustup-home" "-e" "CARGO_TARGET_DIR=/opt/rustwide/target" "-w" "/opt/rustwide/workdir" "--user" "0:0" "54c3e1e669607adfe14fbd62d42013b0e2bbb28b20940a14e9d7c97ea4cc0605" "/opt/rustwide/cargo-home/bin/cargo" "+1.99.0-beta.8" "metadata" "--no-deps" "--format-version=1", kill_on_drop: false }`
[INFO] running `Command { std: "docker" "inspect" "54c3e1e669607adfe14fbd62d42013b0e2bbb28b20940a14e9d7c97ea4cc0605", kill_on_drop: false }`
[INFO] running `Command { std: "docker" "exec" "-e" "SOURCE_DIR=/opt/rustwide/workdir" "-e" "CARGO_HOME=/opt/rustwide/cargo-home" "-e" "RUSTUP_HOME=/opt/rustwide/rustup-home" "-e" "CARGO_TARGET_DIR=/opt/rustwide/target" "-e" "CARGO_INCREMENTAL=0" "-e" "RUST_BACKTRACE=full" "-e" "RUSTFLAGS=--cap-lints=warn" "-e" "RUSTDOCFLAGS=--cap-lints=warn" "-w" "/opt/rustwide/workdir" "--user" "0:0" "54c3e1e669607adfe14fbd62d42013b0e2bbb28b20940a14e9d7c97ea4cc0605" "/opt/rustwide/cargo-home/bin/cargo" "+1.99.0-beta.8" "build" "--frozen" "--message-format=json", kill_on_drop: false }`
[INFO] [stderr]    Compiling libc v0.2.182
[INFO] [stderr]    Compiling quote v1.0.44
[INFO] [stderr]    Compiling cc v1.2.56
[INFO] [stderr]    Compiling serde_core v1.0.228
[INFO] [stderr]    Compiling http v1.4.0
[INFO] [stderr]    Compiling serde v1.0.228
[INFO] [stderr]    Compiling zerocopy v0.8.40
[INFO] [stderr]    Compiling futures-util v0.3.32
[INFO] [stderr]    Compiling syn v2.0.117
[INFO] [stderr]    Compiling block-padding v0.3.3
[INFO] [stderr]    Compiling inout v0.1.4
[INFO] [stderr]    Compiling rustls v0.23.37
[INFO] [stderr]    Compiling getrandom v0.3.4
[INFO] [stderr]    Compiling bitcoin-io v0.1.4
[INFO] [stderr]    Compiling sync_wrapper v1.0.2
[INFO] [stderr]    Compiling thiserror v2.0.18
[INFO] [stderr]    Compiling http-body v1.0.1
[INFO] [stderr]    Compiling getrandom v0.2.17
[INFO] [stderr]    Compiling errno v0.3.14
[INFO] [stderr]    Compiling rand_core v0.6.4
[INFO] [stderr]    Compiling parking_lot_core v0.9.12
[INFO] [stderr]    Compiling crypto-common v0.1.7
[INFO] [stderr]    Compiling signal-hook-registry v1.4.8
[INFO] [stderr]    Compiling parking_lot v0.12.5
[INFO] [stderr]    Compiling mio v1.1.1
[INFO] [stderr]    Compiling socket2 v0.6.2
[INFO] [stderr]    Compiling ring v0.17.14
[INFO] [stderr]    Compiling digest v0.10.7
[INFO] [stderr]    Compiling cipher v0.4.4
[INFO] [stderr]    Compiling openssl-sys v0.9.111
[INFO] [stderr]    Compiling secp256k1-sys v0.10.1
[INFO] [stderr]    Compiling rand_core v0.9.5
[INFO] [stderr]    Compiling arrayvec v0.7.6
[INFO] [stderr]    Compiling aes v0.8.4
[INFO] [stderr]    Compiling hex-conservative v0.2.2
[INFO] [stderr]    Compiling http-body-util v0.1.3
[INFO] [stderr]    Compiling serde_json v1.0.149
[INFO] [stderr]    Compiling futures-channel v0.3.32
[INFO] [stderr]    Compiling openssl v0.10.75
[INFO] [stderr]    Compiling chacha20 v0.9.1
[INFO] [stderr]    Compiling cbc v0.1.2
[INFO] [stderr]    Compiling sha1 v0.10.6
[INFO] [stderr]    Compiling bech32 v0.11.1
[INFO] [stderr]    Compiling num-traits v0.2.19
[INFO] [stderr]    Compiling native-tls v0.2.18
[INFO] [stderr]    Compiling sha2 v0.10.9
[INFO] [stderr]    Compiling synstructure v0.13.2
[INFO] [stderr]    Compiling unicase v2.9.0
[INFO] [stderr]    Compiling lru v0.16.3
[INFO] [stderr]    Compiling rust-embed-utils v8.11.0
[INFO] [stderr]    Compiling mime_guess v2.0.5
[INFO] [stderr]    Compiling ppv-lite86 v0.2.21
[INFO] [stderr]    Compiling libsqlite3-sys v0.31.0
[INFO] [stderr]    Compiling universal-hash v0.5.1
[INFO] [stderr]    Compiling iri-string v0.7.10
[INFO] [stderr]    Compiling opaque-debug v0.3.1
[INFO] [stderr]    Compiling rand_chacha v0.3.1
[INFO] [stderr]    Compiling rand_chacha v0.9.0
[INFO] [stderr]    Compiling regex-syntax v0.8.10
[INFO] [stderr]    Compiling rand v0.8.5
[INFO] [stderr]    Compiling rand v0.9.2
[INFO] [stderr]    Compiling foldhash v0.1.5
[INFO] [stderr]    Compiling atomic-destructor v0.3.0
[INFO] [stderr]    Compiling negentropy v0.5.0
[INFO] [stderr]    Compiling getrandom v0.4.2
[INFO] [stderr]    Compiling hashbrown v0.15.5
[INFO] [stderr]    Compiling zerofrom-derive v0.1.6
[INFO] [stderr]    Compiling yoke-derive v0.8.1
[INFO] [stderr]    Compiling tokio-macros v2.6.1
[INFO] [stderr]    Compiling zerovec-derive v0.11.2
[INFO] [stderr]    Compiling serde_derive v1.0.228
[INFO] [stderr]    Compiling tokio v1.50.0
[INFO] [stderr]    Compiling displaydoc v0.2.5
[INFO] [stderr]    Compiling zeroize_derive v1.4.3
[INFO] [stderr]    Compiling tracing-attributes v0.1.31
[INFO] [stderr]    Compiling zerofrom v0.1.6
[INFO] [stderr]    Compiling yoke v0.8.1
[INFO] [stderr]    Compiling thiserror-impl v1.0.69
[INFO] [stderr]    Compiling zeroize v1.8.2
[INFO] [stderr]    Compiling zerotrie v0.2.3
[INFO] [stderr]    Compiling rustls-pki-types v1.14.0
[INFO] [stderr]    Compiling thiserror-impl v2.0.18
[INFO] [stderr]    Compiling zerovec v0.11.5
[INFO] [stderr]    Compiling openssl-macros v0.1.1
[INFO] [stderr]    Compiling rustls-webpki v0.103.9
[INFO] [stderr]    Compiling tracing v0.1.44
[INFO] [stderr]    Compiling tinystr v0.8.2
[INFO] [stderr]    Compiling potential_utf v0.1.4
[INFO] [stderr]    Compiling icu_locale_core v2.1.1
[INFO] [stderr]    Compiling icu_collections v2.1.1
[INFO] [stderr]    Compiling webpki-roots v1.0.6
[INFO] [stderr]    Compiling thiserror v1.0.69
[INFO] [stderr]    Compiling webpki-roots v0.26.11
[INFO] [stderr]    Compiling regex-automata v0.4.14
[INFO] [stderr]    Compiling rust-embed-impl v8.11.0
[INFO] [stderr]    Compiling async-trait v0.1.89
[INFO] [stderr]    Compiling icu_provider v2.1.1
[INFO] [stderr]    Compiling icu_normalizer v2.1.1
[INFO] [stderr]    Compiling icu_properties v2.1.2
[INFO] [stderr]    Compiling polyval v0.6.2
[INFO] [stderr]    Compiling secp256k1 v0.29.1
[INFO] [stderr]    Compiling idna_adapter v1.2.1
[INFO] [stderr]    Compiling idna v1.1.0
[INFO] [stderr]    Compiling bitcoin_hashes v0.14.1
[INFO] [stderr]    Compiling url v2.5.8
[INFO] [stderr]    Compiling serde_urlencoded v0.7.1
[INFO] [stderr]    Compiling chrono v0.4.44
[INFO] [stderr]    Compiling nostr v0.44.2
[INFO] [stderr]    Compiling tokio-util v0.7.18
[INFO] [stderr]    Compiling tokio-socks v0.5.2
[INFO] [stderr]    Compiling h2 v0.4.13
[INFO] [stderr]    Compiling tokio-rustls v0.26.4
[INFO] [stderr]    Compiling tungstenite v0.26.2
[INFO] [stderr]    Compiling tower v0.5.3
[INFO] [stderr]    Compiling async-utility v0.3.1
[INFO] [stderr]    Compiling tokio-native-tls v0.3.1
[INFO] [stderr]    Compiling tokio-tungstenite v0.26.2
[INFO] [stderr]    Compiling tower-http v0.6.8
[INFO] [stderr]    Compiling async-wsocket v0.13.2
[INFO] [stderr]    Compiling serde_path_to_error v0.1.20
[INFO] [stderr]    Compiling matchers v0.2.0
[INFO] [stderr]    Compiling rust-embed v8.11.0
[INFO] [stderr]    Compiling tracing-serde v0.2.0
[INFO] [stderr]    Compiling axum-core v0.4.5
[INFO] [stderr]    Compiling ghash v0.5.1
[INFO] [stderr]    Compiling axum-core v0.5.6
[INFO] [stderr]    Compiling hashlink v0.10.0
[INFO] [stderr]    Compiling ctr v0.9.2
[INFO] [stderr]    Compiling hmac v0.12.1
[INFO] [stderr]    Compiling aead v0.5.2
[INFO] [stderr]    Compiling fallible-iterator v0.3.0
[INFO] [stderr]    Compiling matchit v0.8.4
[INFO] [stderr]    Compiling nostr-database v0.44.0
[INFO] [stderr]    Compiling nostr-gossip v0.44.0
[INFO] [stderr]    Compiling fallible-streaming-iterator v0.1.9
[INFO] [stderr]    Compiling tracing-subscriber v0.3.22
[INFO] [stderr]    Compiling nostr-relay-pool v0.44.0
[INFO] [stderr]    Compiling axum-embed v0.1.0
[INFO] [stderr]    Compiling aes-gcm v0.10.3
[INFO] [stderr]    Compiling hyper v1.8.1
[INFO] [stderr]    Compiling hkdf v0.12.4
[INFO] [stderr]    Compiling uuid v1.21.0
[INFO] [stderr]    Compiling hyper-util v0.1.20
[INFO] [stderr]    Compiling nostr-sdk v0.44.1
[INFO] [stderr]    Compiling nostr-connect v0.44.0
[INFO] [stderr]    Compiling hyper-tls v0.6.0
[INFO] [stderr]    Compiling hyper-rustls v0.27.7
[INFO] [stderr]    Compiling axum v0.8.8
[INFO] [stderr]    Compiling reqwest v0.12.28
[INFO] [stderr]    Compiling rusqlite v0.33.0
[INFO] [stderr]    Compiling oauth2 v5.0.0
[INFO] [stderr]    Compiling oauth-signer v0.1.0 (/opt/rustwide/workdir)
[INFO] [stdout] error: #[derive(RustEmbed)] folder '/opt/rustwide/workdir/web-ui/dist/' does not exist. cwd: '/opt/rustwide/workdir'
[INFO] [stdout]  --> src/static_files.rs:5:1
[INFO] [stdout]   |
[INFO] [stdout] 5 | / #[folder = "web-ui/dist/"]
[INFO] [stdout] 6 | | pub struct Assets;
[INFO] [stdout]   | |__________________^
[INFO] [stdout] 
[INFO] [stdout] 
[INFO] [stdout] error[E0277]: the trait bound `Assets: Embed` is not satisfied
[INFO] [stdout]   --> src/static_files.rs:8:26
[INFO] [stdout]    |
[INFO] [stdout]  8 | pub fn serve_assets() -> ServeEmbed<Assets> {
[INFO] [stdout]    |                          ^^^^^^^^^^^^^^^^^^ unsatisfied trait bound
[INFO] [stdout]    |
[INFO] [stdout] help: the trait `Embed` is not implemented for `Assets`
[INFO] [stdout]   --> src/static_files.rs:6:1
[INFO] [stdout]    |
[INFO] [stdout]  6 | pub struct Assets;
[INFO] [stdout]    | ^^^^^^^^^^^^^^^^^
[INFO] [stdout] note: required by a bound in `ServeEmbed`
[INFO] [stdout]   --> /opt/rustwide/cargo-home/registry/src/index.crates.io-1949cf8c6b5b557f/axum-embed-0.1.0/src/lib.rs:96:26
[INFO] [stdout]    |
[INFO] [stdout] 96 | pub struct ServeEmbed<E: RustEmbed + Clone> {
[INFO] [stdout]    |                          ^^^^^^^^^ required by this bound in `ServeEmbed`
[INFO] [stdout] 
[INFO] [stdout] 
[INFO] [stdout] error[E0277]: the trait bound `Assets: Embed` is not satisfied
[INFO] [stdout]   --> src/static_files.rs:9:5
[INFO] [stdout]    |
[INFO] [stdout]  9 |     ServeEmbed::<Assets>::with_parameters(
[INFO] [stdout]    |     ^^^^^^^^^^^^^^^^^^^^ unsatisfied trait bound
[INFO] [stdout]    |
[INFO] [stdout] help: the trait `Embed` is not implemented for `Assets`
[INFO] [stdout]   --> src/static_files.rs:6:1
[INFO] [stdout]    |
[INFO] [stdout]  6 | pub struct Assets;
[INFO] [stdout]    | ^^^^^^^^^^^^^^^^^
[INFO] [stdout] note: required by a bound in `ServeEmbed`
[INFO] [stdout]   --> /opt/rustwide/cargo-home/registry/src/index.crates.io-1949cf8c6b5b557f/axum-embed-0.1.0/src/lib.rs:96:26
[INFO] [stdout]    |
[INFO] [stdout] 96 | pub struct ServeEmbed<E: RustEmbed + Clone> {
[INFO] [stdout]    |                          ^^^^^^^^^ required by this bound in `ServeEmbed`
[INFO] [stdout] 
[INFO] [stdout] 
[INFO] [stdout] error[E0599]: the associated function or constant `with_parameters` exists for struct `ServeEmbed<Assets>`, but its trait bounds were not satisfied
[INFO] [stdout]   --> src/static_files.rs:9:27
[INFO] [stdout]    |
[INFO] [stdout]  6 | pub struct Assets;
[INFO] [stdout]    | ----------------- doesn't satisfy `Assets: Embed`
[INFO] [stdout] ...
[INFO] [stdout]  9 |     ServeEmbed::<Assets>::with_parameters(
[INFO] [stdout]    |                           ^^^^^^^^^^^^^^^ associated function or constant cannot be called on `ServeEmbed<Assets>` due to unsatisfied trait bounds
[INFO] [stdout]    |
[INFO] [stdout]    = note: the following trait bounds were not satisfied:
[INFO] [stdout]            `Assets: Embed`
[INFO] [stdout] note: the trait `Embed` must be implemented
[INFO] [stdout]   --> /opt/rustwide/cargo-home/registry/src/index.crates.io-1949cf8c6b5b557f/rust-embed-8.11.0/src/lib.rs:30:1
[INFO] [stdout]    |
[INFO] [stdout] 30 | pub trait RustEmbed {
[INFO] [stdout]    | ^^^^^^^^^^^^^^^^^^^
[INFO] [stdout] 
[INFO] [stdout] 
[INFO] [stdout] error[E0277]: the trait bound `Assets: Embed` is not satisfied
[INFO] [stdout]   --> src/main.rs:99:24
[INFO] [stdout]    |
[INFO] [stdout] 99 |     let serve_assets = static_files::serve_assets();
[INFO] [stdout]    |                        ^^^^^^^^^^^^^^^^^^^^^^^^^^^^ unsatisfied trait bound
[INFO] [stdout]    |
[INFO] [stdout] help: the trait `Embed` is not implemented for `Assets`
[INFO] [stdout]   --> src/static_files.rs:6:1
[INFO] [stdout]    |
[INFO] [stdout]  6 | pub struct Assets;
[INFO] [stdout]    | ^^^^^^^^^^^^^^^^^
[INFO] [stdout] note: required by a bound in `ServeEmbed`
[INFO] [stdout]   --> /opt/rustwide/cargo-home/registry/src/index.crates.io-1949cf8c6b5b557f/axum-embed-0.1.0/src/lib.rs:96:26
[INFO] [stdout]    |
[INFO] [stdout] 96 | pub struct ServeEmbed<E: RustEmbed + Clone> {
[INFO] [stdout]    |                          ^^^^^^^^^ required by this bound in `ServeEmbed`
[INFO] [stdout] 
[INFO] [stdout] 
[INFO] [stdout] error[E0277]: the trait bound `Assets: Embed` is not satisfied
[INFO] [stdout]    --> src/main.rs:102:27
[INFO] [stdout]     |
[INFO] [stdout] 102 |         .fallback_service(serve_assets)
[INFO] [stdout]     |          ---------------- ^^^^^^^^^^^^ unsatisfied trait bound
[INFO] [stdout]     |          |
[INFO] [stdout]     |          required by a bound introduced by this call
[INFO] [stdout]     |
[INFO] [stdout] help: the trait `Embed` is not implemented for `Assets`
[INFO] [stdout]    --> src/static_files.rs:6:1
[INFO] [stdout]     |
[INFO] [stdout]   6 | pub struct Assets;
[INFO] [stdout]     | ^^^^^^^^^^^^^^^^^
[INFO] [stdout] help: the trait `tower_service::Service<oauth2::http::Request<T>>` is conditionally implemented for `ServeEmbed<E>`
[INFO] [stdout]    --> /opt/rustwide/cargo-home/registry/src/index.crates.io-1949cf8c6b5b557f/axum-embed-0.1.0/src/lib.rs:141:1
[INFO] [stdout]     |
[INFO] [stdout] 141 | impl<E: RustEmbed + Clone, T: Send + 'static> Service<http::request::Request<T>> for ServeEmbed<E> {
[INFO] [stdout]     | ^^^^^^^^---------^^^^^^^^^^^^^^^^^^^^^^^^^^^^^^^^^^^^^^^^^^^^^^^^^^^^^^^^^^^^^^^^^^^^^^^^^^^^^^^^^
[INFO] [stdout]     |         |
[INFO] [stdout]     |         unsatisfied requirement introduced here: `Assets: Embed`
[INFO] [stdout]     = note: required for `ServeEmbed<Assets>` to implement `tower_service::Service<oauth2::http::Request<axum::body::Body>>`
[INFO] [stdout] note: required by a bound in `Router::<S>::fallback_service`
[INFO] [stdout]    --> /opt/rustwide/cargo-home/registry/src/index.crates.io-1949cf8c6b5b557f/axum-0.8.8/src/routing/mod.rs:362:12
[INFO] [stdout]     |
[INFO] [stdout] 360 |     pub fn fallback_service<T>(self, service: T) -> Self
[INFO] [stdout]     |            ---------------- required by a bound in this associated function
[INFO] [stdout] 361 |     where
[INFO] [stdout] 362 |         T: Service<Request, Error = Infallible> + Clone + Send + Sync + 'static,
[INFO] [stdout]     |            ^^^^^^^^^^^^^^^^^^^^^^^^^^^^^^^^^^^^ required by this bound in `Router::<S>::fallback_service`
[INFO] [stdout] 
[INFO] [stdout] 
[INFO] [stdout] Some errors have detailed explanations: E0277, E0599.
[INFO] [stdout] 
[INFO] [stdout] For more information about an error, try `rustc --explain E0277`.
[INFO] [stdout] 
[INFO] [stderr] error: could not compile `oauth-signer` (bin "oauth-signer") due to 6 previous errors
[INFO] running `Command { std: "docker" "inspect" "54c3e1e669607adfe14fbd62d42013b0e2bbb28b20940a14e9d7c97ea4cc0605", kill_on_drop: false }`
[INFO] running `Command { std: "docker" "rm" "-f" "54c3e1e669607adfe14fbd62d42013b0e2bbb28b20940a14e9d7c97ea4cc0605", kill_on_drop: false }`
[INFO] [stdout] 54c3e1e669607adfe14fbd62d42013b0e2bbb28b20940a14e9d7c97ea4cc0605
