[INFO] cloning repository https://github.com/fennsaji/pallet-staking
[INFO] running `Command { std: "git" "-c" "credential.helper=" "-c" "credential.helper=/workspace/cargo-home/bin/git-credential-null" "clone" "--bare" "https://github.com/fennsaji/pallet-staking" "/workspace/cache/git-repos/https%3A%2F%2Fgithub.com%2Ffennsaji%2Fpallet-staking", kill_on_drop: false }`
[INFO] [stderr] Cloning into bare repository '/workspace/cache/git-repos/https%3A%2F%2Fgithub.com%2Ffennsaji%2Fpallet-staking'...
[INFO] running `Command { std: "git" "rev-parse" "HEAD", kill_on_drop: false }`
[INFO] [stdout] ed6355e4702944fe9a52132fa6540fefee6eb946
[INFO] testing fennsaji/pallet-staking against 1.99.0-beta.8 for beta-1.100-2
[INFO] running `Command { std: "git" "clone" "/workspace/cache/git-repos/https%3A%2F%2Fgithub.com%2Ffennsaji%2Fpallet-staking" "/workspace/builds/worker-5-tc1/source", kill_on_drop: false }`
[INFO] [stderr] Cloning into '/workspace/builds/worker-5-tc1/source'...
[INFO] [stderr] done.
[INFO] started tweaking git repo https://github.com/fennsaji/pallet-staking
[INFO] finished tweaking git repo https://github.com/fennsaji/pallet-staking
[INFO] tweaked toml for git repo https://github.com/fennsaji/pallet-staking written to /workspace/builds/worker-5-tc1/source/Cargo.toml
[INFO] validating manifest of git repo https://github.com/fennsaji/pallet-staking on toolchain 1.99.0-beta.8
[INFO] running `Command { std: CARGO_HOME="/workspace/cargo-home" RUSTUP_HOME="/workspace/rustup-home" "/workspace/cargo-home/bin/cargo" "+1.99.0-beta.8" "metadata" "--manifest-path" "Cargo.toml" "--no-deps", kill_on_drop: false }`
[INFO] crate git repo https://github.com/fennsaji/pallet-staking already has a lockfile, it will not be regenerated
[INFO] running `Command { std: CARGO_HOME="/workspace/cargo-home" RUSTUP_HOME="/workspace/rustup-home" "/workspace/cargo-home/bin/cargo" "+1.99.0-beta.8" "fetch" "--manifest-path" "Cargo.toml", kill_on_drop: false }`
[INFO] [stderr]     Updating git repository `https://github.com/paritytech/substrate.git`
[INFO] [stderr]     Updating crates.io index
[INFO] [stderr]     Blocking waiting for file lock on package cache
[INFO] [stderr]  Downloading crates ...
[INFO] [stderr]   Downloaded quote v1.0.20
[INFO] [stderr]   Downloaded proc-macro2 v1.0.40
[INFO] [stderr]   Downloaded wasmi-validation v0.4.1
[INFO] [stderr]   Downloaded trie-root v0.17.0
[INFO] [stderr]   Downloaded hash-db v0.15.2
[INFO] [stderr]   Downloaded pbkdf2 v0.8.0
[INFO] [stderr]   Downloaded ref-cast-impl v1.0.7
[INFO] [stderr]   Downloaded byte-slice-cast v1.2.1
[INFO] [stderr]   Downloaded keccak v0.1.2
[INFO] [stderr]   Downloaded parity-scale-codec-derive v3.1.3
[INFO] [stderr]   Downloaded wasm-bindgen-macro v0.2.81
[INFO] [stderr]   Downloaded wasm-bindgen-shared v0.2.81
[INFO] [stderr]   Downloaded ref-cast v1.0.7
[INFO] [stderr]   Downloaded substrate-bip39 v0.4.4
[INFO] [stderr]   Downloaded environmental v1.1.3
[INFO] [stderr]   Downloaded primitive-types v0.11.1
[INFO] [stderr]   Downloaded crypto-common v0.1.5
[INFO] [stderr]   Downloaded scale-info-derive v2.1.2
[INFO] [stderr]   Downloaded parity-util-mem v0.11.0
[INFO] [stderr]   Downloaded parity-util-mem-derive v0.1.0
[INFO] [stderr]   Downloaded libsecp256k1-gen-genmult v0.3.0
[INFO] [stderr]   Downloaded signature v1.5.0
[INFO] [stderr]   Downloaded libsecp256k1-gen-ecmult v0.3.0
[INFO] [stderr]   Downloaded hmac-drbg v0.3.0
[INFO] [stderr]   Downloaded dyn-clonable v0.9.0
[INFO] [stderr]   Downloaded dyn-clonable-impl v0.9.0
[INFO] [stderr]   Downloaded zeroize_derive v1.3.2
[INFO] [stderr]   Downloaded wyz v0.5.0
[INFO] [stderr]   Downloaded unicode-xid v0.2.3
[INFO] [stderr]   Downloaded hash256-std-hasher v0.15.2
[INFO] [stderr]   Downloaded base58 v0.2.0
[INFO] [stderr]   Downloaded memory-db v0.29.0
[INFO] [stderr]   Downloaded integer-sqrt v0.1.5
[INFO] [stderr]   Downloaded wasm-bindgen-backend v0.2.81
[INFO] [stderr]   Downloaded uint v0.9.3
[INFO] [stderr]   Downloaded scale-info v2.1.2
[INFO] [stderr]   Downloaded either v1.7.0
[INFO] [stderr]   Downloaded nalgebra-macros v0.1.0
[INFO] [stderr]   Downloaded unicode-ident v1.0.1
[INFO] [stderr]   Downloaded once_cell v1.13.0
[INFO] [stderr]   Downloaded tracing-attributes v0.1.22
[INFO] [stderr]   Downloaded getrandom v0.2.7
[INFO] [stderr]   Downloaded zeroize v1.5.6
[INFO] [stderr]   Downloaded wasm-bindgen-macro-support v0.2.81
[INFO] [stderr]   Downloaded anyhow v1.0.58
[INFO] [stderr]   Downloaded ss58-registry v1.23.0
[INFO] [stderr]   Downloaded libsecp256k1 v0.7.0
[INFO] [stderr]   Downloaded libsecp256k1-core v0.3.0
[INFO] [stderr]   Downloaded ed25519 v1.5.2
[INFO] [stderr]   Downloaded dyn-clone v1.0.6
[INFO] [stderr]   Downloaded async-trait v0.1.56
[INFO] [stderr]   Downloaded num-complex v0.4.2
[INFO] [stderr]   Downloaded tracing-core v0.1.28
[INFO] [stderr]   Downloaded parity-scale-codec v3.1.5
[INFO] [stderr]   Downloaded trie-db v0.23.1
[INFO] [stderr]   Downloaded linregress v0.4.4
[INFO] [stderr]   Downloaded serde_derive v1.0.139
[INFO] [stderr]   Downloaded tracing v0.1.35
[INFO] [stderr]   Downloaded wasmi v0.9.1
[INFO] [stderr]   Downloaded parity-wasm v0.42.2
[INFO] [stderr]   Downloaded bumpalo v3.10.0
[INFO] [stderr]   Downloaded js-sys v0.3.58
[INFO] [stderr]   Downloaded num-format v0.4.0
[INFO] [stderr]   Downloaded tt-call v1.0.8
[INFO] [stderr]   Downloaded simba v0.5.1
[INFO] [stderr]   Downloaded matrixmultiply v0.3.2
[INFO] [stderr]   Downloaded serde v1.0.139
[INFO] [stderr]   Downloaded libm v0.2.2
[INFO] [stderr]   Downloaded hashbrown v0.12.2
[INFO] [stderr]   Downloaded serde_json v1.0.82
[INFO] [stderr]   Downloaded statrs v0.15.0
[INFO] [stderr]   Downloaded wasm-bindgen v0.2.81
[INFO] [stderr]   Downloaded syn v1.0.98
[INFO] [stderr]   Downloaded frame-metadata v15.0.0
[INFO] [stderr]   Downloaded nalgebra v0.27.1
[INFO] [stderr]   Downloaded curve25519-dalek v3.2.0
[INFO] [stderr]   Downloaded sha3 v0.10.1
[INFO] [stderr]   Downloaded tokio v1.19.2
[INFO] running `Command { std: "docker" "create" "-v" "/var/lib/crater-agent-workspace/builds/worker-5-tc1/source:/opt/rustwide/workdir:ro,Z" "-v" "/var/lib/crater-agent-workspace/builds/worker-5-tc1/target:/opt/rustwide/target:rw,Z" "-v" "/var/lib/crater-agent-workspace/cargo-home:/opt/rustwide/cargo-home:ro,Z" "-v" "/var/lib/crater-agent-workspace/rustup-home:/opt/rustwide/rustup-home:ro,Z" "-m" "1610612736" "--network" "none" "ghcr.io/rust-lang/crates-build-env/linux@sha256:3111399a4047eeb3a02b7a90e478d715f38a8c6669b5c4b49d30a17385265909" "sleep" "infinity", kill_on_drop: false }`
[INFO] [stdout] 1d9c476458c6b01d2cee52c0d8bf814cdd3efc20a1c7a8c533abfbff4fa19e3e
[INFO] running `Command { std: "docker" "start" "1d9c476458c6b01d2cee52c0d8bf814cdd3efc20a1c7a8c533abfbff4fa19e3e", kill_on_drop: false }`
[INFO] running `Command { std: "docker" "inspect" "1d9c476458c6b01d2cee52c0d8bf814cdd3efc20a1c7a8c533abfbff4fa19e3e", kill_on_drop: false }`
[INFO] running `Command { std: "docker" "exec" "-e" "SOURCE_DIR=/opt/rustwide/workdir" "-e" "CARGO_HOME=/opt/rustwide/cargo-home" "-e" "RUSTUP_HOME=/opt/rustwide/rustup-home" "-e" "CARGO_TARGET_DIR=/opt/rustwide/target" "-w" "/opt/rustwide/workdir" "--user" "0:0" "1d9c476458c6b01d2cee52c0d8bf814cdd3efc20a1c7a8c533abfbff4fa19e3e" "/opt/rustwide/cargo-home/bin/cargo" "+1.99.0-beta.8" "metadata" "--no-deps" "--format-version=1", kill_on_drop: false }`
[INFO] running `Command { std: "docker" "inspect" "1d9c476458c6b01d2cee52c0d8bf814cdd3efc20a1c7a8c533abfbff4fa19e3e", kill_on_drop: false }`
[INFO] running `Command { std: "docker" "exec" "-e" "SOURCE_DIR=/opt/rustwide/workdir" "-e" "CARGO_HOME=/opt/rustwide/cargo-home" "-e" "RUSTUP_HOME=/opt/rustwide/rustup-home" "-e" "CARGO_TARGET_DIR=/opt/rustwide/target" "-e" "CARGO_INCREMENTAL=0" "-e" "RUST_BACKTRACE=full" "-e" "RUSTFLAGS=--cap-lints=warn" "-e" "RUSTDOCFLAGS=--cap-lints=warn" "-w" "/opt/rustwide/workdir" "--user" "0:0" "1d9c476458c6b01d2cee52c0d8bf814cdd3efc20a1c7a8c533abfbff4fa19e3e" "/opt/rustwide/cargo-home/bin/cargo" "+1.99.0-beta.8" "build" "--frozen" "--message-format=json", kill_on_drop: false }`
[INFO] [stderr]    Compiling proc-macro2 v1.0.40
[INFO] [stderr]    Compiling unicode-ident v1.0.1
[INFO] [stderr]    Compiling quote v1.0.20
[INFO] [stderr]    Compiling syn v1.0.98
[INFO] [stderr]    Compiling typenum v1.15.0
[INFO] [stderr]    Compiling libc v0.2.126
[INFO] [stderr]    Compiling generic-array v0.14.5
[INFO] [stderr]    Compiling serde_derive v1.0.139
[INFO] [stderr]    Compiling autocfg v1.1.0
[INFO] [stderr]    Compiling subtle v2.4.1
[INFO] [stderr]    Compiling serde v1.0.139
[INFO] [stderr]    Compiling libm v0.2.2
[INFO] [stderr]    Compiling ppv-lite86 v0.2.16
[INFO] [stderr]    Compiling memchr v2.5.0
[INFO] [stderr]    Compiling unicode-xid v0.2.3
[INFO] [stderr]    Compiling wyz v0.5.0
[INFO] [stderr]    Compiling num-traits v0.2.15
[INFO] [stderr]    Compiling getrandom v0.2.7
[INFO] [stderr]    Compiling bitvec v1.0.1
[INFO] [stderr]    Compiling byteorder v1.4.3
[INFO] [stderr]    Compiling byte-slice-cast v1.2.1
[INFO] [stderr]    Compiling arrayvec v0.7.2
[INFO] [stderr]    Compiling rand_core v0.6.3
[INFO] [stderr]    Compiling num-integer v0.1.45
[INFO] [stderr]    Compiling once_cell v1.13.0
[INFO] [stderr]    Compiling rand_chacha v0.3.1
[INFO] [stderr]    Compiling regex-syntax v0.6.27
[INFO] [stderr]    Compiling getrandom v0.1.16
[INFO] [stderr]    Compiling aho-corasick v0.7.18
[INFO] [stderr]    Compiling rand v0.8.5
[INFO] [stderr]    Compiling rand_core v0.5.1
[INFO] [stderr]    Compiling cpufeatures v0.2.2
[INFO] [stderr]    Compiling crunchy v0.2.2
[INFO] [stderr]    Compiling ryu v1.0.10
[INFO] [stderr]    Compiling block-buffer v0.10.2
[INFO] [stderr]    Compiling digest v0.9.0
[INFO] [stderr]    Compiling cc v1.0.73
[INFO] [stderr]    Compiling smallvec v1.9.0
[INFO] [stderr]    Compiling keccak v0.1.2
[INFO] [stderr]    Compiling itoa v1.0.2
[INFO] [stderr]    Compiling log v0.4.17
[INFO] [stderr]    Compiling pin-project-lite v0.2.9
[INFO] [stderr]    Compiling sp-std v4.0.0 (https://github.com/paritytech/substrate.git?branch=polkadot-v0.9.18#fc3fd073)
[INFO] [stderr]    Compiling crypto-common v0.1.5
[INFO] [stderr]    Compiling generic-array v0.12.4
[INFO] [stderr]    Compiling tracing-core v0.1.28
[INFO] [stderr]    Compiling num-bigint v0.2.6
[INFO] [stderr]    Compiling ahash v0.7.6
[INFO] [stderr]    Compiling rustc-hex v2.1.0
[INFO] [stderr]    Compiling futures-core v0.3.21
[INFO] [stderr]    Compiling libsecp256k1-core v0.3.0
[INFO] [stderr]    Compiling digest v0.10.3
[INFO] [stderr]    Compiling crypto-mac v0.8.0
[INFO] [stderr]    Compiling block-buffer v0.9.0
[INFO] [stderr]    Compiling rand_chacha v0.2.2
[INFO] [stderr]    Compiling rand_pcg v0.2.1
[INFO] [stderr]    Compiling lock_api v0.4.7
[INFO] [stderr]    Compiling num-rational v0.2.4
[INFO] [stderr]    Compiling serde_json v1.0.82
[INFO] [stderr]    Compiling ref-cast v1.0.7
[INFO] [stderr]    Compiling opaque-debug v0.3.0
[INFO] [stderr]    Compiling futures-channel v0.3.21
[INFO] [stderr]    Compiling byte-tools v0.3.1
[INFO] [stderr]    Compiling hex v0.4.3
[INFO] [stderr]    Compiling futures-task v0.3.21
[INFO] [stderr]    Compiling parking_lot_core v0.9.3
[INFO] [stderr]    Compiling block-padding v0.1.5
[INFO] [stderr]    Compiling regex v1.6.0
[INFO] [stderr]    Compiling regex-automata v0.1.10
[INFO] [stderr]    Compiling sha2 v0.9.9
[INFO] [stderr]    Compiling uint v0.9.3
[INFO] [stderr]    Compiling rand v0.7.3
[INFO] [stderr]    Compiling fixed-hash v0.7.0
[INFO] [stderr]    Compiling digest v0.8.1
[INFO] [stderr]    Compiling futures-util v0.3.21
[INFO] [stderr]    Compiling futures-sink v0.3.21
[INFO] [stderr]    Compiling parity-wasm v0.42.2
[INFO] [stderr]    Compiling Inflector v0.11.4
[INFO] [stderr]    Compiling matchers v0.0.1
[INFO] [stderr]    Compiling hashbrown v0.12.2
[INFO] [stderr]    Compiling libsecp256k1-gen-genmult v0.3.0
[INFO] [stderr]    Compiling libsecp256k1-gen-ecmult v0.3.0
[INFO] [stderr]    Compiling block-buffer v0.7.3
[INFO] [stderr]    Compiling secp256k1-sys v0.4.2
[INFO] [stderr]    Compiling tracing-log v0.1.3
[INFO] [stderr]    Compiling hmac v0.8.1
[INFO] [stderr]    Compiling chrono v0.4.19
[INFO] [stderr]    Compiling crypto-mac v0.11.1
[INFO] [stderr]    Compiling thread_local v1.1.4
[INFO] [stderr]    Compiling wasmi-validation v0.4.1
[INFO] [stderr]    Compiling sharded-slab v0.1.4
[INFO] [stderr]    Compiling fake-simd v0.1.2
[INFO] [stderr]    Compiling tinyvec_macros v0.1.0
[INFO] [stderr]    Compiling arrayref v0.3.6
[INFO] [stderr]    Compiling memory_units v0.3.0
[INFO] [stderr]    Compiling slab v0.4.6
[INFO] [stderr]    Compiling synstructure v0.12.6
[INFO] [stderr]    Compiling hash-db v0.15.2
[INFO] [stderr]    Compiling futures-io v0.3.21
[INFO] [stderr]    Compiling anyhow v1.0.58
[INFO] [stderr]    Compiling opaque-debug v0.2.3
[INFO] [stderr]    Compiling parity-util-mem v0.11.0
[INFO] [stderr]    Compiling downcast-rs v1.2.0
[INFO] [stderr]    Compiling ansi_term v0.12.1
[INFO] [stderr]    Compiling wasmi v0.9.1
[INFO] [stderr]    Compiling sha2 v0.8.2
[INFO] [stderr]    Compiling tinyvec v1.6.0
[INFO] [stderr]    Compiling parking_lot v0.12.1
[INFO] [stderr]    Compiling libsecp256k1 v0.7.0
[INFO] [stderr]    Compiling num_cpus v1.13.1
[INFO] [stderr]    Compiling environmental v1.1.3
[INFO] [stderr]    Compiling signature v1.5.0
[INFO] [stderr]    Compiling itoa v0.4.8
[INFO] [stderr]    Compiling arrayvec v0.5.2
[INFO] [stderr]    Compiling num-format v0.4.0
[INFO] [stderr]    Compiling ed25519 v1.5.2
[INFO] [stderr]    Compiling unicode-normalization v0.1.21
[INFO] [stderr]    Compiling hmac v0.11.0
[INFO] [stderr]    Compiling pbkdf2 v0.8.0
[INFO] [stderr]    Compiling hmac-drbg v0.3.0
[INFO] [stderr]    Compiling sha3 v0.10.1
[INFO] [stderr]    Compiling twox-hash v1.6.3
[INFO] [stderr]    Compiling blake2 v0.10.4
[INFO] [stderr]    Compiling sha2 v0.10.2
[INFO] [stderr]    Compiling pbkdf2 v0.4.0
[INFO] [stderr]    Compiling base64 v0.13.0
[INFO] [stderr]    Compiling thiserror-impl v1.0.31
[INFO] [stderr]    Compiling impl-trait-for-tuples v0.2.2
[INFO] [stderr]    Compiling zeroize_derive v1.3.2
[INFO] [stderr]    Compiling derive_more v0.99.17
[INFO] [stderr]    Compiling sp-debug-derive v4.0.0 (https://github.com/paritytech/substrate.git?branch=polkadot-v0.9.18#fc3fd073)
[INFO] [stderr]    Compiling tracing-attributes v0.1.22
[INFO] [stderr]    Compiling zeroize v1.5.6
[INFO] [stderr]    Compiling ref-cast-impl v1.0.7
[INFO] [stderr]    Compiling futures-macro v0.3.21
[INFO] [stderr]    Compiling merlin v2.0.1
[INFO] [stderr]    Compiling curve25519-dalek v2.1.3
[INFO] [stderr]    Compiling parity-util-mem-derive v0.1.0
[INFO] [stderr]    Compiling thiserror v1.0.31
[INFO] [stderr]    Compiling curve25519-dalek v3.2.0
[INFO] [stderr]    Compiling dyn-clonable-impl v0.9.0
[INFO] [stderr]    Compiling constant_time_eq v0.1.5
[INFO] [stderr]    Compiling dyn-clone v1.0.6
[INFO] [stderr]    Compiling blake2-rfc v0.2.18
[INFO] [stderr]    Compiling dyn-clonable v0.9.0
[INFO] [stderr]    Compiling tiny-bip39 v0.8.2
[INFO] [stderr]    Compiling tracing v0.1.35
[INFO] [stderr]    Compiling schnorrkel v0.9.1
[INFO] [stderr]    Compiling secrecy v0.8.0
[INFO] [stderr]    Compiling sp-core-hashing v4.0.0 (https://github.com/paritytech/substrate.git?branch=polkadot-v0.9.18#fc3fd073)
[INFO] [stderr]    Compiling secp256k1 v0.21.3
[INFO] [stderr]    Compiling backtrace v0.3.66
[INFO] [stderr]    Compiling hash256-std-hasher v0.15.2
[INFO] [stderr]    Compiling base58 v0.2.0
[INFO] [stderr]    Compiling gimli v0.26.1
[INFO] [stderr]    Compiling adler v1.0.2
[INFO] [stderr]    Compiling miniz_oxide v0.5.3
[INFO] [stderr]    Compiling object v0.29.0
[INFO] [stderr]    Compiling substrate-bip39 v0.4.4
[INFO] [stderr]    Compiling rustc-demangle v0.1.21
[INFO] [stderr]    Compiling async-trait v0.1.56
[INFO] [stderr]    Compiling trie-db v0.23.1
[INFO] [stderr]    Compiling trie-root v0.17.0
[INFO] [stderr]    Compiling paste v1.0.7
[INFO] [stderr]    Compiling integer-sqrt v0.1.5
[INFO] [stderr]    Compiling either v1.7.0
[INFO] [stderr]    Compiling futures-executor v0.3.21
[INFO] [stderr]    Compiling frame-support-procedural-tools-derive v3.0.0 (https://github.com/paritytech/substrate.git?branch=polkadot-v0.9.18#fc3fd073)
[INFO] [stderr]    Compiling futures v0.3.21
[INFO] [stderr]    Compiling num-rational v0.4.1
[INFO] [stderr]    Compiling sp-core-hashing-proc-macro v5.0.0 (https://github.com/paritytech/substrate.git?branch=polkadot-v0.9.18#fc3fd073)
[INFO] [stderr]    Compiling num-complex v0.4.2
[INFO] [stderr]    Compiling approx v0.5.1
[INFO] [stderr]    Compiling tt-call v1.0.8
[INFO] [stderr]    Compiling rawpointer v0.2.1
[INFO] [stderr]    Compiling matrixmultiply v0.3.2
[INFO] [stderr]    Compiling nalgebra-macros v0.1.0
[INFO] [stderr]    Compiling addr2line v0.17.0
[INFO] [stderr]    Compiling simba v0.5.1
[INFO] [stderr]    Compiling rand_distr v0.4.3
[INFO] [stderr]    Compiling futures-timer v3.0.2
[INFO] [stderr]    Compiling sp-panic-handler v4.0.0 (https://github.com/paritytech/substrate.git?branch=polkadot-v0.9.18#fc3fd073)
[INFO] [stderr]    Compiling toml v0.5.9
[INFO] [stderr]    Compiling impl-serde v0.3.2
[INFO] [stderr]    Compiling tracing-serde v0.1.3
[INFO] [stderr]    Compiling ed25519-dalek v1.0.1
[INFO] [stderr]    Compiling tracing-subscriber v0.2.25
[INFO] [stderr]    Compiling ss58-registry v1.23.0
[INFO] [stderr]    Compiling proc-macro-crate v1.1.3
[INFO] [stderr]    Compiling frame-support-procedural-tools v4.0.0-dev (https://github.com/paritytech/substrate.git?branch=polkadot-v0.9.18#fc3fd073)
[INFO] [stdout] error[E0603]: module `group` is private
[INFO] [stdout]    --> /opt/rustwide/cargo-home/git/checkouts/substrate-ef701c1d76c9f8aa/fc3fd07/frame/support/procedural/tools/src/syn_ext.rs:50:53
[INFO] [stdout]     |
[INFO] [stdout]  50 |                 let syn::group::$name { token, content } = syn::group::$parse(input)?;
[INFO] [stdout]     |                                                                 ^^^^^ private module
[INFO] [stdout] ...
[INFO] [stdout]  74 | groups_impl!(Braces, Brace, Brace, parse_braces);
[INFO] [stdout]     | ------------------------------------------------
[INFO] [stdout]     | |                                  |
[INFO] [stdout]     | |                                  function `parse_braces` is not publicly re-exported
[INFO] [stdout]     | in this macro invocation
[INFO] [stdout]     |
[INFO] [stdout] note: the module `group` is defined here
[INFO] [stdout]    --> /opt/rustwide/cargo-home/registry/src/index.crates.io-1949cf8c6b5b557f/syn-1.0.98/src/lib.rs:304:1
[INFO] [stdout]     |
[INFO] [stdout] 304 | mod group;
[INFO] [stdout]     | ^^^^^^^^^
[INFO] [stdout]     = note: this error originates in the macro `groups_impl` (in Nightly builds, run with -Z macro-backtrace for more info)
[INFO] [stdout] 
[INFO] [stdout] 
[INFO] [stdout] error[E0603]: module `group` is private
[INFO] [stdout]    --> /opt/rustwide/cargo-home/git/checkouts/substrate-ef701c1d76c9f8aa/fc3fd07/frame/support/procedural/tools/src/syn_ext.rs:50:14
[INFO] [stdout]     |
[INFO] [stdout]  50 |                 let syn::group::$name { token, content } = syn::group::$parse(input)?;
[INFO] [stdout]     |                          ^^^^^ private module
[INFO] [stdout] ...
[INFO] [stdout]  74 | groups_impl!(Braces, Brace, Brace, parse_braces);
[INFO] [stdout]     | ------------------------------------------------
[INFO] [stdout]     | |            |
[INFO] [stdout]     | |            struct `Braces` is not publicly re-exported
[INFO] [stdout]     | in this macro invocation
[INFO] [stdout]     |
[INFO] [stdout] note: the module `group` is defined here
[INFO] [stdout]    --> /opt/rustwide/cargo-home/registry/src/index.crates.io-1949cf8c6b5b557f/syn-1.0.98/src/lib.rs:304:1
[INFO] [stdout]     |
[INFO] [stdout] 304 | mod group;
[INFO] [stdout]     | ^^^^^^^^^
[INFO] [stdout]     = note: this error originates in the macro `groups_impl` (in Nightly builds, run with -Z macro-backtrace for more info)
[INFO] [stdout] 
[INFO] [stdout] 
[INFO] [stdout] error[E0603]: module `group` is private
[INFO] [stdout]    --> /opt/rustwide/cargo-home/git/checkouts/substrate-ef701c1d76c9f8aa/fc3fd07/frame/support/procedural/tools/src/syn_ext.rs:50:53
[INFO] [stdout]     |
[INFO] [stdout]  50 |                 let syn::group::$name { token, content } = syn::group::$parse(input)?;
[INFO] [stdout]     |                                                                 ^^^^^ private module
[INFO] [stdout] ...
[INFO] [stdout]  75 | groups_impl!(Brackets, Bracket, Bracket, parse_brackets);
[INFO] [stdout]     | --------------------------------------------------------
[INFO] [stdout]     | |                                        |
[INFO] [stdout]     | |                                        function `parse_brackets` is not publicly re-exported
[INFO] [stdout]     | in this macro invocation
[INFO] [stdout]     |
[INFO] [stdout] note: the module `group` is defined here
[INFO] [stdout]    --> /opt/rustwide/cargo-home/registry/src/index.crates.io-1949cf8c6b5b557f/syn-1.0.98/src/lib.rs:304:1
[INFO] [stdout]     |
[INFO] [stdout] 304 | mod group;
[INFO] [stdout]     | ^^^^^^^^^
[INFO] [stdout]     = note: this error originates in the macro `groups_impl` (in Nightly builds, run with -Z macro-backtrace for more info)
[INFO] [stdout] 
[INFO] [stdout] 
[INFO] [stdout] error[E0603]: module `group` is private
[INFO] [stdout]    --> /opt/rustwide/cargo-home/git/checkouts/substrate-ef701c1d76c9f8aa/fc3fd07/frame/support/procedural/tools/src/syn_ext.rs:50:14
[INFO] [stdout]     |
[INFO] [stdout]  50 |                 let syn::group::$name { token, content } = syn::group::$parse(input)?;
[INFO] [stdout]     |                          ^^^^^ private module
[INFO] [stdout] ...
[INFO] [stdout]  75 | groups_impl!(Brackets, Bracket, Bracket, parse_brackets);
[INFO] [stdout]     | --------------------------------------------------------
[INFO] [stdout]     | |            |
[INFO] [stdout]     | |            struct `Brackets` is not publicly re-exported
[INFO] [stdout]     | in this macro invocation
[INFO] [stdout]     |
[INFO] [stdout] note: the module `group` is defined here
[INFO] [stdout]    --> /opt/rustwide/cargo-home/registry/src/index.crates.io-1949cf8c6b5b557f/syn-1.0.98/src/lib.rs:304:1
[INFO] [stdout]     |
[INFO] [stdout] 304 | mod group;
[INFO] [stdout]     | ^^^^^^^^^
[INFO] [stdout]     = note: this error originates in the macro `groups_impl` (in Nightly builds, run with -Z macro-backtrace for more info)
[INFO] [stdout] 
[INFO] [stdout] 
[INFO] [stdout] error[E0603]: module `group` is private
[INFO] [stdout]    --> /opt/rustwide/cargo-home/git/checkouts/substrate-ef701c1d76c9f8aa/fc3fd07/frame/support/procedural/tools/src/syn_ext.rs:50:53
[INFO] [stdout]     |
[INFO] [stdout]  50 |                 let syn::group::$name { token, content } = syn::group::$parse(input)?;
[INFO] [stdout]     |                                                                 ^^^^^ private module
[INFO] [stdout] ...
[INFO] [stdout]  76 | groups_impl!(Parens, Paren, Parenthesis, parse_parens);
[INFO] [stdout]     | ------------------------------------------------------
[INFO] [stdout]     | |                                        |
[INFO] [stdout]     | |                                        function `parse_parens` is not publicly re-exported
[INFO] [stdout]     | in this macro invocation
[INFO] [stdout]     |
[INFO] [stdout] note: the module `group` is defined here
[INFO] [stdout]    --> /opt/rustwide/cargo-home/registry/src/index.crates.io-1949cf8c6b5b557f/syn-1.0.98/src/lib.rs:304:1
[INFO] [stdout]     |
[INFO] [stdout] 304 | mod group;
[INFO] [stdout]     | ^^^^^^^^^
[INFO] [stdout]     = note: this error originates in the macro `groups_impl` (in Nightly builds, run with -Z macro-backtrace for more info)
[INFO] [stdout] 
[INFO] [stdout] 
[INFO] [stdout] error[E0603]: module `group` is private
[INFO] [stdout]    --> /opt/rustwide/cargo-home/git/checkouts/substrate-ef701c1d76c9f8aa/fc3fd07/frame/support/procedural/tools/src/syn_ext.rs:50:14
[INFO] [stdout]     |
[INFO] [stdout]  50 |                 let syn::group::$name { token, content } = syn::group::$parse(input)?;
[INFO] [stdout]     |                          ^^^^^ private module
[INFO] [stdout] ...
[INFO] [stdout]  76 | groups_impl!(Parens, Paren, Parenthesis, parse_parens);
[INFO] [stdout]     | ------------------------------------------------------
[INFO] [stdout]     | |            |
[INFO] [stdout]     | |            struct `Parens` is not publicly re-exported
[INFO] [stdout]     | in this macro invocation
[INFO] [stdout]     |
[INFO] [stdout] note: the module `group` is defined here
[INFO] [stdout]    --> /opt/rustwide/cargo-home/registry/src/index.crates.io-1949cf8c6b5b557f/syn-1.0.98/src/lib.rs:304:1
[INFO] [stdout]     |
[INFO] [stdout] 304 | mod group;
[INFO] [stdout]     | ^^^^^^^^^
[INFO] [stdout]     = note: this error originates in the macro `groups_impl` (in Nightly builds, run with -Z macro-backtrace for more info)
[INFO] [stdout] 
[INFO] [stdout] 
[INFO] [stderr]    Compiling parity-scale-codec-derive v3.1.3
[INFO] [stderr]    Compiling scale-info-derive v2.1.2
[INFO] [stdout] For more information about this error, try `rustc --explain E0603`.
[INFO] [stdout] 
[INFO] [stderr] error: could not compile `frame-support-procedural-tools` (lib) due to 6 previous errors
[INFO] [stderr] warning: build failed, waiting for other jobs to finish...
[INFO] running `Command { std: "docker" "inspect" "1d9c476458c6b01d2cee52c0d8bf814cdd3efc20a1c7a8c533abfbff4fa19e3e", kill_on_drop: false }`
[INFO] running `Command { std: "docker" "rm" "-f" "1d9c476458c6b01d2cee52c0d8bf814cdd3efc20a1c7a8c533abfbff4fa19e3e", kill_on_drop: false }`
[INFO] [stdout] 1d9c476458c6b01d2cee52c0d8bf814cdd3efc20a1c7a8c533abfbff4fa19e3e
