[INFO] cloning repository https://github.com/fastly/compute-starter-kit-rust-fanout
[INFO] running `Command { std: "git" "-c" "credential.helper=" "-c" "credential.helper=/workspace/cargo-home/bin/git-credential-null" "clone" "--bare" "https://github.com/fastly/compute-starter-kit-rust-fanout" "/workspace/cache/git-repos/https%3A%2F%2Fgithub.com%2Ffastly%2Fcompute-starter-kit-rust-fanout", kill_on_drop: false }`
[INFO] [stderr] Cloning into bare repository '/workspace/cache/git-repos/https%3A%2F%2Fgithub.com%2Ffastly%2Fcompute-starter-kit-rust-fanout'...
[INFO] running `Command { std: "git" "rev-parse" "HEAD", kill_on_drop: false }`
[INFO] [stdout] c6d884b5680c54dcd9937646c474d878f4504b33
[INFO] testing fastly/compute-starter-kit-rust-fanout against 1.100.0-beta.1 for beta-1.100-2
[INFO] running `Command { std: "git" "clone" "/workspace/cache/git-repos/https%3A%2F%2Fgithub.com%2Ffastly%2Fcompute-starter-kit-rust-fanout" "/workspace/builds/worker-7-tc2/source", kill_on_drop: false }`
[INFO] [stderr] Cloning into '/workspace/builds/worker-7-tc2/source'...
[INFO] [stderr] done.
[INFO] removed /workspace/builds/worker-7-tc2/source/.cargo/config.toml
[INFO] removed /workspace/builds/worker-7-tc2/source/rust-toolchain.toml
[INFO] started tweaking git repo https://github.com/fastly/compute-starter-kit-rust-fanout
[INFO] finished tweaking git repo https://github.com/fastly/compute-starter-kit-rust-fanout
[INFO] tweaked toml for git repo https://github.com/fastly/compute-starter-kit-rust-fanout written to /workspace/builds/worker-7-tc2/source/Cargo.toml
[INFO] validating manifest of git repo https://github.com/fastly/compute-starter-kit-rust-fanout on toolchain 1.100.0-beta.1
[INFO] running `Command { std: CARGO_HOME="/workspace/cargo-home" RUSTUP_HOME="/workspace/rustup-home" "/workspace/cargo-home/bin/cargo" "+1.100.0-beta.1" "metadata" "--manifest-path" "Cargo.toml" "--no-deps", kill_on_drop: false }`
[INFO] running `Command { std: CARGO_HOME="/workspace/cargo-home" RUSTUP_HOME="/workspace/rustup-home" "/workspace/cargo-home/bin/cargo" "+1.100.0-beta.1" "generate-lockfile" "--manifest-path" "Cargo.toml", kill_on_drop: false }`
[INFO] [stderr]     Updating crates.io index
[INFO] [stderr]     Blocking waiting for file lock on package cache
[INFO] [stderr]      Locking 82 packages to highest compatible versions
[INFO] running `Command { std: CARGO_HOME="/workspace/cargo-home" RUSTUP_HOME="/workspace/rustup-home" "/workspace/cargo-home/bin/cargo" "+1.100.0-beta.1" "fetch" "--manifest-path" "Cargo.toml", kill_on_drop: false }`
[INFO] [stderr]     Blocking waiting for file lock on package cache
[INFO] running `Command { std: "docker" "create" "-v" "/var/lib/crater-agent-workspace/builds/worker-7-tc2/source:/opt/rustwide/workdir:ro,Z" "-v" "/var/lib/crater-agent-workspace/builds/worker-7-tc2/target:/opt/rustwide/target:rw,Z" "-v" "/var/lib/crater-agent-workspace/cargo-home:/opt/rustwide/cargo-home:ro,Z" "-v" "/var/lib/crater-agent-workspace/rustup-home:/opt/rustwide/rustup-home:ro,Z" "-m" "1610612736" "--network" "none" "ghcr.io/rust-lang/crates-build-env/linux@sha256:3111399a4047eeb3a02b7a90e478d715f38a8c6669b5c4b49d30a17385265909" "sleep" "infinity", kill_on_drop: false }`
[INFO] [stdout] 17d588223697579177991448db4c96e3f22425611a64c8e3643e5fee9e84d13a
[INFO] running `Command { std: "docker" "start" "17d588223697579177991448db4c96e3f22425611a64c8e3643e5fee9e84d13a", kill_on_drop: false }`
[INFO] running `Command { std: "docker" "inspect" "17d588223697579177991448db4c96e3f22425611a64c8e3643e5fee9e84d13a", kill_on_drop: false }`
[INFO] running `Command { std: "docker" "exec" "-e" "SOURCE_DIR=/opt/rustwide/workdir" "-e" "CARGO_HOME=/opt/rustwide/cargo-home" "-e" "RUSTUP_HOME=/opt/rustwide/rustup-home" "-e" "CARGO_TARGET_DIR=/opt/rustwide/target" "-w" "/opt/rustwide/workdir" "--user" "0:0" "17d588223697579177991448db4c96e3f22425611a64c8e3643e5fee9e84d13a" "/opt/rustwide/cargo-home/bin/cargo" "+1.100.0-beta.1" "metadata" "--no-deps" "--format-version=1", kill_on_drop: false }`
[INFO] running `Command { std: "docker" "inspect" "17d588223697579177991448db4c96e3f22425611a64c8e3643e5fee9e84d13a", kill_on_drop: false }`
[INFO] running `Command { std: "docker" "exec" "-e" "SOURCE_DIR=/opt/rustwide/workdir" "-e" "CARGO_HOME=/opt/rustwide/cargo-home" "-e" "RUSTUP_HOME=/opt/rustwide/rustup-home" "-e" "CARGO_TARGET_DIR=/opt/rustwide/target" "-e" "CARGO_INCREMENTAL=0" "-e" "RUST_BACKTRACE=full" "-e" "RUSTFLAGS=--cap-lints=warn" "-e" "RUSTDOCFLAGS=--cap-lints=warn" "-w" "/opt/rustwide/workdir" "--user" "0:0" "17d588223697579177991448db4c96e3f22425611a64c8e3643e5fee9e84d13a" "/opt/rustwide/cargo-home/bin/cargo" "+1.100.0-beta.1" "build" "--frozen" "--message-format=json", kill_on_drop: false }`
[INFO] [stderr]    Compiling proc-macro2 v1.0.107
[INFO] [stderr]    Compiling unicode-ident v1.0.26
[INFO] [stderr]    Compiling stable_deref_trait v1.2.1
[INFO] [stderr]    Compiling serde_core v1.0.229
[INFO] [stderr]    Compiling smallvec v1.16.2
[INFO] [stderr]    Compiling wit-bindgen v0.57.1
[INFO] [stderr]    Compiling bitflags v2.13.2
[INFO] [stderr]    Compiling generic-array v0.14.9
[INFO] [stderr]    Compiling percent-encoding v2.3.2
[INFO] [stderr]    Compiling syn v1.0.109
[INFO] [stderr]    Compiling wit-bindgen v0.51.0
[INFO] [stderr]    Compiling serde_json v1.0.151
[INFO] [stderr]    Compiling fastly-shared v0.13.1
[INFO] [stderr]    Compiling anyhow v1.0.104
[INFO] [stderr]    Compiling time-core v0.1.9
[INFO] [stderr]    Compiling memchr v2.8.3
[INFO] [stderr]    Compiling num-conv v0.2.2
[INFO] [stderr]    Compiling cfg-if v1.0.5
[INFO] [stderr]    Compiling either v1.18.0
[INFO] [stderr]    Compiling powerfmt v0.2.1
[INFO] [stderr]    Compiling elsa v1.11.2
[INFO] [stderr]    Compiling form_urlencoded v1.2.2
[INFO] [stderr]    Compiling wasip2 v1.0.4+wasi-0.2.12
[INFO] [stderr]    Compiling itertools v0.13.0
[INFO] [stderr]    Compiling block-buffer v0.9.0
[INFO] [stderr]    Compiling digest v0.9.0
[INFO] [stderr]    Compiling sha2 v0.9.9
[INFO] [stderr]    Compiling quote v1.0.47
[INFO] [stderr]    Compiling syn v3.0.6
[INFO] [stderr]    Compiling syn v2.0.119
[INFO] [stderr]    Compiling fastly-sys v0.13.1
[INFO] [stderr]    Compiling thiserror-impl v1.0.69
[INFO] [stderr]    Compiling deranged v0.5.8
[INFO] [stderr]    Compiling synstructure v0.14.0
[INFO] [stderr]    Compiling zerofrom-derive v0.1.8
[INFO] [stderr]    Compiling yoke-derive v0.8.4
[INFO] [stderr]    Compiling zerovec-derive v0.11.6
[INFO] [stderr]    Compiling displaydoc v0.2.7
[INFO] [stderr]    Compiling serde_derive v1.0.229
[INFO] [stderr]    Compiling serde_repr v0.1.21
[INFO] [stderr]    Compiling thiserror v1.0.69
[INFO] [stderr]    Compiling zerofrom v0.1.8
[INFO] [stderr]    Compiling yoke v0.8.3
[INFO] [stderr]    Compiling zerotrie v0.2.5
[INFO] [stderr]    Compiling time v0.3.55
[INFO] [stderr]    Compiling fastly-macros v0.13.1
[INFO] [stderr]    Compiling zerovec v0.11.8
[INFO] [stderr]    Compiling tinystr v0.8.4
[INFO] [stderr]    Compiling potential_utf v0.1.6
[INFO] [stderr]    Compiling icu_collections v2.3.0
[INFO] [stderr]    Compiling icu_locale_core v2.3.0
[INFO] [stderr]    Compiling serde v1.0.229
[INFO] [stderr]    Compiling icu_provider v2.3.1
[INFO] [stderr]    Compiling icu_properties v2.3.0
[INFO] [stderr]    Compiling icu_normalizer v2.3.0
[INFO] [stderr]    Compiling serde_urlencoded v0.7.1
[INFO] [stderr]    Compiling idna_adapter v1.2.2
[INFO] [stderr]    Compiling idna v1.1.0
[INFO] [stderr]    Compiling url v2.5.8
[INFO] [stderr]    Compiling fastly v0.13.1
[INFO] [stderr]    Compiling fastly-compute-project v0.1.0 (/opt/rustwide/workdir)
[INFO] [stdout] error: linking with `cc` failed: exit status: 1
[INFO] [stdout]   |
[INFO] [stdout]   = note:  "cc" "-m64" "/opt/rustwide/target/debug/build/fastly-compute-project/d28d20eb2ef2bae1/out/rustcCS0fOJ/symbols.o" "<2 object files omitted>" "-Wl,--as-needed" "-Wl,-Bstatic" "/opt/rustwide/target/debug/build/fastly/04c7984990914ac4/out/libfastly-04c7984990914ac4.rlib" "/opt/rustwide/target/debug/build/serde_urlencoded/f4bc6b7d440e3b60/out/libserde_urlencoded-f4bc6b7d440e3b60.rlib" "/opt/rustwide/target/debug/build/ryu/1f4f40e4352371e5/out/libryu-1f4f40e4352371e5.rlib" "/opt/rustwide/target/debug/build/serde_json/87d8c8a8831201be/out/libserde_json-87d8c8a8831201be.rlib" "/opt/rustwide/target/debug/build/memchr/efcaf924912fba01/out/libmemchr-efcaf924912fba01.rlib" "/opt/rustwide/target/debug/build/zmij/2ca2f302097868c6/out/libzmij-2ca2f302097868c6.rlib" "/opt/rustwide/target/debug/build/itertools/5c11080c77719b5a/out/libitertools-5c11080c77719b5a.rlib" "/opt/rustwide/target/debug/build/either/6672d77e94153fe0/out/libeither-6672d77e94153fe0.rlib" "/opt/rustwide/target/debug/build/mime/0188e0814ca7ddbf/out/libmime-0188e0814ca7ddbf.rlib" "/opt/rustwide/target/debug/build/elsa/4daff72df407ff8d/out/libelsa-4daff72df407ff8d.rlib" "/opt/rustwide/target/debug/build/indexmap/f8362b905c005e10/out/libindexmap-f8362b905c005e10.rlib" "/opt/rustwide/target/debug/build/equivalent/6a754676e6af62ae/out/libequivalent-6a754676e6af62ae.rlib" "/opt/rustwide/target/debug/build/hashbrown/d7214d631586fd51/out/libhashbrown-d7214d631586fd51.rlib" "/opt/rustwide/target/debug/build/downcast-rs/9143b3ab1f004153/out/libdowncast_rs-9143b3ab1f004153.rlib" "/opt/rustwide/target/debug/build/time/35f4aa1a74318ff2/out/libtime-35f4aa1a74318ff2.rlib" "/opt/rustwide/target/debug/build/powerfmt/2785fdd3a178f2f6/out/libpowerfmt-2785fdd3a178f2f6.rlib" "/opt/rustwide/target/debug/build/num-conv/8bd7073c84ef42cd/out/libnum_conv-8bd7073c84ef42cd.rlib" "/opt/rustwide/target/debug/build/deranged/d9f7cf657e3e5f31/out/libderanged-d9f7cf657e3e5f31.rlib" "/opt/rustwide/target/debug/build/time-core/87cddcae4f761596/out/libtime_core-87cddcae4f761596.rlib" "/opt/rustwide/target/debug/build/anyhow/eeb2152985963809/out/libanyhow-eeb2152985963809.rlib" "/opt/rustwide/target/debug/build/url/743d84b7344b0a29/out/liburl-743d84b7344b0a29.rlib" "/opt/rustwide/target/debug/build/idna/be16e2495d7166a0/out/libidna-be16e2495d7166a0.rlib" "/opt/rustwide/target/debug/build/idna_adapter/f26b53c5487099eb/out/libidna_adapter-f26b53c5487099eb.rlib" "/opt/rustwide/target/debug/build/icu_properties/67d98a24b920333f/out/libicu_properties-67d98a24b920333f.rlib" "/opt/rustwide/target/debug/build/icu_properties_data/3f856f5bc2063921/out/libicu_properties_data-3f856f5bc2063921.rlib" "/opt/rustwide/target/debug/build/icu_normalizer/c26520dbc2cc21be/out/libicu_normalizer-c26520dbc2cc21be.rlib" "/opt/rustwide/target/debug/build/smallvec/b8b62d41308805e6/out/libsmallvec-b8b62d41308805e6.rlib" "/opt/rustwide/target/debug/build/icu_normalizer_data/8b25f9eb7a72d68e/out/libicu_normalizer_data-8b25f9eb7a72d68e.rlib" "/opt/rustwide/target/debug/build/icu_collections/f0211732705da81c/out/libicu_collections-f0211732705da81c.rlib" "/opt/rustwide/target/debug/build/utf8_iter/51566bbad89f3a68/out/libutf8_iter-51566bbad89f3a68.rlib" "/opt/rustwide/target/debug/build/potential_utf/714933538970e63b/out/libpotential_utf-714933538970e63b.rlib" "/opt/rustwide/target/debug/build/icu_provider/cce31b13b985950a/out/libicu_provider-cce31b13b985950a.rlib" "/opt/rustwide/target/debug/build/icu_locale_core/3df162e986ec617e/out/libicu_locale_core-3df162e986ec617e.rlib" "/opt/rustwide/target/debug/build/tinystr/94e6c360e8173008/out/libtinystr-94e6c360e8173008.rlib" "/opt/rustwide/target/debug/build/litemap/abaddab7afb37065/out/liblitemap-abaddab7afb37065.rlib" "/opt/rustwide/target/debug/build/writeable/36514dcf36d12676/out/libwriteable-36514dcf36d12676.rlib" "/opt/rustwide/target/debug/build/zerovec/8ed6a43385f4df06/out/libzerovec-8ed6a43385f4df06.rlib" "/opt/rustwide/target/debug/build/zerotrie/2e8c7c422f7fcfd8/out/libzerotrie-2e8c7c422f7fcfd8.rlib" "/opt/rustwide/target/debug/build/yoke/f9e75f4d3d302066/out/libyoke-f9e75f4d3d302066.rlib" "/opt/rustwide/target/debug/build/stable_deref_trait/8f5d1ea34607785b/out/libstable_deref_trait-8f5d1ea34607785b.rlib" "/opt/rustwide/target/debug/build/zerofrom/6329a2c64a500e79/out/libzerofrom-6329a2c64a500e79.rlib" "/opt/rustwide/target/debug/build/form_urlencoded/b5e4072bca43860f/out/libform_urlencoded-b5e4072bca43860f.rlib" "/opt/rustwide/target/debug/build/percent-encoding/60965446a9af8f63/out/libpercent_encoding-60965446a9af8f63.rlib" "/opt/rustwide/target/debug/build/sha2/c66e8cc37496d2d5/out/libsha2-c66e8cc37496d2d5.rlib" "/opt/rustwide/target/debug/build/cpufeatures/e04321643d03190d/out/libcpufeatures-e04321643d03190d.rlib" "/opt/rustwide/target/debug/build/cfg-if/5addb699396bfe5f/out/libcfg_if-5addb699396bfe5f.rlib" "/opt/rustwide/target/debug/build/opaque-debug/90e66d859d53ff28/out/libopaque_debug-90e66d859d53ff28.rlib" "/opt/rustwide/target/debug/build/digest/02cea2a374a9a83c/out/libdigest-02cea2a374a9a83c.rlib" "/opt/rustwide/target/debug/build/block-buffer/39b725ab9abe328e/out/libblock_buffer-39b725ab9abe328e.rlib" "/opt/rustwide/target/debug/build/generic-array/d7fd1be7b0bcf040/out/libgeneric_array-d7fd1be7b0bcf040.rlib" "/opt/rustwide/target/debug/build/typenum/ed2b1c93b2a4333a/out/libtypenum-ed2b1c93b2a4333a.rlib" "/opt/rustwide/target/debug/build/thiserror/5c47cfa0a00c7062/out/libthiserror-5c47cfa0a00c7062.rlib" "/opt/rustwide/target/debug/build/serde/eee7707532189885/out/libserde-eee7707532189885.rlib" "/opt/rustwide/target/debug/build/serde_core/1024909fd700b20f/out/libserde_core-1024909fd700b20f.rlib" "/opt/rustwide/target/debug/build/fastly-sys/994dab76a77daf9d/out/libfastly_sys-994dab76a77daf9d.rlib" "/opt/rustwide/target/debug/build/wit-bindgen/8707b7791856e3c7/out/libwit_bindgen-8707b7791856e3c7.rlib" "/opt/rustwide/target/debug/build/bitflags/dde12b0d7d495b50/out/libbitflags-dde12b0d7d495b50.rlib" "/opt/rustwide/target/debug/build/wasip2/0d3e76fb13e46420/out/libwasip2-0d3e76fb13e46420.rlib" "/opt/rustwide/target/debug/build/wit-bindgen/63fb2ba1aca3de73/out/libwit_bindgen-63fb2ba1aca3de73.rlib" "/opt/rustwide/target/debug/build/bitflags/f1dadb638be7cd27/out/libbitflags-f1dadb638be7cd27.rlib" "/opt/rustwide/target/debug/build/fastly-shared/260a7c94f2c1e5b7/out/libfastly_shared-260a7c94f2c1e5b7.rlib" "/opt/rustwide/target/debug/build/http/0cd9be9a4e5a2536/out/libhttp-0cd9be9a4e5a2536.rlib" "/opt/rustwide/target/debug/build/itoa/5de11b3b23bfe572/out/libitoa-5de11b3b23bfe572.rlib" "/opt/rustwide/target/debug/build/bytes/5f66263ae3d5daa8/out/libbytes-5f66263ae3d5daa8.rlib" "<sysroot>/lib/rustlib/x86_64-unknown-linux-gnu/lib/{libstd-*,libpanic_unwind-*,libobject-*,libmemchr-*,libaddr2line-*,libgimli-*,libcfg_if-*,librustc_demangle-*,libstd_detect-*,libhashbrown-*,librustc_std_workspace_alloc-*,libminiz_oxide-*,libadler2-*,libunwind-*,liblibc-*,librustc_std_workspace_core-*,liballoc-*,libcore-*,libcompiler_builtins-*}.rlib" "-Wl,-Bdynamic" "-lgcc_s" "-lutil" "-lrt" "-lpthread" "-lm" "-ldl" "-lc" "-L" "/opt/rustwide/target/debug/build/fastly-compute-project/d28d20eb2ef2bae1/out/rustcCS0fOJ/raw-dylibs" "-B<sysroot>/lib/rustlib/x86_64-unknown-linux-gnu/bin/gcc-ld" "-fuse-ld=lld" "-Wl,--eh-frame-hdr" "-Wl,-z,noexecstack" "-L" "<sysroot>/lib/rustlib/x86_64-unknown-linux-gnu/lib" "-o" "/opt/rustwide/target/debug/build/fastly-compute-project/d28d20eb2ef2bae1/out/fastly_compute_project" "-Wl,--gc-sections" "-pie" "-Wl,-z,relro,-z,now" "-nodefaultlibs"
[INFO] [stdout]   = note: some arguments are omitted. use `--verbose` to show all linker arguments
[INFO] [stdout]   = note: rust-lld: error: undefined symbol: header_names_get
[INFO] [stdout]           >>> referenced by handle.rs:243 (src/http/request/handle.rs:243)
[INFO] [stdout]           >>>               fastly-04c7984990914ac4.fastly.b823b68e2b0957c6-cgu.04.rcgu.o:(<fastly::http::request::handle::RequestHandle>::get_header_names_impl::{closure#0}) in archive /opt/rustwide/target/debug/build/fastly/04c7984990914ac4/out/libfastly-04c7984990914ac4.rlib
[INFO] [stdout]           >>> referenced by handle.rs:190 (src/http/response/handle.rs:190)
[INFO] [stdout]           >>>               fastly-04c7984990914ac4.fastly.b823b68e2b0957c6-cgu.04.rcgu.o:(<fastly::http::response::handle::ResponseHandle>::get_header_names_impl::{closure#0}) in archive /opt/rustwide/target/debug/build/fastly/04c7984990914ac4/out/libfastly-04c7984990914ac4.rlib
[INFO] [stdout]           
[INFO] [stdout]           rust-lld: error: undefined symbol: header_values_get
[INFO] [stdout]           >>> referenced by handle.rs:345 (src/http/request/handle.rs:345)
[INFO] [stdout]           >>>               fastly-04c7984990914ac4.fastly.b823b68e2b0957c6-cgu.04.rcgu.o:(<fastly::http::request::handle::RequestHandle>::get_header_values_impl::{closure#0}) in archive /opt/rustwide/target/debug/build/fastly/04c7984990914ac4/out/libfastly-04c7984990914ac4.rlib
[INFO] [stdout]           >>> referenced by handle.rs:294 (src/http/response/handle.rs:294)
[INFO] [stdout]           >>>               fastly-04c7984990914ac4.fastly.b823b68e2b0957c6-cgu.04.rcgu.o:(<fastly::http::response::handle::ResponseHandle>::get_header_values_impl::{closure#0}) in archive /opt/rustwide/target/debug/build/fastly/04c7984990914ac4/out/libfastly-04c7984990914ac4.rlib
[INFO] [stdout]           
[INFO] [stdout]           rust-lld: error: undefined symbol: downstream_original_header_names
[INFO] [stdout]           >>> referenced by handle.rs:1911 (src/http/request/handle.rs:1911)
[INFO] [stdout]           >>>               fastly-04c7984990914ac4.fastly.b823b68e2b0957c6-cgu.04.rcgu.o:(fastly::http::request::handle::client_original_header_names_impl::{closure#0}) in archive /opt/rustwide/target/debug/build/fastly/04c7984990914ac4/out/libfastly-04c7984990914ac4.rlib
[INFO] [stdout]           
[INFO] [stdout]           rust-lld: error: undefined symbol: known_length
[INFO] [stdout]           >>> referenced by handle.rs:434 (src/http/body/handle.rs:434)
[INFO] [stdout]           >>>               fastly-04c7984990914ac4.fastly.b823b68e2b0957c6-cgu.04.rcgu.o:(<fastly::http::body::handle::BodyHandle>::known_length) in archive /opt/rustwide/target/debug/build/fastly/04c7984990914ac4/out/libfastly-04c7984990914ac4.rlib
[INFO] [stdout]           
[INFO] [stdout]           rust-lld: error: undefined symbol: new
[INFO] [stdout]           >>> referenced by handle.rs:190 (src/http/body/handle.rs:190)
[INFO] [stdout]           >>>               fastly-04c7984990914ac4.fastly.b823b68e2b0957c6-cgu.04.rcgu.o:(<fastly::http::body::handle::BodyHandle>::new) in archive /opt/rustwide/target/debug/build/fastly/04c7984990914ac4/out/libfastly-04c7984990914ac4.rlib
[INFO] [stdout]           >>> referenced by handle.rs:212 (src/http/request/handle.rs:212)
[INFO] [stdout]           >>>               fastly-04c7984990914ac4.fastly.b823b68e2b0957c6-cgu.04.rcgu.o:(<fastly::http::request::handle::RequestHandle>::new) in archive /opt/rustwide/target/debug/build/fastly/04c7984990914ac4/out/libfastly-04c7984990914ac4.rlib
[INFO] [stdout]           >>> referenced by handle.rs:159 (src/http/response/handle.rs:159)
[INFO] [stdout]           >>>               fastly-04c7984990914ac4.fastly.b823b68e2b0957c6-cgu.04.rcgu.o:(<fastly::http::response::handle::ResponseHandle>::new) in archive /opt/rustwide/target/debug/build/fastly/04c7984990914ac4/out/libfastly-04c7984990914ac4.rlib
[INFO] [stdout]           
[INFO] [stdout]           rust-lld: error: undefined symbol: append
[INFO] [stdout]           >>> referenced by handle.rs:203 (src/http/body/handle.rs:203)
[INFO] [stdout]           >>>               fastly-04c7984990914ac4.fastly.b823b68e2b0957c6-cgu.04.rcgu.o:(<fastly::http::body::handle::BodyHandle>::append) in archive /opt/rustwide/target/debug/build/fastly/04c7984990914ac4/out/libfastly-04c7984990914ac4.rlib
[INFO] [stdout]           
[INFO] [stdout]           rust-lld: error: undefined symbol: method_get
[INFO] [stdout]           >>> referenced by handle.rs:528 (src/http/request/handle.rs:528)
[INFO] [stdout]           >>>               fastly-04c7984990914ac4.fastly.b823b68e2b0957c6-cgu.04.rcgu.o:(<fastly::http::request::handle::RequestHandle>::get_method) in archive /opt/rustwide/target/debug/build/fastly/04c7984990914ac4/out/libfastly-04c7984990914ac4.rlib
[INFO] [stdout]           
[INFO] [stdout]           rust-lld: error: undefined symbol: method_set
[INFO] [stdout]           >>> referenced by handle.rs:583 (src/http/request/handle.rs:583)
[INFO] [stdout]           >>>               fastly-04c7984990914ac4.fastly.b823b68e2b0957c6-cgu.04.rcgu.o:(<fastly::http::request::handle::RequestHandle>::set_method) in archive /opt/rustwide/target/debug/build/fastly/04c7984990914ac4/out/libfastly-04c7984990914ac4.rlib
[INFO] [stdout]           
[INFO] [stdout]           rust-lld: error: undefined symbol: version_get
[INFO] [stdout]           >>> referenced by handle.rs:501 (src/http/request/handle.rs:501)
[INFO] [stdout]           >>>               fastly-04c7984990914ac4.fastly.b823b68e2b0957c6-cgu.04.rcgu.o:(<fastly::http::request::handle::RequestHandle>::get_version) in archive /opt/rustwide/target/debug/build/fastly/04c7984990914ac4/out/libfastly-04c7984990914ac4.rlib
[INFO] [stdout]           >>> referenced by handle.rs:466 (src/http/response/handle.rs:466)
[INFO] [stdout]           >>>               fastly-04c7984990914ac4.fastly.b823b68e2b0957c6-cgu.04.rcgu.o:(<fastly::http::response::handle::ResponseHandle>::get_version) in archive /opt/rustwide/target/debug/build/fastly/04c7984990914ac4/out/libfastly-04c7984990914ac4.rlib
[INFO] [stdout]           
[INFO] [stdout]           rust-lld: error: undefined symbol: version_set
[INFO] [stdout]           >>> referenced by handle.rs:514 (src/http/request/handle.rs:514)
[INFO] [stdout]           >>>               fastly-04c7984990914ac4.fastly.b823b68e2b0957c6-cgu.04.rcgu.o:(<fastly::http::request::handle::RequestHandle>::set_version) in archive /opt/rustwide/target/debug/build/fastly/04c7984990914ac4/out/libfastly-04c7984990914ac4.rlib
[INFO] [stdout]           >>> referenced by handle.rs:479 (src/http/response/handle.rs:479)
[INFO] [stdout]           >>>               fastly-04c7984990914ac4.fastly.b823b68e2b0957c6-cgu.04.rcgu.o:(<fastly::http::response::handle::ResponseHandle>::set_version) in archive /opt/rustwide/target/debug/build/fastly/04c7984990914ac4/out/libfastly-04c7984990914ac4.rlib
[INFO] [stdout]           
[INFO] [stdout]           rust-lld: error: undefined symbol: downstream_bot_analyzed
[INFO] [stdout]           >>> referenced by handle.rs:1413 (src/http/request/handle.rs:1413)
[INFO] [stdout]           >>>               fastly-04c7984990914ac4.fastly.b823b68e2b0957c6-cgu.04.rcgu.o:(<fastly::http::request::handle::RequestHandle>::bot_analyzed) in archive /opt/rustwide/target/debug/build/fastly/04c7984990914ac4/out/libfastly-04c7984990914ac4.rlib
[INFO] [stdout]           
[INFO] [stdout]           rust-lld: error: undefined symbol: downstream_bot_detected
[INFO] [stdout]           >>> referenced by handle.rs:1427 (src/http/request/handle.rs:1427)
[INFO] [stdout]           >>>               fastly-04c7984990914ac4.fastly.b823b68e2b0957c6-cgu.04.rcgu.o:(<fastly::http::request::handle::RequestHandle>::bot_detected) in archive /opt/rustwide/target/debug/build/fastly/04c7984990914ac4/out/libfastly-04c7984990914ac4.rlib
[INFO] [stdout]           
[INFO] [stdout]           rust-lld: error: undefined symbol: downstream_bot_verified
[INFO] [stdout]           >>> referenced by handle.rs:1489 (src/http/request/handle.rs:1489)
[INFO] [stdout]           >>>               fastly-04c7984990914ac4.fastly.b823b68e2b0957c6-cgu.04.rcgu.o:(<fastly::http::request::handle::RequestHandle>::bot_verified) in archive /opt/rustwide/target/debug/build/fastly/04c7984990914ac4/out/libfastly-04c7984990914ac4.rlib
[INFO] [stdout]           
[INFO] [stdout]           rust-lld: error: undefined symbol: header_append
[INFO] [stdout]           >>> referenced by handle.rs:469 (src/http/request/handle.rs:469)
[INFO] [stdout]           >>>               fastly-04c7984990914ac4.fastly.b823b68e2b0957c6-cgu.04.rcgu.o:(<fastly::http::request::handle::RequestHandle>::append_header) in archive /opt/rustwide/target/debug/build/fastly/04c7984990914ac4/out/libfastly-04c7984990914ac4.rlib
[INFO] [stdout]           >>> referenced by handle.rs:416 (src/http/response/handle.rs:416)
[INFO] [stdout]           >>>               fastly-04c7984990914ac4.fastly.b823b68e2b0957c6-cgu.04.rcgu.o:(<fastly::http::response::handle::ResponseHandle>::append_header) in archive /opt/rustwide/target/debug/build/fastly/04c7984990914ac4/out/libfastly-04c7984990914ac4.rlib
[INFO] [stdout]           
[INFO] [stdout]           rust-lld: error: undefined symbol: header_insert
[INFO] [stdout]           >>> referenced by handle.rs:448 (src/http/request/handle.rs:448)
[INFO] [stdout]           >>>               fastly-04c7984990914ac4.fastly.b823b68e2b0957c6-cgu.04.rcgu.o:(<fastly::http::request::handle::RequestHandle>::insert_header) in archive /opt/rustwide/target/debug/build/fastly/04c7984990914ac4/out/libfastly-04c7984990914ac4.rlib
[INFO] [stdout]           >>> referenced by handle.rs:396 (src/http/response/handle.rs:396)
[INFO] [stdout]           >>>               fastly-04c7984990914ac4.fastly.b823b68e2b0957c6-cgu.04.rcgu.o:(<fastly::http::response::handle::ResponseHandle>::insert_header) in archive /opt/rustwide/target/debug/build/fastly/04c7984990914ac4/out/libfastly-04c7984990914ac4.rlib
[INFO] [stdout]           
[INFO] [stdout]           rust-lld: error: undefined symbol: downstream_bot_name
[INFO] [stdout]           >>> referenced by handle.rs:1443 (src/http/request/handle.rs:1443)
[INFO] [stdout]           >>>               fastly-04c7984990914ac4.fastly.b823b68e2b0957c6-cgu.04.rcgu.o:(<fastly::http::request::handle::RequestHandle>::bot_name_bytes) in archive /opt/rustwide/target/debug/build/fastly/04c7984990914ac4/out/libfastly-04c7984990914ac4.rlib
[INFO] [stdout]           
[INFO] [stdout]           rust-lld: error: undefined symbol: downstream_client_ip_addr
[INFO] [stdout]           >>> referenced by handle.rs:1090 (src/http/request/handle.rs:1090)
[INFO] [stdout]           >>>               fastly-04c7984990914ac4.fastly.b823b68e2b0957c6-cgu.04.rcgu.o:(<fastly::http::request::handle::RequestHandle>::client_ip_addr) in archive /opt/rustwide/target/debug/build/fastly/04c7984990914ac4/out/libfastly-04c7984990914ac4.rlib
[INFO] [stdout]           
[INFO] [stdout]           rust-lld: error: undefined symbol: downstream_tls_ja4
[INFO] [stdout]           >>> referenced by handle.rs:1256 (src/http/request/handle.rs:1256)
[INFO] [stdout]           >>>               fastly-04c7984990914ac4.fastly.b823b68e2b0957c6-cgu.04.rcgu.o:(<fastly::http::request::handle::RequestHandle>::client_tls_ja4) in archive /opt/rustwide/target/debug/build/fastly/04c7984990914ac4/out/libfastly-04c7984990914ac4.rlib
[INFO] [stdout]           
[INFO] [stdout]           rust-lld: error: undefined symbol: downstream_server_ip_addr
[INFO] [stdout]           >>> referenced by handle.rs:1122 (src/http/request/handle.rs:1122)
[INFO] [stdout]           >>>               fastly-04c7984990914ac4.fastly.b823b68e2b0957c6-cgu.04.rcgu.o:(<fastly::http::request::handle::RequestHandle>::server_ip_addr) in archive /opt/rustwide/target/debug/build/fastly/04c7984990914ac4/out/libfastly-04c7984990914ac4.rlib
[INFO] [stdout]           
[INFO] [stdout]           rust-lld: error: undefined symbol: downstream_bot_category_kind
[INFO] [stdout]           >>> referenced by handle.rs:1470 (src/http/request/handle.rs:1470)
[INFO] [stdout]           >>>               fastly-04c7984990914ac4.fastly.b823b68e2b0957c6-cgu.04.rcgu.o:(<fastly::http::request::handle::RequestHandle>::bot_category_kind) in archive /opt/rustwide/target/debug/build/fastly/04c7984990914ac4/out/libfastly-04c7984990914ac4.rlib
[INFO] [stdout]           
[INFO] [stdout]           rust-lld: error: too many errors emitted, stopping now (use --error-limit=0 to see all errors)
[INFO] [stdout]           collect2: error: ld returned 1 exit status
[INFO] [stdout]           
[INFO] [stdout] 
[INFO] [stdout] 
[INFO] [stderr] error: could not compile `fastly-compute-project` (bin "fastly-compute-project") due to 1 previous error
[INFO] running `Command { std: "docker" "inspect" "17d588223697579177991448db4c96e3f22425611a64c8e3643e5fee9e84d13a", kill_on_drop: false }`
[INFO] running `Command { std: "docker" "rm" "-f" "17d588223697579177991448db4c96e3f22425611a64c8e3643e5fee9e84d13a", kill_on_drop: false }`
[INFO] [stdout] 17d588223697579177991448db4c96e3f22425611a64c8e3643e5fee9e84d13a
