[INFO] cloning repository https://github.com/fastly/compute-starter-kit-rust-fanout-forward
[INFO] running `Command { std: "git" "-c" "credential.helper=" "-c" "credential.helper=/workspace/cargo-home/bin/git-credential-null" "clone" "--bare" "https://github.com/fastly/compute-starter-kit-rust-fanout-forward" "/workspace/cache/git-repos/https%3A%2F%2Fgithub.com%2Ffastly%2Fcompute-starter-kit-rust-fanout-forward", kill_on_drop: false }`
[INFO] [stderr] Cloning into bare repository '/workspace/cache/git-repos/https%3A%2F%2Fgithub.com%2Ffastly%2Fcompute-starter-kit-rust-fanout-forward'...
[INFO] running `Command { std: "git" "rev-parse" "HEAD", kill_on_drop: false }`
[INFO] [stdout] 3a2f71387fcae1b2dada10ac9d76c696f35faedf
[INFO] testing fastly/compute-starter-kit-rust-fanout-forward against 1.99.0-beta.8 for beta-1.100-2
[INFO] running `Command { std: "git" "clone" "/workspace/cache/git-repos/https%3A%2F%2Fgithub.com%2Ffastly%2Fcompute-starter-kit-rust-fanout-forward" "/workspace/builds/worker-5-tc1/source", kill_on_drop: false }`
[INFO] [stderr] Cloning into '/workspace/builds/worker-5-tc1/source'...
[INFO] [stderr] done.
[INFO] removed /workspace/builds/worker-5-tc1/source/.cargo/config.toml
[INFO] removed /workspace/builds/worker-5-tc1/source/rust-toolchain.toml
[INFO] started tweaking git repo https://github.com/fastly/compute-starter-kit-rust-fanout-forward
[INFO] finished tweaking git repo https://github.com/fastly/compute-starter-kit-rust-fanout-forward
[INFO] tweaked toml for git repo https://github.com/fastly/compute-starter-kit-rust-fanout-forward written to /workspace/builds/worker-5-tc1/source/Cargo.toml
[INFO] validating manifest of git repo https://github.com/fastly/compute-starter-kit-rust-fanout-forward on toolchain 1.99.0-beta.8
[INFO] running `Command { std: CARGO_HOME="/workspace/cargo-home" RUSTUP_HOME="/workspace/rustup-home" "/workspace/cargo-home/bin/cargo" "+1.99.0-beta.8" "metadata" "--manifest-path" "Cargo.toml" "--no-deps", kill_on_drop: false }`
[INFO] running `Command { std: CARGO_HOME="/workspace/cargo-home" RUSTUP_HOME="/workspace/rustup-home" "/workspace/cargo-home/bin/cargo" "+1.99.0-beta.8" "generate-lockfile" "--manifest-path" "Cargo.toml", kill_on_drop: false }`
[INFO] [stderr]     Updating crates.io index
[INFO] [stderr]      Locking 82 packages to highest compatible versions
[INFO] running `Command { std: CARGO_HOME="/workspace/cargo-home" RUSTUP_HOME="/workspace/rustup-home" "/workspace/cargo-home/bin/cargo" "+1.99.0-beta.8" "fetch" "--manifest-path" "Cargo.toml", kill_on_drop: false }`
[INFO] [stderr]  Downloading crates ...
[INFO] [stderr]   Downloaded fastly-shared v0.13.1
[INFO] [stderr]   Downloaded fastly-macros v0.13.1
[INFO] [stderr]   Downloaded generic-array v0.14.9
[INFO] [stderr]   Downloaded elsa v1.11.2
[INFO] [stderr]   Downloaded fastly v0.13.1
[INFO] [stderr]   Downloaded fastly-sys v0.13.1
[INFO] running `Command { std: "docker" "create" "-v" "/var/lib/crater-agent-workspace/builds/worker-5-tc1/source:/opt/rustwide/workdir:ro,Z" "-v" "/var/lib/crater-agent-workspace/builds/worker-5-tc1/target:/opt/rustwide/target:rw,Z" "-v" "/var/lib/crater-agent-workspace/cargo-home:/opt/rustwide/cargo-home:ro,Z" "-v" "/var/lib/crater-agent-workspace/rustup-home:/opt/rustwide/rustup-home:ro,Z" "-m" "1610612736" "--network" "none" "ghcr.io/rust-lang/crates-build-env/linux@sha256:3111399a4047eeb3a02b7a90e478d715f38a8c6669b5c4b49d30a17385265909" "sleep" "infinity", kill_on_drop: false }`
[INFO] [stdout] df5a51b316ea97ad45c3eddba4dc2b22487234cc1839cbbb389ec76b18aae81f
[INFO] running `Command { std: "docker" "start" "df5a51b316ea97ad45c3eddba4dc2b22487234cc1839cbbb389ec76b18aae81f", kill_on_drop: false }`
[INFO] running `Command { std: "docker" "inspect" "df5a51b316ea97ad45c3eddba4dc2b22487234cc1839cbbb389ec76b18aae81f", kill_on_drop: false }`
[INFO] running `Command { std: "docker" "exec" "-e" "SOURCE_DIR=/opt/rustwide/workdir" "-e" "CARGO_HOME=/opt/rustwide/cargo-home" "-e" "RUSTUP_HOME=/opt/rustwide/rustup-home" "-e" "CARGO_TARGET_DIR=/opt/rustwide/target" "-w" "/opt/rustwide/workdir" "--user" "0:0" "df5a51b316ea97ad45c3eddba4dc2b22487234cc1839cbbb389ec76b18aae81f" "/opt/rustwide/cargo-home/bin/cargo" "+1.99.0-beta.8" "metadata" "--no-deps" "--format-version=1", kill_on_drop: false }`
[INFO] running `Command { std: "docker" "inspect" "df5a51b316ea97ad45c3eddba4dc2b22487234cc1839cbbb389ec76b18aae81f", kill_on_drop: false }`
[INFO] running `Command { std: "docker" "exec" "-e" "SOURCE_DIR=/opt/rustwide/workdir" "-e" "CARGO_HOME=/opt/rustwide/cargo-home" "-e" "RUSTUP_HOME=/opt/rustwide/rustup-home" "-e" "CARGO_TARGET_DIR=/opt/rustwide/target" "-e" "CARGO_INCREMENTAL=0" "-e" "RUST_BACKTRACE=full" "-e" "RUSTFLAGS=--cap-lints=warn" "-e" "RUSTDOCFLAGS=--cap-lints=warn" "-w" "/opt/rustwide/workdir" "--user" "0:0" "df5a51b316ea97ad45c3eddba4dc2b22487234cc1839cbbb389ec76b18aae81f" "/opt/rustwide/cargo-home/bin/cargo" "+1.99.0-beta.8" "build" "--frozen" "--message-format=json", kill_on_drop: false }`
[INFO] [stderr]    Compiling proc-macro2 v1.0.107
[INFO] [stderr]    Compiling unicode-ident v1.0.26
[INFO] [stderr]    Compiling serde_core v1.0.229
[INFO] [stderr]    Compiling bitflags v2.13.2
[INFO] [stderr]    Compiling wit-bindgen v0.57.1
[INFO] [stderr]    Compiling smallvec v1.16.2
[INFO] [stderr]    Compiling generic-array v0.14.9
[INFO] [stderr]    Compiling syn v1.0.109
[INFO] [stderr]    Compiling percent-encoding v2.3.2
[INFO] [stderr]    Compiling wit-bindgen v0.51.0
[INFO] [stderr]    Compiling bitflags v1.3.2
[INFO] [stderr]    Compiling indexmap v2.14.2
[INFO] [stderr]    Compiling either v1.18.0
[INFO] [stderr]    Compiling time-core v0.1.9
[INFO] [stderr]    Compiling powerfmt v0.2.1
[INFO] [stderr]    Compiling num-conv v0.2.2
[INFO] [stderr]    Compiling fastly-shared v0.13.1
[INFO] [stderr]    Compiling cfg-if v1.0.5
[INFO] [stderr]    Compiling downcast-rs v1.2.1
[INFO] [stderr]    Compiling form_urlencoded v1.2.2
[INFO] [stderr]    Compiling wasip2 v1.0.4+wasi-0.2.12
[INFO] [stderr]    Compiling itertools v0.13.0
[INFO] [stderr]    Compiling block-buffer v0.9.0
[INFO] [stderr]    Compiling digest v0.9.0
[INFO] [stderr]    Compiling sha2 v0.9.9
[INFO] [stderr]    Compiling elsa v1.11.2
[INFO] [stderr]    Compiling quote v1.0.47
[INFO] [stderr]    Compiling fastly-sys v0.13.1
[INFO] [stderr]    Compiling syn v3.0.6
[INFO] [stderr]    Compiling syn v2.0.119
[INFO] [stderr]    Compiling deranged v0.5.8
[INFO] [stderr]    Compiling serde_json v1.0.151
[INFO] [stderr]    Compiling thiserror-impl v1.0.69
[INFO] [stderr]    Compiling thiserror v1.0.69
[INFO] [stderr]    Compiling synstructure v0.14.0
[INFO] [stderr]    Compiling fastly-macros v0.13.1
[INFO] [stderr]    Compiling zerovec-derive v0.11.6
[INFO] [stderr]    Compiling displaydoc v0.2.7
[INFO] [stderr]    Compiling serde_derive v1.0.229
[INFO] [stderr]    Compiling serde_repr v0.1.21
[INFO] [stderr]    Compiling zerofrom-derive v0.1.8
[INFO] [stderr]    Compiling yoke-derive v0.8.4
[INFO] [stderr]    Compiling time v0.3.55
[INFO] [stderr]    Compiling zerofrom v0.1.8
[INFO] [stderr]    Compiling yoke v0.8.3
[INFO] [stderr]    Compiling zerotrie v0.2.5
[INFO] [stderr]    Compiling zerovec v0.11.8
[INFO] [stderr]    Compiling tinystr v0.8.4
[INFO] [stderr]    Compiling potential_utf v0.1.6
[INFO] [stderr]    Compiling icu_locale_core v2.3.0
[INFO] [stderr]    Compiling icu_collections v2.3.0
[INFO] [stderr]    Compiling icu_provider v2.3.1
[INFO] [stderr]    Compiling serde v1.0.229
[INFO] [stderr]    Compiling icu_properties v2.3.0
[INFO] [stderr]    Compiling icu_normalizer v2.3.0
[INFO] [stderr]    Compiling serde_urlencoded v0.7.1
[INFO] [stderr]    Compiling idna_adapter v1.2.2
[INFO] [stderr]    Compiling idna v1.1.0
[INFO] [stderr]    Compiling url v2.5.8
[INFO] [stderr]    Compiling fastly v0.13.1
[INFO] [stderr]    Compiling fastly-compute-project v0.1.0 (/opt/rustwide/workdir)
[INFO] [stdout] error: linking with `cc` failed: exit status: 1
[INFO] [stdout]   |
[INFO] [stdout]   = note:  "cc" "-m64" "/opt/rustwide/target/debug/deps/rustcAnPu5M/symbols.o" "<2 object files omitted>" "-Wl,--as-needed" "-Wl,-Bstatic" "/opt/rustwide/target/debug/deps/{libfastly-04c7984990914ac4,libserde_urlencoded-f4bc6b7d440e3b60,libryu-1f4f40e4352371e5,libserde_json-87d8c8a8831201be,libmemchr-efcaf924912fba01,libzmij-2ca2f302097868c6,libitertools-5c11080c77719b5a,libeither-6672d77e94153fe0,libmime-0188e0814ca7ddbf,libelsa-4daff72df407ff8d,libindexmap-f8362b905c005e10,libequivalent-6a754676e6af62ae,libhashbrown-d7214d631586fd51,libdowncast_rs-9143b3ab1f004153,libtime-35f4aa1a74318ff2,libpowerfmt-2785fdd3a178f2f6,libnum_conv-8bd7073c84ef42cd,libderanged-d9f7cf657e3e5f31,libtime_core-87cddcae4f761596,libanyhow-eeb2152985963809,liburl-743d84b7344b0a29,libidna-be16e2495d7166a0,libidna_adapter-f26b53c5487099eb,libicu_properties-67d98a24b920333f,libicu_properties_data-3f856f5bc2063921,libicu_normalizer-c26520dbc2cc21be,libsmallvec-b8b62d41308805e6,libicu_normalizer_data-8b25f9eb7a72d68e,libicu_collections-f0211732705da81c,libutf8_iter-51566bbad89f3a68,libpotential_utf-714933538970e63b,libicu_provider-cce31b13b985950a,libicu_locale_core-3df162e986ec617e,libtinystr-94e6c360e8173008,liblitemap-abaddab7afb37065,libwriteable-36514dcf36d12676,libzerovec-8ed6a43385f4df06,libzerotrie-2e8c7c422f7fcfd8,libyoke-f9e75f4d3d302066,libstable_deref_trait-8f5d1ea34607785b,libzerofrom-6329a2c64a500e79,libform_urlencoded-b5e4072bca43860f,libpercent_encoding-60965446a9af8f63,libsha2-c66e8cc37496d2d5,libcpufeatures-e04321643d03190d,libcfg_if-5addb699396bfe5f,libopaque_debug-90e66d859d53ff28,libdigest-02cea2a374a9a83c,libblock_buffer-39b725ab9abe328e,libgeneric_array-d7fd1be7b0bcf040,libtypenum-ed2b1c93b2a4333a,libthiserror-5c47cfa0a00c7062,libserde-eee7707532189885,libserde_core-1024909fd700b20f,libfastly_sys-994dab76a77daf9d,libwit_bindgen-8707b7791856e3c7,libbitflags-dde12b0d7d495b50,libwasip2-0d3e76fb13e46420,libwit_bindgen-63fb2ba1aca3de73,libbitflags-f1dadb638be7cd27,libfastly_shared-260a7c94f2c1e5b7,libhttp-0cd9be9a4e5a2536,libitoa-5de11b3b23bfe572,libbytes-5f66263ae3d5daa8}.rlib" "<sysroot>/lib/rustlib/x86_64-unknown-linux-gnu/lib/{libstd-*,libpanic_unwind-*,libobject-*,libmemchr-*,libaddr2line-*,libgimli-*,libcfg_if-*,librustc_demangle-*,libstd_detect-*,libhashbrown-*,librustc_std_workspace_alloc-*,libminiz_oxide-*,libadler2-*,libunwind-*,liblibc-*,librustc_std_workspace_core-*,liballoc-*,libcore-*,libcompiler_builtins-*}.rlib" "-Wl,-Bdynamic" "-lgcc_s" "-lutil" "-lrt" "-lpthread" "-lm" "-ldl" "-lc" "-L" "/opt/rustwide/target/debug/deps/rustcAnPu5M/raw-dylibs" "-B<sysroot>/lib/rustlib/x86_64-unknown-linux-gnu/bin/gcc-ld" "-fuse-ld=lld" "-Wl,--eh-frame-hdr" "-Wl,-z,noexecstack" "-L" "<sysroot>/lib/rustlib/x86_64-unknown-linux-gnu/lib" "-o" "/opt/rustwide/target/debug/deps/fastly_compute_project-d28d20eb2ef2bae1" "-Wl,--gc-sections" "-pie" "-Wl,-z,relro,-z,now" "-nodefaultlibs"
[INFO] [stdout]   = note: some arguments are omitted. use `--verbose` to show all linker arguments
[INFO] [stdout]   = note: rust-lld: error: undefined symbol: get_age_ns
[INFO] [stdout]           >>> referenced by cache.rs:590 (src/http/cache.rs:590)
[INFO] [stdout]           >>>               fastly-04c7984990914ac4.fastly.77bd6e67280e33f3-cgu.02.rcgu.o:(<fastly::http::cache::HttpCacheHandle>::get_age_ns) in archive /opt/rustwide/target/debug/deps/libfastly-04c7984990914ac4.rlib
[INFO] [stdout]           
[INFO] [stdout]           rust-lld: error: undefined symbol: get_length
[INFO] [stdout]           >>> referenced by cache.rs:537 (src/http/cache.rs:537)
[INFO] [stdout]           >>>               fastly-04c7984990914ac4.fastly.77bd6e67280e33f3-cgu.02.rcgu.o:(<fastly::http::cache::HttpCacheHandle>::get_length) in archive /opt/rustwide/target/debug/deps/libfastly-04c7984990914ac4.rlib
[INFO] [stdout]           
[INFO] [stdout]           rust-lld: error: undefined symbol: get_max_age_ns
[INFO] [stdout]           >>> referenced by cache.rs:550 (src/http/cache.rs:550)
[INFO] [stdout]           >>>               fastly-04c7984990914ac4.fastly.77bd6e67280e33f3-cgu.02.rcgu.o:(<fastly::http::cache::HttpCacheHandle>::get_max_age_ns) in archive /opt/rustwide/target/debug/deps/libfastly-04c7984990914ac4.rlib
[INFO] [stdout]           
[INFO] [stdout]           rust-lld: error: undefined symbol: get_vary_rule
[INFO] [stdout]           >>> referenced by cache.rs:664 (src/http/cache.rs:664)
[INFO] [stdout]           >>>               fastly-04c7984990914ac4.fastly.77bd6e67280e33f3-cgu.02.rcgu.o:(<fastly::http::cache::HttpCacheHandle>::get_vary_rule_abi) in archive /opt/rustwide/target/debug/deps/libfastly-04c7984990914ac4.rlib
[INFO] [stdout]           >>> referenced by cache.rs:674 (src/http/cache.rs:674)
[INFO] [stdout]           >>>               fastly-04c7984990914ac4.fastly.77bd6e67280e33f3-cgu.02.rcgu.o:(<fastly::http::cache::HttpCacheHandle>::get_vary_rule_abi) in archive /opt/rustwide/target/debug/deps/libfastly-04c7984990914ac4.rlib
[INFO] [stdout]           
[INFO] [stdout]           rust-lld: error: undefined symbol: get_found_response
[INFO] [stdout]           >>> referenced by cache.rs:482 (src/http/cache.rs:482)
[INFO] [stdout]           >>>               fastly-04c7984990914ac4.fastly.77bd6e67280e33f3-cgu.02.rcgu.o:(<fastly::http::cache::HttpCacheHandle>::get_found_response) in archive /opt/rustwide/target/debug/deps/libfastly-04c7984990914ac4.rlib
[INFO] [stdout]           
[INFO] [stdout]           rust-lld: error: undefined symbol: get_sensitive_data
[INFO] [stdout]           >>> referenced by cache.rs:616 (src/http/cache.rs:616)
[INFO] [stdout]           >>>               fastly-04c7984990914ac4.fastly.77bd6e67280e33f3-cgu.02.rcgu.o:(<fastly::http::cache::HttpCacheHandle>::get_sensitive_data) in archive /opt/rustwide/target/debug/deps/libfastly-04c7984990914ac4.rlib
[INFO] [stdout]           
[INFO] [stdout]           rust-lld: error: undefined symbol: transaction_insert
[INFO] [stdout]           >>> referenced by cache.rs:235 (src/http/cache.rs:235)
[INFO] [stdout]           >>>               fastly-04c7984990914ac4.fastly.77bd6e67280e33f3-cgu.02.rcgu.o:(<fastly::http::cache::HttpCacheHandle>::transaction_insert) in archive /opt/rustwide/target/debug/deps/libfastly-04c7984990914ac4.rlib
[INFO] [stdout]           
[INFO] [stdout]           rust-lld: error: undefined symbol: transaction_update
[INFO] [stdout]           >>> referenced by cache.rs:277 (src/http/cache.rs:277)
[INFO] [stdout]           >>>               fastly-04c7984990914ac4.fastly.77bd6e67280e33f3-cgu.02.rcgu.o:(<fastly::http::cache::HttpCacheHandle>::transaction_update) in archive /opt/rustwide/target/debug/deps/libfastly-04c7984990914ac4.rlib
[INFO] [stdout]           
[INFO] [stdout]           rust-lld: error: undefined symbol: transaction_abandon
[INFO] [stdout]           >>> referenced by cache.rs:336 (src/http/cache.rs:336)
[INFO] [stdout]           >>>               fastly-04c7984990914ac4.fastly.77bd6e67280e33f3-cgu.02.rcgu.o:(<fastly::http::cache::HttpCacheHandle>::transaction_abandon) in archive /opt/rustwide/target/debug/deps/libfastly-04c7984990914ac4.rlib
[INFO] [stdout]           
[INFO] [stdout]           rust-lld: error: undefined symbol: get_stale_if_error_ns
[INFO] [stdout]           >>> referenced by cache.rs:577 (src/http/cache.rs:577)
[INFO] [stdout]           >>>               fastly-04c7984990914ac4.fastly.77bd6e67280e33f3-cgu.02.rcgu.o:(<fastly::http::cache::HttpCacheHandle>::get_stale_if_error_ns) in archive /opt/rustwide/target/debug/deps/libfastly-04c7984990914ac4.rlib
[INFO] [stdout]           
[INFO] [stdout]           rust-lld: error: undefined symbol: get_surrogate_keys
[INFO] [stdout]           >>> referenced by cache.rs:631 (src/http/cache.rs:631)
[INFO] [stdout]           >>>               fastly-04c7984990914ac4.fastly.77bd6e67280e33f3-cgu.02.rcgu.o:(<fastly::http::cache::HttpCacheHandle>::get_surrogate_keys_abi) in archive /opt/rustwide/target/debug/deps/libfastly-04c7984990914ac4.rlib
[INFO] [stdout]           >>> referenced by cache.rs:641 (src/http/cache.rs:641)
[INFO] [stdout]           >>>               fastly-04c7984990914ac4.fastly.77bd6e67280e33f3-cgu.02.rcgu.o:(<fastly::http::cache::HttpCacheHandle>::get_surrogate_keys_abi) in archive /opt/rustwide/target/debug/deps/libfastly-04c7984990914ac4.rlib
[INFO] [stdout]           
[INFO] [stdout]           rust-lld: error: undefined symbol: transaction_choose_stale
[INFO] [stdout]           >>> referenced by cache.rs:309 (src/http/cache.rs:309)
[INFO] [stdout]           >>>               fastly-04c7984990914ac4.fastly.77bd6e67280e33f3-cgu.02.rcgu.o:(<fastly::http::cache::HttpCacheHandle>::transaction_choose_stale) in archive /opt/rustwide/target/debug/deps/libfastly-04c7984990914ac4.rlib
[INFO] [stdout]           
[INFO] [stdout]           rust-lld: error: undefined symbol: get_suggested_cache_options
[INFO] [stdout]           >>> referenced by cache.rs:391 (src/http/cache.rs:391)
[INFO] [stdout]           >>>               fastly-04c7984990914ac4.fastly.77bd6e67280e33f3-cgu.02.rcgu.o:(<fastly::http::cache::HttpCacheHandle>::get_suggested_cache_options) in archive /opt/rustwide/target/debug/deps/libfastly-04c7984990914ac4.rlib
[INFO] [stdout]           >>> referenced by cache.rs:418 (src/http/cache.rs:418)
[INFO] [stdout]           >>>               fastly-04c7984990914ac4.fastly.77bd6e67280e33f3-cgu.02.rcgu.o:(<fastly::http::cache::HttpCacheHandle>::get_suggested_cache_options) in archive /opt/rustwide/target/debug/deps/libfastly-04c7984990914ac4.rlib
[INFO] [stdout]           
[INFO] [stdout]           rust-lld: error: undefined symbol: prepare_response_for_storage
[INFO] [stdout]           >>> referenced by cache.rs:466 (src/http/cache.rs:466)
[INFO] [stdout]           >>>               fastly-04c7984990914ac4.fastly.77bd6e67280e33f3-cgu.02.rcgu.o:(<fastly::http::cache::HttpCacheHandle>::prepare_response_for_storage) in archive /opt/rustwide/target/debug/deps/libfastly-04c7984990914ac4.rlib
[INFO] [stdout]           
[INFO] [stdout]           rust-lld: error: undefined symbol: get_stale_while_revalidate_ns
[INFO] [stdout]           >>> referenced by cache.rs:564 (src/http/cache.rs:564)
[INFO] [stdout]           >>>               fastly-04c7984990914ac4.fastly.77bd6e67280e33f3-cgu.02.rcgu.o:(<fastly::http::cache::HttpCacheHandle>::get_stale_while_revalidate_ns) in archive /opt/rustwide/target/debug/deps/libfastly-04c7984990914ac4.rlib
[INFO] [stdout]           
[INFO] [stdout]           rust-lld: error: undefined symbol: get_suggested_backend_request
[INFO] [stdout]           >>> referenced by cache.rs:355 (src/http/cache.rs:355)
[INFO] [stdout]           >>>               fastly-04c7984990914ac4.fastly.77bd6e67280e33f3-cgu.02.rcgu.o:(<fastly::http::cache::HttpCacheHandle>::get_suggested_backend_request) in archive /opt/rustwide/target/debug/deps/libfastly-04c7984990914ac4.rlib
[INFO] [stdout]           
[INFO] [stdout]           rust-lld: error: undefined symbol: transaction_record_not_cacheable
[INFO] [stdout]           >>> referenced by cache.rs:330 (src/http/cache.rs:330)
[INFO] [stdout]           >>>               fastly-04c7984990914ac4.fastly.77bd6e67280e33f3-cgu.02.rcgu.o:(<fastly::http::cache::HttpCacheHandle>::transaction_record_not_cacheable) in archive /opt/rustwide/target/debug/deps/libfastly-04c7984990914ac4.rlib
[INFO] [stdout]           
[INFO] [stdout]           rust-lld: error: undefined symbol: transaction_insert_and_stream_back
[INFO] [stdout]           >>> referenced by cache.rs:256 (src/http/cache.rs:256)
[INFO] [stdout]           >>>               fastly-04c7984990914ac4.fastly.77bd6e67280e33f3-cgu.02.rcgu.o:(<fastly::http::cache::HttpCacheHandle>::transaction_insert_and_stream_back) in archive /opt/rustwide/target/debug/deps/libfastly-04c7984990914ac4.rlib
[INFO] [stdout]           
[INFO] [stdout]           rust-lld: error: undefined symbol: transaction_update_and_return_fresh
[INFO] [stdout]           >>> referenced by cache.rs:296 (src/http/cache.rs:296)
[INFO] [stdout]           >>>               fastly-04c7984990914ac4.fastly.77bd6e67280e33f3-cgu.02.rcgu.o:(<fastly::http::cache::HttpCacheHandle>::transaction_update_and_return_fresh) in archive /opt/rustwide/target/debug/deps/libfastly-04c7984990914ac4.rlib
[INFO] [stdout]           
[INFO] [stdout]           rust-lld: error: undefined symbol: get_state
[INFO] [stdout]           >>> referenced by cache.rs:349 (src/http/cache.rs:349)
[INFO] [stdout]           >>>               fastly-04c7984990914ac4.fastly.77bd6e67280e33f3-cgu.02.rcgu.o:(<fastly::http::cache::HttpCacheHandle>::wait) in archive /opt/rustwide/target/debug/deps/libfastly-04c7984990914ac4.rlib
[INFO] [stdout]           >>> referenced by cache.rs:524 (src/http/cache.rs:524)
[INFO] [stdout]           >>>               fastly-04c7984990914ac4.fastly.77bd6e67280e33f3-cgu.02.rcgu.o:(<fastly::http::cache::HttpCacheHandle>::get_state) in archive /opt/rustwide/target/debug/deps/libfastly-04c7984990914ac4.rlib
[INFO] [stdout]           
[INFO] [stdout]           rust-lld: error: too many errors emitted, stopping now (use --error-limit=0 to see all errors)
[INFO] [stdout]           collect2: error: ld returned 1 exit status
[INFO] [stdout]           
[INFO] [stdout] 
[INFO] [stdout] 
[INFO] [stderr] error: could not compile `fastly-compute-project` (bin "fastly-compute-project") due to 1 previous error
[INFO] running `Command { std: "docker" "inspect" "df5a51b316ea97ad45c3eddba4dc2b22487234cc1839cbbb389ec76b18aae81f", kill_on_drop: false }`
[INFO] running `Command { std: "docker" "rm" "-f" "df5a51b316ea97ad45c3eddba4dc2b22487234cc1839cbbb389ec76b18aae81f", kill_on_drop: false }`
[INFO] [stdout] df5a51b316ea97ad45c3eddba4dc2b22487234cc1839cbbb389ec76b18aae81f
