[INFO] cloning repository https://github.com/edg-l/homura
[INFO] running `Command { std: "git" "-c" "credential.helper=" "-c" "credential.helper=/workspace/cargo-home/bin/git-credential-null" "clone" "--bare" "https://github.com/edg-l/homura" "/workspace/cache/git-repos/https%3A%2F%2Fgithub.com%2Fedg-l%2Fhomura", kill_on_drop: false }`
[INFO] [stderr] Cloning into bare repository '/workspace/cache/git-repos/https%3A%2F%2Fgithub.com%2Fedg-l%2Fhomura'...
[INFO] running `Command { std: "git" "rev-parse" "HEAD", kill_on_drop: false }`
[INFO] [stdout] 0fd8e4a07578494066a648eb4d66c5568d0ec7b2
[INFO] testing edg-l/homura against 1.100.0-beta.1 for beta-1.100-2
[INFO] running `Command { std: "git" "clone" "/workspace/cache/git-repos/https%3A%2F%2Fgithub.com%2Fedg-l%2Fhomura" "/workspace/builds/worker-7-tc2/source", kill_on_drop: false }`
[INFO] [stderr] Cloning into '/workspace/builds/worker-7-tc2/source'...
[INFO] [stderr] done.
[INFO] removed /workspace/builds/worker-7-tc2/source/.cargo/config.toml
[INFO] started tweaking git repo https://github.com/edg-l/homura
[INFO] finished tweaking git repo https://github.com/edg-l/homura
[INFO] tweaked toml for git repo https://github.com/edg-l/homura written to /workspace/builds/worker-7-tc2/source/Cargo.toml
[INFO] validating manifest of git repo https://github.com/edg-l/homura on toolchain 1.100.0-beta.1
[INFO] running `Command { std: CARGO_HOME="/workspace/cargo-home" RUSTUP_HOME="/workspace/rustup-home" "/workspace/cargo-home/bin/cargo" "+1.100.0-beta.1" "metadata" "--manifest-path" "Cargo.toml" "--no-deps", kill_on_drop: false }`
[INFO] crate git repo https://github.com/edg-l/homura already has a lockfile, it will not be regenerated
[INFO] running `Command { std: CARGO_HOME="/workspace/cargo-home" RUSTUP_HOME="/workspace/rustup-home" "/workspace/cargo-home/bin/cargo" "+1.100.0-beta.1" "fetch" "--manifest-path" "Cargo.toml", kill_on_drop: false }`
[INFO] running `Command { std: "docker" "create" "-v" "/var/lib/crater-agent-workspace/builds/worker-7-tc2/source:/opt/rustwide/workdir:ro,Z" "-v" "/var/lib/crater-agent-workspace/builds/worker-7-tc2/target:/opt/rustwide/target:rw,Z" "-v" "/var/lib/crater-agent-workspace/cargo-home:/opt/rustwide/cargo-home:ro,Z" "-v" "/var/lib/crater-agent-workspace/rustup-home:/opt/rustwide/rustup-home:ro,Z" "-m" "1610612736" "--network" "none" "ghcr.io/rust-lang/crates-build-env/linux@sha256:3111399a4047eeb3a02b7a90e478d715f38a8c6669b5c4b49d30a17385265909" "sleep" "infinity", kill_on_drop: false }`
[INFO] [stdout] 7888716143c81504cdce948bb6fd8a084e08db23a7ce1a3d64ad12312df8b938
[INFO] running `Command { std: "docker" "start" "7888716143c81504cdce948bb6fd8a084e08db23a7ce1a3d64ad12312df8b938", kill_on_drop: false }`
[INFO] running `Command { std: "docker" "inspect" "7888716143c81504cdce948bb6fd8a084e08db23a7ce1a3d64ad12312df8b938", kill_on_drop: false }`
[INFO] running `Command { std: "docker" "exec" "-e" "SOURCE_DIR=/opt/rustwide/workdir" "-e" "CARGO_HOME=/opt/rustwide/cargo-home" "-e" "RUSTUP_HOME=/opt/rustwide/rustup-home" "-e" "CARGO_TARGET_DIR=/opt/rustwide/target" "-w" "/opt/rustwide/workdir" "--user" "0:0" "7888716143c81504cdce948bb6fd8a084e08db23a7ce1a3d64ad12312df8b938" "/opt/rustwide/cargo-home/bin/cargo" "+1.100.0-beta.1" "metadata" "--no-deps" "--format-version=1", kill_on_drop: false }`
[INFO] running `Command { std: "docker" "inspect" "7888716143c81504cdce948bb6fd8a084e08db23a7ce1a3d64ad12312df8b938", kill_on_drop: false }`
[INFO] running `Command { std: "docker" "exec" "-e" "SOURCE_DIR=/opt/rustwide/workdir" "-e" "CARGO_HOME=/opt/rustwide/cargo-home" "-e" "RUSTUP_HOME=/opt/rustwide/rustup-home" "-e" "CARGO_TARGET_DIR=/opt/rustwide/target" "-e" "CARGO_INCREMENTAL=0" "-e" "RUST_BACKTRACE=full" "-e" "RUSTFLAGS=--cap-lints=warn" "-e" "RUSTDOCFLAGS=--cap-lints=warn" "-w" "/opt/rustwide/workdir" "--user" "0:0" "7888716143c81504cdce948bb6fd8a084e08db23a7ce1a3d64ad12312df8b938" "/opt/rustwide/cargo-home/bin/cargo" "+1.100.0-beta.1" "build" "--frozen" "--message-format=json", kill_on_drop: false }`
[INFO] [stderr]    Compiling proc-macro2 v1.0.106
[INFO] [stderr]    Compiling unicode-ident v1.0.24
[INFO] [stderr]    Compiling quote v1.0.45
[INFO] [stderr]    Compiling shlex v1.3.0
[INFO] [stderr]    Compiling libc v0.2.183
[INFO] [stderr]    Compiling find-msvc-tools v0.1.9
[INFO] [stderr]    Compiling cfg-if v1.0.4
[INFO] [stderr]    Compiling memchr v2.8.0
[INFO] [stderr]    Compiling itoa v1.0.17
[INFO] [stderr]    Compiling either v1.15.0
[INFO] [stderr]    Compiling pkg-config v0.3.32
[INFO] [stderr]    Compiling bytes v1.11.1
[INFO] [stderr]    Compiling pin-project-lite v0.2.17
[INFO] [stderr]    Compiling once_cell v1.21.4
[INFO] [stderr]    Compiling cc v1.2.57
[INFO] [stderr]    Compiling serde_core v1.0.228
[INFO] [stderr]    Compiling futures-core v0.3.32
[INFO] [stderr]    Compiling stable_deref_trait v1.2.1
[INFO] [stderr]    Compiling prettyplease v0.2.37
[INFO] [stderr]    Compiling regex-syntax v0.8.10
[INFO] [stderr]    Compiling glob v0.3.3
[INFO] [stderr]    Compiling bitflags v2.11.0
[INFO] [stderr]    Compiling futures-sink v0.3.32
[INFO] [stderr]    Compiling serde v1.0.228
[INFO] [stderr]    Compiling log v0.4.29
[INFO] [stderr]    Compiling minimal-lexical v0.2.1
[INFO] [stderr]    Compiling vcpkg v0.2.15
[INFO] [stderr]    Compiling anyhow v1.0.102
[INFO] [stderr]    Compiling libloading v0.8.9
[INFO] [stderr]    Compiling fastrand v2.3.0
[INFO] [stderr]    Compiling slab v0.4.12
[INFO] [stderr]    Compiling rustc-hash v2.1.1
[INFO] [stderr]    Compiling clang-sys v1.8.1
[INFO] [stderr]    Compiling bindgen v0.72.1
[INFO] [stderr]    Compiling smallvec v1.15.1
[INFO] [stderr]    Compiling aho-corasick v1.1.4
[INFO] [stderr]    Compiling nom v7.1.3
[INFO] [stderr]    Compiling futures-channel v0.3.32
[INFO] [stderr]    Compiling itertools v0.13.0
[INFO] [stderr]    Compiling futures-io v0.3.32
[INFO] [stderr]    Compiling zmij v1.0.21
[INFO] [stderr]    Compiling http v1.4.0
[INFO] [stderr]    Compiling syn v2.0.117
[INFO] [stderr]    Compiling httparse v1.10.1
[INFO] [stderr]    Compiling openssl-sys v0.9.112
[INFO] [stderr]    Compiling zeroize v1.8.2
[INFO] [stderr]    Compiling futures-task v0.3.32
[INFO] [stderr]    Compiling litemap v0.8.1
[INFO] [stderr]    Compiling writeable v0.6.2
[INFO] [stderr]    Compiling siphasher v1.0.2
[INFO] [stderr]    Compiling thiserror v2.0.18
[INFO] [stderr]    Compiling mio v1.1.1
[INFO] [stderr]    Compiling socket2 v0.6.3
[INFO] [stderr]    Compiling icu_properties_data v2.1.2
[INFO] [stderr]    Compiling phf_shared v0.13.1
[INFO] [stderr]    Compiling openssl v0.10.76
[INFO] [stderr]    Compiling crossbeam-utils v0.8.21
[INFO] [stderr]    Compiling zerocopy v0.8.42
[INFO] [stderr]    Compiling foreign-types-shared v0.1.1
[INFO] [stderr]    Compiling percent-encoding v2.3.2
[INFO] [stderr]    Compiling serde_json v1.0.149
[INFO] [stderr]    Compiling icu_normalizer_data v2.1.1
[INFO] [stderr]    Compiling getrandom v0.3.4
[INFO] [stderr]    Compiling http-body v1.0.1
[INFO] [stderr]    Compiling foreign-types v0.3.2
[INFO] [stderr]    Compiling rustls-pki-types v1.14.0
[INFO] [stderr]    Compiling ring v0.17.14
[INFO] [stderr]    Compiling tracing-core v0.1.36
[INFO] [stderr]    Compiling itertools v0.14.0
[INFO] [stderr]    Compiling fnv v1.0.7
[INFO] [stderr]    Compiling paste v1.0.15
[INFO] [stderr]    Compiling regex-automata v0.4.14
[INFO] [stderr]    Compiling native-tls v0.2.18
[INFO] [stderr]    Compiling strsim v0.11.1
[INFO] [stderr]    Compiling ident_case v1.0.1
[INFO] [stderr]    Compiling equivalent v1.0.2
[INFO] [stderr]    Compiling hashbrown v0.16.1
[INFO] [stderr]    Compiling tracing v0.1.44
[INFO] [stderr]    Compiling cexpr v0.6.0
[INFO] [stderr]    Compiling phf_generator v0.13.1
[INFO] [stderr]    Compiling openssl-probe v0.2.1
[INFO] [stderr]    Compiling base64 v0.22.1
[INFO] [stderr]    Compiling getrandom v0.4.2
[INFO] [stderr]    Compiling indexmap v2.13.0
[INFO] [stderr]    Compiling tinyvec_macros v0.1.1
[INFO] [stderr]    Compiling try-lock v0.2.5
[INFO] [stderr]    Compiling atomic-waker v1.1.2
[INFO] [stderr]    Compiling rustix v1.1.4
[INFO] [stderr]    Compiling tower-service v0.3.3
[INFO] [stderr]    Compiling want v0.3.1
[INFO] [stderr]    Compiling tinyvec v1.11.0
[INFO] [stderr]    Compiling phf_codegen v0.13.1
[INFO] [stderr]    Compiling crossbeam-epoch v0.9.18
[INFO] [stderr]    Compiling getrandom v0.2.17
[INFO] [stderr]    Compiling cmake v0.1.57
[INFO] [stderr]    Compiling entities v1.0.1
[INFO] [stderr]    Compiling ryu v1.0.23
[INFO] [stderr]    Compiling jetscii v0.5.3
[INFO] [stderr]    Compiling untrusted v0.9.0
[INFO] [stderr]    Compiling linux-raw-sys v0.12.1
[INFO] [stderr]    Compiling pin-utils v0.1.0
[INFO] [stderr]    Compiling rayon-core v1.13.0
[INFO] [stderr]    Compiling rustversion v1.0.22
[INFO] [stderr]    Compiling heck v0.5.0
[INFO] [stderr]    Compiling crc32fast v1.5.0
[INFO] [stderr]    Compiling protobuf-src v2.1.1+27.1
[INFO] [stderr]    Compiling comrak v0.51.0
[INFO] [stderr]    Compiling unicode-normalization v0.1.25
[INFO] [stderr]    Compiling crossbeam-deque v0.8.6
[INFO] [stderr]    Compiling rand_core v0.9.5
[INFO] [stderr]    Compiling form_urlencoded v1.2.2
[INFO] [stderr]    Compiling onig_sys v69.9.1
[INFO] [stderr]    Compiling sync_wrapper v1.0.2
[INFO] [stderr]    Compiling version_check v0.9.5
[INFO] [stderr]    Compiling utf8parse v0.2.2
[INFO] [stderr]    Compiling utf8_iter v1.0.4
[INFO] [stderr]    Compiling fixedbitset v0.5.7
[INFO] [stderr]    Compiling base64ct v1.8.3
[INFO] [stderr]    Compiling lazy_static v1.5.0
[INFO] [stderr]    Compiling semver v1.0.27
[INFO] [stderr]    Compiling adler2 v2.0.1
[INFO] [stderr]    Compiling tower-layer v0.3.3
[INFO] [stderr]    Compiling ipnet v2.12.0
[INFO] [stderr]    Compiling rustls v0.23.37
[INFO] [stderr]    Compiling simd-adler32 v0.3.8
[INFO] [stderr]    Compiling regex-lite v0.1.9
[INFO] [stderr]    Compiling regex v1.12.3
[INFO] [stderr]    Compiling portable-atomic v1.13.1
[INFO] [stderr]    Compiling miniz_oxide v0.8.9
[INFO] [stderr]    Compiling synstructure v0.13.2
[INFO] [stderr]    Compiling darling_core v0.20.11
[INFO] [stderr]    Compiling tempfile v3.27.0
[INFO] [stderr]    Compiling llvm-sys v211.0.0
[INFO] [stderr]    Compiling pem-rfc7468 v0.7.0
[INFO] [stderr]    Compiling petgraph v0.7.1
[INFO] [stderr]    Compiling ahash v0.8.12
[INFO] [stderr]    Compiling caseless v0.2.2
[INFO] [stderr]    Compiling anstyle-parse v1.0.0
[INFO] [stderr]    Compiling http-body-util v0.1.3
[INFO] [stderr]    Compiling phf v0.13.1
[INFO] [stderr]    Compiling esaxx-rs v0.1.10
[INFO] [stderr]    Compiling unicode-width v0.2.2
[INFO] [stderr]    Compiling finl_unicode v1.4.0
[INFO] [stderr]    Compiling multimap v0.10.1
[INFO] [stderr]    Compiling zerofrom-derive v0.1.6
[INFO] [stderr]    Compiling yoke-derive v0.8.1
[INFO] [stderr]    Compiling zerovec-derive v0.11.2
[INFO] [stderr]    Compiling displaydoc v0.2.5
[INFO] [stderr]    Compiling serde_derive v1.0.228
[INFO] [stderr]    Compiling tokio-macros v2.6.1
[INFO] [stderr]    Compiling futures-macro v0.3.32
[INFO] [stderr]    Compiling thiserror-impl v2.0.18
[INFO] [stderr]    Compiling openssl-macros v0.1.1
[INFO] [stderr]    Compiling tokio v1.50.0
[INFO] [stderr]    Compiling zerofrom v0.1.6
[INFO] [stderr]    Compiling yoke v0.8.1
[INFO] [stderr]    Compiling futures-util v0.3.32
[INFO] [stderr]    Compiling prost-derive v0.13.5
[INFO] [stderr]    Compiling zerovec v0.11.5
[INFO] [stderr]    Compiling zerotrie v0.2.3
[INFO] [stderr]    Compiling ppv-lite86 v0.2.21
[INFO] [stderr]    Compiling darling_macro v0.20.11
[INFO] [stderr]    Compiling colorchoice v1.0.5
[INFO] [stderr]    Compiling darling v0.20.11
[INFO] [stderr]    Compiling tinystr v0.8.2
[INFO] [stderr]    Compiling potential_utf v0.1.4
[INFO] [stderr]    Compiling derive_builder_core v0.20.2
[INFO] [stderr]    Compiling icu_locale_core v2.1.1
[INFO] [stderr]    Compiling icu_collections v2.1.1
[INFO] [stderr]    Compiling rand_chacha v0.9.0
[INFO] [stderr]    Compiling melior-macro v0.19.4
[INFO] [stderr]    Compiling option-ext v0.2.0
[INFO] [stderr]    Compiling unicode-segmentation v1.12.0
[INFO] [stderr]    Compiling typed-arena v2.0.2
[INFO] [stderr]    Compiling prost v0.13.5
[INFO] [stderr]    Compiling subtle v2.6.1
[INFO] [stderr]    Compiling prost-types v0.13.5
[INFO] [stderr]    Compiling icu_provider v2.1.1
[INFO] [stderr]    Compiling byteorder v1.5.0
[INFO] [stderr]    Compiling is_terminal_polyfill v1.70.2
[INFO] [stderr]    Compiling anstyle v1.0.14
[INFO] [stderr] error: could not compile `bindgen` (lib)
[INFO] [stderr] 
[INFO] [stderr] Caused by:
[INFO] [stderr]   process didn't exit successfully: `/opt/rustwide/rustup-home/toolchains/1.100.0-beta.1-x86_64-unknown-linux-gnu/bin/rustc --crate-name bindgen --edition=2021 /opt/rustwide/cargo-home/registry/src/index.crates.io-1949cf8c6b5b557f/bindgen-0.72.1/lib.rs --error-format=json --json=diagnostic-rendered-ansi,artifacts,future-incompat,unused-externs-silent --crate-type lib --emit=dep-info,metadata,link -C embed-bitcode=no --cfg 'feature="default"' --cfg 'feature="logging"' --cfg 'feature="prettyplease"' --cfg 'feature="runtime"' --check-cfg 'cfg(docsrs,test)' --check-cfg 'cfg(feature, values("__cli", "__testing_only_extra_assertions", "__testing_only_libclang_16", "__testing_only_libclang_9", "default", "experimental", "logging", "prettyplease", "runtime", "static"))' -C metadata=a44db0189333d0dd -C extra-filename=-9e939eddde6a8bc3 --out-dir /opt/rustwide/target/debug/build/bindgen/9e939eddde6a8bc3/out -L dependency=/opt/rustwide/target/debug/build/aho-corasick/19576dc343f24f1f/out -L dependency=/opt/rustwide/target/debug/build/cfg-if/3000c8f82fa1e358/out -L dependency=/opt/rustwide/target/debug/build/either/82135afe4307f14c/out -L dependency=/opt/rustwide/target/debug/build/glob/ea04e56e1495cd4b/out -L dependency=/opt/rustwide/target/debug/build/libc/e34bc14d7a23b6dc/out -L dependency=/opt/rustwide/target/debug/build/libloading/f7a0b6e024a94fb1/out -L dependency=/opt/rustwide/target/debug/build/memchr/11df29a2f45a0c33/out -L dependency=/opt/rustwide/target/debug/build/minimal-lexical/5c460c37ff8bd65d/out -L dependency=/opt/rustwide/target/debug/build/nom/d567eb427f8bc278/out -L dependency=/opt/rustwide/target/debug/build/proc-macro2/154be7f81f34ed1b/out -L dependency=/opt/rustwide/target/debug/build/quote/a87dd5cb7e80719c/out -L dependency=/opt/rustwide/target/debug/build/regex-automata/e936d505daa2d01e/out -L dependency=/opt/rustwide/target/debug/build/regex-syntax/4cae5ca439a8fa94/out -L dependency=/opt/rustwide/target/debug/build/syn/c3ddb4f2d88afdfd/out -L dependency=/opt/rustwide/target/debug/build/unicode-ident/86faa6b6bcc5b157/out --extern bitflags=/opt/rustwide/target/debug/build/bitflags/b9acaa4c5fa059b9/out/libbitflags-b9acaa4c5fa059b9.rmeta --extern cexpr=/opt/rustwide/target/debug/build/cexpr/c674d1b6699544c8/out/libcexpr-c674d1b6699544c8.rmeta --extern clang_sys=/opt/rustwide/target/debug/build/clang-sys/f0b6da60d9e93170/out/libclang_sys-f0b6da60d9e93170.rmeta --extern itertools=/opt/rustwide/target/debug/build/itertools/b3eed9f446bdf110/out/libitertools-b3eed9f446bdf110.rmeta --extern log=/opt/rustwide/target/debug/build/log/a938a9922e13232c/out/liblog-a938a9922e13232c.rmeta --extern prettyplease=/opt/rustwide/target/debug/build/prettyplease/e514a761cf425e8b/out/libprettyplease-e514a761cf425e8b.rmeta --extern proc_macro2=/opt/rustwide/target/debug/build/proc-macro2/154be7f81f34ed1b/out/libproc_macro2-154be7f81f34ed1b.rmeta --extern quote=/opt/rustwide/target/debug/build/quote/a87dd5cb7e80719c/out/libquote-a87dd5cb7e80719c.rmeta --extern regex=/opt/rustwide/target/debug/build/regex/d4215557a231bb87/out/libregex-d4215557a231bb87.rmeta --extern rustc_hash=/opt/rustwide/target/debug/build/rustc-hash/c7f5a35228cdce47/out/librustc_hash-c7f5a35228cdce47.rmeta --extern shlex=/opt/rustwide/target/debug/build/shlex/d42f9967807a45e2/out/libshlex-d42f9967807a45e2.rmeta --extern syn=/opt/rustwide/target/debug/build/syn/c3ddb4f2d88afdfd/out/libsyn-c3ddb4f2d88afdfd.rmeta --cap-lints allow --cap-lints=warn --force-warn=unused_crate_dependencies` (signal: 9, SIGKILL: kill)
[INFO] [stderr] warning: build failed, waiting for other jobs to finish...
[INFO] [stderr] error: could not compile `regex-syntax` (lib)
[INFO] [stderr] 
[INFO] [stderr] Caused by:
[INFO] [stderr]   process didn't exit successfully: `/opt/rustwide/rustup-home/toolchains/1.100.0-beta.1-x86_64-unknown-linux-gnu/bin/rustc --crate-name regex_syntax --edition=2021 /opt/rustwide/cargo-home/registry/src/index.crates.io-1949cf8c6b5b557f/regex-syntax-0.8.10/src/lib.rs --error-format=json --json=diagnostic-rendered-ansi,artifacts,future-incompat,unused-externs-silent --crate-type lib --emit=dep-info,metadata,link -C opt-level=2 -C embed-bitcode=no -C debuginfo=2 -C debug-assertions=on --cfg 'feature="default"' --cfg 'feature="std"' --cfg 'feature="unicode"' --cfg 'feature="unicode-age"' --cfg 'feature="unicode-bool"' --cfg 'feature="unicode-case"' --cfg 'feature="unicode-gencat"' --cfg 'feature="unicode-perl"' --cfg 'feature="unicode-script"' --cfg 'feature="unicode-segment"' --check-cfg 'cfg(docsrs,test)' --check-cfg 'cfg(feature, values("arbitrary", "default", "std", "unicode", "unicode-age", "unicode-bool", "unicode-case", "unicode-gencat", "unicode-perl", "unicode-script", "unicode-segment"))' -C metadata=a25a4481f3c7b8bf -C extra-filename=-e4a8765256969732 --out-dir /opt/rustwide/target/debug/build/regex-syntax/e4a8765256969732/out --cap-lints allow --cap-lints=warn --force-warn=unused_crate_dependencies` (signal: 9, SIGKILL: kill)
[INFO] [stderr] error: failed to run custom build command for `protobuf-src v2.1.1+27.1`
[INFO] [stderr] note: To improve backtraces for build dependencies, set the CARGO_PROFILE_DEV_BUILD_OVERRIDE_DEBUG=true environment variable to enable debug information generation.
[INFO] [stderr] 
[INFO] [stderr] Caused by:
[INFO] [stderr]   process didn't exit successfully: `/opt/rustwide/target/debug/build/protobuf-src/a976759edd1ef5b8/out/build_script_build` (exit status: 101)
[INFO] [stderr]   --- stdout
[INFO] [stderr]   CMAKE_TOOLCHAIN_FILE_x86_64-unknown-linux-gnu = None
[INFO] [stderr]   CMAKE_TOOLCHAIN_FILE_x86_64_unknown_linux_gnu = None
[INFO] [stderr]   HOST_CMAKE_TOOLCHAIN_FILE = None
[INFO] [stderr]   CMAKE_TOOLCHAIN_FILE = None
[INFO] [stderr]   CMAKE_GENERATOR_x86_64-unknown-linux-gnu = None
[INFO] [stderr]   CMAKE_GENERATOR_x86_64_unknown_linux_gnu = None
[INFO] [stderr]   HOST_CMAKE_GENERATOR = None
[INFO] [stderr]   CMAKE_GENERATOR = None
[INFO] [stderr]   CMAKE_PREFIX_PATH_x86_64-unknown-linux-gnu = None
[INFO] [stderr]   CMAKE_PREFIX_PATH_x86_64_unknown_linux_gnu = None
[INFO] [stderr]   HOST_CMAKE_PREFIX_PATH = None
[INFO] [stderr]   CMAKE_PREFIX_PATH = None
[INFO] [stderr]   CMAKE_x86_64-unknown-linux-gnu = None
[INFO] [stderr]   CMAKE_x86_64_unknown_linux_gnu = None
[INFO] [stderr]   HOST_CMAKE = None
[INFO] [stderr]   CMAKE = None
[INFO] [stderr]   -- The C compiler identification is GNU 15.2.0
[INFO] [stderr]   -- The CXX compiler identification is GNU 15.2.0
[INFO] [stderr]   -- Detecting C compiler ABI info
[INFO] [stderr]   -- Detecting C compiler ABI info - done
[INFO] [stderr]   -- Check for working C compiler: /usr/bin/cc - skipped
[INFO] [stderr]   -- Detecting C compile features
[INFO] [stderr]   -- Detecting C compile features - done
[INFO] [stderr]   -- Detecting CXX compiler ABI info
[INFO] [stderr]   -- Detecting CXX compiler ABI info - done
[INFO] [stderr]   -- Check for working CXX compiler: /usr/bin/c++ - skipped
[INFO] [stderr]   -- Detecting CXX compile features
[INFO] [stderr]   -- Detecting CXX compile features - done
[INFO] [stderr]   -- 
[INFO] [stderr]   -- 27.2.0
[INFO] [stderr]   -- Performing Test protobuf_HAVE_LD_VERSION_SCRIPT
[INFO] [stderr]   -- Performing Test protobuf_HAVE_LD_VERSION_SCRIPT - Success
[INFO] [stderr]   -- Performing Test CMAKE_HAVE_LIBC_PTHREAD
[INFO] [stderr]   -- Performing Test CMAKE_HAVE_LIBC_PTHREAD - Success
[INFO] [stderr]   -- Found Threads: TRUE
[INFO] [stderr]   -- Found ZLIB: /usr/lib/x86_64-linux-gnu/libz.so (found version "1.3.1")
[INFO] [stderr]   -- Performing Test protobuf_HAVE_BUILTIN_ATOMICS
[INFO] [stderr]   -- Performing Test protobuf_HAVE_BUILTIN_ATOMICS - Success
[INFO] [stderr]   -- Performing Test ABSL_INTERNAL_AT_LEAST_CXX17
[INFO] [stderr]   -- Performing Test ABSL_INTERNAL_AT_LEAST_CXX17 - Failed
[INFO] [stderr]   -- Performing Test ABSL_INTERNAL_AT_LEAST_CXX20
[INFO] [stderr]   -- Performing Test ABSL_INTERNAL_AT_LEAST_CXX20 - Failed
[INFO] [stderr]   -- Configuring done (12.6s)
[INFO] [stderr]   -- Generating done (5.0s)
[INFO] [stderr]   -- Build files have been written to: /opt/rustwide/target/debug/build/protobuf-src/68750dde4444eb08/out/build
[INFO] [stderr]   [  0%] Building CXX object third_party/abseil-cpp/absl/base/CMakeFiles/spinlock_wait.dir/internal/spinlock_wait.cc.o
[INFO] [stderr]   [  0%] Linking CXX static library libabsl_spinlock_wait.a
[INFO] [stderr]   [  0%] Built target spinlock_wait
[INFO] [stderr]   [  0%] Building CXX object third_party/abseil-cpp/absl/base/CMakeFiles/log_severity.dir/log_severity.cc.o
[INFO] [stderr]   [  0%] Linking CXX static library libabsl_log_severity.a
[INFO] [stderr]   [  0%] Built target log_severity
[INFO] [stderr]   [  1%] Building CXX object third_party/abseil-cpp/absl/numeric/CMakeFiles/int128.dir/int128.cc.o
[INFO] [stderr]   [  1%] Building CXX object third_party/abseil-cpp/absl/base/CMakeFiles/strerror.dir/internal/strerror.cc.o
[INFO] [stderr]   [  1%] Building CXX object third_party/abseil-cpp/absl/time/CMakeFiles/time_zone.dir/internal/cctz/src/time_zone_fixed.cc.o
[INFO] [stderr]   [  1%] Linking CXX static library libabsl_int128.a
[INFO] [stderr]   [  1%] Building CXX object third_party/abseil-cpp/absl/debugging/CMakeFiles/utf8_for_code_point.dir/internal/utf8_for_code_point.cc.o
[INFO] [stderr]   [  2%] Building CXX object third_party/abseil-cpp/absl/profiling/CMakeFiles/exponential_biased.dir/internal/exponential_biased.cc.o
[INFO] [stderr]   [  2%] Linking CXX static library libabsl_utf8_for_code_point.a
[INFO] [stderr]   [  2%] Built target int128
[INFO] [stderr]   [  2%] Building CXX object third_party/abseil-cpp/absl/time/CMakeFiles/time_zone.dir/internal/cctz/src/time_zone_format.cc.o
[INFO] [stderr]   [  2%] Linking CXX static library libabsl_strerror.a
[INFO] [stderr]   [  2%] Built target utf8_for_code_point
[INFO] [stderr]   [  2%] Built target strerror
[INFO] [stderr]   [  2%] Building CXX object third_party/abseil-cpp/absl/time/CMakeFiles/civil_time.dir/internal/cctz/src/civil_time_detail.cc.o
[INFO] [stderr]   [  3%] Building CXX object third_party/abseil-cpp/absl/time/CMakeFiles/time_zone.dir/internal/cctz/src/time_zone_if.cc.o
[INFO] [stderr]   [  3%] Linking CXX static library libabsl_exponential_biased.a
[INFO] [stderr]   [  3%] Built target exponential_biased
[INFO] [stderr]   [  3%] Building CXX object third_party/abseil-cpp/absl/debugging/CMakeFiles/leak_check.dir/leak_check.cc.o
[INFO] [stderr]   [  3%] Linking CXX static library libabsl_leak_check.a
[INFO] [stderr]   [  3%] Building CXX object third_party/abseil-cpp/absl/time/CMakeFiles/time_zone.dir/internal/cctz/src/time_zone_impl.cc.o
[INFO] [stderr]   [  3%] Built target leak_check
[INFO] [stderr]   [  3%] Building CXX object third_party/abseil-cpp/absl/time/CMakeFiles/time_zone.dir/internal/cctz/src/time_zone_info.cc.o
[INFO] [stderr]   [  3%] Linking CXX static library libabsl_civil_time.a
[INFO] [stderr]   [  3%] Built target civil_time
[INFO] [stderr]   [  3%] Building CXX object third_party/abseil-cpp/absl/flags/CMakeFiles/flags_commandlineflag_internal.dir/internal/commandlineflag.cc.o
[INFO] [stderr]   [  3%] Building CXX object third_party/abseil-cpp/absl/time/CMakeFiles/time_zone.dir/internal/cctz/src/time_zone_libc.cc.o
[INFO] [stderr]   [  3%] Linking CXX static library libabsl_flags_commandlineflag_internal.a
[INFO] [stderr]   [  3%] Building CXX object third_party/abseil-cpp/absl/time/CMakeFiles/time_zone.dir/internal/cctz/src/time_zone_lookup.cc.o
[INFO] [stderr]   [  4%] Building CXX object third_party/abseil-cpp/absl/time/CMakeFiles/time_zone.dir/internal/cctz/src/time_zone_posix.cc.o
[INFO] [stderr]   [  4%] Built target flags_commandlineflag_internal
[INFO] [stderr]   [  5%] Building CXX object third_party/abseil-cpp/absl/log/CMakeFiles/log_internal_nullguard.dir/internal/nullguard.cc.o
[INFO] [stderr]   [  5%] Building CXX object third_party/abseil-cpp/absl/random/CMakeFiles/random_seed_gen_exception.dir/seed_gen_exception.cc.o
[INFO] [stderr]   [  5%] Linking CXX static library libabsl_log_internal_nullguard.a
[INFO] [stderr]   [  6%] Building CXX object third_party/abseil-cpp/absl/random/CMakeFiles/random_internal_platform.dir/internal/randen_round_keys.cc.o
[INFO] [stderr]   [  6%] Linking CXX static library libabsl_random_internal_platform.a
[INFO] [stderr]   [  6%] Built target log_internal_nullguard
[INFO] [stderr]   [  6%] Building CXX object third_party/abseil-cpp/absl/time/CMakeFiles/time_zone.dir/internal/cctz/src/zone_info_source.cc.o
[INFO] [stderr]   [  6%] Building CXX object third_party/abseil-cpp/absl/profiling/CMakeFiles/periodic_sampler.dir/internal/periodic_sampler.cc.o
[INFO] [stderr]   [  6%] Building C object third_party/utf8_range/CMakeFiles/utf8_range.dir/utf8_range.c.o
[INFO] [stderr]   [  6%] Building CXX object third_party/abseil-cpp/absl/base/CMakeFiles/raw_logging_internal.dir/internal/raw_logging.cc.o
[INFO] [stderr]   [  7%] Linking C static library libutf8_range.a
[INFO] [stderr]   [  7%] Built target random_internal_platform
[INFO] [stderr]   [  7%] Linking CXX static library libabsl_periodic_sampler.a
[INFO] [stderr]   [  7%] Building CXX object third_party/abseil-cpp/absl/debugging/CMakeFiles/decode_rust_punycode.dir/internal/decode_rust_punycode.cc.o
[INFO] [stderr]   [  7%] Built target utf8_range
[INFO] [stderr]   [  7%] Built target periodic_sampler
[INFO] [stderr]   [  7%] Building CXX object third_party/abseil-cpp/absl/random/CMakeFiles/random_internal_randen_hwaes_impl.dir/internal/randen_hwaes.cc.o
[INFO] [stderr]   [  8%] Building C object CMakeFiles/libupb.dir/upb/base/status.c.o
[INFO] [stderr]   [  8%] Building CXX object third_party/abseil-cpp/absl/random/CMakeFiles/random_internal_randen_slow.dir/internal/randen_slow.cc.o
[INFO] [stderr]   [  8%] Linking CXX static library libabsl_random_seed_gen_exception.a
[INFO] [stderr]   [  8%] Building C object CMakeFiles/libupb.dir/upb/hash/common.c.o
[INFO] [stderr]   [  8%] Building C object CMakeFiles/libupb.dir/upb/json/decode.c.o
[INFO] [stderr]   [  8%] Built target random_seed_gen_exception
[INFO] [stderr]   [  8%] Building C object CMakeFiles/libupb.dir/upb/json/encode.c.o
[INFO] [stderr]   [  8%] Building C object CMakeFiles/libupb.dir/upb/lex/atoi.c.o
[INFO] [stderr]   [  8%] Building C object CMakeFiles/libupb.dir/upb/lex/round_trip.c.o
[INFO] [stderr]   [  9%] Building C object CMakeFiles/libupb.dir/upb/lex/strtod.c.o
[INFO] [stderr]   [  9%] Linking CXX static library libabsl_time_zone.a
[INFO] [stderr]   [  9%] Building C object CMakeFiles/libupb.dir/upb/lex/unicode.c.o
[INFO] [stderr]   [  9%] Linking CXX static library libabsl_raw_logging_internal.a
[INFO] [stderr]   [  9%] Built target time_zone
[INFO] [stderr]   [  9%] Building C object CMakeFiles/libupb.dir/upb/mem/alloc.c.o
[INFO] [stderr]   [  9%] Built target raw_logging_internal
[INFO] [stderr]   [  9%] Building CXX object third_party/abseil-cpp/absl/base/CMakeFiles/base.dir/internal/cycleclock.cc.o
[INFO] [stderr]   [  9%] Building C object CMakeFiles/libupb.dir/upb/mem/arena.c.o
[INFO] [stderr]   [  9%] Linking CXX static library libabsl_decode_rust_punycode.a
[INFO] [stderr]   [  9%] Building CXX object third_party/abseil-cpp/absl/base/CMakeFiles/base.dir/internal/spinlock.cc.o
[INFO] [stderr]   [  9%] Built target decode_rust_punycode
[INFO] [stderr]   [  9%] Building C object CMakeFiles/libupb.dir/upb/message/accessors.c.o
[INFO] [stderr]   [  9%] Building CXX object third_party/abseil-cpp/absl/base/CMakeFiles/base.dir/internal/sysinfo.cc.o
[INFO] [stderr]   [ 10%] Building C object CMakeFiles/libupb.dir/upb/message/array.c.o
[INFO] [stderr]   [ 10%] Building C object CMakeFiles/libupb.dir/upb/message/compare.c.o
[INFO] [stderr]   [ 11%] Linking CXX static library libabsl_random_internal_randen_slow.a
[INFO] [stderr]   [ 11%] Built target random_internal_randen_slow
[INFO] [stderr]   [ 11%] Building CXX object third_party/abseil-cpp/absl/base/CMakeFiles/base.dir/internal/thread_identity.cc.o
[INFO] [stderr]   [ 11%] Building CXX object third_party/abseil-cpp/absl/base/CMakeFiles/throw_delegate.dir/internal/throw_delegate.cc.o
[INFO] [stderr]   [ 11%] Building C object CMakeFiles/libupb.dir/upb/message/compat.c.o
[INFO] [stderr]   [ 11%] Building CXX object third_party/abseil-cpp/absl/base/CMakeFiles/base.dir/internal/unscaledcycleclock.cc.o
[INFO] [stderr]   [ 11%] Building C object CMakeFiles/libupb.dir/upb/message/copy.c.o
[INFO] [stderr]   [ 11%] Building C object CMakeFiles/libupb.dir/upb/message/internal/compare_unknown.c.o
[INFO] [stderr]   [ 11%] Building CXX object third_party/abseil-cpp/absl/debugging/CMakeFiles/debugging_internal.dir/internal/address_is_readable.cc.o
[INFO] [stderr]   [ 12%] Building CXX object third_party/abseil-cpp/absl/debugging/CMakeFiles/demangle_rust.dir/internal/demangle_rust.cc.o
[INFO] [stderr]   [ 12%] Building C object CMakeFiles/libupb.dir/upb/message/internal/extension.c.o
[INFO] [stderr]   [ 13%] Building C object CMakeFiles/libupb.dir/upb/message/internal/message.c.o
[INFO] [stderr]   [ 13%] Building CXX object third_party/abseil-cpp/absl/debugging/CMakeFiles/debugging_internal.dir/internal/elf_mem_image.cc.o
[INFO] [stderr]   [ 13%] Building CXX object third_party/abseil-cpp/absl/debugging/CMakeFiles/debugging_internal.dir/internal/vdso_support.cc.o
[INFO] [stderr]   [ 13%] Building C object CMakeFiles/libupb.dir/upb/message/map.c.o
[INFO] [stderr]   [ 13%] Building C object CMakeFiles/libupb.dir/upb/message/map_sorter.c.o
[INFO] [stderr]   [ 13%] Linking CXX static library libabsl_throw_delegate.a
[INFO] [stderr]   [ 13%] Building C object CMakeFiles/libupb.dir/upb/message/message.c.o
[INFO] [stderr]   [ 13%] Building CXX object third_party/abseil-cpp/absl/types/CMakeFiles/bad_variant_access.dir/bad_variant_access.cc.o
[INFO] [stderr]   [ 13%] Building CXX object third_party/abseil-cpp/absl/types/CMakeFiles/bad_optional_access.dir/bad_optional_access.cc.o
[INFO] [stderr]   [ 14%] Building CXX object third_party/abseil-cpp/absl/strings/CMakeFiles/cordz_functions.dir/internal/cordz_functions.cc.o
[INFO] [stderr]   [ 14%] Built target throw_delegate
[INFO] [stderr]   [ 15%] Building CXX object third_party/abseil-cpp/absl/base/CMakeFiles/scoped_set_env.dir/internal/scoped_set_env.cc.o
[INFO] [stderr]   [ 15%] Building C object CMakeFiles/libupb.dir/upb/mini_descriptor/build_enum.c.o
[INFO] [stderr]   [ 16%] Building C object CMakeFiles/libupb.dir/upb/mini_descriptor/decode.c.o
[INFO] [stderr]   [ 16%] Building C object CMakeFiles/libupb.dir/upb/mini_descriptor/internal/base92.c.o
[INFO] [stderr]   [ 16%] Building CXX object third_party/abseil-cpp/absl/types/CMakeFiles/bad_any_cast_impl.dir/bad_any_cast.cc.o
[INFO] [stderr]   [ 17%] Linking CXX static library libabsl_bad_variant_access.a
[INFO] [stderr]   [ 17%] Building C object CMakeFiles/libupb.dir/upb/mini_descriptor/internal/encode.c.o
[INFO] [stderr]   [ 18%] Linking CXX static library libabsl_debugging_internal.a
[INFO] [stderr]   [ 18%] Linking CXX static library libabsl_bad_optional_access.a
[INFO] [stderr]   [ 18%] Built target bad_variant_access
[INFO] [stderr]   [ 18%] Linking CXX static library libabsl_demangle_rust.a
[INFO] [stderr]   [ 18%] Building C object CMakeFiles/libupb.dir/upb/mini_descriptor/link.c.o
[INFO] [stderr]   [ 18%] Built target debugging_internal
[INFO] [stderr]   [ 18%] Building C object CMakeFiles/libupb.dir/upb/mini_table/extension_registry.c.o
[INFO] [stderr]   [ 18%] Building CXX object third_party/abseil-cpp/absl/debugging/CMakeFiles/stacktrace.dir/stacktrace.cc.o
[INFO] [stderr]   [ 18%] Building C object CMakeFiles/libupb.dir/upb/mini_table/internal/message.c.o
[INFO] [stderr]   [ 18%] Linking CXX static library libabsl_bad_any_cast_impl.a
[INFO] [stderr]   [ 18%] Built target demangle_rust
[INFO] [stderr]   [ 18%] Building CXX object third_party/abseil-cpp/absl/debugging/CMakeFiles/demangle_internal.dir/internal/demangle.cc.o
[INFO] [stderr]   [ 19%] Building C object CMakeFiles/libupb.dir/upb/mini_table/message.c.o
[INFO] [stderr]   [ 19%] Built target bad_optional_access
[INFO] [stderr]   [ 19%] Linking CXX static library libabsl_random_internal_randen_hwaes_impl.a
[INFO] [stderr]   [ 19%] Building C object CMakeFiles/libupb.dir/upb/reflection/def_pool.c.o
[INFO] [stderr]   [ 19%] Building C object CMakeFiles/libupb.dir/upb/reflection/def_type.c.o
[INFO] [stderr]   [ 19%] Built target bad_any_cast_impl
[INFO] [stderr]   [ 19%] Building C object CMakeFiles/libupb.dir/upb/reflection/desc_state.c.o
[INFO] [stderr]   [ 19%] Building C object CMakeFiles/libupb.dir/upb/reflection/enum_def.c.o
[INFO] [stderr]   [ 19%] Building C object CMakeFiles/libupb.dir/upb/reflection/enum_reserved_range.c.o
[INFO] [stderr]   [ 19%] Linking CXX static library libabsl_scoped_set_env.a
[INFO] [stderr]   [ 19%] Built target random_internal_randen_hwaes_impl
[INFO] [stderr]   [ 20%] Linking CXX static library libabsl_base.a
[INFO] [stderr]   [ 20%] Building CXX object third_party/abseil-cpp/absl/random/CMakeFiles/random_internal_randen_hwaes.dir/internal/randen_detect.cc.o
[INFO] [stderr]   [ 20%] Linking CXX static library libabsl_random_internal_randen_hwaes.a
[INFO] [stderr]   [ 21%] Building C object CMakeFiles/libupb.dir/upb/reflection/enum_value_def.c.o
[INFO] [stderr]   [ 21%] Built target scoped_set_env
[INFO] [stderr]   [ 21%] Built target base
[INFO] [stderr]   [ 21%] Building C object CMakeFiles/libupb.dir/upb/reflection/extension_range.c.o
[INFO] [stderr]   [ 21%] Built target random_internal_randen_hwaes
[INFO] [stderr]   [ 21%] Building CXX object third_party/abseil-cpp/absl/strings/CMakeFiles/strings_internal.dir/internal/ostringstream.cc.o
[INFO] [stderr]   [ 21%] Linking CXX static library libabsl_stacktrace.a
[INFO] [stderr]   [ 21%] Built target stacktrace
[INFO] [stderr]   [ 21%] Linking CXX static library libabsl_cordz_functions.a
[INFO] [stderr]   [ 21%] Building CXX object third_party/abseil-cpp/absl/strings/CMakeFiles/string_view.dir/string_view.cc.o
[INFO] [stderr]   [ 21%] Building C object CMakeFiles/libupb.dir/upb/reflection/field_def.c.o
[INFO] [stderr]   [ 22%] Building CXX object third_party/abseil-cpp/absl/strings/CMakeFiles/strings_internal.dir/internal/utf8.cc.o
[INFO] [stderr]   [ 22%] Building CXX object third_party/abseil-cpp/absl/base/CMakeFiles/malloc_internal.dir/internal/low_level_alloc.cc.o
[INFO] [stderr]   [ 22%] Building CXX object third_party/abseil-cpp/absl/strings/CMakeFiles/strings_internal.dir/internal/escaping.cc.o
[INFO] [stderr]   [ 22%] Built target cordz_functions
[INFO] [stderr]   [ 22%] Building C object CMakeFiles/libupb.dir/upb/reflection/file_def.c.o
[INFO] [stderr]   [ 22%] Building CXX object third_party/abseil-cpp/absl/hash/CMakeFiles/city.dir/internal/city.cc.o
[INFO] [stderr]   [ 22%] Linking CXX static library libabsl_demangle_internal.a
[INFO] [stderr]   [ 22%] Building C object CMakeFiles/libupb.dir/upb/reflection/internal/def_builder.c.o
[INFO] [stderr]   [ 22%] Built target demangle_internal
[INFO] [stderr]   [ 22%] Linking CXX static library libabsl_city.a
[INFO] [stderr]   [ 22%] Building CXX object third_party/abseil-cpp/absl/hash/CMakeFiles/low_level_hash.dir/internal/low_level_hash.cc.o
[INFO] [stderr]   [ 23%] Building C object CMakeFiles/libupb.dir/upb/reflection/internal/strdup2.c.o
[INFO] [stderr]   [ 23%] Building CXX object third_party/abseil-cpp/absl/crc/CMakeFiles/crc_cpu_detect.dir/internal/cpu_detect.cc.o
[INFO] [stderr]   [ 23%] Built target city
[INFO] [stderr]   [ 24%] Linking CXX static library libabsl_string_view.a
[INFO] [stderr]   [ 24%] Building C object CMakeFiles/libupb.dir/upb/reflection/message.c.o
[INFO] [stderr]   [ 24%] Building C object CMakeFiles/libupb.dir/upb/reflection/message_def.c.o
[INFO] [stderr]   [ 24%] Building CXX object third_party/abseil-cpp/absl/random/CMakeFiles/random_internal_randen.dir/internal/randen.cc.o
[INFO] [stderr]   [ 24%] Building CXX object third_party/abseil-cpp/absl/log/CMakeFiles/log_internal_conditions.dir/internal/conditions.cc.o
[INFO] [stderr]   [ 24%] Building C object CMakeFiles/libupb.dir/upb/reflection/message_reserved_range.c.o
[INFO] [stderr]   [ 24%] Linking CXX static library libabsl_crc_cpu_detect.a
[INFO] [stderr]   [ 25%] Linking CXX static library libabsl_malloc_internal.a
[INFO] [stderr]   [ 25%] Built target string_view
[INFO] [stderr]   [ 25%] Linking CXX static library libabsl_strings_internal.a
[INFO] [stderr]   [ 26%] Linking CXX static library libabsl_log_internal_conditions.a
[INFO] [stderr]   [ 26%] Building C object CMakeFiles/libupb.dir/upb/reflection/method_def.c.o
[INFO] [stderr]   [ 26%] Built target crc_cpu_detect
[INFO] [stderr]   [ 26%] Building C object CMakeFiles/libupb.dir/upb/reflection/oneof_def.c.o
[INFO] [stderr]   [ 26%] Built target strings_internal
[INFO] [stderr]   [ 27%] Building C object CMakeFiles/libupb.dir/upb/reflection/service_def.c.o
[INFO] [stderr]   [ 27%] Building C object CMakeFiles/libupb.dir/upb/text/encode.c.o
[INFO] [stderr]   [ 28%] Building CXX object third_party/abseil-cpp/absl/crc/CMakeFiles/crc_internal.dir/internal/crc.cc.o
[INFO] [stderr]   [ 28%] Built target malloc_internal
[INFO] [stderr]   [ 28%] Building CXX object third_party/abseil-cpp/absl/crc/CMakeFiles/crc_internal.dir/internal/crc_x86_arm_combined.cc.o
[INFO] [stderr]   [ 28%] Linking CXX static library libabsl_low_level_hash.a
[INFO] [stderr]   [ 28%] Built target log_internal_conditions
[INFO] [stderr]   [ 28%] Building C object CMakeFiles/libupb.dir/upb/util/def_to_proto.c.o
[INFO] [stderr]   [ 28%] Building CXX object third_party/abseil-cpp/absl/strings/CMakeFiles/strings.dir/ascii.cc.o
[INFO] [stderr]   [ 29%] Linking CXX static library libabsl_random_internal_randen.a
[INFO] [stderr]   [ 29%] Building CXX object third_party/abseil-cpp/absl/synchronization/CMakeFiles/graphcycles_internal.dir/internal/graphcycles.cc.o
[INFO] [stderr]   [ 29%] Built target low_level_hash
[INFO] [stderr]   [ 29%] Building C object CMakeFiles/libupb.dir/upb/util/required_fields.c.o
[INFO] [stderr]   [ 29%] Building CXX object third_party/abseil-cpp/absl/base/CMakeFiles/poison.dir/internal/poison.cc.o
[INFO] [stderr]   [ 29%] Building C object CMakeFiles/libupb.dir/upb/wire/decode.c.o
[INFO] [stderr]   [ 30%] Building C object CMakeFiles/libupb.dir/upb/wire/encode.c.o
[INFO] [stderr]   [ 30%] Built target random_internal_randen
[INFO] [stderr]   [ 30%] Building CXX object third_party/abseil-cpp/absl/strings/CMakeFiles/strings.dir/charconv.cc.o
[INFO] [stderr]   [ 30%] Linking CXX static library libabsl_poison.a
[INFO] [stderr]   [ 30%] Building CXX object third_party/abseil-cpp/absl/strings/CMakeFiles/strings.dir/escaping.cc.o
[INFO] [stderr]   [ 30%] Built target poison
[INFO] [stderr]   [ 30%] Building C object CMakeFiles/libupb.dir/upb/wire/eps_copy_input_stream.c.o
[INFO] [stderr]   [ 30%] Building C object CMakeFiles/libupb.dir/upb/wire/internal/decode_fast.c.o
[INFO] [stderr]   [ 30%] Building C object CMakeFiles/libupb.dir/upb/reflection/cmake/google/protobuf/descriptor.upb_minitable.c.o
[INFO] [stderr]   [ 30%] Building C object CMakeFiles/libupb.dir/upb/wire/reader.c.o
[INFO] [stderr]   [ 30%] Linking C static library libupb.a
[INFO] [stderr]   [ 30%] Linking CXX static library libabsl_graphcycles_internal.a
[INFO] [stderr]   [ 30%] Built target graphcycles_internal
[INFO] [stderr]   [ 30%] Built target libupb
[INFO] [stderr]   [ 30%] Building CXX object third_party/abseil-cpp/absl/strings/CMakeFiles/strings.dir/internal/charconv_bigint.cc.o
[INFO] [stderr]   [ 30%] Linking CXX static library libabsl_crc_internal.a
[INFO] [stderr]   [ 30%] Built target crc_internal
[INFO] [stderr]   [ 30%] Building CXX object third_party/abseil-cpp/absl/strings/CMakeFiles/strings.dir/internal/charconv_parse.cc.o
[INFO] [stderr]   [ 31%] Building CXX object third_party/abseil-cpp/absl/strings/CMakeFiles/strings.dir/internal/damerau_levenshtein_distance.cc.o
[INFO] [stderr]   [ 31%] Building CXX object third_party/abseil-cpp/absl/strings/CMakeFiles/strings.dir/internal/memutil.cc.o
[INFO] [stderr]   [ 31%] Building CXX object third_party/abseil-cpp/absl/strings/CMakeFiles/strings.dir/match.cc.o
[INFO] [stderr]   [ 31%] Building CXX object third_party/abseil-cpp/absl/strings/CMakeFiles/strings.dir/internal/stringify_sink.cc.o
[INFO] [stderr]   [ 31%] Building CXX object third_party/abseil-cpp/absl/strings/CMakeFiles/strings.dir/numbers.cc.o
[INFO] [stderr]   [ 31%] Building CXX object third_party/abseil-cpp/absl/strings/CMakeFiles/strings.dir/str_split.cc.o
[INFO] [stderr]   [ 32%] Building CXX object third_party/abseil-cpp/absl/strings/CMakeFiles/strings.dir/str_cat.cc.o
[INFO] [stderr]   [ 32%] Building CXX object third_party/abseil-cpp/absl/strings/CMakeFiles/strings.dir/str_replace.cc.o
[INFO] [stderr]   [ 32%] Building CXX object third_party/abseil-cpp/absl/strings/CMakeFiles/strings.dir/substitute.cc.o
[INFO] [stderr]   [ 32%] Linking CXX static library libabsl_strings.a
[INFO] [stderr]   [ 32%] Built target strings
[INFO] [stderr]   [ 32%] Building CXX object third_party/abseil-cpp/absl/log/CMakeFiles/log_internal_fnmatch.dir/internal/fnmatch.cc.o
[INFO] [stderr]   [ 33%] Building CXX object third_party/abseil-cpp/absl/random/CMakeFiles/random_distributions.dir/discrete_distribution.cc.o
[INFO] [stderr]   [ 33%] Building CXX object third_party/abseil-cpp/absl/random/CMakeFiles/random_distributions.dir/gaussian_distribution.cc.o
[INFO] [stderr]   [ 33%] Building CXX object third_party/abseil-cpp/absl/random/CMakeFiles/random_internal_seed_material.dir/internal/seed_material.cc.o
[INFO] [stderr]   [ 33%] Building CXX object third_party/abseil-cpp/absl/flags/CMakeFiles/flags_commandlineflag.dir/commandlineflag.cc.o
[INFO] [stderr]   [ 33%] Building CXX object third_party/abseil-cpp/absl/debugging/CMakeFiles/symbolize.dir/symbolize.cc.o
[INFO] [stderr]   [ 34%] Building CXX object third_party/abseil-cpp/absl/hash/CMakeFiles/hash.dir/internal/hash.cc.o
[INFO] [stderr]   [ 34%] Building CXX object third_party/abseil-cpp/absl/time/CMakeFiles/time.dir/civil_time.cc.o
[INFO] [stderr]   [ 34%] Building CXX object third_party/abseil-cpp/absl/strings/CMakeFiles/str_format_internal.dir/internal/str_format/bind.cc.o
[INFO] [stderr]   [ 34%] Building CXX object third_party/abseil-cpp/absl/strings/CMakeFiles/str_format_internal.dir/internal/str_format/arg.cc.o
[INFO] [stderr]   [ 34%] Building CXX object third_party/abseil-cpp/absl/strings/CMakeFiles/str_format_internal.dir/internal/str_format/extension.cc.o
[INFO] [stderr]   [ 34%] Building CXX object third_party/abseil-cpp/absl/log/CMakeFiles/log_internal_proto.dir/internal/proto.cc.o
[INFO] [stderr]   [ 34%] Building CXX object third_party/abseil-cpp/absl/time/CMakeFiles/time.dir/clock.cc.o
[INFO] [stderr]   [ 35%] Building CXX object third_party/abseil-cpp/absl/time/CMakeFiles/time.dir/duration.cc.o
[INFO] [stderr]   [ 35%] Building CXX object third_party/utf8_range/CMakeFiles/utf8_validity.dir/utf8_validity.cc.o
[INFO] [stderr]   [ 35%] Building C object third_party/utf8_range/CMakeFiles/utf8_validity.dir/utf8_range.c.o
[INFO] [stderr]   [ 35%] Building CXX object third_party/abseil-cpp/absl/strings/CMakeFiles/str_format_internal.dir/internal/str_format/float_conversion.cc.o
[INFO] [stderr]   [ 35%] Building CXX object third_party/abseil-cpp/absl/time/CMakeFiles/time.dir/format.cc.o
[INFO] [stderr]   [ 36%] Linking CXX static library libabsl_flags_commandlineflag.a
[INFO] [stderr]   [ 36%] Linking CXX static library libutf8_validity.a
[INFO] [stderr]   [ 36%] Built target flags_commandlineflag
[INFO] [stderr]   [ 36%] Building CXX object third_party/abseil-cpp/absl/time/CMakeFiles/time.dir/time.cc.o
[INFO] [stderr]   [ 37%] Building CXX object third_party/abseil-cpp/absl/flags/CMakeFiles/flags_private_handle_accessor.dir/internal/private_handle_accessor.cc.o
[INFO] [stderr]   [ 37%] Linking CXX static library libabsl_log_internal_fnmatch.a
[INFO] [stderr]   [ 37%] Linking CXX static library libabsl_log_internal_proto.a
[INFO] [stderr]   [ 37%] Built target utf8_validity
[INFO] [stderr]   [ 37%] Built target log_internal_proto
[INFO] [stderr]   [ 37%] Building CXX object third_party/abseil-cpp/absl/strings/CMakeFiles/str_format_internal.dir/internal/str_format/output.cc.o
[INFO] [stderr]   [ 37%] Built target log_internal_fnmatch
[INFO] [stderr]   [ 38%] Building CXX object third_party/abseil-cpp/absl/strings/CMakeFiles/str_format_internal.dir/internal/str_format/parser.cc.o
[INFO] [stderr]   [ 38%] Linking CXX static library libabsl_random_distributions.a
[INFO] [stderr]   [ 38%] Built target random_distributions
[INFO] [stderr]   [ 38%] Linking CXX static library libabsl_symbolize.a
[INFO] [stderr]   [ 38%] Linking CXX static library libabsl_hash.a
[INFO] [stderr]   [ 38%] Linking CXX static library libabsl_random_internal_seed_material.a
[INFO] [stderr]   [ 38%] Built target hash
[INFO] [stderr]   [ 38%] Built target symbolize
[INFO] [stderr]   [ 38%] Built target random_internal_seed_material
[INFO] [stderr]   [ 38%] Building CXX object third_party/abseil-cpp/absl/debugging/CMakeFiles/examine_stack.dir/internal/examine_stack.cc.o
[INFO] [stderr]   [ 38%] Building CXX object third_party/abseil-cpp/absl/random/CMakeFiles/random_internal_pool_urbg.dir/internal/pool_urbg.cc.o
[INFO] [stderr]   [ 38%] Linking CXX static library libabsl_flags_private_handle_accessor.a
[INFO] [stderr]   [ 38%] Built target flags_private_handle_accessor
[INFO] [stderr]   [ 38%] Linking CXX static library libabsl_time.a
[INFO] [stderr]   [ 38%] Linking CXX static library libabsl_examine_stack.a
[INFO] [stderr]   [ 38%] Built target examine_stack
[INFO] [stderr]   [ 38%] Built target time
[INFO] [stderr]   [ 38%] Building CXX object third_party/abseil-cpp/absl/debugging/CMakeFiles/failure_signal_handler.dir/failure_signal_handler.cc.o
[INFO] [stderr]   [ 38%] Building CXX object third_party/abseil-cpp/absl/log/CMakeFiles/log_internal_globals.dir/internal/globals.cc.o
[INFO] [stderr]   [ 39%] Building CXX object third_party/abseil-cpp/absl/log/CMakeFiles/log_entry.dir/log_entry.cc.o
[INFO] [stderr]   [ 39%] Building CXX object third_party/abseil-cpp/absl/synchronization/CMakeFiles/kernel_timeout_internal.dir/internal/kernel_timeout.cc.o
[INFO] [stderr]   [ 39%] Linking CXX static library libabsl_str_format_internal.a
[INFO] [stderr]   [ 39%] Linking CXX static library libabsl_kernel_timeout_internal.a
[INFO] [stderr]   [ 39%] Linking CXX static library libabsl_random_internal_pool_urbg.a
[INFO] [stderr]   [ 39%] Linking CXX static library libabsl_log_entry.a
[INFO] [stderr]   [ 39%] Linking CXX static library libabsl_failure_signal_handler.a
[INFO] [stderr]   [ 39%] Built target str_format_internal
[INFO] [stderr]   [ 39%] Built target kernel_timeout_internal
[INFO] [stderr]   [ 39%] Building CXX object third_party/abseil-cpp/absl/crc/CMakeFiles/crc32c.dir/crc32c.cc.o
[INFO] [stderr]   [ 40%] Building CXX object third_party/abseil-cpp/absl/crc/CMakeFiles/crc32c.dir/internal/crc_non_temporal_memcpy.cc.o
[INFO] [stderr]   [ 40%] Building CXX object third_party/abseil-cpp/absl/flags/CMakeFiles/flags_marshalling.dir/marshalling.cc.o
[INFO] [stderr]   [ 40%] Building CXX object third_party/abseil-cpp/absl/crc/CMakeFiles/crc32c.dir/internal/crc_memcpy_fallback.cc.o
[INFO] [stderr]   [ 40%] Building CXX object third_party/abseil-cpp/absl/synchronization/CMakeFiles/synchronization.dir/barrier.cc.o
[INFO] [stderr]   [ 40%] Building CXX object third_party/abseil-cpp/absl/crc/CMakeFiles/crc32c.dir/internal/crc_memcpy_x86_arm_combined.cc.o
[INFO] [stderr]   [ 40%] Building CXX object third_party/abseil-cpp/absl/random/CMakeFiles/random_internal_distribution_test_util.dir/internal/chi_square.cc.o
[INFO] [stderr]   [ 41%] Building CXX object third_party/abseil-cpp/absl/synchronization/CMakeFiles/synchronization.dir/blocking_counter.cc.o
[INFO] [stderr]   [ 41%] Building CXX object third_party/abseil-cpp/absl/synchronization/CMakeFiles/synchronization.dir/internal/per_thread_sem.cc.o
[INFO] [stderr]   [ 41%] Building CXX object third_party/abseil-cpp/absl/synchronization/CMakeFiles/synchronization.dir/internal/futex_waiter.cc.o
[INFO] [stderr]   [ 41%] Building CXX object third_party/abseil-cpp/absl/synchronization/CMakeFiles/synchronization.dir/internal/create_thread_identity.cc.o
[INFO] [stderr]   [ 41%] Built target random_internal_pool_urbg
[INFO] [stderr]   [ 41%] Building CXX object third_party/abseil-cpp/absl/random/CMakeFiles/random_internal_distribution_test_util.dir/internal/distribution_test_util.cc.o
[INFO] [stderr]   [ 41%] Built target failure_signal_handler
[INFO] [stderr]   [ 42%] Building CXX object third_party/abseil-cpp/absl/random/CMakeFiles/random_seed_sequences.dir/seed_sequences.cc.o
[INFO] [stderr]   [ 42%] Building CXX object third_party/abseil-cpp/absl/synchronization/CMakeFiles/synchronization.dir/internal/pthread_waiter.cc.o
[INFO] [stderr]   [ 42%] Built target log_entry
[INFO] [stderr]   [ 43%] Building CXX object third_party/abseil-cpp/absl/synchronization/CMakeFiles/synchronization.dir/internal/sem_waiter.cc.o
[INFO] [stderr]   [ 44%] Linking CXX static library libabsl_log_internal_globals.a
[INFO] [stderr]   [ 44%] Built target log_internal_globals
[INFO] [stderr]   [ 44%] Building CXX object third_party/abseil-cpp/absl/synchronization/CMakeFiles/synchronization.dir/internal/stdcpp_waiter.cc.o
[INFO] [stderr]   [ 45%] Building CXX object third_party/abseil-cpp/absl/log/CMakeFiles/log_sink.dir/log_sink.cc.o
[INFO] [stderr]   [ 45%] Building CXX object third_party/abseil-cpp/absl/synchronization/CMakeFiles/synchronization.dir/internal/waiter_base.cc.o
[INFO] [stderr]   [ 45%] Building CXX object third_party/abseil-cpp/absl/synchronization/CMakeFiles/synchronization.dir/internal/win32_waiter.cc.o
[INFO] [stderr]   [ 45%] Building CXX object third_party/abseil-cpp/absl/synchronization/CMakeFiles/synchronization.dir/notification.cc.o
[INFO] [stderr]   [ 45%] Building CXX object third_party/abseil-cpp/absl/log/CMakeFiles/log_internal_format.dir/internal/log_format.cc.o
[INFO] [stderr]   [ 45%] Building CXX object third_party/abseil-cpp/absl/synchronization/CMakeFiles/synchronization.dir/mutex.cc.o
[INFO] [stderr]   [ 45%] Linking CXX static library libabsl_crc32c.a
[INFO] [stderr]   [ 45%] Linking CXX static library libabsl_random_seed_sequences.a
[INFO] [stderr]   [ 45%] Built target crc32c
[INFO] [stderr]   [ 45%] Building CXX object third_party/abseil-cpp/absl/crc/CMakeFiles/crc_cord_state.dir/internal/crc_cord_state.cc.o
[INFO] [stderr]   [ 45%] Linking CXX static library libabsl_log_sink.a
[INFO] [stderr]   [ 45%] Built target random_seed_sequences
[INFO] [stderr]   [ 45%] Built target log_sink
[INFO] [stderr]   [ 45%] Linking CXX static library libabsl_random_internal_distribution_test_util.a
[INFO] [stderr]   [ 45%] Built target random_internal_distribution_test_util
[INFO] [stderr]   [ 45%] Linking CXX static library libabsl_flags_marshalling.a
[INFO] [stderr]   [ 45%] Linking CXX static library libabsl_log_internal_format.a
[INFO] [stderr]   [ 45%] Built target flags_marshalling
[INFO] [stderr]   [ 45%] Built target log_internal_format
[INFO] [stderr]   [ 45%] Linking CXX static library libabsl_crc_cord_state.a
[INFO] [stderr]   [ 45%] Built target crc_cord_state
[INFO] [stderr]   [ 45%] Building CXX object third_party/abseil-cpp/absl/strings/CMakeFiles/cord_internal.dir/internal/cord_rep_btree.cc.o
[INFO] [stderr]   [ 45%] Building CXX object third_party/abseil-cpp/absl/strings/CMakeFiles/cord_internal.dir/internal/cord_internal.cc.o
[INFO] [stderr]   [ 46%] Building CXX object third_party/abseil-cpp/absl/strings/CMakeFiles/cord_internal.dir/internal/cord_rep_btree_navigator.cc.o
[INFO] [stderr]   [ 46%] Building CXX object third_party/abseil-cpp/absl/strings/CMakeFiles/cord_internal.dir/internal/cord_rep_btree_reader.cc.o
[INFO] [stderr]   [ 46%] Building CXX object third_party/abseil-cpp/absl/strings/CMakeFiles/cord_internal.dir/internal/cord_rep_crc.cc.o
[INFO] [stderr]   [ 46%] Building CXX object third_party/abseil-cpp/absl/strings/CMakeFiles/cord_internal.dir/internal/cord_rep_consume.cc.o
[INFO] [stderr]   [ 47%] Linking CXX static library libabsl_synchronization.a
[INFO] [stderr]   [ 47%] Built target synchronization
[INFO] [stderr]   [ 47%] Building CXX object third_party/abseil-cpp/absl/flags/CMakeFiles/flags_program_name.dir/internal/program_name.cc.o
[INFO] [stderr]   [ 47%] Building CXX object third_party/abseil-cpp/absl/log/CMakeFiles/vlog_config_internal.dir/internal/vlog_config.cc.o
[INFO] [stderr]   [ 47%] Building CXX object third_party/abseil-cpp/absl/container/CMakeFiles/hashtablez_sampler.dir/internal/hashtablez_sampler.cc.o
[INFO] [stderr]   [ 47%] Building CXX object third_party/abseil-cpp/absl/container/CMakeFiles/hashtablez_sampler.dir/internal/hashtablez_sampler_force_weak_definition.cc.o
[INFO] [stderr]   [ 47%] Building CXX object third_party/abseil-cpp/absl/strings/CMakeFiles/cordz_handle.dir/internal/cordz_handle.cc.o
[INFO] [stderr]   [ 47%] Linking CXX static library libabsl_flags_program_name.a
[INFO] [stderr]   [ 47%] Built target flags_program_name
[INFO] [stderr]   [ 47%] Building CXX object third_party/abseil-cpp/absl/flags/CMakeFiles/flags_config.dir/usage_config.cc.o
[INFO] [stderr]   [ 47%] Linking CXX static library libabsl_hashtablez_sampler.a
[INFO] [stderr]   [ 47%] Built target hashtablez_sampler
[INFO] [stderr]   [ 47%] Building CXX object third_party/abseil-cpp/absl/container/CMakeFiles/raw_hash_set.dir/internal/raw_hash_set.cc.o
[INFO] [stderr]   [ 47%] Linking CXX static library libabsl_cord_internal.a
[INFO] [stderr]   [ 47%] Built target cord_internal
[INFO] [stderr]   [ 48%] Linking CXX static library libabsl_vlog_config_internal.a
[INFO] [stderr]   [ 48%] Built target vlog_config_internal
[INFO] [stderr]   [ 48%] Building CXX object third_party/abseil-cpp/absl/log/CMakeFiles/log_globals.dir/globals.cc.o
[INFO] [stderr]   [ 48%] Linking CXX static library libabsl_cordz_handle.a
[INFO] [stderr]   [ 48%] Built target cordz_handle
[INFO] [stderr]   [ 48%] Building CXX object third_party/abseil-cpp/absl/strings/CMakeFiles/cordz_info.dir/internal/cordz_info.cc.o
[INFO] [stderr]   [ 48%] Linking CXX static library libabsl_flags_config.a
[INFO] [stderr]   [ 48%] Built target flags_config
[INFO] [stderr]   [ 48%] Building CXX object third_party/abseil-cpp/absl/flags/CMakeFiles/flags_internal.dir/internal/flag.cc.o
[INFO] [stderr]   [ 49%] Linking CXX static library libabsl_log_globals.a
[INFO] [stderr]   [ 49%] Built target log_globals
[INFO] [stderr]   [ 49%] Building CXX object third_party/abseil-cpp/absl/log/CMakeFiles/log_internal_log_sink_set.dir/internal/log_sink_set.cc.o
[INFO] [stderr]   [ 49%] Building CXX object third_party/abseil-cpp/absl/log/CMakeFiles/log_initialize.dir/initialize.cc.o
[INFO] [stderr]   [ 49%] Linking CXX static library libabsl_raw_hash_set.a
[INFO] [stderr]   [ 49%] Linking CXX static library libabsl_cordz_info.a
[INFO] [stderr]   [ 49%] Built target raw_hash_set
[INFO] [stderr]   [ 50%] Linking CXX static library libabsl_flags_internal.a
[INFO] [stderr]   [ 50%] Built target cordz_info
[INFO] [stderr]   [ 51%] Building CXX object third_party/abseil-cpp/absl/strings/CMakeFiles/cordz_sample_token.dir/internal/cordz_sample_token.cc.o
[INFO] [stderr]   [ 52%] Building CXX object third_party/abseil-cpp/absl/strings/CMakeFiles/cord.dir/cord.cc.o
[INFO] [stderr]   [ 52%] Building CXX object third_party/abseil-cpp/absl/strings/CMakeFiles/cord.dir/cord_buffer.cc.o
[INFO] [stderr]   [ 52%] Built target flags_internal
[INFO] [stderr]   [ 52%] Building CXX object third_party/abseil-cpp/absl/strings/CMakeFiles/cord.dir/cord_analysis.cc.o
[INFO] [stderr]   [ 52%] Linking CXX static library libabsl_log_initialize.a
[INFO] [stderr]   [ 52%] Built target log_initialize
[INFO] [stderr]   [ 52%] Linking CXX static library libabsl_log_internal_log_sink_set.a
[INFO] [stderr]   [ 52%] Linking CXX static library libabsl_cordz_sample_token.a
[INFO] [stderr]   [ 52%] Built target cordz_sample_token
[INFO] [stderr]   [ 52%] Built target log_internal_log_sink_set
[INFO] [stderr]   [ 52%] Building CXX object third_party/abseil-cpp/absl/log/CMakeFiles/log_internal_message.dir/internal/log_message.cc.o
[INFO] [stderr]   [ 52%] Linking CXX static library libabsl_log_internal_message.a
[INFO] [stderr]   [ 52%] Built target log_internal_message
[INFO] [stderr]   [ 52%] Building CXX object third_party/abseil-cpp/absl/log/CMakeFiles/log_internal_check_op.dir/internal/check_op.cc.o
[INFO] [stderr]   [ 52%] Building CXX object third_party/abseil-cpp/absl/log/CMakeFiles/die_if_null.dir/die_if_null.cc.o
[INFO] [stderr]   [ 52%] Linking CXX static library libabsl_cord.a
[INFO] [stderr]   [ 52%] Built target cord
[INFO] [stderr]   [ 52%] Building CXX object third_party/abseil-cpp/absl/flags/CMakeFiles/flags_reflection.dir/reflection.cc.o
[INFO] [stderr]   [ 53%] Building CXX object third_party/abseil-cpp/absl/status/CMakeFiles/status.dir/internal/status_internal.cc.o
[INFO] [stderr]   [ 53%] Building CXX object third_party/abseil-cpp/absl/status/CMakeFiles/status.dir/status.cc.o
[INFO] [stderr]   [ 53%] Building CXX object third_party/abseil-cpp/absl/status/CMakeFiles/status.dir/status_payload_printer.cc.o
[INFO] [stderr]   [ 53%] Linking CXX static library libabsl_log_internal_check_op.a
[INFO] [stderr]   [ 53%] Linking CXX static library libabsl_die_if_null.a
[INFO] [stderr]   [ 53%] Built target log_internal_check_op
[INFO] [stderr]   [ 53%] Built target die_if_null
[INFO] [stderr]   [ 53%] Linking CXX static library libabsl_status.a
[INFO] [stderr]   [ 53%] Built target status
[INFO] [stderr]   [ 53%] Building CXX object third_party/abseil-cpp/absl/status/CMakeFiles/statusor.dir/statusor.cc.o
[INFO] [stderr]   [ 53%] Linking CXX static library libabsl_flags_reflection.a
[INFO] [stderr]   [ 53%] Built target flags_reflection
[INFO] [stderr]   [ 53%] Building CXX object third_party/abseil-cpp/absl/flags/CMakeFiles/flags_usage_internal.dir/internal/usage.cc.o
[INFO] [stderr]   [ 53%] Building CXX object third_party/abseil-cpp/absl/log/CMakeFiles/log_flags.dir/flags.cc.o
[INFO] [stderr]   [ 54%] Linking CXX static library libabsl_statusor.a
[INFO] [stderr]   [ 54%] Built target statusor
[INFO] [stderr]   [ 54%] Building CXX object CMakeFiles/libprotobuf-lite.dir/src/google/protobuf/arena_align.cc.o
[INFO] [stderr]   [ 55%] Building CXX object CMakeFiles/libprotobuf-lite.dir/src/google/protobuf/arena.cc.o
[INFO] [stderr]   [ 55%] Building CXX object CMakeFiles/libprotobuf.dir/src/google/protobuf/api.pb.cc.o
[INFO] [stderr]   [ 55%] Building CXX object CMakeFiles/libprotobuf.dir/src/google/protobuf/timestamp.pb.cc.o
[INFO] [stderr]   [ 55%] Building CXX object CMakeFiles/libprotobuf.dir/src/google/protobuf/empty.pb.cc.o
[INFO] [stderr]   [ 55%] Building CXX object CMakeFiles/libprotobuf.dir/src/google/protobuf/field_mask.pb.cc.o
[INFO] [stderr]   [ 55%] Building CXX object CMakeFiles/libprotobuf.dir/src/google/protobuf/type.pb.cc.o
[INFO] [stderr]   [ 55%] Building CXX object CMakeFiles/libprotobuf.dir/src/google/protobuf/struct.pb.cc.o
[INFO] [stderr]   [ 55%] Building CXX object CMakeFiles/libprotobuf-lite.dir/src/google/protobuf/arenastring.cc.o
[INFO] [stderr]   [ 55%] Building CXX object CMakeFiles/libprotobuf.dir/src/google/protobuf/wrappers.pb.cc.o
[INFO] [stderr]   [ 56%] Building CXX object CMakeFiles/libprotobuf.dir/src/google/protobuf/source_context.pb.cc.o
[INFO] [stderr]   [ 56%] Building CXX object CMakeFiles/libprotobuf.dir/src/google/protobuf/duration.pb.cc.o
[INFO] [stderr]   [ 56%] Building CXX object CMakeFiles/libprotobuf-lite.dir/src/google/protobuf/any_lite.cc.o
[INFO] [stderr]   [ 57%] Building CXX object CMakeFiles/libprotobuf.dir/src/google/protobuf/any.pb.cc.o
[INFO] [stderr]   [ 57%] Linking CXX static library libabsl_log_flags.a
[INFO] [stderr]   [ 57%] Built target log_flags
[INFO] [stderr]   [ 57%] Building CXX object CMakeFiles/libprotobuf.dir/src/google/protobuf/any.cc.o
[INFO] [stderr]   [ 58%] Building CXX object CMakeFiles/libprotobuf.dir/src/google/protobuf/any_lite.cc.o
[INFO] [stderr]   [ 58%] Building CXX object CMakeFiles/libprotobuf-lite.dir/src/google/protobuf/arenaz_sampler.cc.o
[INFO] [stderr]   [ 58%] Linking CXX static library libabsl_flags_usage_internal.a
[INFO] [stderr]   [ 58%] Building CXX object CMakeFiles/libprotobuf-lite.dir/src/google/protobuf/extension_set.cc.o
[INFO] [stderr]   [ 58%] Built target flags_usage_internal
[INFO] [stderr]   [ 59%] Building CXX object CMakeFiles/libprotobuf-lite.dir/src/google/protobuf/generated_enum_util.cc.o
[INFO] [stderr]   [ 60%] Building CXX object third_party/abseil-cpp/absl/flags/CMakeFiles/flags_usage.dir/usage.cc.o
[INFO] [stderr]   [ 60%] Building CXX object CMakeFiles/libprotobuf-lite.dir/src/google/protobuf/generated_message_tctable_lite.cc.o
[INFO] [stderr]   [ 60%] Building CXX object CMakeFiles/libprotobuf-lite.dir/src/google/protobuf/generated_message_util.cc.o
[INFO] [stderr]   [ 60%] Building CXX object CMakeFiles/libprotobuf-lite.dir/src/google/protobuf/implicit_weak_message.cc.o
[INFO] [stderr]   [ 60%] Linking CXX static library libabsl_flags_usage.a
[INFO] [stderr]   [ 60%] Built target flags_usage
[INFO] [stderr]   [ 60%] Building CXX object third_party/abseil-cpp/absl/flags/CMakeFiles/flags_parse.dir/parse.cc.o
[INFO] [stderr]   [ 60%] Linking CXX static library libabsl_flags_parse.a
[INFO] [stderr]   [ 60%] Built target flags_parse
[INFO] [stderr] 
[INFO] [stderr]   --- stderr
[INFO] [stderr]   running: cd "/opt/rustwide/target/debug/build/protobuf-src/68750dde4444eb08/out/build" && CMAKE_PREFIX_PATH="" LC_ALL="C" "cmake" "/opt/rustwide/cargo-home/registry/src/index.crates.io-1949cf8c6b5b557f/protobuf-src-2.1.1+27.1/protobuf" "-B" "/opt/rustwide/target/debug/build/protobuf-src/68750dde4444eb08/out/build" "-DABSL_PROPAGATE_CXX_STD=ON" "-Dprotobuf_BUILD_TESTS=OFF" "-Dprotobuf_DEBUG_POSTFIX=" "-DCMAKE_CXX_STANDARD=14" "-DCMAKE_INSTALL_LIBDIR=lib" "-DCMAKE_INSTALL_PREFIX=/opt/rustwide/target/debug/build/protobuf-src/68750dde4444eb08/out" "-DCMAKE_C_FLAGS= -ffunction-sections -fdata-sections -fPIC -m64 -w" "-DCMAKE_C_COMPILER=/usr/bin/cc" "-DCMAKE_CXX_FLAGS= -ffunction-sections -fdata-sections -fPIC -m64 -w" "-DCMAKE_CXX_COMPILER=/usr/bin/c++" "-DCMAKE_ASM_FLAGS= -ffunction-sections -fdata-sections -fPIC -m64 -w" "-DCMAKE_ASM_COMPILER=/usr/bin/cc" "-DCMAKE_BUILD_TYPE=Debug"
[INFO] [stderr]   CMake Deprecation Warning at CMakeLists.txt:7 (cmake_policy):
[INFO] [stderr]     The OLD behavior for policy CMP0141 will be removed from a future version
[INFO] [stderr]     of CMake.
[INFO] [stderr] 
[INFO] [stderr]     The cmake-policies(7) manual explains that the OLD behaviors of all
[INFO] [stderr]     policies are deprecated and that a policy should be set to OLD only under
[INFO] [stderr]     specific short-term circumstances.  Projects should be ported to the NEW
[INFO] [stderr]     behavior and not rely on setting a policy to OLD.
[INFO] [stderr] 
[INFO] [stderr] 
[INFO] [stderr]   CMake Deprecation Warning at third_party/utf8_range/CMakeLists.txt:1 (cmake_minimum_required):
[INFO] [stderr]     Compatibility with CMake < 3.10 will be removed from a future version of
[INFO] [stderr]     CMake.
[INFO] [stderr] 
[INFO] [stderr]     Update the VERSION argument <min> value.  Or, use the <min>...<max> syntax
[INFO] [stderr]     to tell CMake that the project requires at least <min> but has been updated
[INFO] [stderr]     to work with policies introduced by <max> or earlier.
[INFO] [stderr] 
[INFO] [stderr] 
[INFO] [stderr]   CMake Warning:
[INFO] [stderr]     Manually-specified variables were not used by the project:
[INFO] [stderr] 
[INFO] [stderr]       CMAKE_ASM_COMPILER
[INFO] [stderr]       CMAKE_ASM_FLAGS
[INFO] [stderr] 
[INFO] [stderr] 
[INFO] [stderr]   running: cd "/opt/rustwide/target/debug/build/protobuf-src/68750dde4444eb08/out/build" && LC_ALL="C" MAKEFLAGS="-j --jobserver-fds=4,5 --jobserver-auth=4,5" "cmake" "--build" "/opt/rustwide/target/debug/build/protobuf-src/68750dde4444eb08/out/build" "--target" "install" "--config" "Debug"
[INFO] [stderr]   c++: fatal error: Killed signal terminated program cc1plus
[INFO] [stderr]   compilation terminated.
[INFO] [stderr]   gmake[2]: *** [CMakeFiles/libprotobuf.dir/build.make:205: CMakeFiles/libprotobuf.dir/src/google/protobuf/wrappers.pb.cc.o] Error 1
[INFO] [stderr]   gmake[2]: *** Waiting for unfinished jobs....
[INFO] [stderr]   c++: fatal error: Killed signal terminated program cc1plus
[INFO] [stderr]   compilation terminated.
[INFO] [stderr]   gmake[2]: *** [CMakeFiles/libprotobuf.dir/build.make:149: CMakeFiles/libprotobuf.dir/src/google/protobuf/source_context.pb.cc.o] Error 1
[INFO] [stderr]   c++: fatal error: Killed signal terminated program cc1plus
[INFO] [stderr]   compilation terminated.
[INFO] [stderr]   gmake[2]: *** [CMakeFiles/libprotobuf.dir/build.make:177: CMakeFiles/libprotobuf.dir/src/google/protobuf/timestamp.pb.cc.o] Error 1
[INFO] [stderr]   c++: fatal error: Killed signal terminated program cc1plus
[INFO] [stderr]   compilation terminated.
[INFO] [stderr]   gmake[2]: *** [CMakeFiles/libprotobuf.dir/build.make:135: CMakeFiles/libprotobuf.dir/src/google/protobuf/field_mask.pb.cc.o] Error 1
[INFO] [stderr]   c++: fatal error: Killed signal terminated program cc1plus
[INFO] [stderr]   compilation terminated.
[INFO] [stderr]   gmake[2]: *** [CMakeFiles/libprotobuf.dir/build.make:219: CMakeFiles/libprotobuf.dir/src/google/protobuf/any.cc.o] Error 1
[INFO] [stderr]   c++: fatal error: Killed signal terminated program cc1plus
[INFO] [stderr]   compilation terminated.
[INFO] [stderr]   gmake[2]: *** [CMakeFiles/libprotobuf-lite.dir/build.make:93: CMakeFiles/libprotobuf-lite.dir/src/google/protobuf/arena.cc.o] Error 1
[INFO] [stderr]   gmake[2]: *** Waiting for unfinished jobs....
[INFO] [stderr]   c++: fatal error: Killed signal terminated program cc1plus
[INFO] [stderr]   compilation terminated.
[INFO] [stderr]   gmake[2]: *** [CMakeFiles/libprotobuf.dir/build.make:121: CMakeFiles/libprotobuf.dir/src/google/protobuf/empty.pb.cc.o] Error 1
[INFO] [stderr]   c++: fatal error: Killed signal terminated program cc1plus
[INFO] [stderr]   compilation terminated.
[INFO] [stderr]   gmake[2]: *** [CMakeFiles/libprotobuf.dir/build.make:191: CMakeFiles/libprotobuf.dir/src/google/protobuf/type.pb.cc.o] Error 1
[INFO] [stderr]   c++: fatal error: Killed signal terminated program cc1plus
[INFO] [stderr]   compilation terminated.
[INFO] [stderr]   gmake[2]: *** [CMakeFiles/libprotobuf.dir/build.make:93: CMakeFiles/libprotobuf.dir/src/google/protobuf/api.pb.cc.o] Error 1
[INFO] [stderr]   c++: fatal error: Killed signal terminated program cc1plus
[INFO] [stderr]   compilation terminated.
[INFO] [stderr]   gmake[2]: *** [CMakeFiles/libprotobuf.dir/build.make:79: CMakeFiles/libprotobuf.dir/src/google/protobuf/any.pb.cc.o] Error 1
[INFO] [stderr]   c++: fatal error: Killed signal terminated program cc1plus
[INFO] [stderr]   compilation terminated.
[INFO] [stderr]   c++: fatal error: Killed signal terminated program cc1plus
[INFO] [stderr]   compilation terminated.
[INFO] [stderr]   gmake[2]: *** [CMakeFiles/libprotobuf.dir/build.make:107: CMakeFiles/libprotobuf.dir/src/google/protobuf/duration.pb.cc.o] Error 1
[INFO] [stderr]   gmake[2]: *** [CMakeFiles/libprotobuf.dir/build.make:163: CMakeFiles/libprotobuf.dir/src/google/protobuf/struct.pb.cc.o] Error 1
[INFO] [stderr]   gmake[1]: *** [CMakeFiles/Makefile2:1097: CMakeFiles/libprotobuf.dir/all] Error 2
[INFO] [stderr]   gmake[1]: *** Waiting for unfinished jobs....
[INFO] [stderr]   gmake[1]: *** [CMakeFiles/Makefile2:986: CMakeFiles/libprotobuf-lite.dir/all] Error 2
[INFO] [stderr]   gmake: *** [Makefile:136: all] Error 2
[INFO] [stderr] 
[INFO] [stderr]   thread 'main' (2522) panicked at /opt/rustwide/cargo-home/registry/src/index.crates.io-1949cf8c6b5b557f/cmake-0.1.57/src/lib.rs:1132:5:
[INFO] [stderr] 
[INFO] [stderr]   command did not execute successfully, got: exit status: 2
[INFO] [stderr] 
[INFO] [stderr]   build script failed, must exit now
[INFO] [stderr]   stack backtrace:
[INFO] [stderr]      0:     0x57c3695de0f1 - std[617be2ca0a6fd877]::backtrace_rs::backtrace::libunwind::trace
[INFO] [stderr]                                  at /rustc/e3feeb59cd1bdd011a2bfcc0747b55125d9b8527/library/std/src/../../backtrace/src/backtrace/libunwind.rs:117:9
[INFO] [stderr]      1:     0x57c3695de0f1 - std[617be2ca0a6fd877]::backtrace_rs::backtrace::trace_unsynchronized::<std[617be2ca0a6fd877]::sys::backtrace::_print_fmt::{closure#1}>
[INFO] [stderr]                                  at /rustc/e3feeb59cd1bdd011a2bfcc0747b55125d9b8527/library/std/src/../../backtrace/src/backtrace/mod.rs:66:14
[INFO] [stderr]      2:     0x57c3695de0f1 - std[617be2ca0a6fd877]::sys::backtrace::_print_fmt
[INFO] [stderr]                                  at /rustc/e3feeb59cd1bdd011a2bfcc0747b55125d9b8527/library/std/src/sys/backtrace.rs:74:9
[INFO] [stderr]      3:     0x57c3695de0f1 - <<std[617be2ca0a6fd877]::sys::backtrace::BacktraceLock>::print::DisplayBacktrace as core[a373ad73a504971]::fmt::Display>::fmt
[INFO] [stderr]                                  at /rustc/e3feeb59cd1bdd011a2bfcc0747b55125d9b8527/library/std/src/sys/backtrace.rs:44:26
[INFO] [stderr]      4:     0x57c3695f208a - <core[a373ad73a504971]::fmt::rt::Argument>::fmt
[INFO] [stderr]                                  at /rustc/e3feeb59cd1bdd011a2bfcc0747b55125d9b8527/library/core/src/fmt/rt.rs:152:76
[INFO] [stderr]      5:     0x57c3695f208a - core[a373ad73a504971]::fmt::write
[INFO] [stderr]      6:     0x57c3695e38dc - core[a373ad73a504971]::io::write::default_write_fmt::<std[617be2ca0a6fd877]::sys::stdio::unix::Stderr>
[INFO] [stderr]                                  at /rustc/e3feeb59cd1bdd011a2bfcc0747b55125d9b8527/library/core/src/io/write.rs:402:11
[INFO] [stderr]      7:     0x57c3695e38dc - <std[617be2ca0a6fd877]::sys::stdio::unix::Stderr as core[a373ad73a504971]::io::write::Write>::write_fmt
[INFO] [stderr]                                  at /rustc/e3feeb59cd1bdd011a2bfcc0747b55125d9b8527/library/core/src/io/write.rs:335:13
[INFO] [stderr]      8:     0x57c3695bd5e6 - <std[617be2ca0a6fd877]::sys::backtrace::BacktraceLock>::print
[INFO] [stderr]                                  at /rustc/e3feeb59cd1bdd011a2bfcc0747b55125d9b8527/library/std/src/sys/backtrace.rs:47:9
[INFO] [stderr]      9:     0x57c3695bd5e6 - std[617be2ca0a6fd877]::panicking::default_hook::{closure#0}
[INFO] [stderr]                                  at /rustc/e3feeb59cd1bdd011a2bfcc0747b55125d9b8527/library/std/src/panicking.rs:289:27
[INFO] [stderr]     10:     0x57c3695d8d91 - std[617be2ca0a6fd877]::panicking::default_hook
[INFO] [stderr]                                  at /rustc/e3feeb59cd1bdd011a2bfcc0747b55125d9b8527/library/std/src/panicking.rs:316:9
[INFO] [stderr]     11:     0x57c3695d8f4b - std[617be2ca0a6fd877]::panicking::panic_with_hook
[INFO] [stderr]                                  at /rustc/e3feeb59cd1bdd011a2bfcc0747b55125d9b8527/library/std/src/panicking.rs:811:13
[INFO] [stderr]     12:     0x57c3695bd692 - std[617be2ca0a6fd877]::panicking::panic_handler::{closure#0}
[INFO] [stderr]                                  at /rustc/e3feeb59cd1bdd011a2bfcc0747b55125d9b8527/library/std/src/panicking.rs:685:13
[INFO] [stderr]     13:     0x57c3695b6309 - std[617be2ca0a6fd877]::sys::backtrace::__rust_end_short_backtrace::<std[617be2ca0a6fd877]::panicking::panic_handler::{closure#0}, !>
[INFO] [stderr]                                  at /rustc/e3feeb59cd1bdd011a2bfcc0747b55125d9b8527/library/std/src/sys/backtrace.rs:182:18
[INFO] [stderr]     14:     0x57c3695bde7d - __rustc[ea4f61d10b84890b]::rust_begin_unwind
[INFO] [stderr]                                  at /rustc/e3feeb59cd1bdd011a2bfcc0747b55125d9b8527/library/std/src/panicking.rs:676:5
[INFO] [stderr]     15:     0x57c3695f287c - core[a373ad73a504971]::panicking::panic_fmt
[INFO] [stderr]                                  at /rustc/e3feeb59cd1bdd011a2bfcc0747b55125d9b8527/library/core/src/panicking.rs:80:14
[INFO] [stderr]     16:     0x57c369549cf7 - cmake[6adeff333a7ba682]::fail
[INFO] [stderr]     17:     0x57c369549983 - cmake[6adeff333a7ba682]::run
[INFO] [stderr]     18:     0x57c36954f955 - <cmake[6adeff333a7ba682]::Config>::build
[INFO] [stderr]     19:     0x57c36953bca2 - build_script_build[5b968f428439fa82]::main
[INFO] [stderr]     20:     0x57c36953c4cb - <fn() -> core[a373ad73a504971]::result::Result<(), alloc[2e1b2a31b91974c5]::boxed::Box<dyn core[a373ad73a504971]::error::Error>> as core[a373ad73a504971]::ops::function::FnOnce<()>>::call_once
[INFO] [stderr]     21:     0x57c36953bb16 - std[617be2ca0a6fd877]::sys::backtrace::__rust_begin_short_backtrace::<fn() -> core[a373ad73a504971]::result::Result<(), alloc[2e1b2a31b91974c5]::boxed::Box<dyn core[a373ad73a504971]::error::Error>>, core[a373ad73a504971]::result::Result<(), alloc[2e1b2a31b91974c5]::boxed::Box<dyn core[a373ad73a504971]::error::Error>>>
[INFO] [stderr]     22:     0x57c36953bb29 - std[617be2ca0a6fd877]::rt::lang_start::<core[a373ad73a504971]::result::Result<(), alloc[2e1b2a31b91974c5]::boxed::Box<dyn core[a373ad73a504971]::error::Error>>>::{closure#0}
[INFO] [stderr]     23:     0x57c3695d8098 - <&dyn core[a373ad73a504971]::ops::function::Fn<(), Output = i32> + core[a373ad73a504971]::marker::Sync + core[a373ad73a504971]::panic::unwind_safe::RefUnwindSafe as core[a373ad73a504971]::ops::function::FnOnce<()>>::call_once
[INFO] [stderr]                                  at /rustc/e3feeb59cd1bdd011a2bfcc0747b55125d9b8527/library/core/src/ops/function.rs:287:21
[INFO] [stderr]     24:     0x57c3695d8098 - std[617be2ca0a6fd877]::panicking::catch_unwind::do_call::<&dyn core[a373ad73a504971]::ops::function::Fn<(), Output = i32> + core[a373ad73a504971]::marker::Sync + core[a373ad73a504971]::panic::unwind_safe::RefUnwindSafe, i32>
[INFO] [stderr]                                  at /rustc/e3feeb59cd1bdd011a2bfcc0747b55125d9b8527/library/std/src/panicking.rs:573:43
[INFO] [stderr]     25:     0x57c3695d8098 - std[617be2ca0a6fd877]::panicking::catch_unwind::<i32, &dyn core[a373ad73a504971]::ops::function::Fn<(), Output = i32> + core[a373ad73a504971]::marker::Sync + core[a373ad73a504971]::panic::unwind_safe::RefUnwindSafe>
[INFO] [stderr]                                  at /rustc/e3feeb59cd1bdd011a2bfcc0747b55125d9b8527/library/std/src/panicking.rs:541:19
[INFO] [stderr]     26:     0x57c3695d8098 - std[617be2ca0a6fd877]::panic::catch_unwind::<&dyn core[a373ad73a504971]::ops::function::Fn<(), Output = i32> + core[a373ad73a504971]::marker::Sync + core[a373ad73a504971]::panic::unwind_safe::RefUnwindSafe, i32>
[INFO] [stderr]                                  at /rustc/e3feeb59cd1bdd011a2bfcc0747b55125d9b8527/library/std/src/panic.rs:359:14
[INFO] [stderr]     27:     0x57c3695d8098 - std[617be2ca0a6fd877]::rt::lang_start_internal::{closure#0}
[INFO] [stderr]                                  at /rustc/e3feeb59cd1bdd011a2bfcc0747b55125d9b8527/library/std/src/rt.rs:175:24
[INFO] [stderr]     28:     0x57c3695d8098 - std[617be2ca0a6fd877]::panicking::catch_unwind::do_call::<std[617be2ca0a6fd877]::rt::lang_start_internal::{closure#0}, isize>
[INFO] [stderr]                                  at /rustc/e3feeb59cd1bdd011a2bfcc0747b55125d9b8527/library/std/src/panicking.rs:573:43
[INFO] [stderr]     29:     0x57c3695d8098 - std[617be2ca0a6fd877]::panicking::catch_unwind::<isize, std[617be2ca0a6fd877]::rt::lang_start_internal::{closure#0}>
[INFO] [stderr]                                  at /rustc/e3feeb59cd1bdd011a2bfcc0747b55125d9b8527/library/std/src/panicking.rs:541:19
[INFO] [stderr]     30:     0x57c3695d8098 - std[617be2ca0a6fd877]::panic::catch_unwind::<std[617be2ca0a6fd877]::rt::lang_start_internal::{closure#0}, isize>
[INFO] [stderr]                                  at /rustc/e3feeb59cd1bdd011a2bfcc0747b55125d9b8527/library/std/src/panic.rs:359:14
[INFO] [stderr]     31:     0x57c3695d8098 - std[617be2ca0a6fd877]::rt::lang_start_internal
[INFO] [stderr]                                  at /rustc/e3feeb59cd1bdd011a2bfcc0747b55125d9b8527/library/std/src/rt.rs:171:5
[INFO] [stderr]     32:     0x57c36953b621 - std[617be2ca0a6fd877]::rt::lang_start::<core[a373ad73a504971]::result::Result<(), alloc[2e1b2a31b91974c5]::boxed::Box<dyn core[a373ad73a504971]::error::Error>>>
[INFO] [stderr]     33:     0x57c36953c535 - main
[INFO] [stderr]     34:     0x7c50438f2601 - <unknown>
[INFO] [stderr]     35:     0x7c50438f2718 - __libc_start_main
[INFO] [stderr]     36:     0x57c36953aa05 - _start
[INFO] [stderr]     37:                0x0 - <unknown>
[INFO] running `Command { std: "docker" "inspect" "7888716143c81504cdce948bb6fd8a084e08db23a7ce1a3d64ad12312df8b938", kill_on_drop: false }`
[INFO] running `Command { std: "docker" "rm" "-f" "7888716143c81504cdce948bb6fd8a084e08db23a7ce1a3d64ad12312df8b938", kill_on_drop: false }`
[INFO] [stdout] 7888716143c81504cdce948bb6fd8a084e08db23a7ce1a3d64ad12312df8b938
