[INFO] cloning repository https://github.com/danbruder/twhn_api
[INFO] running `Command { std: "git" "-c" "credential.helper=" "-c" "credential.helper=/workspace/cargo-home/bin/git-credential-null" "clone" "--bare" "https://github.com/danbruder/twhn_api" "/workspace/cache/git-repos/https%3A%2F%2Fgithub.com%2Fdanbruder%2Ftwhn_api", kill_on_drop: false }`
[INFO] [stderr] Cloning into bare repository '/workspace/cache/git-repos/https%3A%2F%2Fgithub.com%2Fdanbruder%2Ftwhn_api'...
[INFO] running `Command { std: "git" "rev-parse" "HEAD", kill_on_drop: false }`
[INFO] [stdout] 689135bf74b007ea88d6ee7e186544e4398619bb
[INFO] testing danbruder/twhn_api against 1.99.0-beta.8 for beta-1.100-2
[INFO] running `Command { std: "git" "clone" "/workspace/cache/git-repos/https%3A%2F%2Fgithub.com%2Fdanbruder%2Ftwhn_api" "/workspace/builds/worker-1-tc1/source", kill_on_drop: false }`
[INFO] [stderr] Cloning into '/workspace/builds/worker-1-tc1/source'...
[INFO] [stderr] done.
[INFO] started tweaking git repo https://github.com/danbruder/twhn_api
[INFO] finished tweaking git repo https://github.com/danbruder/twhn_api
[INFO] tweaked toml for git repo https://github.com/danbruder/twhn_api written to /workspace/builds/worker-1-tc1/source/Cargo.toml
[INFO] validating manifest of git repo https://github.com/danbruder/twhn_api on toolchain 1.99.0-beta.8
[INFO] running `Command { std: CARGO_HOME="/workspace/cargo-home" RUSTUP_HOME="/workspace/rustup-home" "/workspace/cargo-home/bin/cargo" "+1.99.0-beta.8" "metadata" "--manifest-path" "Cargo.toml" "--no-deps", kill_on_drop: false }`
[INFO] crate git repo https://github.com/danbruder/twhn_api already has a lockfile, it will not be regenerated
[INFO] running `Command { std: CARGO_HOME="/workspace/cargo-home" RUSTUP_HOME="/workspace/rustup-home" "/workspace/cargo-home/bin/cargo" "+1.99.0-beta.8" "fetch" "--manifest-path" "Cargo.toml", kill_on_drop: false }`
[INFO] [stderr]     Updating crates.io index
[INFO] [stderr]  Downloading crates ...
[INFO] [stderr]   Downloaded tracing-core v0.1.21
[INFO] [stderr]   Downloaded pin-project-lite v0.2.7
[INFO] [stderr]   Downloaded cpufeatures v0.2.1
[INFO] [stderr]   Downloaded futures-task v0.3.19
[INFO] [stderr]   Downloaded siphasher v0.3.7
[INFO] [stderr]   Downloaded slab v0.4.5
[INFO] [stderr]   Downloaded sqlx-rt v0.5.9
[INFO] [stderr]   Downloaded rand_pcg v0.2.1
[INFO] [stderr]   Downloaded phf_shared v0.8.0
[INFO] [stderr]   Downloaded wasm-bindgen-shared v0.2.78
[INFO] [stderr]   Downloaded phf_generator v0.8.0
[INFO] [stderr]   Downloaded tokio-tungstenite v0.15.0
[INFO] [stderr]   Downloaded pin-project-internal v1.0.8
[INFO] [stderr]   Downloaded proc-macro-crate v1.1.0
[INFO] [stderr]   Downloaded futf v0.1.4
[INFO] [stderr]   Downloaded rustls-pemfile v0.2.1
[INFO] [stderr]   Downloaded pest_generator v2.1.3
[INFO] [stderr]   Downloaded async-stream-impl v0.3.2
[INFO] [stderr]   Downloaded futures-io v0.3.19
[INFO] [stderr]   Downloaded safemem v0.3.3
[INFO] [stderr]   Downloaded async-stream v0.3.2
[INFO] [stderr]   Downloaded block-padding v0.1.5
[INFO] [stderr]   Downloaded darling_macro v0.13.1
[INFO] [stderr]   Downloaded wasm-bindgen-macro v0.2.78
[INFO] [stderr]   Downloaded async-graphql-value v3.0.17
[INFO] [stderr]   Downloaded futures-core v0.3.19
[INFO] [stderr]   Downloaded chrono-humanize v0.2.1
[INFO] [stderr]   Downloaded block-buffer v0.7.3
[INFO] [stderr]   Downloaded mime_guess v2.0.3
[INFO] [stderr]   Downloaded futures-channel v0.3.19
[INFO] [stderr]   Downloaded sha-1 v0.8.2
[INFO] [stderr]   Downloaded fake-simd v0.1.2
[INFO] [stderr]   Downloaded async-graphql-warp v3.0.17
[INFO] [stderr]   Downloaded proc-macro2 v1.0.34
[INFO] [stderr]   Downloaded httparse v1.5.1
[INFO] [stderr]   Downloaded new_debug_unreachable v1.0.4
[INFO] [stderr]   Downloaded string_cache v0.8.2
[INFO] [stderr]   Downloaded futures-macro v0.3.19
[INFO] [stderr]   Downloaded buf_redux v0.8.4
[INFO] [stderr]   Downloaded sqlx-macros v0.5.9
[INFO] [stderr]   Downloaded wasm-bindgen-macro-support v0.2.78
[INFO] [stderr]   Downloaded wasm-bindgen-backend v0.2.78
[INFO] [stderr]   Downloaded sha2 v0.9.8
[INFO] [stderr]   Downloaded wasm-bindgen-futures v0.4.28
[INFO] [stderr]   Downloaded tokio-rustls v0.23.2
[INFO] [stderr]   Downloaded multer v2.0.2
[INFO] [stderr]   Downloaded string_cache_codegen v0.5.1
[INFO] [stderr]   Downloaded smallvec v1.7.0
[INFO] [stderr]   Downloaded lock_api v0.4.5
[INFO] [stderr]   Downloaded sha-1 v0.9.8
[INFO] [stderr]   Downloaded async-trait v0.1.52
[INFO] [stderr]   Downloaded async-graphql-parser v3.0.17
[INFO] [stderr]   Downloaded once_cell v1.9.0
[INFO] [stderr]   Downloaded futures-sink v0.3.19
[INFO] [stderr]   Downloaded twoway v0.1.8
[INFO] [stderr]   Downloaded socket2 v0.4.2
[INFO] [stderr]   Downloaded pkg-config v0.3.24
[INFO] [stderr]   Downloaded winreg v0.7.0
[INFO] [stderr]   Downloaded ipnet v2.3.1
[INFO] [stderr]   Downloaded futures-executor v0.3.19
[INFO] [stderr]   Downloaded dashmap v4.0.2
[INFO] [stderr]   Downloaded spin v0.9.2
[INFO] [stderr]   Downloaded pest_derive v2.1.0
[INFO] [stderr]   Downloaded ucd-trie v0.1.3
[INFO] [stderr]   Downloaded async-graphql-derive v3.0.17
[INFO] [stderr]   Downloaded darling v0.13.1
[INFO] [stderr]   Downloaded tendril v0.4.2
[INFO] [stderr]   Downloaded tracing v0.1.29
[INFO] [stderr]   Downloaded quote v1.0.10
[INFO] [stderr]   Downloaded redox_syscall v0.2.10
[INFO] [stderr]   Downloaded typenum v1.14.0
[INFO] [stderr]   Downloaded cc v1.0.72
[INFO] [stderr]   Downloaded futures v0.3.19
[INFO] [stderr]   Downloaded pest_meta v2.1.3
[INFO] [stderr]   Downloaded darling_core v0.13.1
[INFO] [stderr]   Downloaded anyhow v1.0.51
[INFO] [stderr]   Downloaded ammonia v3.1.2
[INFO] [stderr]   Downloaded markup5ever v0.10.1
[INFO] [stderr]   Downloaded mio v0.7.14
[INFO] [stderr]   Downloaded serde_derive v1.0.132
[INFO] [stderr]   Downloaded tungstenite v0.14.0
[INFO] [stderr]   Downloaded pin-project v1.0.8
[INFO] [stderr]   Downloaded indexmap v1.7.0
[INFO] [stderr]   Downloaded multipart v0.18.0
[INFO] [stderr]   Downloaded js-sys v0.3.55
[INFO] [stderr]   Downloaded phf_codegen v0.8.0
[INFO] [stderr]   Downloaded phf v0.8.0
[INFO] [stderr]   Downloaded html5ever v0.25.1
[INFO] [stderr]   Downloaded serde v1.0.132
[INFO] [stderr]   Downloaded headers v0.3.5
[INFO] [stderr]   Downloaded sqlx v0.5.9
[INFO] [stderr]   Downloaded unicode-segmentation v1.8.0
[INFO] [stderr]   Downloaded pest v2.1.3
[INFO] [stderr]   Downloaded markup5ever_rcdom v0.1.0
[INFO] [stderr]   Downloaded xml5ever v0.16.2
[INFO] [stderr]   Downloaded http v0.2.5
[INFO] [stderr]   Downloaded serde_json v1.0.73
[INFO] [stderr]   Downloaded bumpalo v3.8.0
[INFO] [stderr]   Downloaded nom v7.1.0
[INFO] [stderr]   Downloaded warp v0.3.2
[INFO] [stderr]   Downloaded futures-util v0.3.19
[INFO] [stderr]   Downloaded reqwest v0.11.7
[INFO] [stderr]   Downloaded wasm-bindgen v0.2.78
[INFO] [stderr]   Downloaded h2 v0.3.9
[INFO] [stderr]   Downloaded hyper v0.14.16
[INFO] [stderr]   Downloaded syn v1.0.82
[INFO] [stderr]   Downloaded sqlx-core v0.5.9
[INFO] [stderr]   Downloaded async-graphql v3.0.17
[INFO] [stderr]   Downloaded rustls v0.20.2
[INFO] [stderr]   Downloaded tokio v1.15.0
[INFO] [stderr]   Downloaded libc v0.2.112
[INFO] [stderr]   Downloaded web-sys v0.3.55
[INFO] [stderr]   Downloaded encoding_rs v0.8.30
[INFO] [stderr]   Downloaded libsqlite3-sys v0.22.2
[INFO] running `Command { std: "docker" "create" "-v" "/var/lib/crater-agent-workspace/builds/worker-1-tc1/source:/opt/rustwide/workdir:ro,Z" "-v" "/var/lib/crater-agent-workspace/builds/worker-1-tc1/target:/opt/rustwide/target:rw,Z" "-v" "/var/lib/crater-agent-workspace/cargo-home:/opt/rustwide/cargo-home:ro,Z" "-v" "/var/lib/crater-agent-workspace/rustup-home:/opt/rustwide/rustup-home:ro,Z" "-m" "1610612736" "--network" "none" "ghcr.io/rust-lang/crates-build-env/linux@sha256:3111399a4047eeb3a02b7a90e478d715f38a8c6669b5c4b49d30a17385265909" "sleep" "infinity", kill_on_drop: false }`
[INFO] [stdout] a2ae85ecc0732ccd2a2c6ea5fc1ff4fd71940ef674ae6d21bb42ec0898fc92d7
[INFO] running `Command { std: "docker" "start" "a2ae85ecc0732ccd2a2c6ea5fc1ff4fd71940ef674ae6d21bb42ec0898fc92d7", kill_on_drop: false }`
[INFO] running `Command { std: "docker" "inspect" "a2ae85ecc0732ccd2a2c6ea5fc1ff4fd71940ef674ae6d21bb42ec0898fc92d7", kill_on_drop: false }`
[INFO] running `Command { std: "docker" "exec" "-e" "SOURCE_DIR=/opt/rustwide/workdir" "-e" "CARGO_HOME=/opt/rustwide/cargo-home" "-e" "RUSTUP_HOME=/opt/rustwide/rustup-home" "-e" "CARGO_TARGET_DIR=/opt/rustwide/target" "-w" "/opt/rustwide/workdir" "--user" "0:0" "a2ae85ecc0732ccd2a2c6ea5fc1ff4fd71940ef674ae6d21bb42ec0898fc92d7" "/opt/rustwide/cargo-home/bin/cargo" "+1.99.0-beta.8" "metadata" "--no-deps" "--format-version=1", kill_on_drop: false }`
[INFO] running `Command { std: "docker" "inspect" "a2ae85ecc0732ccd2a2c6ea5fc1ff4fd71940ef674ae6d21bb42ec0898fc92d7", kill_on_drop: false }`
[INFO] running `Command { std: "docker" "exec" "-e" "SOURCE_DIR=/opt/rustwide/workdir" "-e" "CARGO_HOME=/opt/rustwide/cargo-home" "-e" "RUSTUP_HOME=/opt/rustwide/rustup-home" "-e" "CARGO_TARGET_DIR=/opt/rustwide/target" "-e" "CARGO_INCREMENTAL=0" "-e" "RUST_BACKTRACE=full" "-e" "RUSTFLAGS=--cap-lints=warn" "-e" "RUSTDOCFLAGS=--cap-lints=warn" "-w" "/opt/rustwide/workdir" "--user" "0:0" "a2ae85ecc0732ccd2a2c6ea5fc1ff4fd71940ef674ae6d21bb42ec0898fc92d7" "/opt/rustwide/cargo-home/bin/cargo" "+1.99.0-beta.8" "build" "--frozen" "--message-format=json", kill_on_drop: false }`
[INFO] [stderr]    Compiling libc v0.2.112
[INFO] [stderr]    Compiling proc-macro2 v1.0.34
[INFO] [stderr]    Compiling unicode-xid v0.2.2
[INFO] [stderr]    Compiling syn v1.0.82
[INFO] [stderr]    Compiling serde_derive v1.0.132
[INFO] [stderr]    Compiling serde v1.0.132
[INFO] [stderr]    Compiling version_check v0.9.3
[INFO] [stderr]    Compiling once_cell v1.9.0
[INFO] [stderr]    Compiling log v0.4.14
[INFO] [stderr]    Compiling autocfg v1.0.1
[INFO] [stderr]    Compiling pin-project-lite v0.2.7
[INFO] [stderr]    Compiling memchr v2.4.1
[INFO] [stderr]    Compiling smallvec v1.7.0
[INFO] [stderr]    Compiling ahash v0.7.6
[INFO] [stderr]    Compiling futures-core v0.3.19
[INFO] [stderr]    Compiling lock_api v0.4.5
[INFO] [stderr]    Compiling quote v1.0.10
[INFO] [stderr]    Compiling cc v1.0.72
[INFO] [stderr]    Compiling ppv-lite86 v0.2.15
[INFO] [stderr]    Compiling itoa v0.4.8
[INFO] [stderr]    Compiling typenum v1.14.0
[INFO] [stderr]    Compiling generic-array v0.14.4
[INFO] [stderr]    Compiling parking_lot_core v0.8.5
[INFO] [stderr]    Compiling getrandom v0.2.3
[INFO] [stderr]    Compiling num_cpus v1.13.0
[INFO] [stderr]    Compiling mio v0.7.14
[INFO] [stderr]    Compiling futures-sink v0.3.19
[INFO] [stderr]    Compiling futures-task v0.3.19
[INFO] [stderr]    Compiling parking_lot v0.11.2
[INFO] [stderr]    Compiling futures-channel v0.3.19
[INFO] [stderr]    Compiling getrandom v0.1.16
[INFO] [stderr]    Compiling signal-hook-registry v1.4.0
[INFO] [stderr]    Compiling futures-util v0.3.19
[INFO] [stderr]    Compiling ring v0.16.20
[INFO] [stderr]    Compiling futures-io v0.3.19
[INFO] [stderr]    Compiling slab v0.4.5
[INFO] [stderr]    Compiling rand_core v0.5.1
[INFO] [stderr]    Compiling hashbrown v0.11.2
[INFO] [stderr]    Compiling indexmap v1.7.0
[INFO] [stderr]    Compiling num-traits v0.2.14
[INFO] [stderr]    Compiling siphasher v0.3.7
[INFO] [stderr]    Compiling httparse v1.5.1
[INFO] [stderr]    Compiling cpufeatures v0.2.1
[INFO] [stderr]    Compiling block-buffer v0.9.0
[INFO] [stderr]    Compiling digest v0.9.0
[INFO] [stderr]    Compiling phf_shared v0.8.0
[INFO] [stderr]    Compiling rand_chacha v0.2.2
[INFO] [stderr]    Compiling rand_pcg v0.2.1
[INFO] [stderr]    Compiling num-integer v0.1.44
[INFO] [stderr]    Compiling rand v0.7.3
[INFO] [stderr]    Compiling rand_core v0.6.3
[INFO] [stderr]    Compiling time v0.1.43
[INFO] [stderr]    Compiling nom v7.1.0
[INFO] [stderr]    Compiling serde_json v1.0.73
[INFO] [stderr]    Compiling ucd-trie v0.1.3
[INFO] [stderr]    Compiling maplit v1.0.2
[INFO] [stderr]    Compiling rand_chacha v0.3.1
[INFO] [stderr]    Compiling pest v2.1.3
[INFO] [stderr]    Compiling unicase v2.6.0
[INFO] [stderr]    Compiling mime v0.3.16
[INFO] [stderr]    Compiling new_debug_unreachable v1.0.4
[INFO] [stderr]    Compiling crossbeam-utils v0.8.5
[INFO] [stderr]    Compiling rand v0.8.4
[INFO] [stderr]    Compiling tracing-core v0.1.21
[INFO] [stderr]    Compiling pkg-config v0.3.24
[INFO] [stderr]    Compiling phf_generator v0.8.0
[INFO] [stderr]    Compiling phf_codegen v0.8.0
[INFO] [stderr]    Compiling string_cache_codegen v0.5.1
[INFO] [stderr]    Compiling mac v0.1.1
[INFO] [stderr]    Compiling futf v0.1.4
[INFO] [stderr]    Compiling pest_meta v2.1.3
[INFO] [stderr]    Compiling libsqlite3-sys v0.22.2
[INFO] [stderr]    Compiling tracing v0.1.29
[INFO] [stderr]    Compiling markup5ever v0.10.1
[INFO] [stderr]    Compiling strsim v0.10.0
[INFO] [stderr]    Compiling crossbeam-queue v0.3.2
[INFO] [stderr]    Compiling encoding_rs v0.8.30
[INFO] [stderr]    Compiling precomputed-hash v0.1.1
[INFO] [stderr]    Compiling want v0.3.0
[INFO] [stderr]    Compiling mime_guess v2.0.3
[INFO] [stderr]    Compiling tendril v0.4.2
[INFO] [stderr]    Compiling phf v0.8.0
[INFO] [stderr]    Compiling sha-1 v0.9.8
[INFO] [stderr]    Compiling aho-corasick v0.7.18
[INFO] [stderr]    Compiling socket2 v0.4.2
[INFO] [stderr]    Compiling tempfile v3.2.0
[INFO] [stderr]    Compiling crossbeam-channel v0.5.1
[INFO] [stderr]    Compiling atoi v0.4.0
[INFO] [stderr]    Compiling webpki v0.21.4
[INFO] [stderr]    Compiling sct v0.6.1
[INFO] [stderr]    Compiling pest_generator v2.1.3
[INFO] [stderr]    Compiling rustls v0.19.1
[INFO] [stderr]    Compiling darling_core v0.13.1
[INFO] [stderr]    Compiling webpki-roots v0.21.1
[INFO] [stderr]    Compiling regex v1.5.4
[INFO] [stderr]    Compiling webpki v0.22.0
[INFO] [stderr]    Compiling sct v0.7.0
[INFO] [stderr]    Compiling futures-intrusive v0.4.0
[INFO] [stderr]    Compiling multer v2.0.2
[INFO] [stderr]    Compiling safemem v0.3.3
[INFO] [stderr]    Compiling uuid v0.8.2
[INFO] [stderr]    Compiling async-trait v0.1.52
[INFO] [stderr]    Compiling buf_redux v0.8.4
[INFO] [stderr]    Compiling rustls v0.20.2
[INFO] [stderr]    Compiling Inflector v0.11.4
[INFO] [stderr]    Compiling tokio-macros v1.7.0
[INFO] [stderr]    Compiling futures-macro v0.3.19
[INFO] [stderr]    Compiling thiserror-impl v1.0.30
[INFO] [stderr]    Compiling thiserror v1.0.30
[INFO] [stderr]    Compiling pest_derive v2.1.0
[INFO] [stderr]    Compiling darling_macro v0.13.1
[INFO] [stderr]    Compiling html5ever v0.25.1
[INFO] [stderr]    Compiling pin-project-internal v1.0.8
[INFO] [stderr]    Compiling darling v0.13.1
[INFO] [stderr]    Compiling async-stream-impl v0.3.2
[INFO] [stderr]    Compiling chrono v0.4.19
[INFO] [stderr]    Compiling pin-project v1.0.8
[INFO] [stderr]    Compiling hashlink v0.7.0
[INFO] [stderr]    Compiling sha2 v0.9.8
[INFO] [stderr]    Compiling twoway v0.1.8
[INFO] [stderr]    Compiling bitflags v1.3.2
[INFO] [stderr]    Compiling spin v0.9.2
[INFO] [stderr]    Compiling unicode-segmentation v1.8.0
[INFO] [stderr]    Compiling byteorder v1.4.3
[INFO] [stderr]    Compiling multipart v0.18.0
[INFO] [stderr]    Compiling async-stream v0.3.2
[INFO] [stderr]    Compiling heck v0.3.3
[INFO] [stderr]    Compiling anyhow v1.0.51
[INFO] [stderr]    Compiling scoped-tls v1.0.0
[INFO] [stderr]    Compiling futures-executor v0.3.19
[INFO] [stderr]    Compiling rustls-pemfile v0.2.1
[INFO] [stderr]    Compiling ipnet v2.3.1
[INFO] [stderr]    Compiling futures v0.3.19
[INFO] [stderr]    Compiling dashmap v4.0.2
[INFO] [stderr]    Compiling bytes v1.1.0
[INFO] [stderr]    Compiling either v1.6.1
[INFO] [stderr]    Compiling string_cache v0.8.2
[INFO] [stderr]    Compiling itertools v0.10.3
[INFO] [stderr]    Compiling toml v0.5.8
[INFO] [stderr]    Compiling tokio v1.15.0
[INFO] [stderr]    Compiling http v0.2.5
[INFO] [stderr]    Compiling sqlformat v0.1.8
[INFO] [stderr]    Compiling async-graphql-value v3.0.17
[INFO] [stderr]    Compiling proc-macro-crate v1.1.0
[INFO] [stderr]    Compiling serde_urlencoded v0.7.0
[INFO] [stderr]    Compiling async-graphql-parser v3.0.17
[INFO] [stderr]    Compiling xml5ever v0.16.2
[INFO] [stderr]    Compiling http-body v0.4.4
[INFO] [stderr]    Compiling headers-core v0.2.0
[INFO] [stderr]    Compiling tungstenite v0.14.0
[INFO] [stderr]    Compiling headers v0.3.5
[INFO] [stderr]    Compiling markup5ever_rcdom v0.1.0
[INFO] [stderr]    Compiling chrono-humanize v0.2.1
[INFO] [stderr]    Compiling ammonia v3.1.2
[INFO] [stderr]    Compiling tokio-rustls v0.22.0
[INFO] [stderr]    Compiling tokio-stream v0.1.8
[INFO] [stderr]    Compiling sqlx-rt v0.5.9
[INFO] [stderr]    Compiling async-graphql-derive v3.0.17
[INFO] [stderr]    Compiling tokio-util v0.6.9
[INFO] [stderr]    Compiling tokio-rustls v0.23.2
[INFO] [stderr]    Compiling tokio-tungstenite v0.15.0
[INFO] [stderr]    Compiling h2 v0.3.9
[INFO] [stderr]    Compiling sqlx-core v0.5.9
[INFO] [stderr]    Compiling async-graphql v3.0.17
[INFO] [stderr]    Compiling sqlx-macros v0.5.9
[INFO] [stderr]    Compiling hyper v0.14.16
[INFO] [stderr]    Compiling sqlx v0.5.9
[INFO] [stderr]    Compiling warp v0.3.2
[INFO] [stderr]    Compiling hyper-rustls v0.23.0
[INFO] [stderr]    Compiling reqwest v0.11.7
[INFO] [stderr]    Compiling async-graphql-warp v3.0.17
[INFO] [stderr]    Compiling twhn_api v0.1.0 (/opt/rustwide/workdir)
[INFO] [stdout] error: failed to find data for query 1019017ed4bd5d102fdee0b4e2ad86139d2e7a251419f44792ca581ff7cda8c1 at line 49 column 1
[INFO] [stdout]   --> src/cron.rs:51:5
[INFO] [stdout]    |
[INFO] [stdout] 51 |     sqlx::query!("DELETE FROM list WHERE key = 'top_stories'")
[INFO] [stdout]    |     ^^^^^^^^^^^^^^^^^^^^^^^^^^^^^^^^^^^^^^^^^^^^^^^^^^^^^^^^^^
[INFO] [stdout]    |
[INFO] [stdout]    = note: this error originates in the macro `$crate::sqlx_macros::expand_query` which comes from the expansion of the macro `sqlx::query` (in Nightly builds, run with -Z macro-backtrace for more info)
[INFO] [stdout] 
[INFO] [stdout] 
[INFO] [stdout] error: failed to find data for query 006eeca257c858b728a2677fccf98758c0877efb503f560469f6df68b2f66870 at line 49 column 1
[INFO] [stdout]   --> src/cron.rs:62:9
[INFO] [stdout]    |
[INFO] [stdout] 62 | /         sqlx::query!(
[INFO] [stdout] 63 | |             r#"
[INFO] [stdout] 64 | |         INSERT INTO list (key, item_id, ordering, created_at)
[INFO] [stdout] 65 | |         VALUES ('top_stories', ?1, ?2, ?3)
[INFO] [stdout] ...  |
[INFO] [stdout] 69 | |             ts,
[INFO] [stdout] 70 | |         )
[INFO] [stdout]    | |_________^
[INFO] [stdout]    |
[INFO] [stdout]    = note: this error originates in the macro `$crate::sqlx_macros::expand_query` which comes from the expansion of the macro `sqlx::query` (in Nightly builds, run with -Z macro-backtrace for more info)
[INFO] [stdout] 
[INFO] [stdout] 
[INFO] [stdout] error: failed to find data for query 07cfefea1b7a1460b27e495765db7136969c3c865b82d4a8982dbe2c0398ce91 at line 49 column 1
[INFO] [stdout]   --> src/cron.rs:75:24
[INFO] [stdout]    |
[INFO] [stdout] 75 |           let existing = sqlx::query_as!(
[INFO] [stdout]    |  ________________________^
[INFO] [stdout] 76 | |             ExistingMetric,
[INFO] [stdout] 77 | |             r#"
[INFO] [stdout] 78 | |                 SELECT value FROM item_metric
[INFO] [stdout] ...  |
[INFO] [stdout] 84 | |             id,
[INFO] [stdout] 85 | |         )
[INFO] [stdout]    | |_________^
[INFO] [stdout]    |
[INFO] [stdout]    = note: this error originates in the macro `$crate::sqlx_macros::expand_query` which comes from the expansion of the macro `sqlx::query_as` (in Nightly builds, run with -Z macro-backtrace for more info)
[INFO] [stdout] 
[INFO] [stdout] 
[INFO] [stdout] error: failed to find data for query 75e4d89f39b48a30643422c6efa641e1a757b416f8f1ad70febf3552c3efa40b at line 49 column 1
[INFO] [stdout]    --> src/cron.rs:96:13
[INFO] [stdout]     |
[INFO] [stdout]  96 | /             sqlx::query!(
[INFO] [stdout]  97 | |                 r#"
[INFO] [stdout]  98 | |                     INSERT INTO item_metric (item_id, metric, created_at, value)
[INFO] [stdout]  99 | |                     VALUES (?1, 'rank', ?2, ?3)
[INFO] [stdout] ...   |
[INFO] [stdout] 103 | |                 rank
[INFO] [stdout] 104 | |             )
[INFO] [stdout]     | |_____________^
[INFO] [stdout]     |
[INFO] [stdout]     = note: this error originates in the macro `$crate::sqlx_macros::expand_query` which comes from the expansion of the macro `sqlx::query` (in Nightly builds, run with -Z macro-backtrace for more info)
[INFO] [stdout] 
[INFO] [stdout] 
[INFO] [stdout] error: failed to find data for query dad91ae1c5ee3803b44efc26958efd7b06847122de688f1b35ba97e4e7178264 at line 49 column 1
[INFO] [stdout]    --> src/cron.rs:118:17
[INFO] [stdout]     |
[INFO] [stdout] 118 |     let start = sqlx::query!("SELECT value FROM config WHERE key='backfill_ptr'")
[INFO] [stdout]     |                 ^^^^^^^^^^^^^^^^^^^^^^^^^^^^^^^^^^^^^^^^^^^^^^^^^^^^^^^^^^^^^^^^^
[INFO] [stdout]     |
[INFO] [stdout]     = note: this error originates in the macro `$crate::sqlx_macros::expand_query` which comes from the expansion of the macro `sqlx::query` (in Nightly builds, run with -Z macro-backtrace for more info)
[INFO] [stdout] 
[INFO] [stdout] 
[INFO] [stdout] error: failed to find data for query 09db405b71e2c077e7c84b9c9882826476d98b37ccec44c57bde8bcfd9656bd9 at line 49 column 1
[INFO] [stdout]    --> src/cron.rs:132:5
[INFO] [stdout]     |
[INFO] [stdout] 132 | /     sqlx::query!(
[INFO] [stdout] 133 | |         "INSERT OR REPLACE INTO config (key, value) VALUES ('backfill_ptr', ?1)",
[INFO] [stdout] 134 | |         end
[INFO] [stdout] 135 | |     )
[INFO] [stdout]     | |_____^
[INFO] [stdout]     |
[INFO] [stdout]     = note: this error originates in the macro `$crate::sqlx_macros::expand_query` which comes from the expansion of the macro `sqlx::query` (in Nightly builds, run with -Z macro-backtrace for more info)
[INFO] [stdout] 
[INFO] [stdout] 
[INFO] [stdout] error: failed to find data for query 41f5e462a4f188a4d99777599e3a7ba80b827cf71cb2199ad17ab823d5306c7a at line 49 column 1
[INFO] [stdout]   --> src/db/item.rs:35:9
[INFO] [stdout]    |
[INFO] [stdout] 35 | /         sqlx::query!(
[INFO] [stdout] 36 | |             r#"
[INFO] [stdout] 37 | |             INSERT OR REPLACE INTO item (id, original, descendants, username, score, title, url, body, time)
[INFO] [stdout] 38 | |             VALUES 
[INFO] [stdout] ...  |
[INFO] [stdout] 49 | |             self.time,
[INFO] [stdout] 50 | |         )
[INFO] [stdout]    | |_________^
[INFO] [stdout]    |
[INFO] [stdout]    = note: this error originates in the macro `$crate::sqlx_macros::expand_query` which comes from the expansion of the macro `sqlx::query` (in Nightly builds, run with -Z macro-backtrace for more info)
[INFO] [stdout] 
[INFO] [stdout] 
[INFO] [stdout] error: failed to find data for query 9d441ce71c227543cf4d05829f6267fe58a774a52a1f46a992e6d683e38b0d6e at line 49 column 1
[INFO] [stdout]   --> src/schema.rs:21:19
[INFO] [stdout]    |
[INFO] [stdout] 21 |           let ids = sqlx::query!(
[INFO] [stdout]    |  ___________________^
[INFO] [stdout] 22 | |             r#"
[INFO] [stdout] 23 | |             SELECT 
[INFO] [stdout] 24 | |                 item_id 
[INFO] [stdout] ...  |
[INFO] [stdout] 31 | |             "#,
[INFO] [stdout] 32 | |         )
[INFO] [stdout]    | |_________^
[INFO] [stdout]    |
[INFO] [stdout]    = note: this error originates in the macro `$crate::sqlx_macros::expand_query` which comes from the expansion of the macro `sqlx::query` (in Nightly builds, run with -Z macro-backtrace for more info)
[INFO] [stdout] 
[INFO] [stdout] 
[INFO] [stdout] error: failed to find data for query a6096004d0932d50b334e3240820ec65685e64240ced057f1583c2f6c6e107b2 at line 49 column 1
[INFO] [stdout]   --> src/schema.rs:82:19
[INFO] [stdout]    |
[INFO] [stdout] 82 |           let ids = sqlx::query!(
[INFO] [stdout]    |  ___________________^
[INFO] [stdout] 83 | |             r#"
[INFO] [stdout] 84 | |             SELECT 
[INFO] [stdout] 85 | |                 item_id 
[INFO] [stdout] ...  |
[INFO] [stdout] 90 | |             "#,
[INFO] [stdout] 91 | |         )
[INFO] [stdout]    | |_________^
[INFO] [stdout]    |
[INFO] [stdout]    = note: this error originates in the macro `$crate::sqlx_macros::expand_query` which comes from the expansion of the macro `sqlx::query` (in Nightly builds, run with -Z macro-backtrace for more info)
[INFO] [stdout] 
[INFO] [stdout] 
[INFO] [stdout] error: failed to find data for query f09b54136033976f9262355e6e85ab70e21e9ff9a943061c9cbc7179aa203d78 at line 49 column 1
[INFO] [stdout]    --> src/schema.rs:238:29
[INFO] [stdout]     |
[INFO] [stdout] 238 |           let is_bookmarked = sqlx::query!(
[INFO] [stdout]     |  _____________________________^
[INFO] [stdout] 239 | |             r#"
[INFO] [stdout] 240 | |             SELECT 
[INFO] [stdout] 241 | |                 item_id 
[INFO] [stdout] ...   |
[INFO] [stdout] 247 | |             self.id
[INFO] [stdout] 248 | |         )
[INFO] [stdout]     | |_________^
[INFO] [stdout]     |
[INFO] [stdout]     = note: this error originates in the macro `$crate::sqlx_macros::expand_query` which comes from the expansion of the macro `sqlx::query` (in Nightly builds, run with -Z macro-backtrace for more info)
[INFO] [stdout] 
[INFO] [stdout] 
[INFO] [stdout] error: failed to find data for query f09b54136033976f9262355e6e85ab70e21e9ff9a943061c9cbc7179aa203d78 at line 49 column 1
[INFO] [stdout]    --> src/schema.rs:319:29
[INFO] [stdout]     |
[INFO] [stdout] 319 |           let is_bookmarked = sqlx::query!(
[INFO] [stdout]     |  _____________________________^
[INFO] [stdout] 320 | |             r#"
[INFO] [stdout] 321 | |             SELECT 
[INFO] [stdout] 322 | |                 item_id 
[INFO] [stdout] ...   |
[INFO] [stdout] 328 | |             self.id
[INFO] [stdout] 329 | |         )
[INFO] [stdout]     | |_________^
[INFO] [stdout]     |
[INFO] [stdout]     = note: this error originates in the macro `$crate::sqlx_macros::expand_query` which comes from the expansion of the macro `sqlx::query` (in Nightly builds, run with -Z macro-backtrace for more info)
[INFO] [stdout] 
[INFO] [stdout] 
[INFO] [stdout] error: failed to find data for query cd2fc71c710f4dce0cfc04cdbd3f3a7aa7a26c364295f428d8beed4717db0447 at line 49 column 1
[INFO] [stdout]    --> src/schema.rs:382:17
[INFO] [stdout]     |
[INFO] [stdout] 382 |           let _ = sqlx::query!(
[INFO] [stdout]     |  _________________^
[INFO] [stdout] 383 | |             r#"
[INFO] [stdout] 384 | |         INSERT INTO 
[INFO] [stdout] 385 | |             bookmarked_item (item_id, user_id, created_at)
[INFO] [stdout] ...   |
[INFO] [stdout] 390 | |             now
[INFO] [stdout] 391 | |         )
[INFO] [stdout]     | |_________^
[INFO] [stdout]     |
[INFO] [stdout]     = note: this error originates in the macro `$crate::sqlx_macros::expand_query` which comes from the expansion of the macro `sqlx::query` (in Nightly builds, run with -Z macro-backtrace for more info)
[INFO] [stdout] 
[INFO] [stdout] 
[INFO] [stdout] error: failed to find data for query f7722c58484f7bd7908e12154ccff5ee440610f84b0fe1f402d66d8379a8a1e8 at line 49 column 1
[INFO] [stdout]    --> src/schema.rs:403:17
[INFO] [stdout]     |
[INFO] [stdout] 403 |           let _ = sqlx::query!(
[INFO] [stdout]     |  _________________^
[INFO] [stdout] 404 | |             r#"
[INFO] [stdout] 405 | |             DELETE FROM 
[INFO] [stdout] 406 | |                 bookmarked_item 
[INFO] [stdout] ...   |
[INFO] [stdout] 412 | |             item_id,
[INFO] [stdout] 413 | |         )
[INFO] [stdout]     | |_________^
[INFO] [stdout]     |
[INFO] [stdout]     = note: this error originates in the macro `$crate::sqlx_macros::expand_query` which comes from the expansion of the macro `sqlx::query` (in Nightly builds, run with -Z macro-backtrace for more info)
[INFO] [stdout] 
[INFO] [stdout] 
[INFO] [stdout] warning: method call on a diverging inference variable
[INFO] [stdout]    --> src/cron.rs:121:10
[INFO] [stdout]     |
[INFO] [stdout] 121 |         .map(|v| v.value.parse::<u32>().unwrap())
[INFO] [stdout]     |          ^^^
[INFO] [stdout]     |
[INFO] [stdout]     = help: consider providing a type annotation
[INFO] [stdout]     = warning: this was previously accepted by the compiler but is being phased out; it will become a hard error in a future release!
[INFO] [stdout]     = note: for more information, see issue #156047 <https://github.com/rust-lang/rust/issues/156047>
[INFO] [stdout]     = note: `#[warn(method_call_on_diverging_infer_var)]` (part of `#[warn(future_incompatible)]`) on by default
[INFO] [stdout] 
[INFO] [stdout] 
[INFO] [stdout] error[E0277]: `!` is not an iterator
[INFO] [stdout]    --> src/cron.rs:121:10
[INFO] [stdout]     |
[INFO] [stdout] 121 |         .map(|v| v.value.parse::<u32>().unwrap())
[INFO] [stdout]     |          ^^^ `!` is not an iterator
[INFO] [stdout]     |
[INFO] [stdout]     = help: the trait `Iterator` is not implemented for `!`
[INFO] [stdout] 
[INFO] [stdout] 
[INFO] [stdout] error[E0277]: `!` is not an iterator
[INFO] [stdout]    --> src/cron.rs:118:17
[INFO] [stdout]     |
[INFO] [stdout] 118 |       let start = sqlx::query!("SELECT value FROM config WHERE key='backfill_ptr'")
[INFO] [stdout]     |  _________________^
[INFO] [stdout] 119 | |         .fetch_optional(&*pool)
[INFO] [stdout] 120 | |         .await?
[INFO] [stdout] 121 | |         .map(|v| v.value.parse::<u32>().unwrap())
[INFO] [stdout]     | |_________________________________________________^ `!` is not an iterator
[INFO] [stdout]     |
[INFO] [stdout]     = help: the trait `Iterator` is not implemented for `!`
[INFO] [stdout] 
[INFO] [stdout] 
[INFO] [stdout] warning: method call on a diverging inference variable
[INFO] [stdout]   --> src/schema.rs:35:10
[INFO] [stdout]    |
[INFO] [stdout] 35 |         .into_iter()
[INFO] [stdout]    |          ^^^^^^^^^
[INFO] [stdout]    |
[INFO] [stdout]    = help: consider providing a type annotation
[INFO] [stdout]    = warning: this was previously accepted by the compiler but is being phased out; it will become a hard error in a future release!
[INFO] [stdout]    = note: for more information, see issue #156047 <https://github.com/rust-lang/rust/issues/156047>
[INFO] [stdout] 
[INFO] [stdout] 
[INFO] [stdout] error[E0277]: `!` is not an iterator
[INFO] [stdout]   --> src/schema.rs:35:10
[INFO] [stdout]    |
[INFO] [stdout] 35 |         .into_iter()
[INFO] [stdout]    |          ^^^^^^^^^ `!` is not an iterator
[INFO] [stdout]    |
[INFO] [stdout]    = help: the trait `Iterator` is not implemented for `!`
[INFO] [stdout]    = note: required for `!` to implement `IntoIterator`
[INFO] [stdout] 
[INFO] [stdout] 
[INFO] [stdout] error[E0599]: `!` is not an iterator
[INFO] [stdout]   --> src/schema.rs:36:10
[INFO] [stdout]    |
[INFO] [stdout] 21 |           let ids = sqlx::query!(
[INFO] [stdout]    |  ___________________-
[INFO] [stdout] 22 | |             r#"
[INFO] [stdout] 23 | |             SELECT 
[INFO] [stdout] 24 | |                 item_id 
[INFO] [stdout] ...  |
[INFO] [stdout] 35 | |         .into_iter()
[INFO] [stdout] 36 | |         .map(|row| row.item_id as u32)
[INFO] [stdout]    | |         -^^^ `!` is not an iterator
[INFO] [stdout]    | |_________|
[INFO] [stdout]    |
[INFO] [stdout]    |
[INFO] [stdout]    = note: the following trait bounds were not satisfied:
[INFO] [stdout]            `!: Iterator`
[INFO] [stdout]            which is required by `&mut !: Iterator`
[INFO] [stdout] 
[INFO] [stdout] 
[INFO] [stdout] warning: unreachable expression
[INFO] [stdout]   --> src/schema.rs:36:14
[INFO] [stdout]    |
[INFO] [stdout] 21 |           let ids = sqlx::query!(
[INFO] [stdout]    |  ___________________-
[INFO] [stdout] 22 | |             r#"
[INFO] [stdout] 23 | |             SELECT 
[INFO] [stdout] 24 | |                 item_id 
[INFO] [stdout] ...  |
[INFO] [stdout] 34 | |         .await?
[INFO] [stdout] 35 | |         .into_iter()
[INFO] [stdout]    | |____________________- any code following this expression is unreachable
[INFO] [stdout] 36 |           .map(|row| row.item_id as u32)
[INFO] [stdout]    |                ^^^^^^^^^^^^^^^^^^^^^^^^ unreachable expression
[INFO] [stdout]    |
[INFO] [stdout]    = note: `#[warn(unreachable_code)]` (part of `#[warn(unused)]`) on by default
[INFO] [stdout] 
[INFO] [stdout] 
[INFO] [stdout] warning: method call on a diverging inference variable
[INFO] [stdout]   --> src/schema.rs:94:10
[INFO] [stdout]    |
[INFO] [stdout] 94 |         .into_iter()
[INFO] [stdout]    |          ^^^^^^^^^
[INFO] [stdout]    |
[INFO] [stdout]    = help: consider providing a type annotation
[INFO] [stdout]    = warning: this was previously accepted by the compiler but is being phased out; it will become a hard error in a future release!
[INFO] [stdout]    = note: for more information, see issue #156047 <https://github.com/rust-lang/rust/issues/156047>
[INFO] [stdout] 
[INFO] [stdout] 
[INFO] [stdout] error[E0277]: `!` is not an iterator
[INFO] [stdout]   --> src/schema.rs:94:10
[INFO] [stdout]    |
[INFO] [stdout] 94 |         .into_iter()
[INFO] [stdout]    |          ^^^^^^^^^ `!` is not an iterator
[INFO] [stdout]    |
[INFO] [stdout]    = help: the trait `Iterator` is not implemented for `!`
[INFO] [stdout]    = note: required for `!` to implement `IntoIterator`
[INFO] [stdout] 
[INFO] [stdout] 
[INFO] [stdout] error[E0599]: `!` is not an iterator
[INFO] [stdout]   --> src/schema.rs:95:10
[INFO] [stdout]    |
[INFO] [stdout] 82 |           let ids = sqlx::query!(
[INFO] [stdout]    |  ___________________-
[INFO] [stdout] 83 | |             r#"
[INFO] [stdout] 84 | |             SELECT 
[INFO] [stdout] 85 | |                 item_id 
[INFO] [stdout] ...  |
[INFO] [stdout] 94 | |         .into_iter()
[INFO] [stdout] 95 | |         .map(|row| row.item_id as u32)
[INFO] [stdout]    | |         -^^^ `!` is not an iterator
[INFO] [stdout]    | |_________|
[INFO] [stdout]    |
[INFO] [stdout]    |
[INFO] [stdout]    = note: the following trait bounds were not satisfied:
[INFO] [stdout]            `!: Iterator`
[INFO] [stdout]            which is required by `&mut !: Iterator`
[INFO] [stdout] 
[INFO] [stdout] 
[INFO] [stdout] warning: unreachable expression
[INFO] [stdout]   --> src/schema.rs:95:14
[INFO] [stdout]    |
[INFO] [stdout] 82 |           let ids = sqlx::query!(
[INFO] [stdout]    |  ___________________-
[INFO] [stdout] 83 | |             r#"
[INFO] [stdout] 84 | |             SELECT 
[INFO] [stdout] 85 | |                 item_id 
[INFO] [stdout] ...  |
[INFO] [stdout] 93 | |         .await?
[INFO] [stdout] 94 | |         .into_iter()
[INFO] [stdout]    | |____________________- any code following this expression is unreachable
[INFO] [stdout] 95 |           .map(|row| row.item_id as u32)
[INFO] [stdout]    |                ^^^^^^^^^^^^^^^^^^^^^^^^ unreachable expression
[INFO] [stdout] 
[INFO] [stdout] 
[INFO] [stdout] warning: method call on a diverging inference variable
[INFO] [stdout]    --> src/schema.rs:252:26
[INFO] [stdout]     |
[INFO] [stdout] 252 |         Ok(is_bookmarked.is_some())
[INFO] [stdout]     |                          ^^^^^^^
[INFO] [stdout]     |
[INFO] [stdout]     = help: consider providing a type annotation
[INFO] [stdout]     = warning: this was previously accepted by the compiler but is being phased out; it will become a hard error in a future release!
[INFO] [stdout]     = note: for more information, see issue #156047 <https://github.com/rust-lang/rust/issues/156047>
[INFO] [stdout] 
[INFO] [stdout] 
[INFO] [stdout] error[E0599]: no method named `is_some` found for type `!` in the current scope
[INFO] [stdout]    --> src/schema.rs:252:26
[INFO] [stdout]     |
[INFO] [stdout] 252 |         Ok(is_bookmarked.is_some())
[INFO] [stdout]     |                          ^^^^^^^ method not found in `!`
[INFO] [stdout] 
[INFO] [stdout] 
[INFO] [stdout] warning: method call on a diverging inference variable
[INFO] [stdout]    --> src/schema.rs:333:26
[INFO] [stdout]     |
[INFO] [stdout] 333 |         Ok(is_bookmarked.is_some())
[INFO] [stdout]     |                          ^^^^^^^
[INFO] [stdout]     |
[INFO] [stdout]     = help: consider providing a type annotation
[INFO] [stdout]     = warning: this was previously accepted by the compiler but is being phased out; it will become a hard error in a future release!
[INFO] [stdout]     = note: for more information, see issue #156047 <https://github.com/rust-lang/rust/issues/156047>
[INFO] [stdout] 
[INFO] [stdout] 
[INFO] [stdout] error[E0599]: no method named `is_some` found for type `!` in the current scope
[INFO] [stdout]    --> src/schema.rs:333:26
[INFO] [stdout]     |
[INFO] [stdout] 333 |         Ok(is_bookmarked.is_some())
[INFO] [stdout]     |                          ^^^^^^^ method not found in `!`
[INFO] [stdout] 
[INFO] [stdout] 
[INFO] [stdout] warning: unused variable: `pool_`
[INFO] [stdout]  --> src/cron.rs:9:9
[INFO] [stdout]   |
[INFO] [stdout] 9 |     let pool_ = pool.clone();
[INFO] [stdout]   |         ^^^^^ help: if this is intentional, prefix it with an underscore: `_pool_`
[INFO] [stdout]   |
[INFO] [stdout]   = note: `#[warn(unused_variables)]` (part of `#[warn(unused)]`) on by default
[INFO] [stdout] 
[INFO] [stdout] 
[INFO] [stdout] warning: unused variable: `store_`
[INFO] [stdout]   --> src/cron.rs:10:9
[INFO] [stdout]    |
[INFO] [stdout] 10 |     let store_ = store.clone();
[INFO] [stdout]    |         ^^^^^^ help: if this is intentional, prefix it with an underscore: `_store_`
[INFO] [stdout] 
[INFO] [stdout] 
[INFO] [stdout] Some errors have detailed explanations: E0277, E0599.
[INFO] [stdout] 
[INFO] [stdout] For more information about an error, try `rustc --explain E0277`.
[INFO] [stdout] 
[INFO] [stderr] error: could not compile `twhn_api` (bin "twhn_api") due to 21 previous errors; 14 warnings emitted
[INFO] running `Command { std: "docker" "inspect" "a2ae85ecc0732ccd2a2c6ea5fc1ff4fd71940ef674ae6d21bb42ec0898fc92d7", kill_on_drop: false }`
[INFO] running `Command { std: "docker" "rm" "-f" "a2ae85ecc0732ccd2a2c6ea5fc1ff4fd71940ef674ae6d21bb42ec0898fc92d7", kill_on_drop: false }`
[INFO] [stdout] a2ae85ecc0732ccd2a2c6ea5fc1ff4fd71940ef674ae6d21bb42ec0898fc92d7
