[INFO] cloning repository https://github.com/chfuchte/x-usb-bridge
[INFO] running `Command { std: "git" "-c" "credential.helper=" "-c" "credential.helper=/workspace/cargo-home/bin/git-credential-null" "clone" "--bare" "https://github.com/chfuchte/x-usb-bridge" "/workspace/cache/git-repos/https%3A%2F%2Fgithub.com%2Fchfuchte%2Fx-usb-bridge", kill_on_drop: false }`
[INFO] [stderr] Cloning into bare repository '/workspace/cache/git-repos/https%3A%2F%2Fgithub.com%2Fchfuchte%2Fx-usb-bridge'...
[INFO] running `Command { std: "git" "rev-parse" "HEAD", kill_on_drop: false }`
[INFO] [stdout] ec5a1f077f75819d9a237560ab0bc32bff0ddb62
[INFO] testing chfuchte/x-usb-bridge against 1.99.0-beta.8 for beta-1.100-2
[INFO] running `Command { std: "git" "clone" "/workspace/cache/git-repos/https%3A%2F%2Fgithub.com%2Fchfuchte%2Fx-usb-bridge" "/workspace/builds/worker-3-tc1/source", kill_on_drop: false }`
[INFO] [stderr] Cloning into '/workspace/builds/worker-3-tc1/source'...
[INFO] [stderr] done.
[INFO] started tweaking git repo https://github.com/chfuchte/x-usb-bridge
[INFO] finished tweaking git repo https://github.com/chfuchte/x-usb-bridge
[INFO] tweaked toml for git repo https://github.com/chfuchte/x-usb-bridge written to /workspace/builds/worker-3-tc1/source/Cargo.toml
[INFO] validating manifest of git repo https://github.com/chfuchte/x-usb-bridge on toolchain 1.99.0-beta.8
[INFO] running `Command { std: CARGO_HOME="/workspace/cargo-home" RUSTUP_HOME="/workspace/rustup-home" "/workspace/cargo-home/bin/cargo" "+1.99.0-beta.8" "metadata" "--manifest-path" "Cargo.toml" "--no-deps", kill_on_drop: false }`
[INFO] crate git repo https://github.com/chfuchte/x-usb-bridge already has a lockfile, it will not be regenerated
[INFO] running `Command { std: CARGO_HOME="/workspace/cargo-home" RUSTUP_HOME="/workspace/rustup-home" "/workspace/cargo-home/bin/cargo" "+1.99.0-beta.8" "fetch" "--manifest-path" "Cargo.toml", kill_on_drop: false }`
[INFO] [stderr]     Updating crates.io index
[INFO] [stderr]  Downloading crates ...
[INFO] [stderr]   Downloaded bitflags v2.13.1
[INFO] [stderr]   Downloaded rosc v0.11.4
[INFO] [stderr]   Downloaded hybrid-array v0.4.14
[INFO] [stderr]   Downloaded alsa-sys v0.6.1
[INFO] [stderr]   Downloaded find-msvc-tools v0.1.11
[INFO] [stderr]   Downloaded hound v3.5.1
[INFO] [stderr]   Downloaded mio v1.2.2
[INFO] [stderr]   Downloaded clap v4.6.6
[INFO] [stderr]   Downloaded alsa v0.12.1
[INFO] [stderr]   Downloaded cc v1.4.3
[INFO] [stderr]   Downloaded clap_builder v4.6.6
[INFO] [stderr]   Downloaded hyper v1.11.0
[INFO] [stderr]   Downloaded syn v3.0.3
[INFO] running `Command { std: "docker" "create" "-v" "/var/lib/crater-agent-workspace/builds/worker-3-tc1/source:/opt/rustwide/workdir:ro,Z" "-v" "/var/lib/crater-agent-workspace/builds/worker-3-tc1/target:/opt/rustwide/target:rw,Z" "-v" "/var/lib/crater-agent-workspace/cargo-home:/opt/rustwide/cargo-home:ro,Z" "-v" "/var/lib/crater-agent-workspace/rustup-home:/opt/rustwide/rustup-home:ro,Z" "-m" "1610612736" "--network" "none" "ghcr.io/rust-lang/crates-build-env/linux@sha256:3111399a4047eeb3a02b7a90e478d715f38a8c6669b5c4b49d30a17385265909" "sleep" "infinity", kill_on_drop: false }`
[INFO] [stdout] fb42ba0124488e43e9e004cc936d9178a6aba76c82a7ec10a47747e66df57268
[INFO] running `Command { std: "docker" "start" "fb42ba0124488e43e9e004cc936d9178a6aba76c82a7ec10a47747e66df57268", kill_on_drop: false }`
[INFO] running `Command { std: "docker" "inspect" "fb42ba0124488e43e9e004cc936d9178a6aba76c82a7ec10a47747e66df57268", kill_on_drop: false }`
[INFO] running `Command { std: "docker" "exec" "-e" "SOURCE_DIR=/opt/rustwide/workdir" "-e" "CARGO_HOME=/opt/rustwide/cargo-home" "-e" "RUSTUP_HOME=/opt/rustwide/rustup-home" "-e" "CARGO_TARGET_DIR=/opt/rustwide/target" "-w" "/opt/rustwide/workdir" "--user" "0:0" "fb42ba0124488e43e9e004cc936d9178a6aba76c82a7ec10a47747e66df57268" "/opt/rustwide/cargo-home/bin/cargo" "+1.99.0-beta.8" "metadata" "--no-deps" "--format-version=1", kill_on_drop: false }`
[INFO] running `Command { std: "docker" "inspect" "fb42ba0124488e43e9e004cc936d9178a6aba76c82a7ec10a47747e66df57268", kill_on_drop: false }`
[INFO] running `Command { std: "docker" "exec" "-e" "SOURCE_DIR=/opt/rustwide/workdir" "-e" "CARGO_HOME=/opt/rustwide/cargo-home" "-e" "RUSTUP_HOME=/opt/rustwide/rustup-home" "-e" "CARGO_TARGET_DIR=/opt/rustwide/target" "-e" "CARGO_INCREMENTAL=0" "-e" "RUST_BACKTRACE=full" "-e" "RUSTFLAGS=--cap-lints=warn" "-e" "RUSTDOCFLAGS=--cap-lints=warn" "-w" "/opt/rustwide/workdir" "--user" "0:0" "fb42ba0124488e43e9e004cc936d9178a6aba76c82a7ec10a47747e66df57268" "/opt/rustwide/cargo-home/bin/cargo" "+1.99.0-beta.8" "build" "--frozen" "--message-format=json", kill_on_drop: false }`
[INFO] [stderr]    Compiling proc-macro2 v1.0.107
[INFO] [stderr]    Compiling quote v1.0.47
[INFO] [stderr]    Compiling unicode-ident v1.0.24
[INFO] [stderr]    Compiling libc v0.2.189
[INFO] [stderr]    Compiling cfg-if v1.0.4
[INFO] [stderr]    Compiling pin-project-lite v0.2.17
[INFO] [stderr]    Compiling itoa v1.0.18
[INFO] [stderr]    Compiling bytes v1.12.1
[INFO] [stderr]    Compiling typenum v1.20.1
[INFO] [stderr]    Compiling smallvec v1.15.2
[INFO] [stderr]    Compiling futures-core v0.3.34
[INFO] [stderr]    Compiling parking_lot_core v0.9.12
[INFO] [stderr]    Compiling once_cell v1.21.4
[INFO] [stderr]    Compiling serde_core v1.0.229
[INFO] [stderr]    Compiling lock_api v0.4.14
[INFO] [stderr]    Compiling log v0.4.33
[INFO] [stderr]    Compiling tracing-core v0.1.36
[INFO] [stderr]    Compiling httparse v1.10.1
[INFO] [stderr]    Compiling mime v0.3.17
[INFO] [stderr]    Compiling const-oid v0.10.2
[INFO] [stderr]    Compiling shlex v2.0.1
[INFO] [stderr]    Compiling http v1.5.0
[INFO] [stderr]    Compiling find-msvc-tools v0.1.11
[INFO] [stderr]    Compiling unicase v2.9.0
[INFO] [stderr]    Compiling syn v2.0.119
[INFO] [stderr]    Compiling syn v3.0.3
[INFO] [stderr]    Compiling cc v1.4.3
[INFO] [stderr]    Compiling mime_guess v2.0.5
[INFO] [stderr]    Compiling hybrid-array v0.4.14
[INFO] [stderr]    Compiling http-body v1.1.0
[INFO] [stderr]    Compiling errno v0.3.14
[INFO] [stderr]    Compiling signal-hook-registry v1.4.8
[INFO] [stderr]    Compiling parking_lot v0.12.5
[INFO] [stderr]    Compiling socket2 v0.6.5
[INFO] [stderr]    Compiling mio v1.2.2
[INFO] [stderr]    Compiling crypto-common v0.2.2
[INFO] [stderr]    Compiling block-buffer v0.12.1
[INFO] [stderr]    Compiling same-file v1.0.6
[INFO] [stderr]    Compiling serde v1.0.229
[INFO] [stderr]    Compiling tower-service v0.3.3
[INFO] [stderr]    Compiling zmij v1.0.23
[INFO] [stderr]    Compiling pkg-config v0.3.34
[INFO] [stderr]    Compiling memchr v2.8.3
[INFO] [stderr]    Compiling cpufeatures v0.3.0
[INFO] [stderr]    Compiling utf8parse v0.2.2
[INFO] [stderr]    Compiling anstyle-parse v1.0.0
[INFO] [stderr]    Compiling walkdir v2.5.0
[INFO] [stderr]    Compiling digest v0.11.3
[INFO] [stderr]    Compiling alsa-sys v0.6.1
[INFO] [stderr]    Compiling sha2 v0.11.0
[INFO] [stderr]    Compiling futures-channel v0.3.34
[INFO] [stderr]    Compiling anstyle v1.0.14
[INFO] [stderr]    Compiling regex-syntax v0.8.11
[INFO] [stderr]    Compiling serde_json v1.0.151
[INFO] [stderr]    Compiling percent-encoding v2.3.2
[INFO] [stderr]    Compiling is_terminal_polyfill v1.70.2
[INFO] [stderr]    Compiling colorchoice v1.0.5
[INFO] [stderr]    Compiling slab v0.4.12
[INFO] [stderr]    Compiling httpdate v1.0.3
[INFO] [stderr]    Compiling anstyle-query v1.1.5
[INFO] [stderr]    Compiling futures-task v0.3.34
[INFO] [stderr]    Compiling tower-layer v0.3.3
[INFO] [stderr]    Compiling sync_wrapper v1.0.2
[INFO] [stderr]    Compiling futures-util v0.3.34
[INFO] [stderr]    Compiling anstream v1.0.0
[INFO] [stderr]    Compiling form_urlencoded v1.2.2
[INFO] [stderr]    Compiling rust-embed-utils v8.12.0
[INFO] [stderr]    Compiling http-body-util v0.1.5
[INFO] [stderr]    Compiling ryu v1.0.23
[INFO] [stderr]    Compiling time-core v0.1.9
[INFO] [stderr]    Compiling lazy_static v1.5.0
[INFO] [stderr]    Compiling powerfmt v0.2.0
[INFO] [stderr]    Compiling num-conv v0.2.2
[INFO] [stderr]    Compiling anyhow v1.0.104
[INFO] [stderr]    Compiling strsim v0.11.1
[INFO] [stderr]    Compiling regex-automata v0.4.18
[INFO] [stderr]    Compiling clap_lex v1.1.0
[INFO] [stderr]    Compiling minimal-lexical v0.2.1
[INFO] [stderr]    Compiling deranged v0.5.8
[INFO] [stderr]    Compiling nom v7.1.3
[INFO] [stderr]    Compiling clap_builder v4.6.6
[INFO] [stderr]    Compiling serde_urlencoded v0.7.1
[INFO] [stderr]    Compiling sharded-slab v0.1.7
[INFO] [stderr]    Compiling tokio-macros v2.7.2
[INFO] [stderr]    Compiling time v0.3.55
[INFO] [stderr]    Compiling tokio v1.53.1
[INFO] [stderr]    Compiling tracing-attributes v0.1.31
[INFO] [stderr]    Compiling rust-embed-impl v8.12.0
[INFO] [stderr]    Compiling matchers v0.2.0
[INFO] [stderr]    Compiling serde_path_to_error v0.1.20
[INFO] [stderr]    Compiling tracing-log v0.2.0
[INFO] [stderr]    Compiling thread_local v1.1.10
[INFO] [stderr]    Compiling byteorder v1.5.0
[INFO] [stderr]    Compiling matchit v0.8.4
[INFO] [stderr]    Compiling nu-ansi-term v0.50.3
[INFO] [stderr]    Compiling bitflags v2.13.1
[INFO] [stderr]    Compiling x-usb-bridge v0.0.1 (/opt/rustwide/workdir)
[INFO] [stdout] warning: function `ensure_target_is_supported` is never used
[INFO] [stdout]   --> build.rs:18:4
[INFO] [stdout]    |
[INFO] [stdout] 18 | fn ensure_target_is_supported() {
[INFO] [stdout]    |    ^^^^^^^^^^^^^^^^^^^^^^^^^^
[INFO] [stdout]    |
[INFO] [stdout]    = note: `#[warn(dead_code)]` (part of `#[warn(unused)]`) on by default
[INFO] [stdout] 
[INFO] [stdout] 
[INFO] [stderr]    Compiling rosc v0.11.4
[INFO] [stderr]    Compiling alsa v0.12.1
[INFO] [stderr]    Compiling clap v4.6.6
[INFO] [stderr]    Compiling rust-embed v8.12.0
[INFO] [stderr]    Compiling hound v3.5.1
[INFO] [stderr]    Compiling tracing v0.1.44
[INFO] [stderr]    Compiling axum-core v0.5.6
[INFO] [stderr]    Compiling tracing-subscriber v0.3.23
[INFO] [stderr]    Compiling hyper v1.11.0
[INFO] [stderr]    Compiling tower v0.5.3
[INFO] [stderr]    Compiling hyper-util v0.1.20
[INFO] [stderr]    Compiling axum v0.8.9
[INFO] [stdout] error: #[derive(RustEmbed)] folder '/opt/rustwide/workdir/frontend/dist/' does not exist. cwd: '/opt/rustwide/workdir'
[INFO] [stdout]  --> src/web/assets.rs:7:1
[INFO] [stdout]   |
[INFO] [stdout] 7 | / #[folder = "frontend/dist/"]
[INFO] [stdout] 8 | | struct Assets;
[INFO] [stdout]   | |______________^
[INFO] [stdout] 
[INFO] [stdout] 
[INFO] [stdout] error[E0599]: no associated function or constant named `get` found for struct `Assets` in the current scope
[INFO] [stdout]   --> src/web/assets.rs:13:36
[INFO] [stdout]    |
[INFO] [stdout]  8 | struct Assets;
[INFO] [stdout]    | ------------- associated function or constant `get` not found for this struct
[INFO] [stdout] ...
[INFO] [stdout] 13 |     if let Some(content) = Assets::get(path) {
[INFO] [stdout]    |                                    ^^^ associated function or constant not found in `Assets`
[INFO] [stdout]    |
[INFO] [stdout]    = help: items from traits can only be used if the trait is implemented and in scope
[INFO] [stdout]    = note: the following traits define an item `get`, perhaps you need to implement one of them:
[INFO] [stdout]            candidate #1: `Descriptors`
[INFO] [stdout]            candidate #2: `Embed`
[INFO] [stdout]            candidate #3: `SliceIndex`
[INFO] [stdout] 
[INFO] [stdout] 
[INFO] [stdout] error[E0599]: no associated function or constant named `get` found for struct `Assets` in the current scope
[INFO] [stdout]   --> src/web/assets.rs:17:34
[INFO] [stdout]    |
[INFO] [stdout]  8 | struct Assets;
[INFO] [stdout]    | ------------- associated function or constant `get` not found for this struct
[INFO] [stdout] ...
[INFO] [stdout] 17 |     if let Some(index) = Assets::get("index.html") {
[INFO] [stdout]    |                                  ^^^ associated function or constant not found in `Assets`
[INFO] [stdout]    |
[INFO] [stdout]    = help: items from traits can only be used if the trait is implemented and in scope
[INFO] [stdout]    = note: the following traits define an item `get`, perhaps you need to implement one of them:
[INFO] [stdout]            candidate #1: `Descriptors`
[INFO] [stdout]            candidate #2: `Embed`
[INFO] [stdout]            candidate #3: `SliceIndex`
[INFO] [stdout] 
[INFO] [stdout] 
[INFO] [stdout] error[E0616]: field `channels` of struct `audio::audio::AudioFormat` is private
[INFO] [stdout]   --> src/audio/linux.rs:25:40
[INFO] [stdout]    |
[INFO] [stdout] 25 |             params.set_channels(format.channels as u32)?;
[INFO] [stdout]    |                                        ^^^^^^^^ private field
[INFO] [stdout]    |
[INFO] [stdout] help: a method `channels` also exists, call it with parentheses
[INFO] [stdout]    |
[INFO] [stdout] 25 |             params.set_channels(format.channels() as u32)?;
[INFO] [stdout]    |                                                ++
[INFO] [stdout] 
[INFO] [stdout] 
[INFO] [stdout] error[E0616]: field `sample_rate` of struct `audio::audio::AudioFormat` is private
[INFO] [stdout]   --> src/audio/linux.rs:26:36
[INFO] [stdout]    |
[INFO] [stdout] 26 |             params.set_rate(format.sample_rate, ValueOr::Nearest)?;
[INFO] [stdout]    |                                    ^^^^^^^^^^^ private field
[INFO] [stdout]    |
[INFO] [stdout] help: a method `sample_rate` also exists, call it with parentheses
[INFO] [stdout]    |
[INFO] [stdout] 26 |             params.set_rate(format.sample_rate(), ValueOr::Nearest)?;
[INFO] [stdout]    |                                               ++
[INFO] [stdout] 
[INFO] [stdout] 
[INFO] [stdout] error[E0616]: field `channels` of struct `audio::audio::AudioFormat` is private
[INFO] [stdout]   --> src/audio/linux.rs:54:68
[INFO] [stdout]    |
[INFO] [stdout] 54 |         let mut samples = vec![0i32; FRAMES_PER_READ * self.format.channels];
[INFO] [stdout]    |                                                                    ^^^^^^^^ private field
[INFO] [stdout]    |
[INFO] [stdout] help: a method `channels` also exists, call it with parentheses
[INFO] [stdout]    |
[INFO] [stdout] 54 |         let mut samples = vec![0i32; FRAMES_PER_READ * self.format.channels()];
[INFO] [stdout]    |                                                                            ++
[INFO] [stdout] 
[INFO] [stdout] 
[INFO] [stdout] error[E0616]: field `channels` of struct `audio::audio::AudioFormat` is private
[INFO] [stdout]   --> src/audio/linux.rs:65:47
[INFO] [stdout]    |
[INFO] [stdout] 65 |         samples.truncate(frames * self.format.channels);
[INFO] [stdout]    |                                               ^^^^^^^^ private field
[INFO] [stdout]    |
[INFO] [stdout] help: a method `channels` also exists, call it with parentheses
[INFO] [stdout]    |
[INFO] [stdout] 65 |         samples.truncate(frames * self.format.channels());
[INFO] [stdout]    |                                                       ++
[INFO] [stdout] 
[INFO] [stdout] 
[INFO] [stdout] error[E0616]: field `frames` of struct `audio::audio::AudioPosition` is private
[INFO] [stdout]   --> src/audio/linux.rs:68:58
[INFO] [stdout]    |
[INFO] [stdout] 68 |         self.position = AudioPosition::new(self.position.frames + frames as u64);
[INFO] [stdout]    |                                                          ^^^^^^ private field
[INFO] [stdout]    |
[INFO] [stdout] help: a method `frames` also exists, call it with parentheses
[INFO] [stdout]    |
[INFO] [stdout] 68 |         self.position = AudioPosition::new(self.position.frames() + frames as u64);
[INFO] [stdout]    |                                                                ++
[INFO] [stdout] 
[INFO] [stdout] 
[INFO] [stdout] Some errors have detailed explanations: E0599, E0616.
[INFO] [stdout] 
[INFO] [stdout] For more information about an error, try `rustc --explain E0599`.
[INFO] [stdout] 
[INFO] [stderr] error: could not compile `x-usb-bridge` (bin "x-usb-bridge") due to 8 previous errors
[INFO] running `Command { std: "docker" "inspect" "fb42ba0124488e43e9e004cc936d9178a6aba76c82a7ec10a47747e66df57268", kill_on_drop: false }`
[INFO] running `Command { std: "docker" "rm" "-f" "fb42ba0124488e43e9e004cc936d9178a6aba76c82a7ec10a47747e66df57268", kill_on_drop: false }`
[INFO] [stdout] fb42ba0124488e43e9e004cc936d9178a6aba76c82a7ec10a47747e66df57268
