[INFO] cloning repository https://github.com/aeolyus/ritz
[INFO] running `Command { std: "git" "-c" "credential.helper=" "-c" "credential.helper=/workspace/cargo-home/bin/git-credential-null" "clone" "--bare" "https://github.com/aeolyus/ritz" "/workspace/cache/git-repos/https%3A%2F%2Fgithub.com%2Faeolyus%2Fritz", kill_on_drop: false }`
[INFO] [stderr] Cloning into bare repository '/workspace/cache/git-repos/https%3A%2F%2Fgithub.com%2Faeolyus%2Fritz'...
[INFO] running `Command { std: "git" "rev-parse" "HEAD", kill_on_drop: false }`
[INFO] [stdout] 72371211dec6c2f8335214b8c648661b2ade1fcc
[INFO] testing aeolyus/ritz against 1.100.0-beta.1 for beta-1.100-2
[INFO] running `Command { std: "git" "clone" "/workspace/cache/git-repos/https%3A%2F%2Fgithub.com%2Faeolyus%2Fritz" "/workspace/builds/worker-5-tc2/source", kill_on_drop: false }`
[INFO] [stderr] Cloning into '/workspace/builds/worker-5-tc2/source'...
[INFO] [stderr] done.
[INFO] started tweaking git repo https://github.com/aeolyus/ritz
[INFO] finished tweaking git repo https://github.com/aeolyus/ritz
[INFO] tweaked toml for git repo https://github.com/aeolyus/ritz written to /workspace/builds/worker-5-tc2/source/Cargo.toml
[INFO] validating manifest of git repo https://github.com/aeolyus/ritz on toolchain 1.100.0-beta.1
[INFO] running `Command { std: CARGO_HOME="/workspace/cargo-home" RUSTUP_HOME="/workspace/rustup-home" "/workspace/cargo-home/bin/cargo" "+1.100.0-beta.1" "metadata" "--manifest-path" "Cargo.toml" "--no-deps", kill_on_drop: false }`
[INFO] crate git repo https://github.com/aeolyus/ritz already has a lockfile, it will not be regenerated
[INFO] running `Command { std: CARGO_HOME="/workspace/cargo-home" RUSTUP_HOME="/workspace/rustup-home" "/workspace/cargo-home/bin/cargo" "+1.100.0-beta.1" "fetch" "--manifest-path" "Cargo.toml", kill_on_drop: false }`
[INFO] running `Command { std: "docker" "create" "-v" "/var/lib/crater-agent-workspace/builds/worker-5-tc2/source:/opt/rustwide/workdir:ro,Z" "-v" "/var/lib/crater-agent-workspace/builds/worker-5-tc2/target:/opt/rustwide/target:rw,Z" "-v" "/var/lib/crater-agent-workspace/cargo-home:/opt/rustwide/cargo-home:ro,Z" "-v" "/var/lib/crater-agent-workspace/rustup-home:/opt/rustwide/rustup-home:ro,Z" "-m" "1610612736" "--network" "none" "ghcr.io/rust-lang/crates-build-env/linux@sha256:3111399a4047eeb3a02b7a90e478d715f38a8c6669b5c4b49d30a17385265909" "sleep" "infinity", kill_on_drop: false }`
[INFO] [stdout] 47238409402e8f5f01f880d62e264f25023947701905b516a1fefbb8a38bfa31
[INFO] running `Command { std: "docker" "start" "47238409402e8f5f01f880d62e264f25023947701905b516a1fefbb8a38bfa31", kill_on_drop: false }`
[INFO] running `Command { std: "docker" "inspect" "47238409402e8f5f01f880d62e264f25023947701905b516a1fefbb8a38bfa31", kill_on_drop: false }`
[INFO] running `Command { std: "docker" "exec" "-e" "SOURCE_DIR=/opt/rustwide/workdir" "-e" "CARGO_HOME=/opt/rustwide/cargo-home" "-e" "RUSTUP_HOME=/opt/rustwide/rustup-home" "-e" "CARGO_TARGET_DIR=/opt/rustwide/target" "-w" "/opt/rustwide/workdir" "--user" "0:0" "47238409402e8f5f01f880d62e264f25023947701905b516a1fefbb8a38bfa31" "/opt/rustwide/cargo-home/bin/cargo" "+1.100.0-beta.1" "metadata" "--no-deps" "--format-version=1", kill_on_drop: false }`
[INFO] running `Command { std: "docker" "inspect" "47238409402e8f5f01f880d62e264f25023947701905b516a1fefbb8a38bfa31", kill_on_drop: false }`
[INFO] running `Command { std: "docker" "exec" "-e" "SOURCE_DIR=/opt/rustwide/workdir" "-e" "CARGO_HOME=/opt/rustwide/cargo-home" "-e" "RUSTUP_HOME=/opt/rustwide/rustup-home" "-e" "CARGO_TARGET_DIR=/opt/rustwide/target" "-e" "CARGO_INCREMENTAL=0" "-e" "RUST_BACKTRACE=full" "-e" "RUSTFLAGS=--cap-lints=warn" "-e" "RUSTDOCFLAGS=--cap-lints=warn" "-w" "/opt/rustwide/workdir" "--user" "0:0" "47238409402e8f5f01f880d62e264f25023947701905b516a1fefbb8a38bfa31" "/opt/rustwide/cargo-home/bin/cargo" "+1.100.0-beta.1" "build" "--frozen" "--message-format=json", kill_on_drop: false }`
[INFO] [stderr]    Compiling shlex v1.3.0
[INFO] [stderr]    Compiling pkg-config v0.3.32
[INFO] [stderr]    Compiling vcpkg v0.2.15
[INFO] [stderr]    Compiling serde v1.0.219
[INFO] [stderr]    Compiling futures-task v0.3.31
[INFO] [stderr]    Compiling jobserver v0.1.33
[INFO] [stderr]    Compiling futures-channel v0.3.31
[INFO] [stderr]    Compiling num-traits v0.2.19
[INFO] [stderr]    Compiling tracing v0.1.41
[INFO] [stderr]    Compiling anyhow v1.0.98
[INFO] [stderr]    Compiling include_dir_macros v0.7.4
[INFO] [stderr]    Compiling openssl-probe v0.1.6
[INFO] [stderr]    Compiling idna v1.0.3
[INFO] [stderr]    Compiling futures-util v0.3.31
[INFO] [stderr]    Compiling include_dir v0.7.4
[INFO] [stderr]    Compiling cc v1.2.19
[INFO] [stderr]    Compiling url v2.5.4
[INFO] [stderr]    Compiling chrono v0.4.40
[INFO] [stderr]    Compiling libz-sys v1.1.22
[INFO] [stderr]    Compiling openssl-sys v0.9.107
[INFO] [stderr]    Compiling libssh2-sys v0.3.1
[INFO] [stderr]    Compiling libgit2-sys v0.17.0+1.8.1
[INFO] [stderr]    Compiling hyper v1.6.0
[INFO] [stderr]    Compiling tower v0.5.2
[INFO] [stderr]    Compiling axum-core v0.4.5
[INFO] [stderr]    Compiling serde_urlencoded v0.7.1
[INFO] [stderr]    Compiling serde_json v1.0.140
[INFO] [stderr]    Compiling serde_path_to_error v0.1.17
[INFO] [stderr]    Compiling hyper-util v0.1.11
[INFO] [stderr]    Compiling axum v0.7.9
[INFO] [stderr]    Compiling git2 v0.19.0
[INFO] [stderr]    Compiling ritz v0.1.0 (/opt/rustwide/workdir)
[INFO] [stdout] error[E0432]: unresolved imports `axum::body::Empty`, `axum::body::Full`
[INFO] [stdout]  --> src/handlers/asset.rs:2:18
[INFO] [stdout]   |
[INFO] [stdout] 2 |     body::{self, Empty, Full},
[INFO] [stdout]   |                  ^^^^^  ^^^^ no `Full` in `body`
[INFO] [stdout]   |                  |
[INFO] [stdout]   |                  no `Empty` in `body`
[INFO] [stdout]   |
[INFO] [stdout]   = help: consider importing one of these items instead:
[INFO] [stdout]           std::io::Empty
[INFO] [stdout]           std::iter::Empty
[INFO] [stdout]           std::num::IntErrorKind::Empty
[INFO] [stdout]           std::sync::mpsc::TryRecvError::Empty
[INFO] [stdout]           core::iter::Empty
[INFO] [stdout]           core::num::IntErrorKind::Empty
[INFO] [stdout]   = help: consider importing this variant instead:
[INFO] [stdout]           std::sync::mpsc::TrySendError::Full
[INFO] [stdout] 
[INFO] [stdout] 
[INFO] [stdout] error[E0433]: cannot find `Server` in `axum`
[INFO] [stdout]   --> src/main.rs:22:11
[INFO] [stdout]    |
[INFO] [stdout] 22 |     axum::Server::bind(&sock_addr)
[INFO] [stdout]    |           ^^^^^^ could not find `Server` in `axum`
[INFO] [stdout] 
[INFO] [stdout] 
[INFO] [stdout] error[E0425]: cannot find function `boxed` in module `body`
[INFO] [stdout]   --> src/handlers/asset.rs:16:25
[INFO] [stdout]    |
[INFO] [stdout] 16 |             .body(body::boxed(Empty::new()))
[INFO] [stdout]    |                         ^^^^^ not found in `body`
[INFO] [stdout] 
[INFO] [stdout] 
[INFO] [stdout] error[E0425]: cannot find function `boxed` in module `body`
[INFO] [stdout]   --> src/handlers/asset.rs:20:25
[INFO] [stdout]    |
[INFO] [stdout] 20 |             .body(body::boxed(Full::from(f.contents())))
[INFO] [stdout]    |                         ^^^^^ not found in `body`
[INFO] [stdout] 
[INFO] [stdout] 
[INFO] [stdout] warning: use of deprecated associated function `chrono::NaiveDateTime::from_timestamp_opt`: use `DateTime::from_timestamp` instead
[INFO] [stdout]  --> src/util.rs:7:30
[INFO] [stdout]   |
[INFO] [stdout] 7 |     let utc = NaiveDateTime::from_timestamp_opt(intime.seconds(), 0)
[INFO] [stdout]   |                              ^^^^^^^^^^^^^^^^^^
[INFO] [stdout]   |
[INFO] [stdout]   = note: `#[warn(deprecated)]` on by default
[INFO] [stdout] 
[INFO] [stdout] 
[INFO] [stdout] Some errors have detailed explanations: E0425, E0432, E0433.
[INFO] [stdout] 
[INFO] [stdout] For more information about an error, try `rustc --explain E0425`.
[INFO] [stdout] 
[INFO] [stderr] error: could not compile `ritz` (bin "ritz") due to 4 previous errors; 1 warning emitted
[INFO] running `Command { std: "docker" "inspect" "47238409402e8f5f01f880d62e264f25023947701905b516a1fefbb8a38bfa31", kill_on_drop: false }`
[INFO] running `Command { std: "docker" "rm" "-f" "47238409402e8f5f01f880d62e264f25023947701905b516a1fefbb8a38bfa31", kill_on_drop: false }`
[INFO] [stdout] 47238409402e8f5f01f880d62e264f25023947701905b516a1fefbb8a38bfa31
