[INFO] cloning repository https://github.com/abhijeetbhagat/tauceti
[INFO] running `Command { std: "git" "-c" "credential.helper=" "-c" "credential.helper=/workspace/cargo-home/bin/git-credential-null" "clone" "--bare" "https://github.com/abhijeetbhagat/tauceti" "/workspace/cache/git-repos/https%3A%2F%2Fgithub.com%2Fabhijeetbhagat%2Ftauceti", kill_on_drop: false }`
[INFO] [stderr] Cloning into bare repository '/workspace/cache/git-repos/https%3A%2F%2Fgithub.com%2Fabhijeetbhagat%2Ftauceti'...
[INFO] running `Command { std: "git" "rev-parse" "HEAD", kill_on_drop: false }`
[INFO] [stdout] ca8bc5edb4c231c2ebb300fee7da24104d63fcb3
[INFO] testing abhijeetbhagat/tauceti against 1.99.0-beta.8 for beta-1.100-2
[INFO] running `Command { std: "git" "clone" "/workspace/cache/git-repos/https%3A%2F%2Fgithub.com%2Fabhijeetbhagat%2Ftauceti" "/workspace/builds/worker-5-tc1/source", kill_on_drop: false }`
[INFO] [stderr] Cloning into '/workspace/builds/worker-5-tc1/source'...
[INFO] [stderr] done.
[INFO] started tweaking git repo https://github.com/abhijeetbhagat/tauceti
[INFO] finished tweaking git repo https://github.com/abhijeetbhagat/tauceti
[INFO] tweaked toml for git repo https://github.com/abhijeetbhagat/tauceti written to /workspace/builds/worker-5-tc1/source/Cargo.toml
[INFO] validating manifest of git repo https://github.com/abhijeetbhagat/tauceti on toolchain 1.99.0-beta.8
[INFO] running `Command { std: CARGO_HOME="/workspace/cargo-home" RUSTUP_HOME="/workspace/rustup-home" "/workspace/cargo-home/bin/cargo" "+1.99.0-beta.8" "metadata" "--manifest-path" "Cargo.toml" "--no-deps", kill_on_drop: false }`
[INFO] crate git repo https://github.com/abhijeetbhagat/tauceti already has a lockfile, it will not be regenerated
[INFO] running `Command { std: CARGO_HOME="/workspace/cargo-home" RUSTUP_HOME="/workspace/rustup-home" "/workspace/cargo-home/bin/cargo" "+1.99.0-beta.8" "fetch" "--manifest-path" "Cargo.toml", kill_on_drop: false }`
[INFO] [stderr]     Updating crates.io index
[INFO] [stderr]  Downloading crates ...
[INFO] [stderr]   Downloaded getrandom v0.1.14
[INFO] [stderr]   Downloaded ppv-lite86 v0.2.8
[INFO] [stderr]   Downloaded serde v1.0.115
[INFO] [stderr]   Downloaded pin-project-lite v0.1.7
[INFO] [stderr]   Downloaded relative-path v1.3.2
[INFO] [stderr]   Downloaded tinyvec v0.3.3
[INFO] [stderr]   Downloaded tokio-util v0.3.1
[INFO] [stderr]   Downloaded net2 v0.2.34
[INFO] [stderr]   Downloaded serde_derive v1.0.115
[INFO] [stderr]   Downloaded futures-sink v0.3.5
[INFO] [stderr]   Downloaded futures-core v0.3.5
[INFO] [stderr]   Downloaded futures-task v0.3.5
[INFO] [stderr]   Downloaded proc-macro-hack v0.5.18
[INFO] [stderr]   Downloaded futures-macro v0.3.5
[INFO] [stderr]   Downloaded futures-io v0.3.5
[INFO] [stderr]   Downloaded scoped-tls v1.0.0
[INFO] [stderr]   Downloaded wasm-bindgen-macro v0.2.67
[INFO] [stderr]   Downloaded parking v1.0.6
[INFO] [stderr]   Downloaded fastrand v1.3.3
[INFO] [stderr]   Downloaded memchr v2.3.3
[INFO] [stderr]   Downloaded async-channel v1.4.0
[INFO] [stderr]   Downloaded serde_json v1.0.57
[INFO] [stderr]   Downloaded pin-project-internal v0.4.23
[INFO] [stderr]   Downloaded wasm-bindgen-shared v0.2.67
[INFO] [stderr]   Downloaded waker-fn v1.0.0
[INFO] [stderr]   Downloaded dtoa v0.4.6
[INFO] [stderr]   Downloaded wasm-bindgen-futures v0.4.17
[INFO] [stderr]   Downloaded event-listener v2.3.2
[INFO] [stderr]   Downloaded autocfg v1.0.0
[INFO] [stderr]   Downloaded async-attributes v1.1.1
[INFO] [stderr]   Downloaded memoffset v0.5.5
[INFO] [stderr]   Downloaded either v1.6.0
[INFO] [stderr]   Downloaded linked-hash-map v0.4.2
[INFO] [stderr]   Downloaded instant v0.1.6
[INFO] [stderr]   Downloaded once_cell v1.4.0
[INFO] [stderr]   Downloaded futures-channel v0.3.5
[INFO] [stderr]   Downloaded redis v0.17.0
[INFO] [stderr]   Downloaded wasm-bindgen-backend v0.2.67
[INFO] [stderr]   Downloaded wepoll-sys-stjepang v1.0.6
[INFO] [stderr]   Downloaded async-task v3.0.0
[INFO] [stderr]   Downloaded cookie-factory v0.3.1
[INFO] [stderr]   Downloaded tcp-stream v0.20.3
[INFO] [stderr]   Downloaded amq-protocol-uri v6.0.0-rc12
[INFO] [stderr]   Downloaded amq-protocol-types v6.0.0-rc12
[INFO] [stderr]   Downloaded amq-protocol-tcp v6.0.0-rc12
[INFO] [stderr]   Downloaded pem v0.8.1
[INFO] [stderr]   Downloaded security-framework-sys v0.4.3
[INFO] [stderr]   Downloaded msdos_time v0.1.6
[INFO] [stderr]   Downloaded pkg-config v0.3.18
[INFO] [stderr]   Downloaded vcpkg v0.2.10
[INFO] [stderr]   Downloaded async-macros v2.0.0
[INFO] [stderr]   Downloaded wasm-bindgen-macro-support v0.2.67
[INFO] [stderr]   Downloaded socket2 v0.3.12
[INFO] [stderr]   Downloaded futures-lite v0.1.10
[INFO] [stderr]   Downloaded crossbeam-deque v0.7.3
[INFO] [stderr]   Downloaded async-amqp v0.1.4
[INFO] [stderr]   Downloaded pin-project v0.4.23
[INFO] [stderr]   Downloaded async-trait v0.1.36
[INFO] [stderr]   Downloaded blocking v0.4.7
[INFO] [stderr]   Downloaded num-integer v0.1.43
[INFO] [stderr]   Downloaded amq-protocol v6.0.0-rc12
[INFO] [stderr]   Downloaded arrayvec v0.5.1
[INFO] [stderr]   Downloaded native-tls v0.2.4
[INFO] [stderr]   Downloaded smallvec v1.4.1
[INFO] [stderr]   Downloaded futures-executor v0.3.5
[INFO] [stderr]   Downloaded podio v0.1.7
[INFO] [stderr]   Downloaded termcolor v1.1.0
[INFO] [stderr]   Downloaded zip v0.2.8
[INFO] [stderr]   Downloaded error-chain v0.10.0
[INFO] [stderr]   Downloaded addr2line v0.13.0
[INFO] [stderr]   Downloaded smol v0.1.18
[INFO] [stderr]   Downloaded miniz_oxide v0.4.0
[INFO] [stderr]   Downloaded miow v0.3.5
[INFO] [stderr]   Downloaded cc v1.0.58
[INFO] [stderr]   Downloaded num-traits v0.2.12
[INFO] [stderr]   Downloaded tracing-core v0.1.13
[INFO] [stderr]   Downloaded futures v0.3.5
[INFO] [stderr]   Downloaded pinky-swear v4.2.3
[INFO] [stderr]   Downloaded lapinou v0.1.4
[INFO] [stderr]   Downloaded tracing v0.1.18
[INFO] [stderr]   Downloaded openssl-sys v0.9.58
[INFO] [stderr]   Downloaded security-framework v0.4.4
[INFO] [stderr]   Downloaded js-sys v0.3.44
[INFO] [stderr]   Downloaded rayon-core v1.7.1
[INFO] [stderr]   Downloaded quick-xml v0.9.4
[INFO] [stderr]   Downloaded backtrace v0.3.50
[INFO] [stderr]   Downloaded lopdf v0.25.0
[INFO] [stderr]   Downloaded flate2 v1.0.16
[INFO] [stderr]   Downloaded mio v0.7.0
[INFO] [stderr]   Downloaded crossbeam-channel v0.4.3
[INFO] [stderr]   Downloaded http v0.2.1
[INFO] [stderr]   Downloaded futures-util v0.3.5
[INFO] [stderr]   Downloaded combine v4.2.1
[INFO] [stderr]   Downloaded aho-corasick v0.7.13
[INFO] [stderr]   Downloaded ntapi v0.3.4
[INFO] [stderr]   Downloaded nom v6.0.0-alpha1
[INFO] [stderr]   Downloaded wasm-bindgen v0.2.67
[INFO] [stderr]   Downloaded lapin v1.2.1
[INFO] [stderr]   Downloaded rayon v1.3.1
[INFO] [stderr]   Downloaded chrono v0.4.15
[INFO] [stderr]   Downloaded pom v3.1.0
[INFO] [stderr]   Downloaded object v0.20.0
[INFO] [stderr]   Downloaded openssl v0.10.30
[INFO] [stderr]   Downloaded async-std v1.6.2
[INFO] [stderr]   Downloaded regex v1.3.9
[INFO] [stderr]   Downloaded regex-syntax v0.6.18
[INFO] [stderr]   Downloaded tokio v0.2.22
[INFO] [stderr]   Downloaded lexical-core v0.7.4
[INFO] [stderr]   Downloaded web-sys v0.3.44
[INFO] [stderr]   Downloaded gimli v0.22.0
[INFO] [stderr]   Downloaded encoding_rs v0.7.2
[INFO] [stderr]   Downloaded dotext v0.1.1
[INFO] running `Command { std: "docker" "create" "-v" "/var/lib/crater-agent-workspace/builds/worker-5-tc1/source:/opt/rustwide/workdir:ro,Z" "-v" "/var/lib/crater-agent-workspace/builds/worker-5-tc1/target:/opt/rustwide/target:rw,Z" "-v" "/var/lib/crater-agent-workspace/cargo-home:/opt/rustwide/cargo-home:ro,Z" "-v" "/var/lib/crater-agent-workspace/rustup-home:/opt/rustwide/rustup-home:ro,Z" "-m" "1610612736" "--network" "none" "ghcr.io/rust-lang/crates-build-env/linux@sha256:3111399a4047eeb3a02b7a90e478d715f38a8c6669b5c4b49d30a17385265909" "sleep" "infinity", kill_on_drop: false }`
[INFO] [stdout] 450b524b5c1847b94b9b6621c5a5a4845bdcfc7c942e0064d50ef9349d1e4398
[INFO] running `Command { std: "docker" "start" "450b524b5c1847b94b9b6621c5a5a4845bdcfc7c942e0064d50ef9349d1e4398", kill_on_drop: false }`
[INFO] running `Command { std: "docker" "inspect" "450b524b5c1847b94b9b6621c5a5a4845bdcfc7c942e0064d50ef9349d1e4398", kill_on_drop: false }`
[INFO] running `Command { std: "docker" "exec" "-e" "SOURCE_DIR=/opt/rustwide/workdir" "-e" "CARGO_HOME=/opt/rustwide/cargo-home" "-e" "RUSTUP_HOME=/opt/rustwide/rustup-home" "-e" "CARGO_TARGET_DIR=/opt/rustwide/target" "-w" "/opt/rustwide/workdir" "--user" "0:0" "450b524b5c1847b94b9b6621c5a5a4845bdcfc7c942e0064d50ef9349d1e4398" "/opt/rustwide/cargo-home/bin/cargo" "+1.99.0-beta.8" "metadata" "--no-deps" "--format-version=1", kill_on_drop: false }`
[INFO] running `Command { std: "docker" "inspect" "450b524b5c1847b94b9b6621c5a5a4845bdcfc7c942e0064d50ef9349d1e4398", kill_on_drop: false }`
[INFO] running `Command { std: "docker" "exec" "-e" "SOURCE_DIR=/opt/rustwide/workdir" "-e" "CARGO_HOME=/opt/rustwide/cargo-home" "-e" "RUSTUP_HOME=/opt/rustwide/rustup-home" "-e" "CARGO_TARGET_DIR=/opt/rustwide/target" "-e" "CARGO_INCREMENTAL=0" "-e" "RUST_BACKTRACE=full" "-e" "RUSTFLAGS=--cap-lints=warn" "-e" "RUSTDOCFLAGS=--cap-lints=warn" "-w" "/opt/rustwide/workdir" "--user" "0:0" "450b524b5c1847b94b9b6621c5a5a4845bdcfc7c942e0064d50ef9349d1e4398" "/opt/rustwide/cargo-home/bin/cargo" "+1.99.0-beta.8" "build" "--frozen" "--message-format=json", kill_on_drop: false }`
[INFO] [stderr]    Compiling libc v0.2.74
[INFO] [stderr]    Compiling autocfg v1.0.0
[INFO] [stderr]    Compiling lazy_static v1.4.0
[INFO] [stderr]    Compiling memchr v2.3.3
[INFO] [stderr]    Compiling proc-macro2 v1.0.19
[INFO] [stderr]    Compiling syn v1.0.38
[INFO] [stderr]    Compiling log v0.4.11
[INFO] [stderr]    Compiling futures-core v0.3.5
[INFO] [stderr]    Compiling once_cell v1.4.0
[INFO] [stderr]    Compiling cc v1.0.58
[INFO] [stderr]    Compiling pkg-config v0.3.18
[INFO] [stderr]    Compiling pin-project-internal v0.4.23
[INFO] [stderr]    Compiling futures-io v0.3.5
[INFO] [stderr]    Compiling futures-sink v0.3.5
[INFO] [stderr]    Compiling proc-macro-hack v0.5.18
[INFO] [stderr]    Compiling matches v0.1.8
[INFO] [stderr]    Compiling pin-project-lite v0.1.7
[INFO] [stderr]    Compiling tinyvec v0.3.3
[INFO] [stderr]    Compiling unicode-bidi v0.3.4
[INFO] [stderr]    Compiling futures-channel v0.3.5
[INFO] [stderr]    Compiling thread_local v1.0.1
[INFO] [stderr]    Compiling openssl v0.10.30
[INFO] [stderr]    Compiling regex-syntax v0.6.18
[INFO] [stderr]    Compiling serde_derive v1.0.115
[INFO] [stderr]    Compiling itoa v0.4.6
[INFO] [stderr]    Compiling futures-task v0.3.5
[INFO] [stderr]    Compiling event-listener v2.3.2
[INFO] [stderr]    Compiling version_check v0.9.2
[INFO] [stderr]    Compiling crossbeam-utils v0.7.2
[INFO] [stderr]    Compiling adler v0.2.3
[INFO] [stderr]    Compiling serde v1.0.115
[INFO] [stderr]    Compiling unicode-normalization v0.1.13
[INFO] [stderr]    Compiling native-tls v0.2.4
[INFO] [stderr]    Compiling lexical-core v0.7.4
[INFO] [stderr]    Compiling quote v1.0.7
[INFO] [stderr]    Compiling aho-corasick v0.7.13
[INFO] [stderr]    Compiling miniz_oxide v0.4.0
[INFO] [stderr]    Compiling memoffset v0.5.5
[INFO] [stderr]    Compiling encoding_index_tests v0.1.4
[INFO] [stderr]    Compiling parking v1.0.6
[INFO] [stderr]    Compiling fastrand v1.3.3
[INFO] [stderr]    Compiling arrayvec v0.5.1
[INFO] [stderr]    Compiling serde_json v1.0.57
[INFO] [stderr]    Compiling waker-fn v1.0.0
[INFO] [stderr]    Compiling openssl-probe v0.1.2
[INFO] [stderr]    Compiling futures-lite v0.1.10
[INFO] [stderr]    Compiling async-channel v1.4.0
[INFO] [stderr]    Compiling nom v6.0.0-alpha1
[INFO] [stderr]    Compiling num_cpus v1.13.0
[INFO] [stderr]    Compiling mio v0.7.0
[INFO] [stderr]    Compiling net2 v0.2.34
[INFO] [stderr]    Compiling iovec v0.1.4
[INFO] [stderr]    Compiling crossbeam-epoch v0.8.2
[INFO] [stderr]    Compiling getrandom v0.1.14
[INFO] [stderr]    Compiling doc-comment v0.3.3
[INFO] [stderr]    Compiling instant v0.1.6
[INFO] [stderr]    Compiling async-task v3.0.0
[INFO] [stderr]    Compiling atomic-waker v1.0.0
[INFO] [stderr]    Compiling crc32fast v1.2.0
[INFO] [stderr]    Compiling smallvec v1.4.1
[INFO] [stderr]    Compiling idna v0.2.0
[INFO] [stderr]    Compiling openssl-sys v0.9.58
[INFO] [stderr]    Compiling mio v0.6.22
[INFO] [stderr]    Compiling blocking v0.4.7
[INFO] [stderr]    Compiling time v0.1.43
[INFO] [stderr]    Compiling socket2 v0.3.12
[INFO] [stderr]    Compiling num-traits v0.2.12
[INFO] [stderr]    Compiling scoped-tls v1.0.0
[INFO] [stderr]    Compiling amq-protocol v6.0.0-rc12
[INFO] [stderr]    Compiling tracing-core v0.1.13
[INFO] [stderr]    Compiling bytes v0.5.6
[INFO] [stderr]    Compiling gimli v0.22.0
[INFO] [stderr]    Compiling rayon-core v1.7.1
[INFO] [stdout] error[E0512]: cannot transmute between types of different sizes, or dependently-sized types
[INFO] [stdout]    --> /opt/rustwide/cargo-home/registry/src/index.crates.io-1949cf8c6b5b557f/socket2-0.3.12/src/sockaddr.rs:176:9
[INFO] [stdout]     |
[INFO] [stdout] 176 |         mem::transmute::<SocketAddrV4, sockaddr_in>(v4);
[INFO] [stdout]     |         ^^^^^^^^^^^^^^^^^^^^^^^^^^^^^^^^^^^^^^^^^^^
[INFO] [stdout]     |
[INFO] [stdout]     = note: source type: `SocketAddrV4` (48 bits)
[INFO] [stdout]     = note: target type: `sockaddr_in` (128 bits)
[INFO] [stdout] 
[INFO] [stdout] 
[INFO] [stdout] For more information about this error, try `rustc --explain E0512`.
[INFO] [stdout] 
[INFO] [stderr] error: could not compile `socket2` (lib) due to 1 previous error
[INFO] [stderr] warning: build failed, waiting for other jobs to finish...
[INFO] [stdout] error[E0308]: mismatched types
[INFO] [stdout]   --> /opt/rustwide/cargo-home/registry/src/index.crates.io-1949cf8c6b5b557f/lexical-core-0.7.4/src/atof/algorithm/bhcomp.rs:62:24
[INFO] [stdout]    |
[INFO] [stdout] 62 |     let bytes = bits / Limb::BITS;
[INFO] [stdout]    |                        ^^^^^^^^^^ expected `usize`, found `u32`
[INFO] [stdout] 
[INFO] [stdout] 
[INFO] [stdout] error[E0277]: cannot divide `usize` by `u32`
[INFO] [stdout]   --> /opt/rustwide/cargo-home/registry/src/index.crates.io-1949cf8c6b5b557f/lexical-core-0.7.4/src/atof/algorithm/bhcomp.rs:62:22
[INFO] [stdout]    |
[INFO] [stdout] 62 |     let bytes = bits / Limb::BITS;
[INFO] [stdout]    |                      ^ no implementation for `usize / u32`
[INFO] [stdout]    |
[INFO] [stdout]    = help: the trait `Div<u32>` is not implemented for `usize`
[INFO] [stdout]    = help: the following other types implement trait `Div<Rhs>`:
[INFO] [stdout]              `&usize` implements `Div<usize>`
[INFO] [stdout]              `&usize` implements `Div`
[INFO] [stdout]              `usize` implements `Div<&usize>`
[INFO] [stdout]              `usize` implements `Div<NonZero<usize>>`
[INFO] [stdout]              `usize` implements `Div`
[INFO] [stdout] 
[INFO] [stdout] 
[INFO] [stdout] error[E0308]: mismatched types
[INFO] [stdout]    --> /opt/rustwide/cargo-home/registry/src/index.crates.io-1949cf8c6b5b557f/lexical-core-0.7.4/src/atof/algorithm/bigcomp.rs:157:55
[INFO] [stdout]     |
[INFO] [stdout] 157 |     let nlz = den.leading_zeros().wrapping_sub(wlz) & (u32::BITS - 1);
[INFO] [stdout]     |                                                       ^^^^^^^^^^^^^^^ expected `usize`, found `u32`
[INFO] [stdout] 
[INFO] [stdout] 
[INFO] [stdout] error[E0277]: no implementation for `usize & u32`
[INFO] [stdout]    --> /opt/rustwide/cargo-home/registry/src/index.crates.io-1949cf8c6b5b557f/lexical-core-0.7.4/src/atof/algorithm/bigcomp.rs:157:53
[INFO] [stdout]     |
[INFO] [stdout] 157 |     let nlz = den.leading_zeros().wrapping_sub(wlz) & (u32::BITS - 1);
[INFO] [stdout]     |                                                     ^ no implementation for `usize & u32`
[INFO] [stdout]     |
[INFO] [stdout]     = help: the trait `BitAnd<u32>` is not implemented for `usize`
[INFO] [stdout] help: the following other types implement trait `BitAnd<Rhs>`
[INFO] [stdout]    --> /rustc/dfb0accb7f508ae8be965d8629557221c889dd98/library/core/src/ops/bit.rs:174:8
[INFO] [stdout]     |
[INFO] [stdout]     = note: `usize` implements `BitAnd`
[INFO] [stdout]    ::: /rustc/dfb0accb7f508ae8be965d8629557221c889dd98/library/core/src/ops/bit.rs:187:0
[INFO] [stdout]     |
[INFO] [stdout]     = note: in this macro invocation
[INFO] [stdout]    --> /rustc/dfb0accb7f508ae8be965d8629557221c889dd98/library/core/src/internal_macros.rs:22:8
[INFO] [stdout]     |
[INFO] [stdout]     = note: `&usize` implements `BitAnd<usize>`
[INFO] [stdout]    ::: /rustc/dfb0accb7f508ae8be965d8629557221c889dd98/library/core/src/internal_macros.rs:33:8
[INFO] [stdout]     |
[INFO] [stdout]     = note: `usize` implements `BitAnd<&usize>`
[INFO] [stdout]    ::: /rustc/dfb0accb7f508ae8be965d8629557221c889dd98/library/core/src/internal_macros.rs:44:8
[INFO] [stdout]     |
[INFO] [stdout]     = note: `&usize` implements `BitAnd`
[INFO] [stdout]     = note: this error originates in the macro `bitand_impl` (in Nightly builds, run with -Z macro-backtrace for more info)
[INFO] [stdout] 
[INFO] [stdout] 
[INFO] [stdout] error[E0308]: mismatched types
[INFO] [stdout]    --> /opt/rustwide/cargo-home/registry/src/index.crates.io-1949cf8c6b5b557f/lexical-core-0.7.4/src/atof/algorithm/bigcomp.rs:175:40
[INFO] [stdout]     |
[INFO] [stdout] 175 |         let (q, r) = shift.ceil_divmod(Limb::BITS);
[INFO] [stdout]     |                            ----------- ^^^^^^^^^^ expected `usize`, found `u32`
[INFO] [stdout]     |                            |
[INFO] [stdout]     |                            arguments to this method are incorrect
[INFO] [stdout]     |
[INFO] [stdout] help: the return type of this call is `u32` due to the type of the argument passed
[INFO] [stdout]    --> /opt/rustwide/cargo-home/registry/src/index.crates.io-1949cf8c6b5b557f/lexical-core-0.7.4/src/atof/algorithm/bigcomp.rs:175:22
[INFO] [stdout]     |
[INFO] [stdout] 175 |         let (q, r) = shift.ceil_divmod(Limb::BITS);
[INFO] [stdout]     |                      ^^^^^^^^^^^^^^^^^^----------^
[INFO] [stdout]     |                                        |
[INFO] [stdout]     |                                        this argument influences the return type of `ceil_divmod`
[INFO] [stdout] note: method defined here
[INFO] [stdout]    --> /opt/rustwide/cargo-home/registry/src/index.crates.io-1949cf8c6b5b557f/lexical-core-0.7.4/src/util/num.rs:209:8
[INFO] [stdout]     |
[INFO] [stdout] 209 |     fn ceil_divmod(self, y: Self) -> (Self, i32) {
[INFO] [stdout]     |        ^^^^^^^^^^^       -------
[INFO] [stdout] help: you can convert a `u32` to a `usize` and panic if the converted value doesn't fit
[INFO] [stdout]     |
[INFO] [stdout] 175 |         let (q, r) = shift.ceil_divmod(Limb::BITS.try_into().unwrap());
[INFO] [stdout]     |                                                  ++++++++++++++++++++
[INFO] [stdout] 
[INFO] [stdout] 
[INFO] [stdout] error[E0308]: mismatched types
[INFO] [stdout]     --> /opt/rustwide/cargo-home/registry/src/index.crates.io-1949cf8c6b5b557f/lexical-core-0.7.4/src/atof/algorithm/math.rs:1043:42
[INFO] [stdout]      |
[INFO] [stdout] 1043 |     let mut count = index.saturating_mul(Limb::BITS);
[INFO] [stdout]      |                           -------------- ^^^^^^^^^^ expected `usize`, found `u32`
[INFO] [stdout]      |                           |
[INFO] [stdout]      |                           arguments to this method are incorrect
[INFO] [stdout]      |
[INFO] [stdout] note: method defined here
[INFO] [stdout]     --> /rustc/dfb0accb7f508ae8be965d8629557221c889dd98/library/core/src/num/uint_macros.rs:2584:21
[INFO] [stdout]     --> /rustc/dfb0accb7f508ae8be965d8629557221c889dd98/library/core/src/num/mod.rs:1452:4
[INFO] [stdout]     ::: /rustc/dfb0accb7f508ae8be965d8629557221c889dd98/library/core/src/num/mod.rs:1476:5
[INFO] [stdout]      |
[INFO] [stdout]      = note: in this macro invocation
[INFO] [stdout]      = note: this error originates in the macro `uint_impl` (in Nightly builds, run with -Z macro-backtrace for more info)
[INFO] [stdout] help: you can convert a `u32` to a `usize` and panic if the converted value doesn't fit
[INFO] [stdout]      |
[INFO] [stdout] 1043 |     let mut count = index.saturating_mul(Limb::BITS.try_into().unwrap());
[INFO] [stdout]      |                                                    ++++++++++++++++++++
[INFO] [stdout] 
[INFO] [stdout] 
[INFO] [stdout] error[E0308]: mismatched types
[INFO] [stdout]     --> /opt/rustwide/cargo-home/registry/src/index.crates.io-1949cf8c6b5b557f/lexical-core-0.7.4/src/atof/algorithm/math.rs:1058:28
[INFO] [stdout]      |
[INFO] [stdout] 1058 |     Limb::BITS.checked_mul(x.len())
[INFO] [stdout]      |                ----------- ^^^^^^^ expected `u32`, found `usize`
[INFO] [stdout]      |                |
[INFO] [stdout]      |                arguments to this method are incorrect
[INFO] [stdout]      |
[INFO] [stdout] note: method defined here
[INFO] [stdout]     --> /rustc/dfb0accb7f508ae8be965d8629557221c889dd98/library/core/src/num/uint_macros.rs:1329:21
[INFO] [stdout]     --> /rustc/dfb0accb7f508ae8be965d8629557221c889dd98/library/core/src/num/mod.rs:1290:4
[INFO] [stdout]     ::: /rustc/dfb0accb7f508ae8be965d8629557221c889dd98/library/core/src/num/mod.rs:1314:5
[INFO] [stdout]      |
[INFO] [stdout]      = note: in this macro invocation
[INFO] [stdout]      = note: this error originates in the macro `uint_impl` (in Nightly builds, run with -Z macro-backtrace for more info)
[INFO] [stdout] help: you can convert a `usize` to a `u32` and panic if the converted value doesn't fit
[INFO] [stdout]      |
[INFO] [stdout] 1058 |     Limb::BITS.checked_mul(x.len().try_into().unwrap())
[INFO] [stdout]      |                                   ++++++++++++++++++++
[INFO] [stdout] 
[INFO] [stdout] 
[INFO] [stdout] error[E0308]: mismatched types
[INFO] [stdout]     --> /opt/rustwide/cargo-home/registry/src/index.crates.io-1949cf8c6b5b557f/lexical-core-0.7.4/src/atof/algorithm/math.rs:1059:22
[INFO] [stdout]      |
[INFO] [stdout] 1059 |         .map(|v| v - nlz)
[INFO] [stdout]      |                      ^^^ expected `u32`, found `usize`
[INFO] [stdout] 
[INFO] [stdout] 
[INFO] [stdout] error[E0277]: cannot subtract `usize` from `u32`
[INFO] [stdout]     --> /opt/rustwide/cargo-home/registry/src/index.crates.io-1949cf8c6b5b557f/lexical-core-0.7.4/src/atof/algorithm/math.rs:1059:20
[INFO] [stdout]      |
[INFO] [stdout] 1059 |         .map(|v| v - nlz)
[INFO] [stdout]      |                    ^ no implementation for `u32 - usize`
[INFO] [stdout]      |
[INFO] [stdout]      = help: the trait `Sub<usize>` is not implemented for `u32`
[INFO] [stdout] help: the following other types implement trait `Sub<Rhs>`
[INFO] [stdout]     --> /rustc/dfb0accb7f508ae8be965d8629557221c889dd98/library/core/src/ops/arith.rs:210:8
[INFO] [stdout]      |
[INFO] [stdout]      = note: `u32` implements `Sub`
[INFO] [stdout]     ::: /rustc/dfb0accb7f508ae8be965d8629557221c889dd98/library/core/src/ops/arith.rs:225:0
[INFO] [stdout]      |
[INFO] [stdout]      = note: in this macro invocation
[INFO] [stdout]     --> /rustc/dfb0accb7f508ae8be965d8629557221c889dd98/library/core/src/internal_macros.rs:22:8
[INFO] [stdout]      |
[INFO] [stdout]      = note: `&u32` implements `Sub<u32>`
[INFO] [stdout]     ::: /rustc/dfb0accb7f508ae8be965d8629557221c889dd98/library/core/src/internal_macros.rs:33:8
[INFO] [stdout]      |
[INFO] [stdout]      = note: `u32` implements `Sub<&u32>`
[INFO] [stdout]     ::: /rustc/dfb0accb7f508ae8be965d8629557221c889dd98/library/core/src/internal_macros.rs:44:8
[INFO] [stdout]      |
[INFO] [stdout]      = note: `&u32` implements `Sub`
[INFO] [stdout]      = note: this error originates in the macro `sub_impl` (in Nightly builds, run with -Z macro-backtrace for more info)
[INFO] [stdout] 
[INFO] [stdout] 
[INFO] [stdout] error[E0308]: mismatched types
[INFO] [stdout]     --> /opt/rustwide/cargo-home/registry/src/index.crates.io-1949cf8c6b5b557f/lexical-core-0.7.4/src/atof/algorithm/math.rs:1060:20
[INFO] [stdout]      |
[INFO] [stdout] 1054 | pub fn bit_length(x: &[Limb]) -> usize {
[INFO] [stdout]      |                                  ----- this return type influences the call expression's return type
[INFO] [stdout] ...
[INFO] [stdout] 1060 |         .unwrap_or(usize::max_value())
[INFO] [stdout]      |          --------- ^^^^^^^^^^^^^^^^^^ expected `u32`, found `usize`
[INFO] [stdout]      |          |
[INFO] [stdout]      |          arguments to this method are incorrect
[INFO] [stdout]      |
[INFO] [stdout] help: the return type of this call is `usize` due to the type of the argument passed
[INFO] [stdout]     --> /opt/rustwide/cargo-home/registry/src/index.crates.io-1949cf8c6b5b557f/lexical-core-0.7.4/src/atof/algorithm/math.rs:1058:5
[INFO] [stdout]      |
[INFO] [stdout] 1058 | /     Limb::BITS.checked_mul(x.len())
[INFO] [stdout] 1059 | |         .map(|v| v - nlz)
[INFO] [stdout] 1060 | |         .unwrap_or(usize::max_value())
[INFO] [stdout]      | |____________________------------------^
[INFO] [stdout]      |                      |
[INFO] [stdout]      |                      this argument influences the return type of `unwrap_or`
[INFO] [stdout] note: method defined here
[INFO] [stdout]     --> /rustc/dfb0accb7f508ae8be965d8629557221c889dd98/library/core/src/option.rs:1036:17
[INFO] [stdout] help: you can convert a `usize` to a `u32` and panic if the converted value doesn't fit
[INFO] [stdout]      |
[INFO] [stdout] 1060 |         .unwrap_or(usize::max_value().try_into().unwrap())
[INFO] [stdout]      |                                      ++++++++++++++++++++
[INFO] [stdout] 
[INFO] [stdout] 
[INFO] [stdout] error[E0308]: mismatched types
[INFO] [stdout]     --> /opt/rustwide/cargo-home/registry/src/index.crates.io-1949cf8c6b5b557f/lexical-core-0.7.4/src/atof/algorithm/math.rs:1058:5
[INFO] [stdout]      |
[INFO] [stdout] 1054 |   pub fn bit_length(x: &[Limb]) -> usize {
[INFO] [stdout]      |                                    ----- expected `usize` because of return type
[INFO] [stdout] ...
[INFO] [stdout] 1058 | /     Limb::BITS.checked_mul(x.len())
[INFO] [stdout] 1059 | |         .map(|v| v - nlz)
[INFO] [stdout] 1060 | |         .unwrap_or(usize::max_value())
[INFO] [stdout]      | |______________________________________^ expected `usize`, found `u32`
[INFO] [stdout]      |
[INFO] [stdout] help: you can convert a `u32` to a `usize` and panic if the converted value doesn't fit
[INFO] [stdout]      |
[INFO] [stdout] 1060 |         .unwrap_or(usize::max_value()).try_into().unwrap()
[INFO] [stdout]      |                                       ++++++++++++++++++++
[INFO] [stdout] 
[INFO] [stdout] 
[INFO] [stdout] error[E0308]: mismatched types
[INFO] [stdout]     --> /opt/rustwide/cargo-home/registry/src/index.crates.io-1949cf8c6b5b557f/lexical-core-0.7.4/src/atof/algorithm/math.rs:1085:23
[INFO] [stdout]      |
[INFO] [stdout] 1085 |     debug_assert!(n < bits && n != 0);
[INFO] [stdout]      |                   -   ^^^^ expected `usize`, found `u32`
[INFO] [stdout]      |                   |
[INFO] [stdout]      |                   expected because this is `usize`
[INFO] [stdout]      |
[INFO] [stdout] help: you can convert a `u32` to a `usize` and panic if the converted value doesn't fit
[INFO] [stdout]      |
[INFO] [stdout] 1085 |     debug_assert!(n < bits.try_into().unwrap() && n != 0);
[INFO] [stdout]      |                           ++++++++++++++++++++
[INFO] [stdout] 
[INFO] [stdout] 
[INFO] [stdout] error[E0308]: mismatched types
[INFO] [stdout]     --> /opt/rustwide/cargo-home/registry/src/index.crates.io-1949cf8c6b5b557f/lexical-core-0.7.4/src/atof/algorithm/math.rs:1092:25
[INFO] [stdout]      |
[INFO] [stdout] 1092 |     let lshift = bits - n;
[INFO] [stdout]      |                         ^ expected `u32`, found `usize`
[INFO] [stdout] 
[INFO] [stdout] 
[INFO] [stdout] error[E0277]: cannot subtract `usize` from `u32`
[INFO] [stdout]     --> /opt/rustwide/cargo-home/registry/src/index.crates.io-1949cf8c6b5b557f/lexical-core-0.7.4/src/atof/algorithm/math.rs:1092:23
[INFO] [stdout]      |
[INFO] [stdout] 1092 |     let lshift = bits - n;
[INFO] [stdout]      |                       ^ no implementation for `u32 - usize`
[INFO] [stdout]      |
[INFO] [stdout]      = help: the trait `Sub<usize>` is not implemented for `u32`
[INFO] [stdout] help: the following other types implement trait `Sub<Rhs>`
[INFO] [stdout]     --> /rustc/dfb0accb7f508ae8be965d8629557221c889dd98/library/core/src/ops/arith.rs:210:8
[INFO] [stdout]      |
[INFO] [stdout]      = note: `u32` implements `Sub`
[INFO] [stdout]     ::: /rustc/dfb0accb7f508ae8be965d8629557221c889dd98/library/core/src/ops/arith.rs:225:0
[INFO] [stdout]      |
[INFO] [stdout]      = note: in this macro invocation
[INFO] [stdout]     --> /rustc/dfb0accb7f508ae8be965d8629557221c889dd98/library/core/src/internal_macros.rs:22:8
[INFO] [stdout]      |
[INFO] [stdout]      = note: `&u32` implements `Sub<u32>`
[INFO] [stdout]     ::: /rustc/dfb0accb7f508ae8be965d8629557221c889dd98/library/core/src/internal_macros.rs:33:8
[INFO] [stdout]      |
[INFO] [stdout]      = note: `u32` implements `Sub<&u32>`
[INFO] [stdout]     ::: /rustc/dfb0accb7f508ae8be965d8629557221c889dd98/library/core/src/internal_macros.rs:44:8
[INFO] [stdout]      |
[INFO] [stdout]      = note: `&u32` implements `Sub`
[INFO] [stdout]      = note: this error originates in the macro `sub_impl` (in Nightly builds, run with -Z macro-backtrace for more info)
[INFO] [stdout] 
[INFO] [stdout] 
[INFO] [stdout] error[E0308]: mismatched types
[INFO] [stdout]     --> /opt/rustwide/cargo-home/registry/src/index.crates.io-1949cf8c6b5b557f/lexical-core-0.7.4/src/atof/algorithm/math.rs:1134:19
[INFO] [stdout]      |
[INFO] [stdout] 1134 |     let rem = n % bits;
[INFO] [stdout]      |                   ^^^^ expected `usize`, found `u32`
[INFO] [stdout] 
[INFO] [stdout] 
[INFO] [stdout] error[E0277]: cannot calculate the remainder of `usize` divided by `u32`
[INFO] [stdout]     --> /opt/rustwide/cargo-home/registry/src/index.crates.io-1949cf8c6b5b557f/lexical-core-0.7.4/src/atof/algorithm/math.rs:1134:17
[INFO] [stdout]      |
[INFO] [stdout] 1134 |     let rem = n % bits;
[INFO] [stdout]      |                 ^ no implementation for `usize % u32`
[INFO] [stdout]      |
[INFO] [stdout]      = help: the trait `Rem<u32>` is not implemented for `usize`
[INFO] [stdout]      = help: the following other types implement trait `Rem<Rhs>`:
[INFO] [stdout]                `&usize` implements `Rem<usize>`
[INFO] [stdout]                `&usize` implements `Rem`
[INFO] [stdout]                `usize` implements `Rem<&usize>`
[INFO] [stdout]                `usize` implements `Rem<NonZero<usize>>`
[INFO] [stdout]                `usize` implements `Rem`
[INFO] [stdout] 
[INFO] [stdout] 
[INFO] [stdout] error[E0308]: mismatched types
[INFO] [stdout]     --> /opt/rustwide/cargo-home/registry/src/index.crates.io-1949cf8c6b5b557f/lexical-core-0.7.4/src/atof/algorithm/math.rs:1135:19
[INFO] [stdout]      |
[INFO] [stdout] 1135 |     let div = n / bits;
[INFO] [stdout]      |                   ^^^^ expected `usize`, found `u32`
[INFO] [stdout] 
[INFO] [stdout] 
[INFO] [stdout] error[E0277]: cannot divide `usize` by `u32`
[INFO] [stdout]     --> /opt/rustwide/cargo-home/registry/src/index.crates.io-1949cf8c6b5b557f/lexical-core-0.7.4/src/atof/algorithm/math.rs:1135:17
[INFO] [stdout]      |
[INFO] [stdout] 1135 |     let div = n / bits;
[INFO] [stdout]      |                 ^ no implementation for `usize / u32`
[INFO] [stdout]      |
[INFO] [stdout]      = help: the trait `Div<u32>` is not implemented for `usize`
[INFO] [stdout]      = help: the following other types implement trait `Div<Rhs>`:
[INFO] [stdout]                `&usize` implements `Div<usize>`
[INFO] [stdout]                `&usize` implements `Div`
[INFO] [stdout]                `usize` implements `Div<&usize>`
[INFO] [stdout]                `usize` implements `Div<NonZero<usize>>`
[INFO] [stdout]                `usize` implements `Div`
[INFO] [stdout] 
[INFO] [stdout] 
[INFO] [stdout] error[E0308]: mismatched types
[INFO] [stdout]     --> /opt/rustwide/cargo-home/registry/src/index.crates.io-1949cf8c6b5b557f/lexical-core-0.7.4/src/atof/algorithm/math.rs:1191:23
[INFO] [stdout]      |
[INFO] [stdout] 1191 |     debug_assert!(n < bits);
[INFO] [stdout]      |                   -   ^^^^ expected `usize`, found `u32`
[INFO] [stdout]      |                   |
[INFO] [stdout]      |                   expected because this is `usize`
[INFO] [stdout]      |
[INFO] [stdout] help: you can convert a `u32` to a `usize` and panic if the converted value doesn't fit
[INFO] [stdout]      |
[INFO] [stdout] 1191 |     debug_assert!(n < bits.try_into().unwrap());
[INFO] [stdout]      |                           ++++++++++++++++++++
[INFO] [stdout] 
[INFO] [stdout] 
[INFO] [stdout] error[E0308]: mismatched types
[INFO] [stdout]     --> /opt/rustwide/cargo-home/registry/src/index.crates.io-1949cf8c6b5b557f/lexical-core-0.7.4/src/atof/algorithm/math.rs:1201:25
[INFO] [stdout]      |
[INFO] [stdout] 1201 |     let rshift = bits - n;
[INFO] [stdout]      |                         ^ expected `u32`, found `usize`
[INFO] [stdout] 
[INFO] [stdout] 
[INFO] [stdout] error[E0277]: cannot subtract `usize` from `u32`
[INFO] [stdout]     --> /opt/rustwide/cargo-home/registry/src/index.crates.io-1949cf8c6b5b557f/lexical-core-0.7.4/src/atof/algorithm/math.rs:1201:23
[INFO] [stdout]      |
[INFO] [stdout] 1201 |     let rshift = bits - n;
[INFO] [stdout]      |                       ^ no implementation for `u32 - usize`
[INFO] [stdout]      |
[INFO] [stdout]      = help: the trait `Sub<usize>` is not implemented for `u32`
[INFO] [stdout] help: the following other types implement trait `Sub<Rhs>`
[INFO] [stdout]     --> /rustc/dfb0accb7f508ae8be965d8629557221c889dd98/library/core/src/ops/arith.rs:210:8
[INFO] [stdout]      |
[INFO] [stdout]      = note: `u32` implements `Sub`
[INFO] [stdout]     ::: /rustc/dfb0accb7f508ae8be965d8629557221c889dd98/library/core/src/ops/arith.rs:225:0
[INFO] [stdout]      |
[INFO] [stdout]      = note: in this macro invocation
[INFO] [stdout]     --> /rustc/dfb0accb7f508ae8be965d8629557221c889dd98/library/core/src/internal_macros.rs:22:8
[INFO] [stdout]      |
[INFO] [stdout]      = note: `&u32` implements `Sub<u32>`
[INFO] [stdout]     ::: /rustc/dfb0accb7f508ae8be965d8629557221c889dd98/library/core/src/internal_macros.rs:33:8
[INFO] [stdout]      |
[INFO] [stdout]      = note: `u32` implements `Sub<&u32>`
[INFO] [stdout]     ::: /rustc/dfb0accb7f508ae8be965d8629557221c889dd98/library/core/src/internal_macros.rs:44:8
[INFO] [stdout]      |
[INFO] [stdout]      = note: `&u32` implements `Sub`
[INFO] [stdout]      = note: this error originates in the macro `sub_impl` (in Nightly builds, run with -Z macro-backtrace for more info)
[INFO] [stdout] 
[INFO] [stdout] 
[INFO] [stdout] error[E0308]: mismatched types
[INFO] [stdout]     --> /opt/rustwide/cargo-home/registry/src/index.crates.io-1949cf8c6b5b557f/lexical-core-0.7.4/src/atof/algorithm/math.rs:1253:19
[INFO] [stdout]      |
[INFO] [stdout] 1253 |     let rem = n % bits;
[INFO] [stdout]      |                   ^^^^ expected `usize`, found `u32`
[INFO] [stdout] 
[INFO] [stdout] 
[INFO] [stdout] error[E0277]: cannot calculate the remainder of `usize` divided by `u32`
[INFO] [stdout]     --> /opt/rustwide/cargo-home/registry/src/index.crates.io-1949cf8c6b5b557f/lexical-core-0.7.4/src/atof/algorithm/math.rs:1253:17
[INFO] [stdout]      |
[INFO] [stdout] 1253 |     let rem = n % bits;
[INFO] [stdout]      |                 ^ no implementation for `usize % u32`
[INFO] [stdout]      |
[INFO] [stdout]      = help: the trait `Rem<u32>` is not implemented for `usize`
[INFO] [stdout]      = help: the following other types implement trait `Rem<Rhs>`:
[INFO] [stdout]                `&usize` implements `Rem<usize>`
[INFO] [stdout]                `&usize` implements `Rem`
[INFO] [stdout]                `usize` implements `Rem<&usize>`
[INFO] [stdout]                `usize` implements `Rem<NonZero<usize>>`
[INFO] [stdout]                `usize` implements `Rem`
[INFO] [stdout] 
[INFO] [stdout] 
[INFO] [stdout] error[E0308]: mismatched types
[INFO] [stdout]     --> /opt/rustwide/cargo-home/registry/src/index.crates.io-1949cf8c6b5b557f/lexical-core-0.7.4/src/atof/algorithm/math.rs:1254:19
[INFO] [stdout]      |
[INFO] [stdout] 1254 |     let div = n / bits;
[INFO] [stdout]      |                   ^^^^ expected `usize`, found `u32`
[INFO] [stdout] 
[INFO] [stdout] 
[INFO] [stdout] error[E0277]: cannot divide `usize` by `u32`
[INFO] [stdout]     --> /opt/rustwide/cargo-home/registry/src/index.crates.io-1949cf8c6b5b557f/lexical-core-0.7.4/src/atof/algorithm/math.rs:1254:17
[INFO] [stdout]      |
[INFO] [stdout] 1254 |     let div = n / bits;
[INFO] [stdout]      |                 ^ no implementation for `usize / u32`
[INFO] [stdout]      |
[INFO] [stdout]      = help: the trait `Div<u32>` is not implemented for `usize`
[INFO] [stdout]      = help: the following other types implement trait `Div<Rhs>`:
[INFO] [stdout]                `&usize` implements `Div<usize>`
[INFO] [stdout]                `&usize` implements `Div`
[INFO] [stdout]                `usize` implements `Div<&usize>`
[INFO] [stdout]                `usize` implements `Div<NonZero<usize>>`
[INFO] [stdout]                `usize` implements `Div`
[INFO] [stdout] 
[INFO] [stdout] 
[INFO] [stdout] error[E0308]: mismatched types
[INFO] [stdout]     --> /opt/rustwide/cargo-home/registry/src/index.crates.io-1949cf8c6b5b557f/lexical-core-0.7.4/src/atof/algorithm/math.rs:2065:27
[INFO] [stdout]      |
[INFO] [stdout] 2065 |     let rs = Limb::BITS - s;
[INFO] [stdout]      |                           ^ expected `u32`, found `usize`
[INFO] [stdout] 
[INFO] [stdout] 
[INFO] [stdout] error[E0277]: cannot subtract `usize` from `u32`
[INFO] [stdout]     --> /opt/rustwide/cargo-home/registry/src/index.crates.io-1949cf8c6b5b557f/lexical-core-0.7.4/src/atof/algorithm/math.rs:2065:25
[INFO] [stdout]      |
[INFO] [stdout] 2065 |     let rs = Limb::BITS - s;
[INFO] [stdout]      |                         ^ no implementation for `u32 - usize`
[INFO] [stdout]      |
[INFO] [stdout]      = help: the trait `Sub<usize>` is not implemented for `u32`
[INFO] [stdout] help: the following other types implement trait `Sub<Rhs>`
[INFO] [stdout]     --> /rustc/dfb0accb7f508ae8be965d8629557221c889dd98/library/core/src/ops/arith.rs:210:8
[INFO] [stdout]      |
[INFO] [stdout]      = note: `u32` implements `Sub`
[INFO] [stdout]     ::: /rustc/dfb0accb7f508ae8be965d8629557221c889dd98/library/core/src/ops/arith.rs:225:0
[INFO] [stdout]      |
[INFO] [stdout]      = note: in this macro invocation
[INFO] [stdout]     --> /rustc/dfb0accb7f508ae8be965d8629557221c889dd98/library/core/src/internal_macros.rs:22:8
[INFO] [stdout]      |
[INFO] [stdout]      = note: `&u32` implements `Sub<u32>`
[INFO] [stdout]     ::: /rustc/dfb0accb7f508ae8be965d8629557221c889dd98/library/core/src/internal_macros.rs:33:8
[INFO] [stdout]      |
[INFO] [stdout]      = note: `u32` implements `Sub<&u32>`
[INFO] [stdout]     ::: /rustc/dfb0accb7f508ae8be965d8629557221c889dd98/library/core/src/internal_macros.rs:44:8
[INFO] [stdout]      |
[INFO] [stdout]      = note: `&u32` implements `Sub`
[INFO] [stdout]      = note: this error originates in the macro `sub_impl` (in Nightly builds, run with -Z macro-backtrace for more info)
[INFO] [stdout] 
[INFO] [stdout] 
[INFO] [stdout] Some errors have detailed explanations: E0277, E0308.
[INFO] [stdout] 
[INFO] [stdout] For more information about an error, try `rustc --explain E0277`.
[INFO] [stdout] 
[INFO] [stderr] error: could not compile `lexical-core` (lib) due to 27 previous errors
[INFO] running `Command { std: "docker" "inspect" "450b524b5c1847b94b9b6621c5a5a4845bdcfc7c942e0064d50ef9349d1e4398", kill_on_drop: false }`
[INFO] running `Command { std: "docker" "rm" "-f" "450b524b5c1847b94b9b6621c5a5a4845bdcfc7c942e0064d50ef9349d1e4398", kill_on_drop: false }`
[INFO] [stdout] 450b524b5c1847b94b9b6621c5a5a4845bdcfc7c942e0064d50ef9349d1e4398
