[INFO] cloning repository https://github.com/Valkary/RustRayTracer
[INFO] running `Command { std: "git" "-c" "credential.helper=" "-c" "credential.helper=/workspace/cargo-home/bin/git-credential-null" "clone" "--bare" "https://github.com/Valkary/RustRayTracer" "/workspace/cache/git-repos/https%3A%2F%2Fgithub.com%2FValkary%2FRustRayTracer", kill_on_drop: false }`
[INFO] [stderr] Cloning into bare repository '/workspace/cache/git-repos/https%3A%2F%2Fgithub.com%2FValkary%2FRustRayTracer'...
[INFO] running `Command { std: "git" "rev-parse" "HEAD", kill_on_drop: false }`
[INFO] [stdout] 456bb30df50c95dc6ab4e08337fce924d075ae1e
[INFO] testing Valkary/RustRayTracer against 1.99.0-beta.8 for beta-1.100-2
[INFO] running `Command { std: "git" "clone" "/workspace/cache/git-repos/https%3A%2F%2Fgithub.com%2FValkary%2FRustRayTracer" "/workspace/builds/worker-2-tc1/source", kill_on_drop: false }`
[INFO] [stderr] Cloning into '/workspace/builds/worker-2-tc1/source'...
[INFO] [stderr] done.
[INFO] started tweaking git repo https://github.com/Valkary/RustRayTracer
[INFO] finished tweaking git repo https://github.com/Valkary/RustRayTracer
[INFO] tweaked toml for git repo https://github.com/Valkary/RustRayTracer written to /workspace/builds/worker-2-tc1/source/Cargo.toml
[INFO] validating manifest of git repo https://github.com/Valkary/RustRayTracer on toolchain 1.99.0-beta.8
[INFO] running `Command { std: CARGO_HOME="/workspace/cargo-home" RUSTUP_HOME="/workspace/rustup-home" "/workspace/cargo-home/bin/cargo" "+1.99.0-beta.8" "metadata" "--manifest-path" "Cargo.toml" "--no-deps", kill_on_drop: false }`
[INFO] crate git repo https://github.com/Valkary/RustRayTracer already has a lockfile, it will not be regenerated
[INFO] running `Command { std: CARGO_HOME="/workspace/cargo-home" RUSTUP_HOME="/workspace/rustup-home" "/workspace/cargo-home/bin/cargo" "+1.99.0-beta.8" "fetch" "--manifest-path" "Cargo.toml", kill_on_drop: false }`
[INFO] [stderr]     Updating crates.io index
[INFO] [stderr]  Downloading crates ...
[INFO] [stderr]   Downloaded num-bigint v0.4.5
[INFO] [stderr]   Downloaded obj v0.10.2
[INFO] [stderr]   Downloaded autocfg v1.2.0
[INFO] [stderr]   Downloaded v_frame v0.3.8
[INFO] [stderr]   Downloaded zune-jpeg v0.4.11
[INFO] [stderr]   Downloaded thiserror-impl v1.0.59
[INFO] [stderr]   Downloaded version-compare v0.2.0
[INFO] [stderr]   Downloaded avif-serialize v0.8.1
[INFO] [stderr]   Downloaded ravif v0.11.5
[INFO] [stderr]   Downloaded simd-adler32 v0.3.7
[INFO] [stderr]   Downloaded serde_spanned v0.6.5
[INFO] [stderr]   Downloaded profiling-procmacros v1.0.15
[INFO] [stderr]   Downloaded lebe v0.5.2
[INFO] [stderr]   Downloaded bit_field v0.10.2
[INFO] [stderr]   Downloaded jobserver v0.1.31
[INFO] [stderr]   Downloaded built v0.7.2
[INFO] [stderr]   Downloaded profiling v1.0.15
[INFO] [stderr]   Downloaded aligned-vec v0.5.0
[INFO] [stderr]   Downloaded thiserror v1.0.59
[INFO] [stderr]   Downloaded target-lexicon v0.12.14
[INFO] [stderr]   Downloaded system-deps v6.2.2
[INFO] [stderr]   Downloaded arrayvec v0.7.4
[INFO] [stderr]   Downloaded rgb v0.8.37
[INFO] [stderr]   Downloaded serde_derive v1.0.199
[INFO] [stderr]   Downloaded paste v1.0.14
[INFO] [stderr]   Downloaded bitstream-io v2.2.0
[INFO] [stderr]   Downloaded anyhow v1.0.82
[INFO] [stderr]   Downloaded fdeflate v0.3.4
[INFO] [stderr]   Downloaded weezl v0.1.8
[INFO] [stderr]   Downloaded cfg-expr v0.15.8
[INFO] [stderr]   Downloaded image-webp v0.1.2
[INFO] [stderr]   Downloaded gif v0.13.1
[INFO] [stderr]   Downloaded proc-macro2 v1.0.81
[INFO] [stderr]   Downloaded av1-grain v0.2.3
[INFO] [stderr]   Downloaded miniz_oxide v0.7.2
[INFO] [stderr]   Downloaded toml v0.8.12
[INFO] [stderr]   Downloaded getrandom v0.2.14
[INFO] [stderr]   Downloaded imgref v1.10.1
[INFO] [stderr]   Downloaded flume v0.11.0
[INFO] [stderr]   Downloaded serde v1.0.199
[INFO] [stderr]   Downloaded cc v1.0.96
[INFO] [stderr]   Downloaded flate2 v1.0.30
[INFO] [stderr]   Downloaded toml_edit v0.22.12
[INFO] [stderr]   Downloaded png v0.17.13
[INFO] [stderr]   Downloaded winnow v0.6.7
[INFO] [stderr]   Downloaded libfuzzer-sys v0.4.7
[INFO] [stderr]   Downloaded syn v2.0.60
[INFO] [stderr]   Downloaded exr v1.72.0
[INFO] [stderr]   Downloaded jpeg-decoder v0.3.1
[INFO] [stderr]   Downloaded tiff v0.9.1
[INFO] [stderr]   Downloaded rav1e v0.7.1
[INFO] [stderr]   Downloaded image v0.25.1
[INFO] running `Command { std: "docker" "create" "-v" "/var/lib/crater-agent-workspace/builds/worker-2-tc1/source:/opt/rustwide/workdir:ro,Z" "-v" "/var/lib/crater-agent-workspace/builds/worker-2-tc1/target:/opt/rustwide/target:rw,Z" "-v" "/var/lib/crater-agent-workspace/cargo-home:/opt/rustwide/cargo-home:ro,Z" "-v" "/var/lib/crater-agent-workspace/rustup-home:/opt/rustwide/rustup-home:ro,Z" "-m" "1610612736" "--network" "none" "ghcr.io/rust-lang/crates-build-env/linux@sha256:3111399a4047eeb3a02b7a90e478d715f38a8c6669b5c4b49d30a17385265909" "sleep" "infinity", kill_on_drop: false }`
[INFO] [stdout] b96b93122656e3db8d5ff0db398e18a947ba6cd1d2921a015dbd1898984c363d
[INFO] running `Command { std: "docker" "start" "b96b93122656e3db8d5ff0db398e18a947ba6cd1d2921a015dbd1898984c363d", kill_on_drop: false }`
[INFO] running `Command { std: "docker" "inspect" "b96b93122656e3db8d5ff0db398e18a947ba6cd1d2921a015dbd1898984c363d", kill_on_drop: false }`
[INFO] running `Command { std: "docker" "exec" "-e" "SOURCE_DIR=/opt/rustwide/workdir" "-e" "CARGO_HOME=/opt/rustwide/cargo-home" "-e" "RUSTUP_HOME=/opt/rustwide/rustup-home" "-e" "CARGO_TARGET_DIR=/opt/rustwide/target" "-w" "/opt/rustwide/workdir" "--user" "0:0" "b96b93122656e3db8d5ff0db398e18a947ba6cd1d2921a015dbd1898984c363d" "/opt/rustwide/cargo-home/bin/cargo" "+1.99.0-beta.8" "metadata" "--no-deps" "--format-version=1", kill_on_drop: false }`
[INFO] running `Command { std: "docker" "inspect" "b96b93122656e3db8d5ff0db398e18a947ba6cd1d2921a015dbd1898984c363d", kill_on_drop: false }`
[INFO] running `Command { std: "docker" "exec" "-e" "SOURCE_DIR=/opt/rustwide/workdir" "-e" "CARGO_HOME=/opt/rustwide/cargo-home" "-e" "RUSTUP_HOME=/opt/rustwide/rustup-home" "-e" "CARGO_TARGET_DIR=/opt/rustwide/target" "-e" "CARGO_INCREMENTAL=0" "-e" "RUST_BACKTRACE=full" "-e" "RUSTFLAGS=--cap-lints=warn" "-e" "RUSTDOCFLAGS=--cap-lints=warn" "-w" "/opt/rustwide/workdir" "--user" "0:0" "b96b93122656e3db8d5ff0db398e18a947ba6cd1d2921a015dbd1898984c363d" "/opt/rustwide/cargo-home/bin/cargo" "+1.99.0-beta.8" "build" "--frozen" "--message-format=json", kill_on_drop: false }`
[INFO] [stderr]    Compiling autocfg v1.2.0
[INFO] [stderr]    Compiling proc-macro2 v1.0.81
[INFO] [stderr]    Compiling simd-adler32 v0.3.7
[INFO] [stderr]    Compiling thiserror v1.0.59
[INFO] [stderr]    Compiling anyhow v1.0.82
[INFO] [stderr]    Compiling either v1.11.0
[INFO] [stderr]    Compiling adler v1.0.2
[INFO] [stderr]    Compiling aligned-vec v0.5.0
[INFO] [stderr]    Compiling built v0.7.2
[INFO] [stderr]    Compiling arrayvec v0.7.4
[INFO] [stderr]    Compiling paste v1.0.14
[INFO] [stderr]    Compiling memchr v2.7.2
[INFO] [stderr]    Compiling bytemuck v1.15.0
[INFO] [stderr]    Compiling weezl v0.1.8
[INFO] [stderr]    Compiling imgref v1.10.1
[INFO] [stderr]    Compiling noop_proc_macro v0.3.0
[INFO] [stderr]    Compiling bitstream-io v2.2.0
[INFO] [stderr]    Compiling avif-serialize v0.8.1
[INFO] [stderr]    Compiling half v2.4.1
[INFO] [stderr]    Compiling miniz_oxide v0.7.2
[INFO] [stderr]    Compiling zune-inflate v0.2.54
[INFO] [stderr]    Compiling fdeflate v0.3.4
[INFO] [stderr]    Compiling rayon v1.10.0
[INFO] [stderr]    Compiling itertools v0.12.1
[INFO] [stderr]    Compiling loop9 v0.1.5
[INFO] [stderr]    Compiling rgb v0.8.37
[INFO] [stderr]    Compiling rav1e v0.7.1
[INFO] [stderr]    Compiling num-traits v0.2.19
[INFO] [stderr]    Compiling lock_api v0.4.12
[INFO] [stderr]    Compiling quick-error v2.0.1
[INFO] [stderr]    Compiling zune-core v0.4.12
[INFO] [stderr]    Compiling bit_field v0.10.2
[INFO] [stderr]    Compiling color_quant v1.1.0
[INFO] [stderr]    Compiling lebe v0.5.2
[INFO] [stderr]    Compiling byteorder-lite v0.1.0
[INFO] [stderr]    Compiling jpeg-decoder v0.3.1
[INFO] [stderr]    Compiling gif v0.13.1
[INFO] [stderr]    Compiling qoi v0.4.1
[INFO] [stderr]    Compiling obj v0.10.2
[INFO] [stderr]    Compiling flate2 v1.0.30
[INFO] [stderr]    Compiling zune-jpeg v0.4.11
[INFO] [stderr]    Compiling quote v1.0.36
[INFO] [stderr]    Compiling nom v7.1.3
[INFO] [stderr]    Compiling spin v0.9.8
[INFO] [stderr]    Compiling flume v0.11.0
[INFO] [stderr]    Compiling syn v2.0.60
[INFO] [stderr]    Compiling simd_helpers v0.1.0
[INFO] [stderr]    Compiling png v0.17.13
[INFO] [stderr]    Compiling exr v1.72.0
[INFO] [stderr]    Compiling tiff v0.9.1
[INFO] [stderr]    Compiling num-integer v0.1.46
[INFO] [stderr]    Compiling v_frame v0.3.8
[INFO] [stderr]    Compiling num-complex v0.4.6
[INFO] [stderr]    Compiling num-bigint v0.4.5
[INFO] [stderr]    Compiling num-iter v0.1.45
[INFO] [stderr]    Compiling maybe-rayon v0.1.1
[INFO] [stderr]    Compiling num-rational v0.4.2
[INFO] [stderr]    Compiling av1-grain v0.2.3
[INFO] [stderr]    Compiling num v0.4.3
[INFO] [stderr]    Compiling thiserror-impl v1.0.59
[INFO] [stderr]    Compiling profiling-procmacros v1.0.15
[INFO] [stderr]    Compiling num-derive v0.4.2
[INFO] [stderr]    Compiling arg_enum_proc_macro v0.3.4
[INFO] [stderr]    Compiling profiling v1.0.15
[INFO] [stderr]    Compiling image-webp v0.1.2
[INFO] [stderr]    Compiling ravif v0.11.5
[INFO] [stderr]    Compiling image v0.25.1
[INFO] [stderr]    Compiling raytracer v0.1.0 (/opt/rustwide/workdir)
[INFO] [stdout] error[E0583]: file not found for module `camera`
[INFO] [stdout]  --> src/objects/mod.rs:1:1
[INFO] [stdout]   |
[INFO] [stdout] 1 | pub mod camera;
[INFO] [stdout]   | ^^^^^^^^^^^^^^^
[INFO] [stdout]   |
[INFO] [stdout]   = help: to create the module `camera`, create file "src/objects/camera.rs" or "src/objects/camera/mod.rs"
[INFO] [stdout]   = note: if there is a `mod camera` elsewhere in the crate already, import it with `use crate::...` instead
[INFO] [stdout] 
[INFO] [stdout] 
[INFO] [stdout] error[E0583]: file not found for module `ray`
[INFO] [stdout]  --> src/objects/mod.rs:6:1
[INFO] [stdout]   |
[INFO] [stdout] 6 | pub mod ray;
[INFO] [stdout]   | ^^^^^^^^^^^^
[INFO] [stdout]   |
[INFO] [stdout]   = help: to create the module `ray`, create file "src/objects/ray.rs" or "src/objects/ray/mod.rs"
[INFO] [stdout]   = note: if there is a `mod ray` elsewhere in the crate already, import it with `use crate::...` instead
[INFO] [stdout] 
[INFO] [stdout] 
[INFO] [stdout] error[E0583]: file not found for module `sphere`
[INFO] [stdout]  --> src/objects/mod.rs:7:1
[INFO] [stdout]   |
[INFO] [stdout] 7 | pub mod sphere;
[INFO] [stdout]   | ^^^^^^^^^^^^^^^
[INFO] [stdout]   |
[INFO] [stdout]   = help: to create the module `sphere`, create file "src/objects/sphere.rs" or "src/objects/sphere/mod.rs"
[INFO] [stdout]   = note: if there is a `mod sphere` elsewhere in the crate already, import it with `use crate::...` instead
[INFO] [stdout] 
[INFO] [stdout] 
[INFO] [stdout] error[E0583]: file not found for module `triangle`
[INFO] [stdout]  --> src/objects/mod.rs:8:1
[INFO] [stdout]   |
[INFO] [stdout] 8 | pub mod triangle;
[INFO] [stdout]   | ^^^^^^^^^^^^^^^^^
[INFO] [stdout]   |
[INFO] [stdout]   = help: to create the module `triangle`, create file "src/objects/triangle.rs" or "src/objects/triangle/mod.rs"
[INFO] [stdout]   = note: if there is a `mod triangle` elsewhere in the crate already, import it with `use crate::...` instead
[INFO] [stdout] 
[INFO] [stdout] 
[INFO] [stdout] error[E0583]: file not found for module `scene`
[INFO] [stdout]  --> src/main.rs:8:1
[INFO] [stdout]   |
[INFO] [stdout] 8 | mod scene;
[INFO] [stdout]   | ^^^^^^^^^^
[INFO] [stdout]   |
[INFO] [stdout]   = help: to create the module `scene`, create file "src/scene.rs" or "src/scene/mod.rs"
[INFO] [stdout]   = note: if there is a `mod scene` elsewhere in the crate already, import it with `use crate::...` instead
[INFO] [stdout] 
[INFO] [stdout] 
[INFO] [stdout] error[E0583]: file not found for module `intersectable`
[INFO] [stdout]  --> src/tools/mod.rs:2:1
[INFO] [stdout]   |
[INFO] [stdout] 2 | pub mod intersectable;
[INFO] [stdout]   | ^^^^^^^^^^^^^^^^^^^^^^
[INFO] [stdout]   |
[INFO] [stdout]   = help: to create the module `intersectable`, create file "src/tools/intersectable.rs" or "src/tools/intersectable/mod.rs"
[INFO] [stdout]   = note: if there is a `mod intersectable` elsewhere in the crate already, import it with `use crate::...` instead
[INFO] [stdout] 
[INFO] [stdout] 
[INFO] [stdout] error[E0583]: file not found for module `vector3`
[INFO] [stdout]  --> src/tools/mod.rs:3:1
[INFO] [stdout]   |
[INFO] [stdout] 3 | pub mod vector3;
[INFO] [stdout]   | ^^^^^^^^^^^^^^^^
[INFO] [stdout]   |
[INFO] [stdout]   = help: to create the module `vector3`, create file "src/tools/vector3.rs" or "src/tools/vector3/mod.rs"
[INFO] [stdout]   = note: if there is a `mod vector3` elsewhere in the crate already, import it with `use crate::...` instead
[INFO] [stdout] 
[INFO] [stdout] 
[INFO] [stdout] warning: unused import: `model3D::Model3D`
[INFO] [stdout]  --> src/objects/object3d.rs:3:13
[INFO] [stdout]   |
[INFO] [stdout] 3 | use super::{model3D::Model3D, plane::Plane, ray::Ray, sphere::Sphere, triangle::Triangle};
[INFO] [stdout]   |             ^^^^^^^^^^^^^^^^
[INFO] [stdout]   |
[INFO] [stdout]   = note: `#[warn(unused_imports)]` (part of `#[warn(unused)]`) on by default
[INFO] [stdout] 
[INFO] [stdout] 
[INFO] [stdout] For more information about this error, try `rustc --explain E0583`.
[INFO] [stdout] 
[INFO] [stderr] error: could not compile `raytracer` (bin "raytracer") due to 7 previous errors; 1 warning emitted
[INFO] running `Command { std: "docker" "inspect" "b96b93122656e3db8d5ff0db398e18a947ba6cd1d2921a015dbd1898984c363d", kill_on_drop: false }`
[INFO] running `Command { std: "docker" "rm" "-f" "b96b93122656e3db8d5ff0db398e18a947ba6cd1d2921a015dbd1898984c363d", kill_on_drop: false }`
[INFO] [stdout] b96b93122656e3db8d5ff0db398e18a947ba6cd1d2921a015dbd1898984c363d
