[INFO] cloning repository https://github.com/MatthiasBurger-Coder/Cognitive-Gateway
[INFO] running `Command { std: "git" "-c" "credential.helper=" "-c" "credential.helper=/workspace/cargo-home/bin/git-credential-null" "clone" "--bare" "https://github.com/MatthiasBurger-Coder/Cognitive-Gateway" "/workspace/cache/git-repos/https%3A%2F%2Fgithub.com%2FMatthiasBurger-Coder%2FCognitive-Gateway", kill_on_drop: false }`
[INFO] [stderr] Cloning into bare repository '/workspace/cache/git-repos/https%3A%2F%2Fgithub.com%2FMatthiasBurger-Coder%2FCognitive-Gateway'...
[INFO] running `Command { std: "git" "rev-parse" "HEAD", kill_on_drop: false }`
[INFO] [stdout] bd160eb8be309509d92cc432b3e21dceadcdd74a
[INFO] testing MatthiasBurger-Coder/Cognitive-Gateway against 1.99.0-beta.8 for beta-1.100-2
[INFO] running `Command { std: "git" "clone" "/workspace/cache/git-repos/https%3A%2F%2Fgithub.com%2FMatthiasBurger-Coder%2FCognitive-Gateway" "/workspace/builds/worker-5-tc1/source", kill_on_drop: false }`
[INFO] [stderr] Cloning into '/workspace/builds/worker-5-tc1/source'...
[INFO] [stderr] done.
[INFO] started tweaking git repo https://github.com/MatthiasBurger-Coder/Cognitive-Gateway
[INFO] finished tweaking git repo https://github.com/MatthiasBurger-Coder/Cognitive-Gateway
[INFO] tweaked toml for git repo https://github.com/MatthiasBurger-Coder/Cognitive-Gateway written to /workspace/builds/worker-5-tc1/source/Cargo.toml
[INFO] validating manifest of git repo https://github.com/MatthiasBurger-Coder/Cognitive-Gateway on toolchain 1.99.0-beta.8
[INFO] running `Command { std: CARGO_HOME="/workspace/cargo-home" RUSTUP_HOME="/workspace/rustup-home" "/workspace/cargo-home/bin/cargo" "+1.99.0-beta.8" "metadata" "--manifest-path" "Cargo.toml" "--no-deps", kill_on_drop: false }`
[INFO] crate git repo https://github.com/MatthiasBurger-Coder/Cognitive-Gateway already has a lockfile, it will not be regenerated
[INFO] running `Command { std: CARGO_HOME="/workspace/cargo-home" RUSTUP_HOME="/workspace/rustup-home" "/workspace/cargo-home/bin/cargo" "+1.99.0-beta.8" "fetch" "--manifest-path" "Cargo.toml", kill_on_drop: false }`
[INFO] [stderr]     Updating crates.io index
[INFO] [stderr]  Downloading crates ...
[INFO] [stderr]   Downloaded whoami v2.1.3
[INFO] [stderr]   Downloaded wasi v0.14.7+wasi-0.2.4
[INFO] [stderr]   Downloaded tokio-postgres v0.7.18
[INFO] [stderr]   Downloaded wasite v1.0.2
[INFO] [stderr]   Downloaded postgres v0.19.14
[INFO] [stderr]   Downloaded siphasher v1.0.4
[INFO] [stderr]   Downloaded postgres-protocol v0.6.12
[INFO] [stderr]   Downloaded block-buffer v0.12.1
[INFO] [stderr]   Downloaded postgres-types v0.2.14
[INFO] [stderr]   Downloaded hybrid-array v0.4.15
[INFO] [stderr]   Downloaded objc2-system-configuration v0.3.2
[INFO] [stderr]   Downloaded cmov v0.5.4
[INFO] [stderr]   Downloaded tinyvec v1.13.3
[INFO] [stderr]   Downloaded rand v0.10.3
[INFO] [stderr]   Downloaded tokio v1.53.2
[INFO] running `Command { std: "docker" "create" "-v" "/var/lib/crater-agent-workspace/builds/worker-5-tc1/source:/opt/rustwide/workdir:ro,Z" "-v" "/var/lib/crater-agent-workspace/builds/worker-5-tc1/target:/opt/rustwide/target:rw,Z" "-v" "/var/lib/crater-agent-workspace/cargo-home:/opt/rustwide/cargo-home:ro,Z" "-v" "/var/lib/crater-agent-workspace/rustup-home:/opt/rustwide/rustup-home:ro,Z" "-m" "1610612736" "--network" "none" "ghcr.io/rust-lang/crates-build-env/linux@sha256:3111399a4047eeb3a02b7a90e478d715f38a8c6669b5c4b49d30a17385265909" "sleep" "infinity", kill_on_drop: false }`
[INFO] [stdout] 70e0a53d9b152539db645b99afcb0a50df6adf21e931daa048da693fe02a462d
[INFO] running `Command { std: "docker" "start" "70e0a53d9b152539db645b99afcb0a50df6adf21e931daa048da693fe02a462d", kill_on_drop: false }`
[INFO] running `Command { std: "docker" "inspect" "70e0a53d9b152539db645b99afcb0a50df6adf21e931daa048da693fe02a462d", kill_on_drop: false }`
[INFO] running `Command { std: "docker" "exec" "-e" "SOURCE_DIR=/opt/rustwide/workdir" "-e" "CARGO_HOME=/opt/rustwide/cargo-home" "-e" "RUSTUP_HOME=/opt/rustwide/rustup-home" "-e" "CARGO_TARGET_DIR=/opt/rustwide/target" "-w" "/opt/rustwide/workdir" "--user" "0:0" "70e0a53d9b152539db645b99afcb0a50df6adf21e931daa048da693fe02a462d" "/opt/rustwide/cargo-home/bin/cargo" "+1.99.0-beta.8" "metadata" "--no-deps" "--format-version=1", kill_on_drop: false }`
[INFO] running `Command { std: "docker" "inspect" "70e0a53d9b152539db645b99afcb0a50df6adf21e931daa048da693fe02a462d", kill_on_drop: false }`
[INFO] running `Command { std: "docker" "exec" "-e" "SOURCE_DIR=/opt/rustwide/workdir" "-e" "CARGO_HOME=/opt/rustwide/cargo-home" "-e" "RUSTUP_HOME=/opt/rustwide/rustup-home" "-e" "CARGO_TARGET_DIR=/opt/rustwide/target" "-e" "CARGO_INCREMENTAL=0" "-e" "RUST_BACKTRACE=full" "-e" "RUSTFLAGS=--cap-lints=warn" "-e" "RUSTDOCFLAGS=--cap-lints=warn" "-w" "/opt/rustwide/workdir" "--user" "0:0" "70e0a53d9b152539db645b99afcb0a50df6adf21e931daa048da693fe02a462d" "/opt/rustwide/cargo-home/bin/cargo" "+1.99.0-beta.8" "build" "--frozen" "--message-format=json", kill_on_drop: false }`
[INFO] [stderr]    Compiling typenum v1.20.1
[INFO] [stderr]    Compiling proc-macro2 v1.0.107
[INFO] [stderr]    Compiling libc v0.2.189
[INFO] [stderr]    Compiling quote v1.0.47
[INFO] [stderr]    Compiling memchr v2.8.3
[INFO] [stderr]    Compiling serde_core v1.0.229
[INFO] [stderr]    Compiling zmij v1.0.23
[INFO] [stderr]    Compiling cmov v0.5.4
[INFO] [stderr]    Compiling serde_json v1.0.151
[INFO] [stderr]    Compiling serde v1.0.229
[INFO] [stderr]    Compiling const-oid v0.10.2
[INFO] [stderr]    Compiling rand_core v0.10.1
[INFO] [stderr]    Compiling cpufeatures v0.3.1
[INFO] [stderr]    Compiling getrandom v0.4.3
[INFO] [stderr]    Compiling tinyvec v1.13.3
[INFO] [stderr]    Compiling bytes v1.12.1
[INFO] [stderr]    Compiling unicode-bidi v0.3.18
[INFO] [stderr]    Compiling futures-sink v0.3.34
[INFO] [stderr]    Compiling futures-core v0.3.34
[INFO] [stderr]    Compiling chacha20 v0.10.2
[INFO] [stderr]    Compiling unicode-properties v0.1.4
[INFO] [stderr]    Compiling siphasher v1.0.4
[INFO] [stderr]    Compiling smallvec v1.16.2
[INFO] [stderr]    Compiling futures-task v0.3.34
[INFO] [stderr]    Compiling futures-channel v0.3.34
[INFO] [stderr]    Compiling ctutils v0.4.2
[INFO] [stderr]    Compiling phf_shared v0.13.1
[INFO] [stderr]    Compiling futures-util v0.3.34
[INFO] [stderr]    Compiling unicode-normalization v0.1.25
[INFO] [stderr]    Compiling log v0.4.34
[INFO] [stderr]    Compiling phf v0.13.1
[INFO] [stderr]    Compiling stringprep v0.1.5
[INFO] [stderr]    Compiling syn v3.0.3
[INFO] [stderr]    Compiling generic-array v0.14.7
[INFO] [stderr]    Compiling hybrid-array v0.4.15
[INFO] [stderr]    Compiling crypto-common v0.2.2
[INFO] [stderr]    Compiling block-buffer v0.12.1
[INFO] [stderr]    Compiling socket2 v0.6.5
[INFO] [stderr]    Compiling mio v1.2.3
[INFO] [stderr]    Compiling parking_lot_core v0.9.12
[INFO] [stderr]    Compiling whoami v2.1.3
[INFO] [stderr]    Compiling parking_lot v0.12.5
[INFO] [stderr]    Compiling rand v0.10.3
[INFO] [stderr]    Compiling block-buffer v0.10.4
[INFO] [stderr]    Compiling crypto-common v0.1.7
[INFO] [stderr]    Compiling digest v0.10.7
[INFO] [stderr]    Compiling tokio v1.53.2
[INFO] [stderr]    Compiling sha2 v0.10.9
[INFO] [stderr]    Compiling digest v0.11.3
[INFO] [stderr]    Compiling md-5 v0.11.0
[INFO] [stderr]    Compiling sha2 v0.11.0
[INFO] [stderr]    Compiling hmac v0.13.0
[INFO] [stderr]    Compiling postgres-protocol v0.6.12
[INFO] [stderr]    Compiling serde_derive v1.0.229
[INFO] [stderr]    Compiling async-trait v0.1.92
[INFO] [stderr]    Compiling postgres-types v0.2.14
[INFO] [stderr]    Compiling tokio-util v0.7.19
[INFO] [stderr]    Compiling tokio-postgres v0.7.18
[INFO] [stderr]    Compiling gateway-domain v0.1.0 (/opt/rustwide/workdir/crates/gateway-domain)
[INFO] [stderr]    Compiling postgres v0.19.14
[INFO] [stderr]    Compiling gateway-context v0.1.0 (/opt/rustwide/workdir/crates/gateway-context)
[INFO] [stderr]    Compiling gateway-policy v0.1.0 (/opt/rustwide/workdir/crates/gateway-policy)
[INFO] [stderr]    Compiling gateway-registry v0.1.0 (/opt/rustwide/workdir/crates/gateway-registry)
[INFO] [stderr]    Compiling gateway-process v0.1.0 (/opt/rustwide/workdir/crates/gateway-process)
[INFO] [stderr]    Compiling gateway-workflow v0.1.0 (/opt/rustwide/workdir/crates/gateway-workflow)
[INFO] [stderr]    Compiling gateway-application v0.1.0 (/opt/rustwide/workdir/crates/gateway-application)
[INFO] [stderr]    Compiling gateway-daemon v0.1.0 (/opt/rustwide/workdir/crates/gateway-daemon)
[INFO] [stderr]     Finished `dev` profile [unoptimized + debuginfo] target(s) in 1m 02s
[INFO] running `Command { std: "docker" "inspect" "70e0a53d9b152539db645b99afcb0a50df6adf21e931daa048da693fe02a462d", kill_on_drop: false }`
[INFO] running `Command { std: "docker" "exec" "-e" "SOURCE_DIR=/opt/rustwide/workdir" "-e" "CARGO_HOME=/opt/rustwide/cargo-home" "-e" "RUSTUP_HOME=/opt/rustwide/rustup-home" "-e" "CARGO_TARGET_DIR=/opt/rustwide/target" "-e" "CARGO_INCREMENTAL=0" "-e" "RUST_BACKTRACE=full" "-e" "RUSTFLAGS=--cap-lints=warn" "-e" "RUSTDOCFLAGS=--cap-lints=warn" "-w" "/opt/rustwide/workdir" "--user" "0:0" "70e0a53d9b152539db645b99afcb0a50df6adf21e931daa048da693fe02a462d" "/opt/rustwide/cargo-home/bin/cargo" "+1.99.0-beta.8" "test" "--frozen" "--no-run" "--message-format=json", kill_on_drop: false }`
[INFO] [stderr]    Compiling gateway-domain v0.1.0 (/opt/rustwide/workdir/crates/gateway-domain)
[INFO] [stderr]    Compiling gateway-policy v0.1.0 (/opt/rustwide/workdir/crates/gateway-policy)
[INFO] [stderr]    Compiling gateway-context v0.1.0 (/opt/rustwide/workdir/crates/gateway-context)
[INFO] [stderr]    Compiling gateway-process v0.1.0 (/opt/rustwide/workdir/crates/gateway-process)
[INFO] [stderr]    Compiling gateway-registry v0.1.0 (/opt/rustwide/workdir/crates/gateway-registry)
[INFO] [stderr]    Compiling gateway-application v0.1.0 (/opt/rustwide/workdir/crates/gateway-application)
[INFO] [stderr]    Compiling gateway-daemon v0.1.0 (/opt/rustwide/workdir/crates/gateway-daemon)
[INFO] [stderr] error: could not compile `gateway-domain` (lib test)
[INFO] [stderr] 
[INFO] [stderr] Caused by:
[INFO] [stderr]   process didn't exit successfully: `/opt/rustwide/rustup-home/toolchains/1.99.0-beta.8-x86_64-unknown-linux-gnu/bin/rustc --crate-name gateway_domain --edition=2024 crates/gateway-domain/src/lib.rs --error-format=json --json=diagnostic-rendered-ansi,artifacts,future-incompat --emit=dep-info,link -C embed-bitcode=no -C debuginfo=2 --forbid=unsafe_code '--deny=clippy::all' --test --check-cfg 'cfg(docsrs,test)' --check-cfg 'cfg(feature, values())' -C metadata=6c03001495a638fc -C extra-filename=-3c5d8b2d88d20527 --out-dir /opt/rustwide/target/debug/deps -L dependency=/opt/rustwide/target/debug/deps --extern serde=/opt/rustwide/target/debug/deps/libserde-03d8affe3f19246f.rlib --extern serde_json=/opt/rustwide/target/debug/deps/libserde_json-7a51d6f1ff28ecb0.rlib --extern sha2=/opt/rustwide/target/debug/deps/libsha2-523a98bec679a759.rlib --cap-lints=warn` (signal: 9, SIGKILL: kill)
[INFO] [stderr] warning: build failed, waiting for other jobs to finish...
[INFO] [stderr] error: could not compile `gateway-daemon` (test "offline_learning")
[INFO] [stderr] 
[INFO] [stderr] Caused by:
[INFO] [stderr]   process didn't exit successfully: `/opt/rustwide/rustup-home/toolchains/1.99.0-beta.8-x86_64-unknown-linux-gnu/bin/rustc --crate-name offline_learning --edition=2024 crates/gateway-daemon/tests/offline_learning.rs --error-format=json --json=diagnostic-rendered-ansi,artifacts,future-incompat --emit=dep-info,link -C embed-bitcode=no -C debuginfo=2 --forbid=unsafe_code '--deny=clippy::all' --test --check-cfg 'cfg(docsrs,test)' --check-cfg 'cfg(feature, values())' -C metadata=3ed76a2663e3e205 -C extra-filename=-a834d4213c698267 --out-dir /opt/rustwide/target/debug/deps -L dependency=/opt/rustwide/target/debug/deps --extern gateway_application=/opt/rustwide/target/debug/deps/libgateway_application-90570e8d1d3177e5.rlib --extern gateway_context=/opt/rustwide/target/debug/deps/libgateway_context-8a95219b99b8cc27.rlib --extern gateway_daemon=/opt/rustwide/target/debug/deps/libgateway_daemon-15dd0c9cab57db97.rlib --extern gateway_domain=/opt/rustwide/target/debug/deps/libgateway_domain-797928d37efc7ca7.rlib --extern gateway_policy=/opt/rustwide/target/debug/deps/libgateway_policy-c52a4b2ea95f1c90.rlib --extern gateway_process=/opt/rustwide/target/debug/deps/libgateway_process-6c67f0dff9b86c75.rlib --extern gateway_registry=/opt/rustwide/target/debug/deps/libgateway_registry-13f81cc0ff61458c.rlib --extern gateway_workflow=/opt/rustwide/target/debug/deps/libgateway_workflow-aa54ee9808e1a082.rlib --extern postgres=/opt/rustwide/target/debug/deps/libpostgres-5b3decb39f95ad47.rlib --extern serde=/opt/rustwide/target/debug/deps/libserde-03d8affe3f19246f.rlib --extern serde_json=/opt/rustwide/target/debug/deps/libserde_json-7a51d6f1ff28ecb0.rlib --extern sha2=/opt/rustwide/target/debug/deps/libsha2-523a98bec679a759.rlib --cap-lints=warn` (signal: 9, SIGKILL: kill)
[INFO] [stderr] error: could not compile `gateway-application` (test "resolution_skills")
[INFO] [stderr] 
[INFO] [stderr] Caused by:
[INFO] [stderr]   process didn't exit successfully: `/opt/rustwide/rustup-home/toolchains/1.99.0-beta.8-x86_64-unknown-linux-gnu/bin/rustc --crate-name resolution_skills --edition=2024 crates/gateway-application/tests/resolution_skills.rs --error-format=json --json=diagnostic-rendered-ansi,artifacts,future-incompat --emit=dep-info,link -C embed-bitcode=no -C debuginfo=2 --forbid=unsafe_code '--deny=clippy::all' --test --check-cfg 'cfg(docsrs,test)' --check-cfg 'cfg(feature, values())' -C metadata=8b5456f525bfcea9 -C extra-filename=-0c6d8a4eb3ec8658 --out-dir /opt/rustwide/target/debug/deps -L dependency=/opt/rustwide/target/debug/deps --extern gateway_application=/opt/rustwide/target/debug/deps/libgateway_application-90570e8d1d3177e5.rlib --extern gateway_context=/opt/rustwide/target/debug/deps/libgateway_context-8a95219b99b8cc27.rlib --extern gateway_domain=/opt/rustwide/target/debug/deps/libgateway_domain-797928d37efc7ca7.rlib --extern gateway_policy=/opt/rustwide/target/debug/deps/libgateway_policy-c52a4b2ea95f1c90.rlib --extern gateway_process=/opt/rustwide/target/debug/deps/libgateway_process-6c67f0dff9b86c75.rlib --extern gateway_registry=/opt/rustwide/target/debug/deps/libgateway_registry-13f81cc0ff61458c.rlib --extern serde=/opt/rustwide/target/debug/deps/libserde-03d8affe3f19246f.rlib --extern serde_json=/opt/rustwide/target/debug/deps/libserde_json-7a51d6f1ff28ecb0.rlib --extern sha2=/opt/rustwide/target/debug/deps/libsha2-523a98bec679a759.rlib --cap-lints=warn` (signal: 9, SIGKILL: kill)
[INFO] [stderr] error: could not compile `gateway-daemon` (lib test)
[INFO] [stderr] 
[INFO] [stderr] Caused by:
[INFO] [stderr]   process didn't exit successfully: `/opt/rustwide/rustup-home/toolchains/1.99.0-beta.8-x86_64-unknown-linux-gnu/bin/rustc --crate-name gateway_daemon --edition=2024 crates/gateway-daemon/src/lib.rs --error-format=json --json=diagnostic-rendered-ansi,artifacts,future-incompat --emit=dep-info,link -C embed-bitcode=no -C debuginfo=2 --forbid=unsafe_code '--deny=clippy::all' --test --check-cfg 'cfg(docsrs,test)' --check-cfg 'cfg(feature, values())' -C metadata=b9b90279fc757877 -C extra-filename=-3b911fc47c283e20 --out-dir /opt/rustwide/target/debug/deps -L dependency=/opt/rustwide/target/debug/deps --extern gateway_application=/opt/rustwide/target/debug/deps/libgateway_application-90570e8d1d3177e5.rlib --extern gateway_context=/opt/rustwide/target/debug/deps/libgateway_context-8a95219b99b8cc27.rlib --extern gateway_domain=/opt/rustwide/target/debug/deps/libgateway_domain-797928d37efc7ca7.rlib --extern gateway_policy=/opt/rustwide/target/debug/deps/libgateway_policy-c52a4b2ea95f1c90.rlib --extern gateway_process=/opt/rustwide/target/debug/deps/libgateway_process-6c67f0dff9b86c75.rlib --extern gateway_registry=/opt/rustwide/target/debug/deps/libgateway_registry-13f81cc0ff61458c.rlib --extern gateway_workflow=/opt/rustwide/target/debug/deps/libgateway_workflow-aa54ee9808e1a082.rlib --extern postgres=/opt/rustwide/target/debug/deps/libpostgres-5b3decb39f95ad47.rlib --extern serde=/opt/rustwide/target/debug/deps/libserde-03d8affe3f19246f.rlib --extern serde_json=/opt/rustwide/target/debug/deps/libserde_json-7a51d6f1ff28ecb0.rlib --extern sha2=/opt/rustwide/target/debug/deps/libsha2-523a98bec679a759.rlib --cap-lints=warn` (signal: 9, SIGKILL: kill)
[INFO] [stdout] error: linking with `cc` failed: exit status: 1
[INFO] [stdout]   |
[INFO] [stdout]   = note:  "cc" "-m64" "/opt/rustwide/target/debug/deps/rustc7Zqovf/symbols.o" "<4 object files omitted>" "-Wl,--as-needed" "-Wl,-Bstatic" "<sysroot>/lib/rustlib/x86_64-unknown-linux-gnu/lib/{libtest-*,libgetopts-*,librustc_std_workspace_std-*}.rlib" "/opt/rustwide/target/debug/deps/{libgateway_daemon-15dd0c9cab57db97,libpostgres-5b3decb39f95ad47,libtokio_postgres-8e271b2f3eece3a7,libphf-304760341a72e281,libphf_shared-52b9cbebe87f925a,libsiphasher-557a34344a848ed5,libwhoami-cc63dcc32c175efa,libpercent_encoding-fa055ecaa1e57cfa,liblog-22b5be7f6ba2d64a,libtokio_util-8a2fa0ddb1b0a7e3,libparking_lot-e20614f67f4e7d7e,libparking_lot_core-a1c15c1e1bf14ceb,libsmallvec-19b8f33cd7bf0c1b,liblock_api-16d46fed645f7bff,libscopeguard-7ec2214574194454,libfutures_channel-e55265846f1ca713,libtokio-12f70c7e4ff2fe7f,libsocket2-380ed4e5002278b4,libmio-f3f5c0f25170586f,libpostgres_types-b4656f56586ebab4,libpostgres_protocol-b45e869f90596869,libstringprep-c1b6089222618665,libunicode_properties-d98df78cf9438258,libunicode_normalization-1387b9184c49b0f8,libtinyvec-ce6b5f241d3025ed,libunicode_bidi-a9d2c96e849c6f3c,libsha2-875d75afeb72334d,librand-e8a7a569eda21218,libgetrandom-3a9f4f85abb82670,liblibc-32464e1b8391e223,libchacha20-5444525e6183c3e2,libcpufeatures-2e8dd38066a76518,librand_core-8437d288e8d1265c,libhmac-c9dd5ac70b4a9437,libbase64-32787b0325ea6df8,libmd5-1bb1945bc718f0eb,libdigest-13cd7e0079824f64,libctutils-cb5e4f8f31b44d49,libcmov-427cb834a409c78d,libconst_oid-58507ca40e062d76,libcrypto_common-0700e0c7e42473ad,libblock_buffer-c51ef3ba17219c40,libhybrid_array-36235c981c84acf3,libfutures_util-01dcdfc5a1ee149b,libpin_project_lite-0a15d51c77964692,libfutures_sink-690a515e9c61c93a,libfutures_task-2cbff0de65317cd4,libfutures_core-97d9bb84a61d4536,libbytes-5f66263ae3d5daa8,libbyteorder-8f59b6d1bfdaa844,libfallible_iterator-a337747b23ec23ad,libgateway_application-90570e8d1d3177e5,libgateway_registry-13f81cc0ff61458c,libgateway_process-6c67f0dff9b86c75,libgateway_policy-c52a4b2ea95f1c90,libgateway_context-8a95219b99b8cc27,libgateway_domain-797928d37efc7ca7,libserde_json-7a51d6f1ff28ecb0,libmemchr-a932478bde794617,libitoa-5de11b3b23bfe572,libzmij-2ca2f302097868c6,libsha2-523a98bec679a759,libcpufeatures-e04321643d03190d,libcfg_if-83060ec5685761ae,libdigest-95f71ee2e5bc4751,libblock_buffer-2a52351ae749aaa6,libcrypto_common-4bec392eb03e7564,libgeneric_array-db891871e5606a95,libtypenum-8cba24ab4904c632,libserde-03d8affe3f19246f,libserde_core-ff96c4ffe6afdb18}.rlib" "<sysroot>/lib/rustlib/x86_64-unknown-linux-gnu/lib/{libstd-*,libpanic_unwind-*,libobject-*,libmemchr-*,libaddr2line-*,libgimli-*,libcfg_if-*,librustc_demangle-*,libstd_detect-*,libhashbrown-*,librustc_std_workspace_alloc-*,libminiz_oxide-*,libadler2-*,libunwind-*,liblibc-*,librustc_std_workspace_core-*,liballoc-*,libcore-*,libcompiler_builtins-*}.rlib" "-Wl,-Bdynamic" "-lgcc_s" "-lutil" "-lrt" "-lpthread" "-lm" "-ldl" "-lc" "-L" "/opt/rustwide/target/debug/deps/rustc7Zqovf/raw-dylibs" "-B<sysroot>/lib/rustlib/x86_64-unknown-linux-gnu/bin/gcc-ld" "-fuse-ld=lld" "-Wl,--eh-frame-hdr" "-Wl,-z,noexecstack" "-L" "<sysroot>/lib/rustlib/x86_64-unknown-linux-gnu/lib" "-o" "/opt/rustwide/target/debug/deps/codex_isolation-b9742dc4ceaafabc" "-Wl,--gc-sections" "-pie" "-Wl,-z,relro,-z,now" "-nodefaultlibs"
[INFO] [stdout]   = note: some arguments are omitted. use `--verbose` to show all linker arguments
[INFO] [stdout]   = note: collect2: fatal error: ld terminated with signal 9 [Killed]
[INFO] [stdout]           compilation terminated.
[INFO] [stdout]           
[INFO] [stdout] 
[INFO] [stdout] 
[INFO] [stderr] error: could not compile `gateway-daemon` (test "codex_isolation") due to 1 previous error
[INFO] [stdout] error: linking with `cc` failed: exit status: 1
[INFO] [stdout]   |
[INFO] [stdout]   = note:  "cc" "-m64" "/opt/rustwide/target/debug/deps/rustc5l2YJj/symbols.o" "<10 object files omitted>" "-Wl,--as-needed" "-Wl,-Bstatic" "<sysroot>/lib/rustlib/x86_64-unknown-linux-gnu/lib/{libtest-*,libgetopts-*,librustc_std_workspace_std-*}.rlib" "/opt/rustwide/target/debug/deps/{libgateway_daemon-15dd0c9cab57db97,libpostgres-5b3decb39f95ad47,libtokio_postgres-8e271b2f3eece3a7,libphf-304760341a72e281,libphf_shared-52b9cbebe87f925a,libsiphasher-557a34344a848ed5,libwhoami-cc63dcc32c175efa,libpercent_encoding-fa055ecaa1e57cfa,liblog-22b5be7f6ba2d64a,libtokio_util-8a2fa0ddb1b0a7e3,libparking_lot-e20614f67f4e7d7e,libparking_lot_core-a1c15c1e1bf14ceb,libsmallvec-19b8f33cd7bf0c1b,liblock_api-16d46fed645f7bff,libscopeguard-7ec2214574194454,libfutures_channel-e55265846f1ca713,libtokio-12f70c7e4ff2fe7f,libsocket2-380ed4e5002278b4,libmio-f3f5c0f25170586f,libpostgres_types-b4656f56586ebab4,libpostgres_protocol-b45e869f90596869,libstringprep-c1b6089222618665,libunicode_properties-d98df78cf9438258,libunicode_normalization-1387b9184c49b0f8,libtinyvec-ce6b5f241d3025ed,libunicode_bidi-a9d2c96e849c6f3c,libsha2-875d75afeb72334d,librand-e8a7a569eda21218,libgetrandom-3a9f4f85abb82670,liblibc-32464e1b8391e223,libchacha20-5444525e6183c3e2,libcpufeatures-2e8dd38066a76518,librand_core-8437d288e8d1265c,libhmac-c9dd5ac70b4a9437,libbase64-32787b0325ea6df8,libmd5-1bb1945bc718f0eb,libdigest-13cd7e0079824f64,libctutils-cb5e4f8f31b44d49,libcmov-427cb834a409c78d,libconst_oid-58507ca40e062d76,libcrypto_common-0700e0c7e42473ad,libblock_buffer-c51ef3ba17219c40,libhybrid_array-36235c981c84acf3,libfutures_util-01dcdfc5a1ee149b,libpin_project_lite-0a15d51c77964692,libfutures_sink-690a515e9c61c93a,libfutures_task-2cbff0de65317cd4,libfutures_core-97d9bb84a61d4536,libbytes-5f66263ae3d5daa8,libbyteorder-8f59b6d1bfdaa844,libfallible_iterator-a337747b23ec23ad,libgateway_application-90570e8d1d3177e5,libgateway_registry-13f81cc0ff61458c,libgateway_process-6c67f0dff9b86c75,libgateway_policy-c52a4b2ea95f1c90,libgateway_context-8a95219b99b8cc27,libgateway_domain-797928d37efc7ca7,libserde_json-7a51d6f1ff28ecb0,libmemchr-a932478bde794617,libitoa-5de11b3b23bfe572,libzmij-2ca2f302097868c6,libsha2-523a98bec679a759,libcpufeatures-e04321643d03190d,libcfg_if-83060ec5685761ae,libdigest-95f71ee2e5bc4751,libblock_buffer-2a52351ae749aaa6,libcrypto_common-4bec392eb03e7564,libgeneric_array-db891871e5606a95,libtypenum-8cba24ab4904c632,libserde-03d8affe3f19246f,libserde_core-ff96c4ffe6afdb18}.rlib" "<sysroot>/lib/rustlib/x86_64-unknown-linux-gnu/lib/{libstd-*,libpanic_unwind-*,libobject-*,libmemchr-*,libaddr2line-*,libgimli-*,libcfg_if-*,librustc_demangle-*,libstd_detect-*,libhashbrown-*,librustc_std_workspace_alloc-*,libminiz_oxide-*,libadler2-*,libunwind-*,liblibc-*,librustc_std_workspace_core-*,liballoc-*,libcore-*,libcompiler_builtins-*}.rlib" "-Wl,-Bdynamic" "-lgcc_s" "-lutil" "-lrt" "-lpthread" "-lm" "-ldl" "-lc" "-L" "/opt/rustwide/target/debug/deps/rustc5l2YJj/raw-dylibs" "-B<sysroot>/lib/rustlib/x86_64-unknown-linux-gnu/bin/gcc-ld" "-fuse-ld=lld" "-Wl,--eh-frame-hdr" "-Wl,-z,noexecstack" "-L" "<sysroot>/lib/rustlib/x86_64-unknown-linux-gnu/lib" "-o" "/opt/rustwide/target/debug/deps/worker_fabric-6f875f5a82a94054" "-Wl,--gc-sections" "-pie" "-Wl,-z,relro,-z,now" "-nodefaultlibs"
[INFO] [stdout]   = note: some arguments are omitted. use `--verbose` to show all linker arguments
[INFO] [stdout]   = note: collect2: fatal error: ld terminated with signal 9 [Killed]
[INFO] [stdout]           compilation terminated.
[INFO] [stdout]           
[INFO] [stdout] 
[INFO] [stdout] 
[INFO] [stderr] error: could not compile `gateway-daemon` (test "worker_fabric") due to 1 previous error
[INFO] [stdout] error: linking with `cc` failed: exit status: 1
[INFO] [stdout]   |
[INFO] [stdout]   = note:  "cc" "-m64" "/opt/rustwide/target/debug/deps/rustcYXYSCs/symbols.o" "<6 object files omitted>" "-Wl,--as-needed" "-Wl,-Bstatic" "<sysroot>/lib/rustlib/x86_64-unknown-linux-gnu/lib/{libtest-*,libgetopts-*,librustc_std_workspace_std-*}.rlib" "/opt/rustwide/target/debug/deps/{libgateway_daemon-15dd0c9cab57db97,libpostgres-5b3decb39f95ad47,libtokio_postgres-8e271b2f3eece3a7,libphf-304760341a72e281,libphf_shared-52b9cbebe87f925a,libsiphasher-557a34344a848ed5,libwhoami-cc63dcc32c175efa,libpercent_encoding-fa055ecaa1e57cfa,liblog-22b5be7f6ba2d64a,libtokio_util-8a2fa0ddb1b0a7e3,libparking_lot-e20614f67f4e7d7e,libparking_lot_core-a1c15c1e1bf14ceb,libsmallvec-19b8f33cd7bf0c1b,liblock_api-16d46fed645f7bff,libscopeguard-7ec2214574194454,libfutures_channel-e55265846f1ca713,libtokio-12f70c7e4ff2fe7f,libsocket2-380ed4e5002278b4,libmio-f3f5c0f25170586f,libpostgres_types-b4656f56586ebab4,libpostgres_protocol-b45e869f90596869,libstringprep-c1b6089222618665,libunicode_properties-d98df78cf9438258,libunicode_normalization-1387b9184c49b0f8,libtinyvec-ce6b5f241d3025ed,libunicode_bidi-a9d2c96e849c6f3c,libsha2-875d75afeb72334d,librand-e8a7a569eda21218,libgetrandom-3a9f4f85abb82670,liblibc-32464e1b8391e223,libchacha20-5444525e6183c3e2,libcpufeatures-2e8dd38066a76518,librand_core-8437d288e8d1265c,libhmac-c9dd5ac70b4a9437,libbase64-32787b0325ea6df8,libmd5-1bb1945bc718f0eb,libdigest-13cd7e0079824f64,libctutils-cb5e4f8f31b44d49,libcmov-427cb834a409c78d,libconst_oid-58507ca40e062d76,libcrypto_common-0700e0c7e42473ad,libblock_buffer-c51ef3ba17219c40,libhybrid_array-36235c981c84acf3,libfutures_util-01dcdfc5a1ee149b,libpin_project_lite-0a15d51c77964692,libfutures_sink-690a515e9c61c93a,libfutures_task-2cbff0de65317cd4,libfutures_core-97d9bb84a61d4536,libbytes-5f66263ae3d5daa8,libbyteorder-8f59b6d1bfdaa844,libfallible_iterator-a337747b23ec23ad,libgateway_application-90570e8d1d3177e5,libgateway_process-6c67f0dff9b86c75,libgateway_policy-c52a4b2ea95f1c90,libgateway_context-8a95219b99b8cc27,libgateway_registry-13f81cc0ff61458c,libgateway_domain-797928d37efc7ca7,libserde_json-7a51d6f1ff28ecb0,libmemchr-a932478bde794617,libitoa-5de11b3b23bfe572,libzmij-2ca2f302097868c6,libsha2-523a98bec679a759,libcpufeatures-e04321643d03190d,libcfg_if-83060ec5685761ae,libdigest-95f71ee2e5bc4751,libblock_buffer-2a52351ae749aaa6,libcrypto_common-4bec392eb03e7564,libgeneric_array-db891871e5606a95,libtypenum-8cba24ab4904c632,libserde-03d8affe3f19246f,libserde_core-ff96c4ffe6afdb18}.rlib" "<sysroot>/lib/rustlib/x86_64-unknown-linux-gnu/lib/{libstd-*,libpanic_unwind-*,libobject-*,libmemchr-*,libaddr2line-*,libgimli-*,libcfg_if-*,librustc_demangle-*,libstd_detect-*,libhashbrown-*,librustc_std_workspace_alloc-*,libminiz_oxide-*,libadler2-*,libunwind-*,liblibc-*,librustc_std_workspace_core-*,liballoc-*,libcore-*,libcompiler_builtins-*}.rlib" "-Wl,-Bdynamic" "-lgcc_s" "-lutil" "-lrt" "-lpthread" "-lm" "-ldl" "-lc" "-L" "/opt/rustwide/target/debug/deps/rustcYXYSCs/raw-dylibs" "-B<sysroot>/lib/rustlib/x86_64-unknown-linux-gnu/bin/gcc-ld" "-fuse-ld=lld" "-Wl,--eh-frame-hdr" "-Wl,-z,noexecstack" "-L" "<sysroot>/lib/rustlib/x86_64-unknown-linux-gnu/lib" "-o" "/opt/rustwide/target/debug/deps/procedure_promotion_cli-83c2ec364303b73e" "-Wl,--gc-sections" "-pie" "-Wl,-z,relro,-z,now" "-nodefaultlibs"
[INFO] [stdout]   = note: some arguments are omitted. use `--verbose` to show all linker arguments
[INFO] [stdout]   = note: collect2: fatal error: ld terminated with signal 9 [Killed]
[INFO] [stdout]           compilation terminated.
[INFO] [stdout]           
[INFO] [stdout] 
[INFO] [stdout] 
[INFO] [stderr] error: could not compile `gateway-daemon` (test "procedure_promotion_cli") due to 1 previous error
[INFO] running `Command { std: "docker" "inspect" "70e0a53d9b152539db645b99afcb0a50df6adf21e931daa048da693fe02a462d", kill_on_drop: false }`
[INFO] running `Command { std: "docker" "rm" "-f" "70e0a53d9b152539db645b99afcb0a50df6adf21e931daa048da693fe02a462d", kill_on_drop: false }`
[INFO] [stdout] 70e0a53d9b152539db645b99afcb0a50df6adf21e931daa048da693fe02a462d
