[INFO] cloning repository https://github.com/Floorp-Projects/Floorp-12-runtime
[INFO] running `Command { std: "git" "-c" "credential.helper=" "-c" "credential.helper=/workspace/cargo-home/bin/git-credential-null" "clone" "--bare" "https://github.com/Floorp-Projects/Floorp-12-runtime" "/workspace/cache/git-repos/https%3A%2F%2Fgithub.com%2FFloorp-Projects%2FFloorp-12-runtime", kill_on_drop: false }`
[INFO] [stderr] Cloning into bare repository '/workspace/cache/git-repos/https%3A%2F%2Fgithub.com%2FFloorp-Projects%2FFloorp-12-runtime'...
[INFO] running `Command { std: "git" "rev-parse" "HEAD", kill_on_drop: false }`
[INFO] [stdout] 1553b7b550dfe555684628d175e0c1701a785d0b
[INFO] testing Floorp-Projects/Floorp-12-runtime against 1.99.0-beta.8 for beta-1.100-2
[INFO] running `Command { std: "git" "clone" "/workspace/cache/git-repos/https%3A%2F%2Fgithub.com%2FFloorp-Projects%2FFloorp-12-runtime" "/workspace/builds/worker-6-tc1/source", kill_on_drop: false }`
[INFO] [stderr] Cloning into '/workspace/builds/worker-6-tc1/source'...
[INFO] [stderr] done.
[INFO] [stderr] Updating files:   1% (7510/480805)
Updating files:   2% (9617/480805)
Updating files:   3% (14425/480805)
Updating files:   3% (15152/480805)
Updating files:   4% (19233/480805)
Updating files:   4% (23197/480805)
Updating files:   5% (24041/480805)
Updating files:   6% (28849/480805)
Updating files:   7% (33657/480805)
Updating files:   7% (34003/480805)
Updating files:   8% (38465/480805)
Updating files:   9% (43273/480805)
Updating files:   9% (43693/480805)
Updating files:  10% (48081/480805)
Updating files:  10% (50405/480805)
Updating files:  11% (52889/480805)
Updating files:  12% (57697/480805)
Updating files:  12% (58306/480805)
Updating files:  13% (62505/480805)
Updating files:  13% (66370/480805)
Updating files:  14% (67313/480805)
Updating files:  15% (72121/480805)
Updating files:  15% (73132/480805)
Updating files:  16% (76929/480805)
Updating files:  16% (80525/480805)
Updating files:  17% (81737/480805)
Updating files:  18% (86545/480805)
Updating files:  18% (90557/480805)
Updating files:  19% (91353/480805)
Updating files:  20% (96161/480805)
Updating files:  21% (100970/480805)
Updating files:  21% (104245/480805)
Updating files:  22% (105778/480805)
Updating files:  23% (110586/480805)
Updating files:  24% (115394/480805)
Updating files:  24% (119134/480805)
Updating files:  25% (120202/480805)
Updating files:  26% (125010/480805)
Updating files:  27% (129818/480805)
Updating files:  27% (130686/480805)
Updating files:  28% (134626/480805)
Updating files:  29% (139434/480805)
Updating files:  29% (140533/480805)
Updating files:  30% (144242/480805)
Updating files:  31% (149050/480805)
Updating files:  31% (152276/480805)
Updating files:  32% (153858/480805)
Updating files:  33% (158666/480805)
Updating files:  33% (163062/480805)
Updating files:  34% (163474/480805)
Updating files:  35% (168282/480805)
Updating files:  36% (173090/480805)
Updating files:  36% (174870/480805)
Updating files:  37% (177898/480805)
Updating files:  37% (179305/480805)
Updating files:  38% (182706/480805)
Updating files:  38% (184400/480805)
Updating files:  39% (187514/480805)
Updating files:  39% (188696/480805)
Updating files:  40% (192322/480805)
Updating files:  40% (194583/480805)
Updating files:  41% (197131/480805)
Updating files:  41% (201512/480805)
Updating files:  42% (201939/480805)
Updating files:  43% (206747/480805)
Updating files:  43% (206955/480805)
Updating files:  43% (207864/480805)
Updating files:  43% (210694/480805)
Updating files:  44% (211555/480805)
Updating files:  44% (214184/480805)
Updating files:  45% (216363/480805)
Updating files:  46% (221171/480805)
Updating files:  47% (225979/480805)
Updating files:  47% (226932/480805)
Updating files:  48% (230787/480805)
Updating files:  49% (235595/480805)
Updating files:  49% (238994/480805)
Updating files:  50% (240403/480805)
Updating files:  51% (245211/480805)
Updating files:  51% (247345/480805)
Updating files:  52% (250019/480805)
Updating files:  53% (254827/480805)
Updating files:  53% (258847/480805)
Updating files:  54% (259635/480805)
Updating files:  55% (264443/480805)
Updating files:  56% (269251/480805)
Updating files:  56% (270947/480805)
Updating files:  57% (274059/480805)
Updating files:  58% (278867/480805)
Updating files:  58% (281523/480805)
Updating files:  59% (283675/480805)
Updating files:  60% (288483/480805)
Updating files:  60% (291702/480805)
Updating files:  61% (293292/480805)
Updating files:  62% (298100/480805)
Updating files:  63% (302908/480805)
Updating files:  63% (303616/480805)
Updating files:  64% (307716/480805)
Updating files:  65% (312524/480805)
Updating files:  65% (315096/480805)
Updating files:  66% (317332/480805)
Updating files:  67% (322140/480805)
Updating files:  68% (326948/480805)
Updating files:  68% (327624/480805)
Updating files:  69% (331756/480805)
Updating files:  69% (335479/480805)
Updating files:  70% (336564/480805)
Updating files:  71% (341372/480805)
Updating files:  71% (344167/480805)
Updating files:  72% (346180/480805)
Updating files:  73% (350988/480805)
Updating files:  74% (355796/480805)
Updating files:  74% (356448/480805)
Updating files:  75% (360604/480805)
Updating files:  76% (365412/480805)
Updating files:  76% (370055/480805)
Updating files:  77% (370220/480805)
Updating files:  78% (375028/480805)
Updating files:  79% (379836/480805)
Updating files:  79% (380841/480805)
Updating files:  80% (384644/480805)
Updating files:  81% (389453/480805)
Updating files:  81% (393404/480805)
Updating files:  82% (394261/480805)
Updating files:  83% (399069/480805)
Updating files:  83% (403517/480805)
Updating files:  84% (403877/480805)
Updating files:  85% (408685/480805)
Updating files:  85% (412291/480805)
Updating files:  86% (413493/480805)
Updating files:  86% (416637/480805)
Updating files:  87% (418301/480805)
Updating files:  87% (421704/480805)
Updating files:  88% (423109/480805)
Updating files:  89% (427917/480805)
Updating files:  89% (429418/480805)
Updating files:  90% (432725/480805)
Updating files:  90% (435861/480805)
Updating files:  91% (437533/480805)
Updating files:  92% (442341/480805)
Updating files:  92% (443281/480805)
Updating files:  93% (447149/480805)
Updating files:  93% (448756/480805)
Updating files:  94% (451957/480805)
Updating files:  94% (453577/480805)
Updating files:  95% (456765/480805)
Updating files:  95% (460274/480805)
Updating files:  96% (461573/480805)
Updating files:  96% (464944/480805)
Updating files:  97% (466381/480805)
Updating files:  97% (470392/480805)
Updating files:  98% (471189/480805)
Updating files:  99% (475997/480805)
Updating files:  99% (476866/480805)
Updating files: 100% (480805/480805)
Updating files: 100% (480805/480805), done.
[INFO] started tweaking git repo https://github.com/Floorp-Projects/Floorp-12-runtime
[INFO] finished tweaking git repo https://github.com/Floorp-Projects/Floorp-12-runtime
[INFO] tweaked toml for git repo https://github.com/Floorp-Projects/Floorp-12-runtime written to /workspace/builds/worker-6-tc1/source/Cargo.toml
[INFO] validating manifest of git repo https://github.com/Floorp-Projects/Floorp-12-runtime on toolchain 1.99.0-beta.8
[INFO] running `Command { std: CARGO_HOME="/workspace/cargo-home" RUSTUP_HOME="/workspace/rustup-home" "/workspace/cargo-home/bin/cargo" "+1.99.0-beta.8" "metadata" "--manifest-path" "Cargo.toml" "--no-deps", kill_on_drop: false }`
[INFO] crate git repo https://github.com/Floorp-Projects/Floorp-12-runtime already has a lockfile, it will not be regenerated
[INFO] running `Command { std: CARGO_HOME="/workspace/cargo-home" RUSTUP_HOME="/workspace/rustup-home" "/workspace/cargo-home/bin/cargo" "+1.99.0-beta.8" "fetch" "--manifest-path" "Cargo.toml", kill_on_drop: false }`
[INFO] [stderr]     Updating git repository `https://github.com/glandium/allocator-api2`
[INFO] [stderr]     Updating git repository `https://github.com/hsivonen/any_all_workaround`
[INFO] [stderr]     Updating git repository `https://github.com/franziskuskiefer/cose-rust`
[INFO] [stderr]     Updating git repository `https://github.com/servo/rust-cssparser`
[INFO] [stderr]     Updating git repository `https://github.com/jamienicol/gl-rs`
[INFO] [stderr]     Updating git submodule `https://github.com/KhronosGroup/OpenGL-Registry.git`
[INFO] [stderr]     Updating git submodule `https://github.com/google/angle.git`
[INFO] [stderr]     Updating git submodule `https://github.com/KhronosGroup/EGL-Registry.git`
[INFO] [stderr]     Updating git submodule `https://github.com/KhronosGroup/WebGL.git`
[INFO] [stderr]     Updating git submodule `https://github.com/KhronosGroup/WebGLDeveloperTools.git`
[INFO] [stderr]     Updating git repository `https://github.com/jamienicol/gleam`
[INFO] [stderr]     Updating git repository `https://github.com/hsivonen/rust-harfbuzz`
[INFO] [stderr]     Updating git repository `https://github.com/mozilla/midir.git`
[INFO] [stderr]     Updating git repository `https://github.com/glandium/rust-objc`
[INFO] [stderr]     Updating git repository `https://github.com/martinthomson/ohttp`
[INFO] [stderr]     Updating git repository `https://github.com/servo/unicode-bidi`
[INFO] [stderr]     Updating crates.io index
[INFO] [stderr]     Updating git repository `https://github.com/mozilla/neqo`
[INFO] [stderr]     Updating git repository `https://github.com/mozilla/nss-rs`
[INFO] [stderr]     Updating git repository `https://github.com/mozilla/glean`
[INFO] [stderr]     Updating git repository `https://github.com/mozilla/memtest`
[INFO] [stderr]     Updating git repository `https://github.com/rust-minidump/minidump-writer.git`
[INFO] [stderr]     Updating git repository `https://github.com/FirefoxGraphics/aa-stroke`
[INFO] [stderr]     Updating git repository `https://github.com/mozilla/audioipc`
[INFO] [stderr]     Updating git repository `https://github.com/mozilla/cubeb-coreaudio-rs`
[INFO] [stderr]     Updating git repository `https://github.com/mozilla/cubeb-pulse-rs`
[INFO] [stderr]     Updating git repository `https://github.com/jfkthame/mapped_hyph.git`
[INFO] [stderr]     Updating git repository `https://github.com/mozilla/mp4parse-rust`
[INFO] [stderr]     Updating git submodule `https://github.com/AOMediaCodec/av1-avif.git`
[INFO] [stderr]     Updating git submodule `https://github.com/link-u/avif-sample-images`
[INFO] [stderr]     Updating git repository `https://github.com/FirefoxGraphics/wpf-gpu-raster`
[INFO] [stderr]     Updating git repository `https://github.com/mozilla/authenticator-rs`
[INFO] [stderr]     Updating git repository `https://github.com/mozilla/happy-eyeballs`
[INFO] [stderr]     Updating git repository `https://github.com/mozilla/mls-platform-api`
[INFO] [stderr]     Updating git repository `https://github.com/gfx-rs/wgpu`
[INFO] [stderr]     Blocking waiting for file lock on package cache
[INFO] [stderr]  Downloading crates ...
[INFO] [stderr]   Downloaded displaydoc v0.2.4
[INFO] [stderr]   Downloaded zerofrom v0.1.4
[INFO] [stderr]   Downloaded uniffi_internal_macros v0.31.0
[INFO] [stderr]   Downloaded indexmap v2.11.4
[INFO] [stderr]   Downloaded mls-rs-codec-derive v0.2.0
[INFO] [stderr]   Downloaded write16 v1.0.0
[INFO] [stderr]   Downloaded zerofrom-derive v0.1.3
[INFO] [stderr]   Downloaded windows-collections v0.3.2
[INFO] [stderr]   Downloaded uniffi_meta v0.31.0
[INFO] [stderr]   Downloaded bitflags v2.10.0
[INFO] [stderr]   Downloaded mls-rs-crypto-traits v0.21.0
[INFO] [stderr]   Downloaded windows-numerics v0.3.1
[INFO] [stderr]   Downloaded windows-threading v0.2.1
[INFO] [stderr]   Downloaded uniffi_pipeline v0.31.0
[INFO] [stderr]   Downloaded serde_spanned v1.0.3
[INFO] [stderr]   Downloaded windows-future v0.3.2
[INFO] [stderr]   Downloaded mls-rs-codec v0.7.0
[INFO] [stderr]   Downloaded maybe-async v0.2.10
[INFO] [stderr]   Downloaded toml_datetime v0.7.3
[INFO] [stderr]   Downloaded smawk v0.3.2
[INFO] [stderr]   Downloaded uniffi_testing v0.31.0
[INFO] [stderr]   Downloaded scroll v0.12.0
[INFO] [stderr]   Downloaded scroll_derive v0.12.0
[INFO] [stderr]   Downloaded unic-langid v0.9.6
[INFO] [stderr]   Downloaded tokio-macros v2.7.0
[INFO] [stderr]   Downloaded app_units v0.7.8
[INFO] [stderr]   Downloaded ordered-float v3.4.0
[INFO] [stderr]   Downloaded id-arena v2.2.1
[INFO] [stderr]   Downloaded phf_generator v0.14.0
[INFO] [stderr]   Downloaded either v1.8.1
[INFO] [stderr]   Downloaded try-lock v0.2.4
[INFO] [stderr]   Downloaded fluent-langneg v0.13.0
[INFO] [stderr]   Downloaded fluent v0.17.0
[INFO] [stderr]   Downloaded fluent-pseudo v0.3.3
[INFO] [stderr]   Downloaded intl_pluralrules v7.0.2
[INFO] [stderr]   Downloaded intl-memoizer v0.5.3
[INFO] [stderr]   Downloaded uluru v3.0.0
[INFO] [stderr]   Downloaded precomputed-hash v0.1.1
[INFO] [stderr]   Downloaded new_debug_unreachable v1.0.4
[INFO] [stderr]   Downloaded synstructure v0.13.1
[INFO] [stderr]   Downloaded toml_writer v1.0.4
[INFO] [stderr]   Downloaded uniffi_build v0.31.0
[INFO] [stderr]   Downloaded dtoa-short v0.3.3
[INFO] [stderr]   Downloaded uniffi v0.31.0
[INFO] [stderr]   Downloaded jexl-eval v0.4.0
[INFO] [stderr]   Downloaded camino v1.1.2
[INFO] [stderr]   Downloaded cargo-platform v0.1.2
[INFO] [stderr]   Downloaded smallbitvec v2.5.1
[INFO] [stderr]   Downloaded self_cell v1.2.0
[INFO] [stderr]   Downloaded derive_more-impl v2.0.1
[INFO] [stderr]   Downloaded num-conv v0.2.0
[INFO] [stderr]   Downloaded failspot v0.2.0
[INFO] [stderr]   Downloaded zmij v1.0.20
[INFO] [stderr]   Downloaded iana-time-zone v0.1.64
[INFO] [stderr]   Downloaded unicode-ident v1.0.6
[INFO] [stderr]   Downloaded flate2 v1.1.4
[INFO] [stderr]   Downloaded uniffi_core v0.31.0
[INFO] [stderr]   Downloaded flagset v0.4.3
[INFO] [stderr]   Downloaded runloop v0.1.0
[INFO] [stderr]   Downloaded walkdir v2.3.2
[INFO] [stderr]   Downloaded xmldecl v0.2.0
[INFO] [stderr]   Downloaded guid_win v0.2.0
[INFO] [stderr]   Downloaded fs-err v2.9.0
[INFO] [stderr]   Downloaded uniffi_udl v0.31.0
[INFO] [stderr]   Downloaded semver v1.0.16
[INFO] [stderr]   Downloaded arrayref v0.3.6
[INFO] [stderr]   Downloaded slab v0.4.8
[INFO] [stderr]   Downloaded fluent-fallback v0.7.2
[INFO] [stderr]   Downloaded mockall v0.12.1
[INFO] [stderr]   Downloaded cose-c v0.1.5
[INFO] [stderr]   Downloaded replace_with v0.1.8
[INFO] [stderr]   Downloaded jexl-parser v0.4.0
[INFO] [stderr]   Downloaded quick-error v1.2.3
[INFO] [stderr]   Downloaded lalrpop-util v0.19.12
[INFO] [stderr]   Downloaded toml_parser v1.0.4
[INFO] [stderr]   Downloaded phf v0.14.0
[INFO] [stderr]   Downloaded phf_shared v0.14.0
[INFO] [stderr]   Downloaded array-init v2.1.0
[INFO] [stderr]   Downloaded ref-cast-impl v1.0.24
[INFO] [stderr]   Downloaded cache-padded v1.2.0
[INFO] [stderr]   Downloaded expect-test v1.5.1
[INFO] [stderr]   Downloaded libloading v0.8.6
[INFO] [stderr]   Downloaded pin-cell v0.2.0
[INFO] [stderr]   Downloaded icu_calendar_data v2.1.1
[INFO] [stderr]   Downloaded cubeb-core v0.34.1
[INFO] [stderr]   Downloaded float-cmp v0.6.0
[INFO] [stderr]   Downloaded libudev v0.2.0
[INFO] [stderr]   Downloaded uuid v1.3.0
[INFO] [stderr]   Downloaded icu_provider_adapters v2.1.1
[INFO] [stderr]   Downloaded ashmem v0.1.2
[INFO] [stderr]   Downloaded rust-ini v0.10.3
[INFO] [stderr]   Downloaded thin-vec v0.2.16
[INFO] [stderr]   Downloaded iovec v0.1.4
[INFO] [stderr]   Downloaded phf_macros v0.14.0
[INFO] [stderr]   Downloaded serde_path_to_error v0.1.11
[INFO] [stderr]   Downloaded chunky-vec v0.1.0
[INFO] [stderr]   Downloaded extend v1.2.0
[INFO] [stderr]   Downloaded cubeb-backend v0.34.1
[INFO] [stderr]   Downloaded askama v0.14.0
[INFO] [stderr]   Downloaded filetime_win v0.2.0
[INFO] [stderr]   Downloaded clap_derive v4.5.13
[INFO] [stderr]   Downloaded bitreader v0.3.6
[INFO] [stderr]   Downloaded icu_casemap_data v2.1.1
[INFO] [stderr]   Downloaded libcrux-macros v0.0.3
[INFO] [stderr]   Downloaded origin-trial-token v0.1.1
[INFO] [stderr]   Downloaded murmurhash3 v0.0.5
[INFO] [stderr]   Downloaded comedy v0.2.0
[INFO] [stderr]   Downloaded pin-project-internal v1.1.0
[INFO] [stderr]   Downloaded weedle2 v5.0.0
[INFO] [stderr]   Downloaded futures-executor v0.3.28
[INFO] [stderr]   Downloaded mls-rs-identity-x509 v0.20.0
[INFO] [stderr]   Downloaded coremidi-sys v3.2.0
[INFO] [stderr]   Downloaded jxl_macros v0.6.0
[INFO] [stderr]   Downloaded icu_time v2.1.1
[INFO] [stderr]   Downloaded mockall_derive v0.12.1
[INFO] [stderr]   Downloaded font-types v0.12.1
[INFO] [stderr]   Downloaded encoding_c_mem v0.2.6
[INFO] [stderr]   Downloaded fragile v2.0.1
[INFO] [stderr]   Downloaded downcast v0.11.0
[INFO] [stderr]   Downloaded canonical_json v0.5.0
[INFO] [stderr]   Downloaded md-5 v0.10.5
[INFO] [stderr]   Downloaded atomic v0.4.6
[INFO] [stderr]   Downloaded devd-rs v0.3.6
[INFO] [stderr]   Downloaded cubeb v0.34.1
[INFO] [stderr]   Downloaded ioctl-sys v0.7.1
[INFO] [stderr]   Downloaded uniffi_macros v0.31.0
[INFO] [stderr]   Downloaded askama_parser v0.14.0
[INFO] [stderr]   Downloaded chardetng_c v1.0.0
[INFO] [stderr]   Downloaded audio_thread_priority v0.37.0
[INFO] [stderr]   Downloaded mls-rs-crypto-hpke v0.20.0
[INFO] [stderr]   Downloaded mime_guess v2.0.4
[INFO] [stderr]   Downloaded dns-parser v0.8.0
[INFO] [stderr]   Downloaded diplomat v0.14.0
[INFO] [stderr]   Downloaded strck v1.0.0
[INFO] [stderr]   Downloaded encoding_c v0.9.8
[INFO] [stderr]   Downloaded arraystring v0.3.0
[INFO] [stderr]   Downloaded mockito v0.31.1
[INFO] [stderr]   Downloaded dissimilar v1.0.11
[INFO] [stderr]   Downloaded ringbuf v0.2.8
[INFO] [stderr]   Downloaded audio-mixer v0.2.1
[INFO] [stderr]   Downloaded seahash v4.1.0
[INFO] [stderr]   Downloaded flatbuffers v25.12.19
[INFO] [stderr]   Downloaded env_logger v0.10.0
[INFO] [stderr]   Downloaded unicase v2.6.0
[INFO] [stderr]   Downloaded coremidi v0.8.0
[INFO] [stderr]   Downloaded diplomat-runtime v0.14.0
[INFO] [stderr]   Downloaded data-encoding v2.3.3
[INFO] [stderr]   Downloaded triple_buffer v5.0.6
[INFO] [stderr]   Downloaded moz_cbor v0.1.2
[INFO] [stderr]   Downloaded clubcard-crlite v0.4.0
[INFO] [stderr]   Downloaded clubcard v0.3.3
[INFO] [stderr]   Downloaded crossbeam-queue v0.3.8
[INFO] [stderr]   Downloaded xshell-venv v1.4.0
[INFO] [stderr]   Downloaded textwrap v0.16.1
[INFO] [stderr]   Downloaded clap v4.5.16
[INFO] [stderr]   Downloaded debug_tree v0.4.0
[INFO] [stderr]   Downloaded jxl_transforms v0.6.0
[INFO] [stderr]   Downloaded bit-set v0.11.1
[INFO] [stderr]   Downloaded rkv v0.20.0
[INFO] [stderr]   Downloaded fluent-syntax v0.12.0
[INFO] [stderr]   Downloaded ixdtf v0.6.4
[INFO] [stderr]   Downloaded ryu v1.0.12
[INFO] [stderr]   Downloaded chardetng v1.0.0
[INFO] [stderr]   Downloaded serde_cbor_2 v0.13.0
[INFO] [stderr]   Downloaded plane-split v0.18.0
[INFO] [stderr]   Downloaded oneshot v0.1.13
[INFO] [stderr]   Downloaded icu_casemap v2.1.1
[INFO] [stderr]   Downloaded calendrical_calculations v0.2.3
[INFO] [stderr]   Downloaded similar v2.7.0
[INFO] [stderr]   Downloaded rand_distr v0.4.3
[INFO] [stderr]   Downloaded dogear v0.5.0
[INFO] [stderr]   Downloaded phf_codegen v0.14.0
[INFO] [stderr]   Downloaded bit-vec v0.10.1
[INFO] [stderr]   Downloaded litrs v0.4.1
[INFO] [stderr]   Downloaded inherent v1.0.7
[INFO] [stderr]   Downloaded cpufeatures v0.2.8
[INFO] [stderr]   Downloaded minreq v2.14.1
[INFO] [stderr]   Downloaded crash-context v0.6.1
[INFO] [stderr]   Downloaded qlog v0.16.0
[INFO] [stderr]   Downloaded libz-rs-sys v0.6.3
[INFO] [stderr]   Downloaded rust_cascade v1.5.0
[INFO] [stderr]   Downloaded bumpalo v3.15.4
[INFO] [stderr]   Downloaded macro_rules_attribute-proc_macro v0.2.2
[INFO] [stderr]   Downloaded pin-project v1.1.0
[INFO] [stderr]   Downloaded enum-map-derive v0.17.0
[INFO] [stderr]   Downloaded diplomat_core v0.14.0
[INFO] [stderr]   Downloaded wasm-smith v0.244.0
[INFO] [stderr]   Downloaded adblock v0.12.1
[INFO] [stderr]   Downloaded warp v0.4.2
[INFO] [stderr]   Downloaded headers v0.4.1
[INFO] [stderr]   Downloaded sys-locale v0.3.1
[INFO] [stderr]   Downloaded xml-rs v0.8.4
[INFO] [stderr]   Downloaded futures v0.3.28
[INFO] [stderr]   Downloaded glsl v6.0.2
[INFO] [stderr]   Downloaded half v2.5.0
[INFO] [stderr]   Downloaded whatsys v0.3.2
[INFO] [stderr]   Downloaded zeitstempel v0.2.1
[INFO] [stderr]   Downloaded serde_bytes v0.11.9
[INFO] [stderr]   Downloaded yaml-rust2 v0.10.3
[INFO] [stderr]   Downloaded rustc-demangle v0.1.21
[INFO] [stderr]   Downloaded icu_calendar v2.1.1
[INFO] [stderr]   Downloaded headers-core v0.3.0
[INFO] [stderr]   Downloaded framehop v0.15.0
[INFO] [stderr]   Downloaded threadbound v0.1.5
[INFO] [stderr]   Downloaded cstr v0.2.11
[INFO] [stderr]   Downloaded typed-arena-nomut v0.1.0
[INFO] [stderr]   Downloaded macro_rules_attribute v0.2.2
[INFO] [stderr]   Downloaded macho-unwind-info v0.5.0
[INFO] [stderr]   Downloaded basic-toml v0.1.2
[INFO] [stderr]   Downloaded fluent-bundle v0.16.0
[INFO] [stderr]   Downloaded prio v0.16.2
[INFO] [stderr]   Downloaded clap-verbosity-flag v3.0.1
[INFO] [stderr]   Downloaded android_logger v0.12.0
[INFO] [stderr]   Downloaded enumset v1.1.2
[INFO] [stderr]   Downloaded minidump v0.26.1
[INFO] [stderr]   Downloaded mls-rs v0.54.0
[INFO] [stderr]   Downloaded cachemap2 v0.3.0
[INFO] [stderr]   Downloaded core_maths v0.1.0
[INFO] [stderr]   Downloaded tracy-rs v0.1.2
[INFO] [stderr]   Downloaded sha1 v0.10.5
[INFO] [stderr]   Downloaded typenum v1.16.0
[INFO] [stderr]   Downloaded serde_with_macros v3.12.0
[INFO] [stderr]   Downloaded zeroize_derive v1.4.2
[INFO] [stderr]   Downloaded skrifa v0.44.0
[INFO] [stderr]   Downloaded xshell v0.2.7
[INFO] [stderr]   Downloaded serde_repr v0.1.12
[INFO] [stderr]   Downloaded core-graphics v0.23.1
[INFO] [stderr]   Downloaded freetype v0.7.0
[INFO] [stderr]   Downloaded core-foundation v0.10.0
[INFO] [stderr]   Downloaded generic-array v0.14.6
[INFO] [stderr]   Downloaded jxl v0.6.0
[INFO] [stderr]   Downloaded cubeb-sys v0.34.1
[INFO] [stderr]   Downloaded embed-manifest v1.4.0
[INFO] [stderr]   Downloaded libcrux-p256 v0.0.3
[INFO] [stderr]   Downloaded urlpattern v0.6.0
[INFO] [stderr]   Downloaded sfv v0.14.0
[INFO] [stderr]   Downloaded read-fonts v0.41.0
[INFO] [stderr]   Downloaded gimli v0.32.3
[INFO] [stderr]   Downloaded build-parallel v0.1.2
[INFO] [stderr]   Downloaded bhttp v0.7.2
[INFO] [stderr]   Downloaded enumset_derive v0.8.1
[INFO] [stderr]   Downloaded xshell-macros v0.2.7
[INFO] [stderr]   Downloaded unix_path v1.0.1
[INFO] [stderr]   Downloaded multiversion-macros v0.8.0
[INFO] [stderr]   Downloaded etagere v0.2.13
[INFO] [stderr]   Downloaded base16 v0.2.1
[INFO] [stderr]   Downloaded mls-rs-core v0.26.0
[INFO] [stderr]   Downloaded unsafe-libyaml v0.2.11
[INFO] [stderr]   Downloaded topological-sort v0.1.0
[INFO] [stderr]   Downloaded quinn-udp v0.6.0
[INFO] [stderr]   Downloaded wast v244.0.0
[INFO] [stderr]   Downloaded atomic_refcell v0.1.9
[INFO] [stderr]   Downloaded objc2 v0.6.3
[INFO] [stderr]   Downloaded rusqlite v0.37.0
[INFO] [stderr]   Downloaded toml v0.9.8
[INFO] [stderr]   Downloaded ref-cast v1.0.24
[INFO] [stderr]   Downloaded zerocopy-derive v0.8.27
[INFO] [stderr]   Downloaded url v2.5.7
[INFO] [stderr]   Downloaded clang-sys v1.7.0
[INFO] [stderr]   Downloaded thread_local v1.1.8
[INFO] [stderr]   Downloaded unix_str v1.0.0
[INFO] [stderr]   Downloaded derive_more v2.0.1
[INFO] [stderr]   Downloaded libcrux-sha2 v0.0.3
[INFO] [stderr]   Downloaded pollster v0.3.0
[INFO] [stderr]   Downloaded target-features v0.1.6
[INFO] [stderr]   Downloaded block-buffer v0.10.3
[INFO] [stderr]   Downloaded android_log-sys v0.2.0
[INFO] [stderr]   Downloaded wio v0.2.2
[INFO] [stderr]   Downloaded error-graph v0.1.1
[INFO] [stderr]   Downloaded typeid v1.0.3
[INFO] [stderr]   Downloaded document-features v0.2.11
[INFO] [stderr]   Downloaded smart-default v0.7.1
[INFO] [stderr]   Downloaded range-map v0.2.0
[INFO] [stderr]   Downloaded askama_derive v0.14.0
[INFO] [stderr]   Downloaded async-task v4.3.0
[INFO] [stderr]   Downloaded glslopt v0.1.14
[INFO] [stderr]   Downloaded fallible_collections v0.5.1
[INFO] [stderr]   Downloaded crossbeam-deque v0.8.2
[INFO] [stderr]   Downloaded pkg-config v0.3.26
[INFO] [stderr]   Downloaded paste v1.0.11
[INFO] [stderr]   Downloaded pe-unwind-info v0.6.0
[INFO] [stderr]   Downloaded unic-langid-impl v0.9.6
[INFO] [stderr]   Downloaded core-graphics-types v0.2.0
[INFO] [stderr]   Downloaded core-text v20.1.0
[INFO] [stderr]   Downloaded bytemuck_derive v1.9.3
[INFO] [stderr]   Downloaded dwrote v0.11.5
[INFO] [stderr]   Downloaded oxilangtag v0.1.3
[INFO] [stderr]   Downloaded multiversion v0.8.0
[INFO] [stderr]   Downloaded icu_locale v2.1.1
[INFO] [stderr]   Downloaded minidump-common v0.26.1
[INFO] [stderr]   Downloaded webrtc-sdp v0.3.14
[INFO] [stderr]   Downloaded lock_api v0.4.9
[INFO] [stderr]   Downloaded raw-window-metal v1.1.0
[INFO] [stderr]   Downloaded serde_yaml v0.9.34+deprecated
[INFO] [stderr]   Downloaded enum-map v2.7.3
[INFO] [stderr]   Downloaded ece v2.3.1
[INFO] [stderr]   Downloaded spirv v0.4.0+sdk-1.4.341.0
[INFO] [stderr]   Downloaded libsqlite3-sys v0.35.0
[INFO] [stderr]   Downloaded libm v0.2.6
[INFO] [stderr]   Downloaded rustversion v1.0.19
[INFO] [stderr]   Downloaded uritemplate-next v0.2.0
[INFO] [stderr]   Downloaded pkcs11-bindings v0.1.8
[INFO] [stderr]   Downloaded profiling v1.0.7
[INFO] [stderr]   Downloaded memmap2 v0.9.11
[INFO] [stderr]   Downloaded breakpad-symbols v0.26.1
[INFO] [stderr]   Downloaded minidump-unwind v0.26.1
[INFO] [stderr]   Downloaded bytemuck v1.22.0
[INFO] [stderr]   Downloaded hawk v5.0.1
[INFO] [stderr]   Downloaded mio v1.2.0
[INFO] [stderr]   Downloaded zerovec v0.11.4
[INFO] [stderr]   Downloaded codespan-reporting v0.13.1
[INFO] [stderr]   Downloaded gpu-allocator v0.28.0
[INFO] [stderr]   Downloaded libcrux-hacl-rs v0.0.3
[INFO] [stderr]   Downloaded objc2-quartz-core v0.3.2
[INFO] [stderr]   Downloaded ffi-support v0.4.4
[INFO] [stderr]   Downloaded clap_builder v4.5.15
[INFO] [stderr]   Downloaded glean v68.0.1
[INFO] [stderr]   Downloaded procfs-core v0.18.0
[INFO] [stderr]   Downloaded serde_with v3.12.0
[INFO] [stderr]   Downloaded winnow v0.7.13
[INFO] [stderr]   Downloaded dbus v0.9.12
[INFO] [stderr]   Downloaded aho-corasick v1.1.0
[INFO] [stderr]   Downloaded h2 v0.4.16
[INFO] [stderr]   Downloaded icu_locale_data v2.1.1
[INFO] [stderr]   Downloaded goblin v0.9.2
[INFO] [stderr]   Downloaded uniffi_bindgen v0.31.0
[INFO] [stderr]   Downloaded ron v0.12.0
[INFO] [stderr]   Downloaded syn v2.0.106
[INFO] [stderr]   Downloaded zerocopy v0.8.27
[INFO] [stderr]   Downloaded chrono v0.4.42
[INFO] [stderr]   Downloaded bindgen v0.73.1
[INFO] [stderr]   Downloaded tracing-subscriber v0.3.20
[INFO] [stderr]   Downloaded objc2-metal v0.3.2
[INFO] [stderr]   Downloaded glean-core v68.0.1
[INFO] [stderr]   Downloaded object v0.36.4
[INFO] [stderr]   Downloaded encoding_rs v0.8.40
[INFO] [stderr]   Downloaded icu_segmenter v2.1.2
[INFO] running `Command { std: "docker" "create" "-v" "/var/lib/crater-agent-workspace/builds/worker-6-tc1/source:/opt/rustwide/workdir:ro,Z" "-v" "/var/lib/crater-agent-workspace/builds/worker-6-tc1/target:/opt/rustwide/target:rw,Z" "-v" "/var/lib/crater-agent-workspace/cargo-home:/opt/rustwide/cargo-home:ro,Z" "-v" "/var/lib/crater-agent-workspace/rustup-home:/opt/rustwide/rustup-home:ro,Z" "-m" "1610612736" "--network" "none" "ghcr.io/rust-lang/crates-build-env/linux@sha256:3111399a4047eeb3a02b7a90e478d715f38a8c6669b5c4b49d30a17385265909" "sleep" "infinity", kill_on_drop: false }`
[INFO] [stdout] 6178a1673745cdd97957dcf97a8f04eec08542be137aaac7c2190bcf82b6ed9d
[INFO] running `Command { std: "docker" "start" "6178a1673745cdd97957dcf97a8f04eec08542be137aaac7c2190bcf82b6ed9d", kill_on_drop: false }`
[INFO] running `Command { std: "docker" "inspect" "6178a1673745cdd97957dcf97a8f04eec08542be137aaac7c2190bcf82b6ed9d", kill_on_drop: false }`
[INFO] running `Command { std: "docker" "exec" "-e" "SOURCE_DIR=/opt/rustwide/workdir" "-e" "CARGO_HOME=/opt/rustwide/cargo-home" "-e" "RUSTUP_HOME=/opt/rustwide/rustup-home" "-e" "CARGO_TARGET_DIR=/opt/rustwide/target" "-w" "/opt/rustwide/workdir" "--user" "0:0" "6178a1673745cdd97957dcf97a8f04eec08542be137aaac7c2190bcf82b6ed9d" "/opt/rustwide/cargo-home/bin/cargo" "+1.99.0-beta.8" "metadata" "--no-deps" "--format-version=1", kill_on_drop: false }`
[INFO] running `Command { std: "docker" "inspect" "6178a1673745cdd97957dcf97a8f04eec08542be137aaac7c2190bcf82b6ed9d", kill_on_drop: false }`
[INFO] running `Command { std: "docker" "exec" "-e" "SOURCE_DIR=/opt/rustwide/workdir" "-e" "CARGO_HOME=/opt/rustwide/cargo-home" "-e" "RUSTUP_HOME=/opt/rustwide/rustup-home" "-e" "CARGO_TARGET_DIR=/opt/rustwide/target" "-e" "CARGO_INCREMENTAL=0" "-e" "RUST_BACKTRACE=full" "-e" "RUSTFLAGS=--cap-lints=warn" "-e" "RUSTDOCFLAGS=--cap-lints=warn" "-w" "/opt/rustwide/workdir" "--user" "0:0" "6178a1673745cdd97957dcf97a8f04eec08542be137aaac7c2190bcf82b6ed9d" "/opt/rustwide/cargo-home/bin/cargo" "+1.99.0-beta.8" "build" "--frozen" "--message-format=json", kill_on_drop: false }`
[INFO] [stderr] warning: output filename collision at /opt/rustwide/target/debug/embedded-uniffi-bindgen
[INFO] [stderr]   |
[INFO] [stderr]   = note: the bin target `embedded-uniffi-bindgen` in package `toolchain-embedded-uniffi-bindgen v0.1.0 (/opt/rustwide/workdir/services/app-services-tools/embedded-uniffi-bindgen)` has the same output filename as the bin target `embedded-uniffi-bindgen` in package `embedded-uniffi-bindgen v0.1.0 (/opt/rustwide/workdir/third_party/application-services/tools/embedded-uniffi-bindgen)`
[INFO] [stderr]   = note: this may become a hard error in the future; see <https://github.com/rust-lang/cargo/issues/6313>
[INFO] [stderr]   = help: consider changing their names to be unique or compiling them separately
[INFO] [stderr] warning: output filename collision at /opt/rustwide/target/debug/embedded-uniffi-bindgen.dwp
[INFO] [stderr]   |
[INFO] [stderr]   = note: the bin target `embedded-uniffi-bindgen` in package `toolchain-embedded-uniffi-bindgen v0.1.0 (/opt/rustwide/workdir/services/app-services-tools/embedded-uniffi-bindgen)` has the same output filename as the bin target `embedded-uniffi-bindgen` in package `embedded-uniffi-bindgen v0.1.0 (/opt/rustwide/workdir/third_party/application-services/tools/embedded-uniffi-bindgen)`
[INFO] [stderr]   = note: this may become a hard error in the future; see <https://github.com/rust-lang/cargo/issues/6313>
[INFO] [stderr]   = help: consider changing their names to be unique or compiling them separately
[INFO] [stderr] warning: output filename collision at /opt/rustwide/target/debug/nimbus-fml
[INFO] [stderr]   |
[INFO] [stderr]   = note: the bin target `nimbus-fml` in package `toolchain-nimbus-fml v0.1.0 (/opt/rustwide/workdir/services/app-services-tools/nimbus-fml)` has the same output filename as the bin target `nimbus-fml` in package `nimbus-fml v0.1.0 (/opt/rustwide/workdir/third_party/application-services/components/support/nimbus-fml)`
[INFO] [stderr]   = note: this may become a hard error in the future; see <https://github.com/rust-lang/cargo/issues/6313>
[INFO] [stderr]   = help: consider changing their names to be unique or compiling them separately
[INFO] [stderr] warning: output filename collision at /opt/rustwide/target/debug/nimbus-fml.dwp
[INFO] [stderr]   |
[INFO] [stderr]   = note: the bin target `nimbus-fml` in package `toolchain-nimbus-fml v0.1.0 (/opt/rustwide/workdir/services/app-services-tools/nimbus-fml)` has the same output filename as the bin target `nimbus-fml` in package `nimbus-fml v0.1.0 (/opt/rustwide/workdir/third_party/application-services/components/support/nimbus-fml)`
[INFO] [stderr]   = note: this may become a hard error in the future; see <https://github.com/rust-lang/cargo/issues/6313>
[INFO] [stderr]   = help: consider changing their names to be unique or compiling them separately
[INFO] [stderr] warning: windows@0.62.2: ignoring 'hints.mostly-unused', pass `-Zprofile-hint-mostly-unused` to enable it
[INFO] [stderr]    Compiling proc-macro2 v1.0.101
[INFO] [stderr]    Compiling unicode-ident v1.0.6
[INFO] [stderr]    Compiling serde_core v1.0.228
[INFO] [stderr]    Compiling serde v1.0.228
[INFO] [stderr]    Compiling cfg-if v1.0.0
[INFO] [stderr]    Compiling libc v0.2.186
[INFO] [stderr]    Compiling thiserror v2.0.12
[INFO] [stderr]    Compiling log v0.4.29
[INFO] [stderr]    Compiling memchr v2.7.4
[INFO] [stderr]    Compiling foldhash v0.2.0
[INFO] [stderr]    Compiling equivalent v1.0.1
[INFO] [stderr]    Compiling mozbuild v0.1.0 (/opt/rustwide/workdir/build/rust/mozbuild)
[INFO] [stderr]    Compiling quote v1.0.40
[INFO] [stderr]    Compiling syn v2.0.106
[INFO] [stderr]    Compiling bitflags v2.10.0
[INFO] [stderr]    Compiling rustc-hash v2.1.1
[INFO] [stderr]    Compiling itoa v1.0.15
[INFO] [stderr]    Compiling autocfg v1.1.0 (/opt/rustwide/workdir/third_party/rust/autocfg)
[INFO] [stderr]    Compiling zmij v1.0.20
[INFO] [stderr]    Compiling once_cell v1.21.4
[INFO] [stderr]    Compiling scopeguard v1.2.0
[INFO] [stderr]    Compiling minimal-lexical v0.2.1
[INFO] [stderr]    Compiling shlex v2.0.1
[INFO] [stderr]    Compiling getrandom v0.3.3
[INFO] [stdout] error: environment variable `BUILDCONFIG_RS` not defined at compile time
[INFO] [stdout]   --> build/rust/mozbuild/lib.rs:19:14
[INFO] [stdout]    |
[INFO] [stdout] 19 |     include!(env!("BUILDCONFIG_RS"));
[INFO] [stdout]    |              ^^^^^^^^^^^^^^^^^^^^^^
[INFO] [stdout]    |
[INFO] [stdout]    = help: use `std::env::var("BUILDCONFIG_RS")` to read the variable at run time
[INFO] [stdout] 
[INFO] [stdout] 
[INFO] [stdout] error[E0425]: cannot find value `TOPOBJDIR` in module `config`
[INFO] [stdout]   --> build/rust/mozbuild/lib.rs:14:49
[INFO] [stdout]    |
[INFO] [stdout] 14 | pub const TOPOBJDIR: &Path = const_path(config::TOPOBJDIR);
[INFO] [stdout]    |                                                 ^^^^^^^^^ not found in `config`
[INFO] [stdout] 
[INFO] [stdout] 
[INFO] [stdout] error[E0425]: cannot find value `TOPSRCDIR` in module `config`
[INFO] [stdout]   --> build/rust/mozbuild/lib.rs:16:49
[INFO] [stdout]    |
[INFO] [stdout] 16 | pub const TOPSRCDIR: &Path = const_path(config::TOPSRCDIR);
[INFO] [stdout]    |                                                 ^^^^^^^^^ not found in `config`
[INFO] [stdout] 
[INFO] [stdout] 
[INFO] [stdout] error[E0425]: cannot find value `NSS_LINK_DYLIBS` in module `config`
[INFO] [stdout]   --> build/rust/mozbuild/lib.rs:38:24
[INFO] [stdout]    |
[INFO] [stdout] 38 |     for lib in config::NSS_LINK_DYLIBS.iter() {
[INFO] [stdout]    |                        ^^^^^^^^^^^^^^^ not found in `config`
[INFO] [stdout] 
[INFO] [stdout] 
[INFO] [stdout] For more information about this error, try `rustc --explain E0425`.
[INFO] [stdout] 
[INFO] [stderr] error: could not compile `mozbuild` (lib) due to 4 previous errors
[INFO] [stderr] warning: build failed, waiting for other jobs to finish...
[INFO] running `Command { std: "docker" "inspect" "6178a1673745cdd97957dcf97a8f04eec08542be137aaac7c2190bcf82b6ed9d", kill_on_drop: false }`
[INFO] running `Command { std: "docker" "rm" "-f" "6178a1673745cdd97957dcf97a8f04eec08542be137aaac7c2190bcf82b6ed9d", kill_on_drop: false }`
[INFO] [stdout] 6178a1673745cdd97957dcf97a8f04eec08542be137aaac7c2190bcf82b6ed9d
