[INFO] cloning repository https://github.com/DSamuelHodge/agent-cal-crm
[INFO] running `Command { std: "git" "-c" "credential.helper=" "-c" "credential.helper=/workspace/cargo-home/bin/git-credential-null" "clone" "--bare" "https://github.com/DSamuelHodge/agent-cal-crm" "/workspace/cache/git-repos/https%3A%2F%2Fgithub.com%2FDSamuelHodge%2Fagent-cal-crm", kill_on_drop: false }`
[INFO] [stderr] Cloning into bare repository '/workspace/cache/git-repos/https%3A%2F%2Fgithub.com%2FDSamuelHodge%2Fagent-cal-crm'...
[INFO] running `Command { std: "git" "rev-parse" "HEAD", kill_on_drop: false }`
[INFO] [stdout] 013b0d2a54aeffcc89492862f851439798677b34
[INFO] testing DSamuelHodge/agent-cal-crm against 1.99.0-beta.8 for beta-1.100-2
[INFO] running `Command { std: "git" "clone" "/workspace/cache/git-repos/https%3A%2F%2Fgithub.com%2FDSamuelHodge%2Fagent-cal-crm" "/workspace/builds/worker-1-tc1/source", kill_on_drop: false }`
[INFO] [stderr] Cloning into '/workspace/builds/worker-1-tc1/source'...
[INFO] [stderr] done.
[INFO] started tweaking git repo https://github.com/DSamuelHodge/agent-cal-crm
[INFO] finished tweaking git repo https://github.com/DSamuelHodge/agent-cal-crm
[INFO] tweaked toml for git repo https://github.com/DSamuelHodge/agent-cal-crm written to /workspace/builds/worker-1-tc1/source/Cargo.toml
[INFO] validating manifest of git repo https://github.com/DSamuelHodge/agent-cal-crm on toolchain 1.99.0-beta.8
[INFO] running `Command { std: CARGO_HOME="/workspace/cargo-home" RUSTUP_HOME="/workspace/rustup-home" "/workspace/cargo-home/bin/cargo" "+1.99.0-beta.8" "metadata" "--manifest-path" "Cargo.toml" "--no-deps", kill_on_drop: false }`
[INFO] crate git repo https://github.com/DSamuelHodge/agent-cal-crm already has a lockfile, it will not be regenerated
[INFO] running `Command { std: CARGO_HOME="/workspace/cargo-home" RUSTUP_HOME="/workspace/rustup-home" "/workspace/cargo-home/bin/cargo" "+1.99.0-beta.8" "fetch" "--manifest-path" "Cargo.toml", kill_on_drop: false }`
[INFO] [stderr]  Downloading crates ...
[INFO] [stderr]   Downloaded libsql_replication v0.9.30
[INFO] [stderr]   Downloaded libsql-sys v0.9.30
[INFO] [stderr]   Downloaded libsql-hrana v0.9.30
[INFO] [stderr]   Downloaded libsql-rusqlite v0.9.30
[INFO] [stderr]   Downloaded libsql v0.9.30
[INFO] [stderr]   Downloaded libsql-ffi v0.9.30
[INFO] running `Command { std: "docker" "create" "-v" "/var/lib/crater-agent-workspace/builds/worker-1-tc1/source:/opt/rustwide/workdir:ro,Z" "-v" "/var/lib/crater-agent-workspace/builds/worker-1-tc1/target:/opt/rustwide/target:rw,Z" "-v" "/var/lib/crater-agent-workspace/cargo-home:/opt/rustwide/cargo-home:ro,Z" "-v" "/var/lib/crater-agent-workspace/rustup-home:/opt/rustwide/rustup-home:ro,Z" "-m" "1610612736" "--network" "none" "ghcr.io/rust-lang/crates-build-env/linux@sha256:3111399a4047eeb3a02b7a90e478d715f38a8c6669b5c4b49d30a17385265909" "sleep" "infinity", kill_on_drop: false }`
[INFO] [stdout] 3e3fc749d924cd452a098e99ff7b6d1af1b920f72942e8e31caf7585fc5a95f2
[INFO] running `Command { std: "docker" "start" "3e3fc749d924cd452a098e99ff7b6d1af1b920f72942e8e31caf7585fc5a95f2", kill_on_drop: false }`
[INFO] running `Command { std: "docker" "inspect" "3e3fc749d924cd452a098e99ff7b6d1af1b920f72942e8e31caf7585fc5a95f2", kill_on_drop: false }`
[INFO] running `Command { std: "docker" "exec" "-e" "SOURCE_DIR=/opt/rustwide/workdir" "-e" "CARGO_HOME=/opt/rustwide/cargo-home" "-e" "RUSTUP_HOME=/opt/rustwide/rustup-home" "-e" "CARGO_TARGET_DIR=/opt/rustwide/target" "-w" "/opt/rustwide/workdir" "--user" "0:0" "3e3fc749d924cd452a098e99ff7b6d1af1b920f72942e8e31caf7585fc5a95f2" "/opt/rustwide/cargo-home/bin/cargo" "+1.99.0-beta.8" "metadata" "--no-deps" "--format-version=1", kill_on_drop: false }`
[INFO] running `Command { std: "docker" "inspect" "3e3fc749d924cd452a098e99ff7b6d1af1b920f72942e8e31caf7585fc5a95f2", kill_on_drop: false }`
[INFO] running `Command { std: "docker" "exec" "-e" "SOURCE_DIR=/opt/rustwide/workdir" "-e" "CARGO_HOME=/opt/rustwide/cargo-home" "-e" "RUSTUP_HOME=/opt/rustwide/rustup-home" "-e" "CARGO_TARGET_DIR=/opt/rustwide/target" "-e" "CARGO_INCREMENTAL=0" "-e" "RUST_BACKTRACE=full" "-e" "RUSTFLAGS=--cap-lints=warn" "-e" "RUSTDOCFLAGS=--cap-lints=warn" "-w" "/opt/rustwide/workdir" "--user" "0:0" "3e3fc749d924cd452a098e99ff7b6d1af1b920f72942e8e31caf7585fc5a95f2" "/opt/rustwide/cargo-home/bin/cargo" "+1.99.0-beta.8" "build" "--frozen" "--message-format=json", kill_on_drop: false }`
[INFO] [stderr]    Compiling syn v3.0.3
[INFO] [stderr]    Compiling syn v2.0.119
[INFO] [stderr]    Compiling serde_core v1.0.229
[INFO] [stderr]    Compiling serde v1.0.229
[INFO] [stderr]    Compiling log v0.4.33
[INFO] [stderr]    Compiling find-msvc-tools v0.1.10
[INFO] [stderr]    Compiling smallvec v1.15.2
[INFO] [stderr]    Compiling futures-core v0.3.34
[INFO] [stderr]    Compiling parking_lot_core v0.9.12
[INFO] [stderr]    Compiling lock_api v0.4.14
[INFO] [stderr]    Compiling zerocopy v0.8.56
[INFO] [stderr]    Compiling futures-sink v0.3.34
[INFO] [stderr]    Compiling futures-task v0.3.34
[INFO] [stderr]    Compiling either v1.17.0
[INFO] [stderr]    Compiling glob v0.3.4
[INFO] [stderr]    Compiling rustversion v1.0.23
[INFO] [stderr]    Compiling uncased v0.9.10
[INFO] [stderr]    Compiling libc v0.2.189
[INFO] [stderr]    Compiling futures-channel v0.3.34
[INFO] [stderr]    Compiling hashbrown v0.17.1
[INFO] [stderr]    Compiling prettyplease v0.2.37
[INFO] [stderr]    Compiling rustix v0.38.44
[INFO] [stderr]    Compiling cc v1.4.2
[INFO] [stderr]    Compiling parking_lot v0.12.5
[INFO] [stderr]    Compiling minimal-lexical v0.2.1
[INFO] [stderr]    Compiling regex-syntax v0.8.11
[INFO] [stderr]    Compiling bitflags v2.13.1
[INFO] [stderr]    Compiling memchr v2.8.3
[INFO] [stderr]    Compiling linux-raw-sys v0.4.15
[INFO] [stderr]    Compiling clang-sys v1.9.1
[INFO] [stderr]    Compiling indexmap v1.9.3
[INFO] [stderr]    Compiling libloading v0.8.9
[INFO] [stderr]    Compiling typenum v1.20.1
[INFO] [stderr]    Compiling home v0.5.12
[INFO] [stderr]    Compiling siphasher v1.0.3
[INFO] [stderr]    Compiling anyhow v1.0.104
[INFO] [stderr]    Compiling bindgen v0.66.1
[INFO] [stderr]    Compiling indexmap v2.14.0
[INFO] [stderr]    Compiling socket2 v0.5.10
[INFO] [stderr]    Compiling ahash v0.8.12
[INFO] [stderr]    Compiling lazy_static v1.5.0
[INFO] [stderr]    Compiling peeking_take_while v0.1.2
[INFO] [stderr]    Compiling rustc-hash v1.1.0
[INFO] [stderr]    Compiling lazycell v1.3.0
[INFO] [stderr]    Compiling axum-core v0.3.4
[INFO] [stderr]    Compiling itertools v0.12.1
[INFO] [stderr]    Compiling nom v7.1.3
[INFO] [stderr]    Compiling rand_core v0.6.4
[INFO] [stderr]    Compiling rand v0.8.7
[INFO] [stderr]    Compiling phf_shared v0.11.3
[INFO] [stderr]    Compiling axum v0.6.20
[INFO] [stderr]    Compiling matchit v0.7.3
[INFO] [stderr]    Compiling rustls v0.22.4
[INFO] [stderr]    Compiling getrandom v0.4.3
[INFO] [stderr]    Compiling fallible-iterator v0.2.0
[INFO] [stderr]    Compiling cmake v0.1.58
[INFO] [stderr]    Compiling generic-array v0.14.7
[INFO] [stderr]    Compiling fallible-streaming-iterator v0.1.9
[INFO] [stderr]    Compiling num-traits v0.2.19
[INFO] [stderr]    Compiling webpki-roots v1.0.9
[INFO] [stderr]    Compiling rustls-pemfile v2.2.0
[INFO] [stderr]    Compiling http-range-header v0.3.1
[INFO] [stderr]    Compiling serde_json v1.0.151
[INFO] [stderr]    Compiling phf_generator v0.11.3
[INFO] [stderr]    Compiling rustls-native-certs v0.7.3
[INFO] [stderr]    Compiling phf v0.11.3
[INFO] [stderr]    Compiling webpki-roots v0.26.11
[INFO] [stderr]    Compiling phf_codegen v0.11.3
[INFO] [stderr]    Compiling fallible-iterator v0.3.0
[INFO] [stderr]    Compiling iana-time-zone v0.1.65
[INFO] [stderr]    Compiling ring v0.17.14
[INFO] [stderr]    Compiling libsql-sqlite3-parser v0.13.0
[INFO] [stderr]    Compiling block-padding v0.3.3
[INFO] [stderr]    Compiling crypto-common v0.1.7
[INFO] [stderr]    Compiling inout v0.1.4
[INFO] [stderr]    Compiling regex-automata v0.4.18
[INFO] [stderr]    Compiling cipher v0.4.4
[INFO] [stderr]    Compiling cbc v0.1.2
[INFO] [stderr]    Compiling aes v0.8.4
[INFO] [stderr]    Compiling which v4.4.2
[INFO] [stderr]    Compiling cexpr v0.6.0
[INFO] [stderr]    Compiling uuid v1.24.0
[INFO] [stderr]    Compiling regex v1.13.1
[INFO] [stderr]    Compiling serde_derive v1.0.229
[INFO] [stderr]    Compiling tokio-macros v2.7.2
[INFO] [stderr]    Compiling futures-macro v0.3.34
[INFO] [stderr]    Compiling async-trait v0.1.92
[INFO] [stderr]    Compiling tracing-attributes v0.1.31
[INFO] [stderr]    Compiling pin-project-internal v1.1.13
[INFO] [stderr]    Compiling prost-derive v0.12.6
[INFO] [stderr]    Compiling async-stream-impl v0.3.6
[INFO] [stderr]    Compiling zerocopy-derive v0.7.35
[INFO] [stderr]    Compiling futures-util v0.3.34
[INFO] [stderr]    Compiling thiserror-impl v1.0.69
[INFO] [stderr]    Compiling async-stream v0.3.6
[INFO] [stderr]    Compiling ppv-lite86 v0.2.21
[INFO] [stderr]    Compiling zerocopy v0.7.35
[INFO] [stderr]    Compiling hashbrown v0.14.5
[INFO] [stderr]    Compiling pin-project v1.1.13
[INFO] [stderr]    Compiling thiserror v1.0.69
[INFO] [stderr]    Compiling rand_chacha v0.3.1
[INFO] [stderr]    Compiling tracing v0.1.44
[INFO] [stderr]    Compiling hashlink v0.8.4
[INFO] [stderr]    Compiling rustls-webpki v0.102.8
[INFO] [stderr]    Compiling bytes v1.12.1
[INFO] [stderr]    Compiling chrono v0.4.45
[INFO] [stderr]    Compiling bincode v1.3.3
[INFO] [stderr]    Compiling tokio v1.53.1
[INFO] [stderr]    Compiling http v0.2.12
[INFO] [stderr]    Compiling prost v0.12.6
[INFO] [stderr]    Compiling futures-executor v0.3.34
[INFO] [stderr]    Compiling futures v0.3.34
[INFO] [stderr]    Compiling libsql-hrana v0.9.30
[INFO] [stderr]    Compiling http-body v0.4.6
[INFO] [stderr]    Compiling libsql-ffi v0.9.30
[INFO] [stderr]    Compiling tokio-util v0.7.19
[INFO] [stderr]    Compiling tokio-io-timeout v1.2.1
[INFO] [stderr]    Compiling tokio-stream v0.1.19
[INFO] [stderr]    Compiling tokio-rustls v0.25.0
[INFO] [stderr]    Compiling h2 v0.3.27
[INFO] [stderr]    Compiling tower v0.4.13
[INFO] [stderr]    Compiling tower-http v0.4.4
[INFO] [stderr]    Compiling hyper v0.14.32
[INFO] [stderr]    Compiling libsql-rusqlite v0.9.30
[INFO] [stderr]    Compiling libsql-sys v0.9.30
[INFO] [stderr]    Compiling hyper-timeout v0.4.1
[INFO] [stderr]    Compiling hyper-rustls v0.25.0
[INFO] [stderr]    Compiling tonic v0.11.0
[INFO] [stderr]    Compiling libsql_replication v0.9.30
[INFO] [stderr]    Compiling tonic-web v0.11.0
[INFO] [stderr]    Compiling libsql v0.9.30
[INFO] [stderr]    Compiling agentcal v0.1.0 (/opt/rustwide/workdir)
[INFO] [stderr]     Finished `dev` profile [unoptimized + debuginfo] target(s) in 1m 55s
[INFO] running `Command { std: "docker" "inspect" "3e3fc749d924cd452a098e99ff7b6d1af1b920f72942e8e31caf7585fc5a95f2", kill_on_drop: false }`
[INFO] running `Command { std: "docker" "exec" "-e" "SOURCE_DIR=/opt/rustwide/workdir" "-e" "CARGO_HOME=/opt/rustwide/cargo-home" "-e" "RUSTUP_HOME=/opt/rustwide/rustup-home" "-e" "CARGO_TARGET_DIR=/opt/rustwide/target" "-e" "CARGO_INCREMENTAL=0" "-e" "RUST_BACKTRACE=full" "-e" "RUSTFLAGS=--cap-lints=warn" "-e" "RUSTDOCFLAGS=--cap-lints=warn" "-w" "/opt/rustwide/workdir" "--user" "0:0" "3e3fc749d924cd452a098e99ff7b6d1af1b920f72942e8e31caf7585fc5a95f2" "/opt/rustwide/cargo-home/bin/cargo" "+1.99.0-beta.8" "test" "--frozen" "--no-run" "--message-format=json", kill_on_drop: false }`
[INFO] [stderr]    Compiling bitflags v2.13.1
[INFO] [stderr]    Compiling fastrand v2.5.0
[INFO] [stderr]    Compiling rustix v0.38.44
[INFO] [stderr]    Compiling tower-http v0.4.4
[INFO] [stderr]    Compiling libsql-sqlite3-parser v0.13.0
[INFO] [stderr]    Compiling rustix v1.1.4
[INFO] [stderr]    Compiling tonic-web v0.11.0
[INFO] [stderr]    Compiling tempfile v3.27.0
[INFO] [stderr]    Compiling which v4.4.2
[INFO] [stderr]    Compiling bindgen v0.66.1
[INFO] [stderr]    Compiling libsql-ffi v0.9.30
[INFO] [stderr]    Compiling libsql-rusqlite v0.9.30
[INFO] [stderr]    Compiling libsql-sys v0.9.30
[INFO] [stderr]    Compiling libsql_replication v0.9.30
[INFO] [stderr]    Compiling libsql v0.9.30
[INFO] [stderr]    Compiling agentcal v0.1.0 (/opt/rustwide/workdir)
[INFO] [stderr] error: could not compile `agentcal` (lib test)
[INFO] [stderr] 
[INFO] [stderr] Caused by:
[INFO] [stderr]   process didn't exit successfully: `/opt/rustwide/rustup-home/toolchains/1.99.0-beta.8-x86_64-unknown-linux-gnu/bin/rustc --crate-name agentcal --edition=2021 src/lib.rs --error-format=json --json=diagnostic-rendered-ansi,artifacts,future-incompat --emit=dep-info,link -C embed-bitcode=no -C debuginfo=2 --test --check-cfg 'cfg(docsrs,test)' --check-cfg 'cfg(feature, values())' -C metadata=48b4e3c1a02d0ddb -C extra-filename=-033b851a35482ed9 --out-dir /opt/rustwide/target/debug/deps -L dependency=/opt/rustwide/target/debug/deps --extern async_trait=/opt/rustwide/target/debug/deps/libasync_trait-67851697c7ca3474.so --extern chrono=/opt/rustwide/target/debug/deps/libchrono-fd0de7fd12af9f14.rlib --extern libsql=/opt/rustwide/target/debug/deps/liblibsql-851eade3afb0b7b2.rlib --extern serde=/opt/rustwide/target/debug/deps/libserde-3145fe7df6b0dba9.rlib --extern serde_json=/opt/rustwide/target/debug/deps/libserde_json-4102f41736809e93.rlib --extern tempfile=/opt/rustwide/target/debug/deps/libtempfile-1de48071c4d261c5.rlib --extern thiserror=/opt/rustwide/target/debug/deps/libthiserror-7b840c7d63d955fe.rlib --extern tokio=/opt/rustwide/target/debug/deps/libtokio-1ad9bef38fffa24c.rlib --extern uuid=/opt/rustwide/target/debug/deps/libuuid-f3ebc2b302f83aef.rlib --cap-lints=warn -L native=/opt/rustwide/target/debug/build/ring-c61a46c34028e77a/out -L native=/opt/rustwide/target/debug/build/libsql-ffi-805d6318d7f37bf0/out` (signal: 9, SIGKILL: kill)
[INFO] [stderr] warning: build failed, waiting for other jobs to finish...
[INFO] [stderr] error: could not compile `agentcal` (bin "cos")
[INFO] [stderr] 
[INFO] [stderr] Caused by:
[INFO] [stderr]   process didn't exit successfully: `/opt/rustwide/rustup-home/toolchains/1.99.0-beta.8-x86_64-unknown-linux-gnu/bin/rustc --crate-name cos --edition=2021 src/bin/cos.rs --error-format=json --json=diagnostic-rendered-ansi,artifacts,future-incompat --crate-type bin --emit=dep-info,link -C embed-bitcode=no -C debuginfo=2 --check-cfg 'cfg(docsrs,test)' --check-cfg 'cfg(feature, values())' -C metadata=681f247b2a5e7668 -C extra-filename=-9337c680206db0ba --out-dir /opt/rustwide/target/debug/deps -L dependency=/opt/rustwide/target/debug/deps --extern agentcal=/opt/rustwide/target/debug/deps/libagentcal-3b8e873639e493e0.rlib --extern async_trait=/opt/rustwide/target/debug/deps/libasync_trait-67851697c7ca3474.so --extern chrono=/opt/rustwide/target/debug/deps/libchrono-fd0de7fd12af9f14.rlib --extern libsql=/opt/rustwide/target/debug/deps/liblibsql-851eade3afb0b7b2.rlib --extern serde=/opt/rustwide/target/debug/deps/libserde-3145fe7df6b0dba9.rlib --extern serde_json=/opt/rustwide/target/debug/deps/libserde_json-4102f41736809e93.rlib --extern thiserror=/opt/rustwide/target/debug/deps/libthiserror-7b840c7d63d955fe.rlib --extern tokio=/opt/rustwide/target/debug/deps/libtokio-1ad9bef38fffa24c.rlib --extern uuid=/opt/rustwide/target/debug/deps/libuuid-f3ebc2b302f83aef.rlib --cap-lints=warn -L native=/opt/rustwide/target/debug/build/ring-c61a46c34028e77a/out -L native=/opt/rustwide/target/debug/build/libsql-ffi-805d6318d7f37bf0/out` (signal: 9, SIGKILL: kill)
[INFO] [stderr] error: could not compile `agentcal` (bin "cos" test)
[INFO] [stderr] 
[INFO] [stderr] Caused by:
[INFO] [stderr]   process didn't exit successfully: `/opt/rustwide/rustup-home/toolchains/1.99.0-beta.8-x86_64-unknown-linux-gnu/bin/rustc --crate-name cos --edition=2021 src/bin/cos.rs --error-format=json --json=diagnostic-rendered-ansi,artifacts,future-incompat --emit=dep-info,link -C embed-bitcode=no -C debuginfo=2 --test --check-cfg 'cfg(docsrs,test)' --check-cfg 'cfg(feature, values())' -C metadata=7368291a8b0e736a -C extra-filename=-5c2869a1818835ef --out-dir /opt/rustwide/target/debug/deps -L dependency=/opt/rustwide/target/debug/deps --extern agentcal=/opt/rustwide/target/debug/deps/libagentcal-3b8e873639e493e0.rlib --extern async_trait=/opt/rustwide/target/debug/deps/libasync_trait-67851697c7ca3474.so --extern chrono=/opt/rustwide/target/debug/deps/libchrono-fd0de7fd12af9f14.rlib --extern libsql=/opt/rustwide/target/debug/deps/liblibsql-851eade3afb0b7b2.rlib --extern serde=/opt/rustwide/target/debug/deps/libserde-3145fe7df6b0dba9.rlib --extern serde_json=/opt/rustwide/target/debug/deps/libserde_json-4102f41736809e93.rlib --extern tempfile=/opt/rustwide/target/debug/deps/libtempfile-1de48071c4d261c5.rlib --extern thiserror=/opt/rustwide/target/debug/deps/libthiserror-7b840c7d63d955fe.rlib --extern tokio=/opt/rustwide/target/debug/deps/libtokio-1ad9bef38fffa24c.rlib --extern uuid=/opt/rustwide/target/debug/deps/libuuid-f3ebc2b302f83aef.rlib --cap-lints=warn -L native=/opt/rustwide/target/debug/build/ring-c61a46c34028e77a/out -L native=/opt/rustwide/target/debug/build/libsql-ffi-805d6318d7f37bf0/out` (signal: 9, SIGKILL: kill)
[INFO] [stderr] error: could not compile `agentcal` (test "integration")
[INFO] [stderr] 
[INFO] [stderr] Caused by:
[INFO] [stderr]   process didn't exit successfully: `/opt/rustwide/rustup-home/toolchains/1.99.0-beta.8-x86_64-unknown-linux-gnu/bin/rustc --crate-name integration --edition=2021 tests/integration.rs --error-format=json --json=diagnostic-rendered-ansi,artifacts,future-incompat --emit=dep-info,link -C embed-bitcode=no -C debuginfo=2 --test --check-cfg 'cfg(docsrs,test)' --check-cfg 'cfg(feature, values())' -C metadata=d84bd28027faf5ce -C extra-filename=-98f3584aee912a90 --out-dir /opt/rustwide/target/debug/deps -L dependency=/opt/rustwide/target/debug/deps --extern agentcal=/opt/rustwide/target/debug/deps/libagentcal-3b8e873639e493e0.rlib --extern async_trait=/opt/rustwide/target/debug/deps/libasync_trait-67851697c7ca3474.so --extern chrono=/opt/rustwide/target/debug/deps/libchrono-fd0de7fd12af9f14.rlib --extern libsql=/opt/rustwide/target/debug/deps/liblibsql-851eade3afb0b7b2.rlib --extern serde=/opt/rustwide/target/debug/deps/libserde-3145fe7df6b0dba9.rlib --extern serde_json=/opt/rustwide/target/debug/deps/libserde_json-4102f41736809e93.rlib --extern tempfile=/opt/rustwide/target/debug/deps/libtempfile-1de48071c4d261c5.rlib --extern thiserror=/opt/rustwide/target/debug/deps/libthiserror-7b840c7d63d955fe.rlib --extern tokio=/opt/rustwide/target/debug/deps/libtokio-1ad9bef38fffa24c.rlib --extern uuid=/opt/rustwide/target/debug/deps/libuuid-f3ebc2b302f83aef.rlib --cap-lints=warn -L native=/opt/rustwide/target/debug/build/ring-c61a46c34028e77a/out -L native=/opt/rustwide/target/debug/build/libsql-ffi-805d6318d7f37bf0/out` (signal: 9, SIGKILL: kill)
[INFO] [stdout] error: linking with `cc` failed: exit status: 1
[INFO] [stdout]   |
[INFO] [stdout]   = note:  "cc" "-m64" "/opt/rustwide/target/debug/deps/rustcVwbb8a/symbols.o" "<3 object files omitted>" "-Wl,--as-needed" "-Wl,-Bstatic" "/opt/rustwide/target/debug/deps/{libtempfile-1de48071c4d261c5,libfastrand-bab015aa83fcde07,librustix-04badb96c53eccb6,liblinux_raw_sys-0b6cde911e9a3109}.rlib" "<sysroot>/lib/rustlib/x86_64-unknown-linux-gnu/lib/{libtest-*,libgetopts-*,librustc_std_workspace_std-*}.rlib" "/opt/rustwide/target/debug/deps/{libagentcal-3b8e873639e493e0,liblibsql-851eade3afb0b7b2,libhyper_rustls-78725787c03160ae,libwebpki_roots-27e9848898173e0d,libwebpki_roots-8b4b3b3e18f86a51,librustls_native_certs-4f1b8cce9e09c78b,librustls_pemfile-072d73fba51d09c1,libopenssl_probe-2c6d21a9709cae46,libtokio_rustls-fb5d2eb728dfe29b,librustls-17403c0a952e834a,libsubtle-2ae6a7038b9a0630,libwebpki-9d7888352cdbb804,libring-fbf3355d7ce64071,libuntrusted-b2f816886faf2178,librustls_pki_types-f9d0b31df971a573,libzeroize-37b2a6e0a2742c6a,libcrc32fast-77160f4e25d6fc25,libserde_json-4102f41736809e93,libzmij-2ca2f302097868c6,libbincode-a6afc287d00a8b25,liblibsql_hrana-549b927a6e986a87,liblibsql_sqlite3_parser-e51b09bbbacedc38,libphf-079d0cedc1a6402e,libphf_shared-496dd7762739bddd,libsiphasher-b16e808df37ae9fc,libuncased-3a8d53810fa3fc61,libfallible_iterator-6e888fb96d72e3e0,libfutures-9e9930eddeb7ee59,libfutures_executor-e8280513f06a5c16,libtonic_web-d8390946ed7ae1fa,libtower_http-f79acd82c19856bb,libanyhow-eeb2152985963809,liblibsql_replication-09599f1e6f519de7,libcbc-bf8f3bedc724821c,libthiserror-7b840c7d63d955fe,libaes-b9887ca591722538,libcpufeatures-e04321643d03190d,libcipher-0466b1a53600647d,libinout-280f029d5c231c55,libblock_padding-26b7542eaae7c8c7,libcrypto_common-8a9f1b13bd5e50cd,libgeneric_array-745cace30f1ed372,libtypenum-ed2b1c93b2a4333a,libtonic-27c37ccb709fb5ae,libhyper_timeout-e0ea826507cc80ca,libtokio_io_timeout-9d386fc62a52516e,libasync_stream-bc49a9ce20cbe14c,libaxum-03fdd1068d6f7ab2,libpercent_encoding-fa055ecaa1e57cfa,libmatchit-616cb01453b9e7d4,libbitflags-dde12b0d7d495b50,libsync_wrapper-b5d3a794a1e9deea,libaxum_core-29d642fbf625bec6,libmime-0188e0814ca7ddbf,libhyper-cc73a77eb7b7f012,libwant-7a6260b9c50f1479,libtry_lock-8fa2f6971035be84,libsocket2-e1543db9b3009e21,libhttparse-8c9b827b8f345444,libh2-d6b2f754d4ad37be,libindexmap-b92bb9c25241b995,libequivalent-6a754676e6af62ae,libhashbrown-d7214d631586fd51,libhttpdate-331798cefc82cc7e,libtower-c86ca69aca519f66,libindexmap-e2dae600d6890aac,libhashbrown-cae2cd0d9cc0a6cf,libtokio_util-6d2033944343bb16,librand-6b2b6defe6215743,librand_chacha-2c095c768b68c4dd,libppv_lite86-4e464ecf9b1fefb4,librand_core-d20af9607fe7e9bd,libgetrandom-39a4c550247d09ec,libfutures_util-70b3599feda28e3f,libmemchr-a932478bde794617,libfutures_io-2de19dd835d0513d,libslab-0582d648e59ab406,libfutures_channel-e55265846f1ca713,libfutures_sink-690a515e9c61c93a,libfutures_task-06c0578367ad4cff,libtower_layer-d908dd771b239ecd,libbase64-13144a1f1e192158,libprost-7fbcba1efef25618,libpin_project-47ad052d4741c2aa,libtower_service-3fb88d28c2218805,libhttp_body-7db4c6fa3991124d,libhttp-2630aa779385bcb8,libitoa-5de11b3b23bfe572,libfnv-79e2cbfbe03dcd16,libtokio_stream-77560d7f8340f629,libfutures_core-97d9bb84a61d4536,libuuid-f3ebc2b302f83aef,libgetrandom-6feb49a1110d2dab,liblibsql_sys-97de3f8ae31e889d,libtracing-28b3da9883909212,liblog-64a74e931fbdff63,libtracing_core-89b602bc4a7d7f8a,librusqlite-5cbe9b80598c8856,libbitflags-7039d3929d603d58,libfallible_streaming_iterator-4b12442690f53239,libfallible_iterator-a337747b23ec23ad,libhashlink-6424c91479e820f7,libhashbrown-1a0a55738b236a57,libahash-96dc97ee057c410c,libonce_cell-b5bdc597ed9676b3,libzerocopy-9545210de90d295f,liballocator_api2-8d9c1e895dea53bd,liblibsql_ffi-6b8370c5a7cb36ce,libzerocopy-bc8fcffcc457bcc5,libbyteorder-9f6ac6743e38a88c,libchrono-fd0de7fd12af9f14,libiana_time_zone-bcd81aefedc374a6,libnum_traits-040817c80e4d7434,libtokio-1ad9bef38fffa24c,libsignal_hook_registry-f069228503febc45,liberrno-8e3700cb740322be,libsocket2-380ed4e5002278b4,libbytes-30068dca5511a70a,libserde-3145fe7df6b0dba9,libserde_core-3c8a23a2a3d3c65e,libmio-40dc0d1736264cdd,libparking_lot-b40359a6f23192d1,libparking_lot_core-b58bfcfa5c08ea34,liblibc-32464e1b8391e223,libcfg_if-83060ec5685761ae,libsmallvec-49e7c38b3e8bf1d7,liblock_api-16d46fed645f7bff,libscopeguard-7ec2214574194454,libpin_project_lite-0a15d51c77964692}.rlib" "<sysroot>/lib/rustlib/x86_64-unknown-linux-gnu/lib/{libstd-*,libpanic_unwind-*,libobject-*,libmemchr-*,libaddr2line-*,libgimli-*,libcfg_if-*,librustc_demangle-*,libstd_detect-*,libhashbrown-*,librustc_std_workspace_alloc-*,libminiz_oxide-*,libadler2-*,libunwind-*,liblibc-*,librustc_std_workspace_core-*,liballoc-*,libcore-*,libcompiler_builtins-*}.rlib" "-Wl,-Bdynamic" "-lgcc_s" "-lutil" "-lrt" "-lpthread" "-lm" "-ldl" "-lc" "-L" "/opt/rustwide/target/debug/deps/rustcVwbb8a/raw-dylibs" "-B<sysroot>/lib/rustlib/x86_64-unknown-linux-gnu/bin/gcc-ld" "-fuse-ld=lld" "-Wl,--eh-frame-hdr" "-Wl,-z,noexecstack" "-L" "/opt/rustwide/target/debug/build/ring-c61a46c34028e77a/out" "-L" "/opt/rustwide/target/debug/build/libsql-ffi-805d6318d7f37bf0/out" "-L" "<sysroot>/lib/rustlib/x86_64-unknown-linux-gnu/lib" "-o" "/opt/rustwide/target/debug/deps/errors-ee11cba4b388530b" "-Wl,--gc-sections" "-pie" "-Wl,-z,relro,-z,now" "-nodefaultlibs"
[INFO] [stdout]   = note: some arguments are omitted. use `--verbose` to show all linker arguments
[INFO] [stdout]   = note: collect2: fatal error: ld terminated with signal 9 [Killed]
[INFO] [stdout]           compilation terminated.
[INFO] [stdout]           
[INFO] [stdout] 
[INFO] [stdout] 
[INFO] [stderr] error: could not compile `agentcal` (test "errors") due to 1 previous error
[INFO] [stdout] error: linking with `cc` failed: exit status: 1
[INFO] [stdout]   |
[INFO] [stdout]   = note:  "cc" "-m64" "/opt/rustwide/target/debug/deps/rustcEfZzgW/symbols.o" "<3 object files omitted>" "-Wl,--as-needed" "-Wl,-Bstatic" "/opt/rustwide/target/debug/deps/{libtempfile-1de48071c4d261c5,libfastrand-bab015aa83fcde07,librustix-04badb96c53eccb6,liblinux_raw_sys-0b6cde911e9a3109}.rlib" "<sysroot>/lib/rustlib/x86_64-unknown-linux-gnu/lib/{libtest-*,libgetopts-*,librustc_std_workspace_std-*}.rlib" "/opt/rustwide/target/debug/deps/{libagentcal-3b8e873639e493e0,liblibsql-851eade3afb0b7b2,libhyper_rustls-78725787c03160ae,libwebpki_roots-27e9848898173e0d,libwebpki_roots-8b4b3b3e18f86a51,librustls_native_certs-4f1b8cce9e09c78b,librustls_pemfile-072d73fba51d09c1,libopenssl_probe-2c6d21a9709cae46,libtokio_rustls-fb5d2eb728dfe29b,librustls-17403c0a952e834a,libsubtle-2ae6a7038b9a0630,libwebpki-9d7888352cdbb804,libring-fbf3355d7ce64071,libuntrusted-b2f816886faf2178,librustls_pki_types-f9d0b31df971a573,libzeroize-37b2a6e0a2742c6a,libcrc32fast-77160f4e25d6fc25,libserde_json-4102f41736809e93,libzmij-2ca2f302097868c6,libbincode-a6afc287d00a8b25,liblibsql_hrana-549b927a6e986a87,liblibsql_sqlite3_parser-e51b09bbbacedc38,libphf-079d0cedc1a6402e,libphf_shared-496dd7762739bddd,libsiphasher-b16e808df37ae9fc,libuncased-3a8d53810fa3fc61,libfallible_iterator-6e888fb96d72e3e0,libfutures-9e9930eddeb7ee59,libfutures_executor-e8280513f06a5c16,libtonic_web-d8390946ed7ae1fa,libtower_http-f79acd82c19856bb,libanyhow-eeb2152985963809,liblibsql_replication-09599f1e6f519de7,libcbc-bf8f3bedc724821c,libthiserror-7b840c7d63d955fe,libaes-b9887ca591722538,libcpufeatures-e04321643d03190d,libcipher-0466b1a53600647d,libinout-280f029d5c231c55,libblock_padding-26b7542eaae7c8c7,libcrypto_common-8a9f1b13bd5e50cd,libgeneric_array-745cace30f1ed372,libtypenum-ed2b1c93b2a4333a,libtonic-27c37ccb709fb5ae,libhyper_timeout-e0ea826507cc80ca,libtokio_io_timeout-9d386fc62a52516e,libasync_stream-bc49a9ce20cbe14c,libaxum-03fdd1068d6f7ab2,libpercent_encoding-fa055ecaa1e57cfa,libmatchit-616cb01453b9e7d4,libbitflags-dde12b0d7d495b50,libsync_wrapper-b5d3a794a1e9deea,libaxum_core-29d642fbf625bec6,libmime-0188e0814ca7ddbf,libhyper-cc73a77eb7b7f012,libwant-7a6260b9c50f1479,libtry_lock-8fa2f6971035be84,libsocket2-e1543db9b3009e21,libhttparse-8c9b827b8f345444,libh2-d6b2f754d4ad37be,libindexmap-b92bb9c25241b995,libequivalent-6a754676e6af62ae,libhashbrown-d7214d631586fd51,libhttpdate-331798cefc82cc7e,libtower-c86ca69aca519f66,libindexmap-e2dae600d6890aac,libhashbrown-cae2cd0d9cc0a6cf,libtokio_util-6d2033944343bb16,librand-6b2b6defe6215743,librand_chacha-2c095c768b68c4dd,libppv_lite86-4e464ecf9b1fefb4,librand_core-d20af9607fe7e9bd,libgetrandom-39a4c550247d09ec,libfutures_util-70b3599feda28e3f,libmemchr-a932478bde794617,libfutures_io-2de19dd835d0513d,libslab-0582d648e59ab406,libfutures_channel-e55265846f1ca713,libfutures_sink-690a515e9c61c93a,libfutures_task-06c0578367ad4cff,libtower_layer-d908dd771b239ecd,libbase64-13144a1f1e192158,libprost-7fbcba1efef25618,libpin_project-47ad052d4741c2aa,libtower_service-3fb88d28c2218805,libhttp_body-7db4c6fa3991124d,libhttp-2630aa779385bcb8,libitoa-5de11b3b23bfe572,libfnv-79e2cbfbe03dcd16,libtokio_stream-77560d7f8340f629,libfutures_core-97d9bb84a61d4536,libuuid-f3ebc2b302f83aef,libgetrandom-6feb49a1110d2dab,liblibsql_sys-97de3f8ae31e889d,libtracing-28b3da9883909212,liblog-64a74e931fbdff63,libtracing_core-89b602bc4a7d7f8a,librusqlite-5cbe9b80598c8856,libbitflags-7039d3929d603d58,libfallible_streaming_iterator-4b12442690f53239,libfallible_iterator-a337747b23ec23ad,libhashlink-6424c91479e820f7,libhashbrown-1a0a55738b236a57,libahash-96dc97ee057c410c,libonce_cell-b5bdc597ed9676b3,libzerocopy-9545210de90d295f,liballocator_api2-8d9c1e895dea53bd,liblibsql_ffi-6b8370c5a7cb36ce,libzerocopy-bc8fcffcc457bcc5,libbyteorder-9f6ac6743e38a88c,libchrono-fd0de7fd12af9f14,libiana_time_zone-bcd81aefedc374a6,libnum_traits-040817c80e4d7434,libtokio-1ad9bef38fffa24c,libsignal_hook_registry-f069228503febc45,liberrno-8e3700cb740322be,libsocket2-380ed4e5002278b4,libbytes-30068dca5511a70a,libserde-3145fe7df6b0dba9,libserde_core-3c8a23a2a3d3c65e,libmio-40dc0d1736264cdd,libparking_lot-b40359a6f23192d1,libparking_lot_core-b58bfcfa5c08ea34,liblibc-32464e1b8391e223,libcfg_if-83060ec5685761ae,libsmallvec-49e7c38b3e8bf1d7,liblock_api-16d46fed645f7bff,libscopeguard-7ec2214574194454,libpin_project_lite-0a15d51c77964692}.rlib" "<sysroot>/lib/rustlib/x86_64-unknown-linux-gnu/lib/{libstd-*,libpanic_unwind-*,libobject-*,libmemchr-*,libaddr2line-*,libgimli-*,libcfg_if-*,librustc_demangle-*,libstd_detect-*,libhashbrown-*,librustc_std_workspace_alloc-*,libminiz_oxide-*,libadler2-*,libunwind-*,liblibc-*,librustc_std_workspace_core-*,liballoc-*,libcore-*,libcompiler_builtins-*}.rlib" "-Wl,-Bdynamic" "-lgcc_s" "-lutil" "-lrt" "-lpthread" "-lm" "-ldl" "-lc" "-L" "/opt/rustwide/target/debug/deps/rustcEfZzgW/raw-dylibs" "-B<sysroot>/lib/rustlib/x86_64-unknown-linux-gnu/bin/gcc-ld" "-fuse-ld=lld" "-Wl,--eh-frame-hdr" "-Wl,-z,noexecstack" "-L" "/opt/rustwide/target/debug/build/ring-c61a46c34028e77a/out" "-L" "/opt/rustwide/target/debug/build/libsql-ffi-805d6318d7f37bf0/out" "-L" "<sysroot>/lib/rustlib/x86_64-unknown-linux-gnu/lib" "-o" "/opt/rustwide/target/debug/deps/approvals_env-55bb29f6cbeb6c1d" "-Wl,--gc-sections" "-pie" "-Wl,-z,relro,-z,now" "-nodefaultlibs"
[INFO] [stdout]   = note: some arguments are omitted. use `--verbose` to show all linker arguments
[INFO] [stdout]   = note: collect2: fatal error: ld terminated with signal 9 [Killed]
[INFO] [stdout]           compilation terminated.
[INFO] [stdout]           
[INFO] [stdout] 
[INFO] [stdout] 
[INFO] [stderr] error: could not compile `agentcal` (test "approvals_env") due to 1 previous error
[INFO] [stdout] error: linking with `cc` failed: exit status: 1
[INFO] [stdout]   |
[INFO] [stdout]   = note:  "cc" "-m64" "/opt/rustwide/target/debug/examples/rustcz6OUOE/symbols.o" "<3 object files omitted>" "-Wl,--as-needed" "-Wl,-Bstatic" "/opt/rustwide/target/debug/deps/{libagentcal-3b8e873639e493e0,liblibsql-851eade3afb0b7b2,libhyper_rustls-78725787c03160ae,libwebpki_roots-27e9848898173e0d,libwebpki_roots-8b4b3b3e18f86a51,librustls_native_certs-4f1b8cce9e09c78b,librustls_pemfile-072d73fba51d09c1,libopenssl_probe-2c6d21a9709cae46,libtokio_rustls-fb5d2eb728dfe29b,librustls-17403c0a952e834a,libsubtle-2ae6a7038b9a0630,libwebpki-9d7888352cdbb804,libring-fbf3355d7ce64071,libuntrusted-b2f816886faf2178,librustls_pki_types-f9d0b31df971a573,libzeroize-37b2a6e0a2742c6a,libcrc32fast-77160f4e25d6fc25,libserde_json-4102f41736809e93,libzmij-2ca2f302097868c6,libbincode-a6afc287d00a8b25,liblibsql_hrana-549b927a6e986a87,liblibsql_sqlite3_parser-e51b09bbbacedc38,libphf-079d0cedc1a6402e,libphf_shared-496dd7762739bddd,libsiphasher-b16e808df37ae9fc,libuncased-3a8d53810fa3fc61,libfallible_iterator-6e888fb96d72e3e0,libfutures-9e9930eddeb7ee59,libfutures_executor-e8280513f06a5c16,libtonic_web-d8390946ed7ae1fa,libtower_http-f79acd82c19856bb,libanyhow-eeb2152985963809,liblibsql_replication-09599f1e6f519de7,libcbc-bf8f3bedc724821c,libthiserror-7b840c7d63d955fe,libaes-b9887ca591722538,libcpufeatures-e04321643d03190d,libcipher-0466b1a53600647d,libinout-280f029d5c231c55,libblock_padding-26b7542eaae7c8c7,libcrypto_common-8a9f1b13bd5e50cd,libgeneric_array-745cace30f1ed372,libtypenum-ed2b1c93b2a4333a,libtonic-27c37ccb709fb5ae,libhyper_timeout-e0ea826507cc80ca,libtokio_io_timeout-9d386fc62a52516e,libasync_stream-bc49a9ce20cbe14c,libaxum-03fdd1068d6f7ab2,libpercent_encoding-fa055ecaa1e57cfa,libmatchit-616cb01453b9e7d4,libbitflags-dde12b0d7d495b50,libsync_wrapper-b5d3a794a1e9deea,libaxum_core-29d642fbf625bec6,libmime-0188e0814ca7ddbf,libhyper-cc73a77eb7b7f012,libwant-7a6260b9c50f1479,libtry_lock-8fa2f6971035be84,libsocket2-e1543db9b3009e21,libhttparse-8c9b827b8f345444,libh2-d6b2f754d4ad37be,libindexmap-b92bb9c25241b995,libequivalent-6a754676e6af62ae,libhashbrown-d7214d631586fd51,libhttpdate-331798cefc82cc7e,libtower-c86ca69aca519f66,libindexmap-e2dae600d6890aac,libhashbrown-cae2cd0d9cc0a6cf,libtokio_util-6d2033944343bb16,librand-6b2b6defe6215743,librand_chacha-2c095c768b68c4dd,libppv_lite86-4e464ecf9b1fefb4,librand_core-d20af9607fe7e9bd,libgetrandom-39a4c550247d09ec,libfutures_util-70b3599feda28e3f,libmemchr-a932478bde794617,libfutures_io-2de19dd835d0513d,libslab-0582d648e59ab406,libfutures_channel-e55265846f1ca713,libfutures_sink-690a515e9c61c93a,libfutures_task-06c0578367ad4cff,libtower_layer-d908dd771b239ecd,libbase64-13144a1f1e192158,libprost-7fbcba1efef25618,libpin_project-47ad052d4741c2aa,libtower_service-3fb88d28c2218805,libhttp_body-7db4c6fa3991124d,libhttp-2630aa779385bcb8,libitoa-5de11b3b23bfe572,libfnv-79e2cbfbe03dcd16,libtokio_stream-77560d7f8340f629,libfutures_core-97d9bb84a61d4536,libuuid-f3ebc2b302f83aef,libgetrandom-6feb49a1110d2dab,liblibsql_sys-97de3f8ae31e889d,libtracing-28b3da9883909212,liblog-64a74e931fbdff63,libtracing_core-89b602bc4a7d7f8a,librusqlite-5cbe9b80598c8856,libbitflags-7039d3929d603d58,libfallible_streaming_iterator-4b12442690f53239,libfallible_iterator-a337747b23ec23ad,libhashlink-6424c91479e820f7,libhashbrown-1a0a55738b236a57,libahash-96dc97ee057c410c,libonce_cell-b5bdc597ed9676b3,libzerocopy-9545210de90d295f,liballocator_api2-8d9c1e895dea53bd,liblibsql_ffi-6b8370c5a7cb36ce,libzerocopy-bc8fcffcc457bcc5,libbyteorder-9f6ac6743e38a88c,libchrono-fd0de7fd12af9f14,libiana_time_zone-bcd81aefedc374a6,libnum_traits-040817c80e4d7434,libtokio-1ad9bef38fffa24c,libsignal_hook_registry-f069228503febc45,liberrno-8e3700cb740322be,libsocket2-380ed4e5002278b4,libbytes-30068dca5511a70a,libserde-3145fe7df6b0dba9,libserde_core-3c8a23a2a3d3c65e,libmio-40dc0d1736264cdd,libparking_lot-b40359a6f23192d1,libparking_lot_core-b58bfcfa5c08ea34,liblibc-32464e1b8391e223,libcfg_if-83060ec5685761ae,libsmallvec-49e7c38b3e8bf1d7,liblock_api-16d46fed645f7bff,libscopeguard-7ec2214574194454,libpin_project_lite-0a15d51c77964692}.rlib" "<sysroot>/lib/rustlib/x86_64-unknown-linux-gnu/lib/{libstd-*,libpanic_unwind-*,libobject-*,libmemchr-*,libaddr2line-*,libgimli-*,libcfg_if-*,librustc_demangle-*,libstd_detect-*,libhashbrown-*,librustc_std_workspace_alloc-*,libminiz_oxide-*,libadler2-*,libunwind-*,liblibc-*,librustc_std_workspace_core-*,liballoc-*,libcore-*,libcompiler_builtins-*}.rlib" "-Wl,-Bdynamic" "-lgcc_s" "-lutil" "-lrt" "-lpthread" "-lm" "-ldl" "-lc" "-L" "/opt/rustwide/target/debug/examples/rustcz6OUOE/raw-dylibs" "-B<sysroot>/lib/rustlib/x86_64-unknown-linux-gnu/bin/gcc-ld" "-fuse-ld=lld" "-Wl,--eh-frame-hdr" "-Wl,-z,noexecstack" "-L" "/opt/rustwide/target/debug/build/ring-c61a46c34028e77a/out" "-L" "/opt/rustwide/target/debug/build/libsql-ffi-805d6318d7f37bf0/out" "-L" "<sysroot>/lib/rustlib/x86_64-unknown-linux-gnu/lib" "-o" "/opt/rustwide/target/debug/examples/query_crm-8bf0ea76d1ac28e4" "-Wl,--gc-sections" "-pie" "-Wl,-z,relro,-z,now" "-nodefaultlibs"
[INFO] [stdout]   = note: some arguments are omitted. use `--verbose` to show all linker arguments
[INFO] [stdout]   = note: collect2: fatal error: ld terminated with signal 9 [Killed]
[INFO] [stdout]           compilation terminated.
[INFO] [stdout]           
[INFO] [stdout] 
[INFO] [stdout] 
[INFO] [stderr] error: could not compile `agentcal` (example "query_crm") due to 1 previous error
[INFO] [stdout] error: linking with `cc` failed: exit status: 1
[INFO] [stdout]   |
[INFO] [stdout]   = note:  "cc" "-m64" "/opt/rustwide/target/debug/deps/rustc7d3qTe/symbols.o" "<3 object files omitted>" "-Wl,--as-needed" "-Wl,-Bstatic" "/opt/rustwide/target/debug/deps/{libtempfile-1de48071c4d261c5,libfastrand-bab015aa83fcde07,librustix-04badb96c53eccb6,liblinux_raw_sys-0b6cde911e9a3109}.rlib" "<sysroot>/lib/rustlib/x86_64-unknown-linux-gnu/lib/{libtest-*,libgetopts-*,librustc_std_workspace_std-*}.rlib" "/opt/rustwide/target/debug/deps/{libagentcal-3b8e873639e493e0,liblibsql-851eade3afb0b7b2,libhyper_rustls-78725787c03160ae,libwebpki_roots-27e9848898173e0d,libwebpki_roots-8b4b3b3e18f86a51,librustls_native_certs-4f1b8cce9e09c78b,librustls_pemfile-072d73fba51d09c1,libopenssl_probe-2c6d21a9709cae46,libtokio_rustls-fb5d2eb728dfe29b,librustls-17403c0a952e834a,libsubtle-2ae6a7038b9a0630,libwebpki-9d7888352cdbb804,libring-fbf3355d7ce64071,libuntrusted-b2f816886faf2178,librustls_pki_types-f9d0b31df971a573,libzeroize-37b2a6e0a2742c6a,libcrc32fast-77160f4e25d6fc25,libserde_json-4102f41736809e93,libzmij-2ca2f302097868c6,libbincode-a6afc287d00a8b25,liblibsql_hrana-549b927a6e986a87,liblibsql_sqlite3_parser-e51b09bbbacedc38,libphf-079d0cedc1a6402e,libphf_shared-496dd7762739bddd,libsiphasher-b16e808df37ae9fc,libuncased-3a8d53810fa3fc61,libfallible_iterator-6e888fb96d72e3e0,libfutures-9e9930eddeb7ee59,libfutures_executor-e8280513f06a5c16,libtonic_web-d8390946ed7ae1fa,libtower_http-f79acd82c19856bb,libanyhow-eeb2152985963809,liblibsql_replication-09599f1e6f519de7,libcbc-bf8f3bedc724821c,libthiserror-7b840c7d63d955fe,libaes-b9887ca591722538,libcpufeatures-e04321643d03190d,libcipher-0466b1a53600647d,libinout-280f029d5c231c55,libblock_padding-26b7542eaae7c8c7,libcrypto_common-8a9f1b13bd5e50cd,libgeneric_array-745cace30f1ed372,libtypenum-ed2b1c93b2a4333a,libtonic-27c37ccb709fb5ae,libhyper_timeout-e0ea826507cc80ca,libtokio_io_timeout-9d386fc62a52516e,libasync_stream-bc49a9ce20cbe14c,libaxum-03fdd1068d6f7ab2,libpercent_encoding-fa055ecaa1e57cfa,libmatchit-616cb01453b9e7d4,libbitflags-dde12b0d7d495b50,libsync_wrapper-b5d3a794a1e9deea,libaxum_core-29d642fbf625bec6,libmime-0188e0814ca7ddbf,libhyper-cc73a77eb7b7f012,libwant-7a6260b9c50f1479,libtry_lock-8fa2f6971035be84,libsocket2-e1543db9b3009e21,libhttparse-8c9b827b8f345444,libh2-d6b2f754d4ad37be,libindexmap-b92bb9c25241b995,libequivalent-6a754676e6af62ae,libhashbrown-d7214d631586fd51,libhttpdate-331798cefc82cc7e,libtower-c86ca69aca519f66,libindexmap-e2dae600d6890aac,libhashbrown-cae2cd0d9cc0a6cf,libtokio_util-6d2033944343bb16,librand-6b2b6defe6215743,librand_chacha-2c095c768b68c4dd,libppv_lite86-4e464ecf9b1fefb4,librand_core-d20af9607fe7e9bd,libgetrandom-39a4c550247d09ec,libfutures_util-70b3599feda28e3f,libmemchr-a932478bde794617,libfutures_io-2de19dd835d0513d,libslab-0582d648e59ab406,libfutures_channel-e55265846f1ca713,libfutures_sink-690a515e9c61c93a,libfutures_task-06c0578367ad4cff,libtower_layer-d908dd771b239ecd,libbase64-13144a1f1e192158,libprost-7fbcba1efef25618,libpin_project-47ad052d4741c2aa,libtower_service-3fb88d28c2218805,libhttp_body-7db4c6fa3991124d,libhttp-2630aa779385bcb8,libitoa-5de11b3b23bfe572,libfnv-79e2cbfbe03dcd16,libtokio_stream-77560d7f8340f629,libfutures_core-97d9bb84a61d4536,libuuid-f3ebc2b302f83aef,libgetrandom-6feb49a1110d2dab,liblibsql_sys-97de3f8ae31e889d,libtracing-28b3da9883909212,liblog-64a74e931fbdff63,libtracing_core-89b602bc4a7d7f8a,librusqlite-5cbe9b80598c8856,libbitflags-7039d3929d603d58,libfallible_streaming_iterator-4b12442690f53239,libfallible_iterator-a337747b23ec23ad,libhashlink-6424c91479e820f7,libhashbrown-1a0a55738b236a57,libahash-96dc97ee057c410c,libonce_cell-b5bdc597ed9676b3,libzerocopy-9545210de90d295f,liballocator_api2-8d9c1e895dea53bd,liblibsql_ffi-6b8370c5a7cb36ce,libzerocopy-bc8fcffcc457bcc5,libbyteorder-9f6ac6743e38a88c,libchrono-fd0de7fd12af9f14,libiana_time_zone-bcd81aefedc374a6,libnum_traits-040817c80e4d7434,libtokio-1ad9bef38fffa24c,libsignal_hook_registry-f069228503febc45,liberrno-8e3700cb740322be,libsocket2-380ed4e5002278b4,libbytes-30068dca5511a70a,libserde-3145fe7df6b0dba9,libserde_core-3c8a23a2a3d3c65e,libmio-40dc0d1736264cdd,libparking_lot-b40359a6f23192d1,libparking_lot_core-b58bfcfa5c08ea34,liblibc-32464e1b8391e223,libcfg_if-83060ec5685761ae,libsmallvec-49e7c38b3e8bf1d7,liblock_api-16d46fed645f7bff,libscopeguard-7ec2214574194454,libpin_project_lite-0a15d51c77964692}.rlib" "<sysroot>/lib/rustlib/x86_64-unknown-linux-gnu/lib/{libstd-*,libpanic_unwind-*,libobject-*,libmemchr-*,libaddr2line-*,libgimli-*,libcfg_if-*,librustc_demangle-*,libstd_detect-*,libhashbrown-*,librustc_std_workspace_alloc-*,libminiz_oxide-*,libadler2-*,libunwind-*,liblibc-*,librustc_std_workspace_core-*,liballoc-*,libcore-*,libcompiler_builtins-*}.rlib" "-Wl,-Bdynamic" "-lgcc_s" "-lutil" "-lrt" "-lpthread" "-lm" "-ldl" "-lc" "-L" "/opt/rustwide/target/debug/deps/rustc7d3qTe/raw-dylibs" "-B<sysroot>/lib/rustlib/x86_64-unknown-linux-gnu/bin/gcc-ld" "-fuse-ld=lld" "-Wl,--eh-frame-hdr" "-Wl,-z,noexecstack" "-L" "/opt/rustwide/target/debug/build/ring-c61a46c34028e77a/out" "-L" "/opt/rustwide/target/debug/build/libsql-ffi-805d6318d7f37bf0/out" "-L" "<sysroot>/lib/rustlib/x86_64-unknown-linux-gnu/lib" "-o" "/opt/rustwide/target/debug/deps/kill_switch-dba674f78e79674a" "-Wl,--gc-sections" "-pie" "-Wl,-z,relro,-z,now" "-nodefaultlibs"
[INFO] [stdout]   = note: some arguments are omitted. use `--verbose` to show all linker arguments
[INFO] [stdout]   = note: collect2: fatal error: ld terminated with signal 9 [Killed]
[INFO] [stdout]           compilation terminated.
[INFO] [stdout]           
[INFO] [stdout] 
[INFO] [stdout] 
[INFO] [stderr] error: could not compile `agentcal` (test "kill_switch") due to 1 previous error
[INFO] running `Command { std: "docker" "inspect" "3e3fc749d924cd452a098e99ff7b6d1af1b920f72942e8e31caf7585fc5a95f2", kill_on_drop: false }`
[INFO] running `Command { std: "docker" "rm" "-f" "3e3fc749d924cd452a098e99ff7b6d1af1b920f72942e8e31caf7585fc5a95f2", kill_on_drop: false }`
[INFO] [stdout] 3e3fc749d924cd452a098e99ff7b6d1af1b920f72942e8e31caf7585fc5a95f2
