[INFO] cloning repository https://github.com/CogniPilot/xacro-pure
[INFO] running `Command { std: "git" "-c" "credential.helper=" "-c" "credential.helper=/workspace/cargo-home/bin/git-credential-null" "clone" "--bare" "https://github.com/CogniPilot/xacro-pure" "/workspace/cache/git-repos/https%3A%2F%2Fgithub.com%2FCogniPilot%2Fxacro-pure", kill_on_drop: false }`
[INFO] [stderr] Cloning into bare repository '/workspace/cache/git-repos/https%3A%2F%2Fgithub.com%2FCogniPilot%2Fxacro-pure'...
[INFO] running `Command { std: "git" "rev-parse" "HEAD", kill_on_drop: false }`
[INFO] [stdout] b899c1dbc4194d05403115030efb8a2c3f95e79e
[INFO] testing CogniPilot/xacro-pure against 1.99.0-beta.8 for beta-1.100-2
[INFO] running `Command { std: "git" "clone" "/workspace/cache/git-repos/https%3A%2F%2Fgithub.com%2FCogniPilot%2Fxacro-pure" "/workspace/builds/worker-7-tc1/source", kill_on_drop: false }`
[INFO] [stderr] Cloning into '/workspace/builds/worker-7-tc1/source'...
[INFO] [stderr] done.
[INFO] started tweaking git repo https://github.com/CogniPilot/xacro-pure
[INFO] finished tweaking git repo https://github.com/CogniPilot/xacro-pure
[INFO] tweaked toml for git repo https://github.com/CogniPilot/xacro-pure written to /workspace/builds/worker-7-tc1/source/Cargo.toml
[INFO] validating manifest of git repo https://github.com/CogniPilot/xacro-pure on toolchain 1.99.0-beta.8
[INFO] running `Command { std: CARGO_HOME="/workspace/cargo-home" RUSTUP_HOME="/workspace/rustup-home" "/workspace/cargo-home/bin/cargo" "+1.99.0-beta.8" "metadata" "--manifest-path" "Cargo.toml" "--no-deps", kill_on_drop: false }`
[INFO] crate git repo https://github.com/CogniPilot/xacro-pure already has a lockfile, it will not be regenerated
[INFO] running `Command { std: CARGO_HOME="/workspace/cargo-home" RUSTUP_HOME="/workspace/rustup-home" "/workspace/cargo-home/bin/cargo" "+1.99.0-beta.8" "fetch" "--manifest-path" "Cargo.toml", kill_on_drop: false }`
[INFO] [stderr]     Updating crates.io index
[INFO] [stderr]  Downloading crates ...
[INFO] [stderr]   Downloaded yaml-rust2 v0.10.4
[INFO] [stderr]   Downloaded xmltree v0.11.0
[INFO] [stderr]   Downloaded unicode_names2_generator v1.3.0
[INFO] [stderr]   Downloaded rustpython-literal v0.4.0
[INFO] [stderr]   Downloaded malachite v0.4.22
[INFO] [stderr]   Downloaded syn-ext v0.4.0
[INFO] [stderr]   Downloaded malachite-bigint v0.2.3
[INFO] [stderr]   Downloaded rustpython-derive v0.4.0
[INFO] [stderr]   Downloaded rustpython-parser-core v0.4.0
[INFO] [stderr]   Downloaded is-macro v0.3.7
[INFO] [stderr]   Downloaded unic-emoji-char v0.9.0
[INFO] [stderr]   Downloaded result-like v0.4.6
[INFO] [stderr]   Downloaded result-like-derive v0.4.6
[INFO] [stderr]   Downloaded rustpython-parser-vendored v0.4.0
[INFO] [stderr]   Downloaded rustpython-compiler v0.4.0
[INFO] [stderr]   Downloaded rustpython-sre_engine v0.4.0
[INFO] [stderr]   Downloaded rustpython-format v0.4.0
[INFO] [stderr]   Downloaded pmutil v0.5.3
[INFO] [stderr]   Downloaded junction v1.4.2
[INFO] [stderr]   Downloaded unic-ucd-bidi v0.9.0
[INFO] [stderr]   Downloaded exitcode v1.1.2
[INFO] [stderr]   Downloaded volatile v0.3.0
[INFO] [stderr]   Downloaded rustpython-derive-impl v0.4.0
[INFO] [stderr]   Downloaded unicode-casing v0.1.1
[INFO] [stderr]   Downloaded timsort v0.1.3
[INFO] [stderr]   Downloaded rustpython-codegen v0.4.0
[INFO] [stderr]   Downloaded unic-ucd-category v0.9.0
[INFO] [stderr]   Downloaded rustpython-compiler-core v0.4.0
[INFO] [stderr]   Downloaded caseless v0.2.2
[INFO] [stderr]   Downloaded optional v0.5.0
[INFO] [stderr]   Downloaded rustpython-common v0.4.0
[INFO] [stderr]   Downloaded rustpython-ast v0.4.0
[INFO] [stderr]   Downloaded textwrap v0.15.2
[INFO] [stderr]   Downloaded rustpython-doc v0.3.0
[INFO] [stderr]   Downloaded rustpython-parser v0.4.0
[INFO] [stderr]   Downloaded malachite-q v0.4.22
[INFO] [stderr]   Downloaded unicode_names2 v1.3.0
[INFO] [stderr]   Downloaded rustpython-vm v0.4.0
[INFO] [stderr]   Downloaded malachite-base v0.4.22
[INFO] [stderr]   Downloaded malachite-nz v0.4.22
[INFO] running `Command { std: "docker" "create" "-v" "/var/lib/crater-agent-workspace/builds/worker-7-tc1/source:/opt/rustwide/workdir:ro,Z" "-v" "/var/lib/crater-agent-workspace/builds/worker-7-tc1/target:/opt/rustwide/target:rw,Z" "-v" "/var/lib/crater-agent-workspace/cargo-home:/opt/rustwide/cargo-home:ro,Z" "-v" "/var/lib/crater-agent-workspace/rustup-home:/opt/rustwide/rustup-home:ro,Z" "-m" "1610612736" "--network" "none" "ghcr.io/rust-lang/crates-build-env/linux@sha256:3111399a4047eeb3a02b7a90e478d715f38a8c6669b5c4b49d30a17385265909" "sleep" "infinity", kill_on_drop: false }`
[INFO] [stdout] 6cf0d705cb4bd86523965558a8477b67606f633af2e4f9a1eb69ccde82ccba6f
[INFO] running `Command { std: "docker" "start" "6cf0d705cb4bd86523965558a8477b67606f633af2e4f9a1eb69ccde82ccba6f", kill_on_drop: false }`
[INFO] running `Command { std: "docker" "inspect" "6cf0d705cb4bd86523965558a8477b67606f633af2e4f9a1eb69ccde82ccba6f", kill_on_drop: false }`
[INFO] running `Command { std: "docker" "exec" "-e" "SOURCE_DIR=/opt/rustwide/workdir" "-e" "CARGO_HOME=/opt/rustwide/cargo-home" "-e" "RUSTUP_HOME=/opt/rustwide/rustup-home" "-e" "CARGO_TARGET_DIR=/opt/rustwide/target" "-w" "/opt/rustwide/workdir" "--user" "0:0" "6cf0d705cb4bd86523965558a8477b67606f633af2e4f9a1eb69ccde82ccba6f" "/opt/rustwide/cargo-home/bin/cargo" "+1.99.0-beta.8" "metadata" "--no-deps" "--format-version=1", kill_on_drop: false }`
[INFO] running `Command { std: "docker" "inspect" "6cf0d705cb4bd86523965558a8477b67606f633af2e4f9a1eb69ccde82ccba6f", kill_on_drop: false }`
[INFO] running `Command { std: "docker" "exec" "-e" "SOURCE_DIR=/opt/rustwide/workdir" "-e" "CARGO_HOME=/opt/rustwide/cargo-home" "-e" "RUSTUP_HOME=/opt/rustwide/rustup-home" "-e" "CARGO_TARGET_DIR=/opt/rustwide/target" "-e" "CARGO_INCREMENTAL=0" "-e" "RUST_BACKTRACE=full" "-e" "RUSTFLAGS=--cap-lints=warn" "-e" "RUSTDOCFLAGS=--cap-lints=warn" "-w" "/opt/rustwide/workdir" "--user" "0:0" "6cf0d705cb4bd86523965558a8477b67606f633af2e4f9a1eb69ccde82ccba6f" "/opt/rustwide/cargo-home/bin/cargo" "+1.99.0-beta.8" "build" "--frozen" "--message-format=json", kill_on_drop: false }`
[INFO] [stderr]    Compiling zerocopy v0.8.52
[INFO] [stderr]    Compiling libc v0.2.186
[INFO] [stderr]    Compiling getrandom v0.3.4
[INFO] [stderr]    Compiling libm v0.2.16
[INFO] [stderr]    Compiling malachite-nz v0.4.22
[INFO] [stderr]    Compiling siphasher v1.0.3
[INFO] [stderr]    Compiling ahash v0.8.12
[INFO] [stderr]    Compiling num-traits v0.2.19
[INFO] [stderr]    Compiling unic-common v0.9.0
[INFO] [stderr]    Compiling memchr v2.8.2
[INFO] [stderr]    Compiling unic-char-range v0.9.0
[INFO] [stderr]    Compiling quote v1.0.46
[INFO] [stderr]    Compiling either v1.16.0
[INFO] [stderr]    Compiling lexical-util v0.8.5
[INFO] [stderr]    Compiling unic-ucd-version v0.9.0
[INFO] [stderr]    Compiling unic-char-property v0.9.0
[INFO] [stderr]    Compiling syn v2.0.118
[INFO] [stderr]    Compiling bitflags v2.13.0
[INFO] [stderr]    Compiling log v0.4.33
[INFO] [stderr]    Compiling matches v0.1.10
[INFO] [stderr]    Compiling itertools v0.11.0
[INFO] [stderr]    Compiling unic-ucd-category v0.9.0
[INFO] [stderr]    Compiling hashbrown v0.17.1
[INFO] [stderr]    Compiling phf_shared v0.11.3
[INFO] [stderr]    Compiling unicode-width v0.2.2
[INFO] [stderr]    Compiling crunchy v0.2.4
[INFO] [stderr]    Compiling anyhow v1.0.103
[INFO] [stderr]    Compiling twox-hash v2.1.2
[INFO] [stderr]    Compiling tiny-keccak v2.0.2
[INFO] [stderr]    Compiling syn v1.0.109
[INFO] [stderr]    Compiling lz4_flex v0.11.6
[INFO] [stderr]    Compiling getopts v0.2.24
[INFO] [stderr]    Compiling rustpython-parser-vendored v0.4.0
[INFO] [stderr]    Compiling indexmap v2.14.0
[INFO] [stderr]    Compiling winnow v1.0.3
[INFO] [stderr]    Compiling unic-emoji-char v0.9.0
[INFO] [stderr]    Compiling unic-ucd-ident v0.9.0
[INFO] [stderr]    Compiling smallvec v1.15.2
[INFO] [stderr]    Compiling lexical-parse-integer v0.8.6
[INFO] [stderr]    Compiling lalrpop-util v0.20.2
[INFO] [stderr]    Compiling lexical-parse-float v0.8.5
[INFO] [stderr]    Compiling num-complex v0.4.6
[INFO] [stderr]    Compiling num-integer v0.1.46
[INFO] [stderr]    Compiling getrandom v0.2.17
[INFO] [stderr]    Compiling toml_datetime v1.1.1+spec-1.1.0
[INFO] [stderr]    Compiling phf v0.11.3
[INFO] [stderr]    Compiling rand_core v0.6.4
[INFO] [stderr]    Compiling rustix v1.1.4
[INFO] [stderr]    Compiling nix v0.28.0
[INFO] [stderr]    Compiling memoffset v0.9.1
[INFO] [stderr]    Compiling rustix v0.38.44
[INFO] [stderr]    Compiling semver v1.0.28
[INFO] [stderr]    Compiling linux-raw-sys v0.12.1
[INFO] [stderr]    Compiling tinyvec v1.11.0
[INFO] [stderr]    Compiling rustc_version v0.4.1
[INFO] [stderr]    Compiling nibble_vec v0.1.0
[INFO] [stderr]    Compiling rustpython-doc v0.3.0
[INFO] [stderr]    Compiling regex-automata v0.1.10
[INFO] [stderr]    Compiling textwrap v0.15.2
[INFO] [stderr]    Compiling endian-type v0.1.2
[INFO] [stderr]    Compiling glob v0.3.3
[INFO] [stderr]    Compiling linux-raw-sys v0.4.15
[INFO] [stderr]    Compiling home v0.5.12
[INFO] [stderr]    Compiling maplit v1.0.2
[INFO] [stderr]    Compiling hashbrown v0.15.5
[INFO] [stderr]    Compiling bstr v0.2.17
[INFO] [stderr]    Compiling radix_trie v0.2.1
[INFO] [stderr]    Compiling ascii v1.1.0
[INFO] [stderr]    Compiling rustpython-vm v0.4.0
[INFO] [stderr]    Compiling heck v0.4.1
[INFO] [stderr]    Compiling unicode-segmentation v1.13.3
[INFO] [stderr]    Compiling unicode-normalization v0.1.25
[INFO] [stderr]    Compiling siphasher v0.3.11
[INFO] [stderr]    Compiling optional v0.5.0
[INFO] [stderr]    Compiling volatile v0.3.0
[INFO] [stderr]    Compiling chrono v0.4.45
[INFO] [stderr]    Compiling unic-ucd-bidi v0.9.0
[INFO] [stderr]    Compiling exitcode v1.1.2
[INFO] [stderr]    Compiling arraydeque v0.5.1
[INFO] [stderr]    Compiling timsort v0.1.3
[INFO] [stderr]    Compiling xml-rs v0.8.28
[INFO] [stderr]    Compiling hashlink v0.10.0
[INFO] [stderr]    Compiling unicode-casing v0.1.1
[INFO] [stderr]    Compiling parking_lot_core v0.9.12
[INFO] [stderr]    Compiling atty v0.2.14
[INFO] [stderr]    Compiling uname v0.1.1
[INFO] [stderr]    Compiling num_cpus v1.17.0
[INFO] [stderr]    Compiling toml_parser v1.1.2+spec-1.1.0
[INFO] [stderr]    Compiling caseless v0.2.2
[INFO] [stderr]    Compiling nix v0.27.1
[INFO] [stderr]    Compiling parking_lot v0.12.5
[INFO] [stderr]    Compiling half v1.8.3
[INFO] [stderr]    Compiling strum v0.24.1
[INFO] [stderr]    Compiling xmltree v0.11.0
[INFO] [stderr]    Compiling yaml-rust2 v0.10.4
[INFO] [stderr]    Compiling toml_edit v0.25.12+spec-1.1.0
[INFO] [stderr]    Compiling num-bigint v0.4.6
[INFO] [stderr]    Compiling proc-macro-crate v3.5.0
[INFO] [stderr]    Compiling which v4.4.2
[INFO] [stderr]    Compiling derive_more-impl v1.0.0
[INFO] [stderr]    Compiling is-macro v0.3.7
[INFO] [stderr]    Compiling thiserror-impl v1.0.69
[INFO] [stderr]    Compiling fd-lock v4.0.4
[INFO] [stderr]    Compiling syn-ext v0.4.0
[INFO] [stderr]    Compiling pmutil v0.5.3
[INFO] [stderr]    Compiling num_enum_derive v0.7.6
[INFO] [stderr]    Compiling rustpython-parser-core v0.4.0
[INFO] [stderr]    Compiling rustpython-literal v0.4.0
[INFO] [stderr]    Compiling rustyline v14.0.0
[INFO] [stderr]    Compiling result-like-derive v0.4.6
[INFO] [stderr]    Compiling strum_macros v0.24.3
[INFO] [stderr]    Compiling num_enum v0.7.6
[INFO] [stderr]    Compiling ppv-lite86 v0.2.21
[INFO] [stderr]    Compiling thiserror v1.0.69
[INFO] [stderr]    Compiling rustpython-sre_engine v0.4.0
[INFO] [stderr]    Compiling hashbrown v0.14.5
[INFO] [stderr]    Compiling rand_chacha v0.3.1
[INFO] [stderr]    Compiling rand v0.8.6
[INFO] [stderr]    Compiling malachite-base v0.4.22
[INFO] [stderr]    Compiling derive_more v1.0.0
[INFO] [stderr]    Compiling result-like v0.4.6
[INFO] [stderr]    Compiling phf_generator v0.11.3
[INFO] [stderr]    Compiling phf_codegen v0.11.3
[INFO] [stderr]    Compiling unicode_names2_generator v1.3.0
[INFO] [stderr]    Compiling rustpython-parser v0.4.0
[INFO] [stderr]    Compiling unicode_names2 v1.3.0
[INFO] [stderr]    Compiling malachite-q v0.4.22
[INFO] [stderr]    Compiling malachite v0.4.22
[INFO] [stderr]    Compiling malachite-bigint v0.2.3
[INFO] [stderr]    Compiling rustpython-compiler-core v0.4.0
[INFO] [stderr]    Compiling rustpython-ast v0.4.0
[INFO] [stderr]    Compiling rustpython-format v0.4.0
[INFO] [stderr]    Compiling rustpython-common v0.4.0
[INFO] [stderr]    Compiling rustpython-derive-impl v0.4.0
[INFO] [stderr]    Compiling rustpython-codegen v0.4.0
[INFO] [stderr]    Compiling rustpython-compiler v0.4.0
[INFO] [stderr]    Compiling rustpython-derive v0.4.0
[INFO] [stderr]    Compiling xacro-pure v0.1.1 (/opt/rustwide/workdir)
[INFO] [stderr]     Finished `dev` profile [unoptimized + debuginfo] target(s) in 1m 58s
[INFO] running `Command { std: "docker" "inspect" "6cf0d705cb4bd86523965558a8477b67606f633af2e4f9a1eb69ccde82ccba6f", kill_on_drop: false }`
[INFO] running `Command { std: "docker" "exec" "-e" "SOURCE_DIR=/opt/rustwide/workdir" "-e" "CARGO_HOME=/opt/rustwide/cargo-home" "-e" "RUSTUP_HOME=/opt/rustwide/rustup-home" "-e" "CARGO_TARGET_DIR=/opt/rustwide/target" "-e" "CARGO_INCREMENTAL=0" "-e" "RUST_BACKTRACE=full" "-e" "RUSTFLAGS=--cap-lints=warn" "-e" "RUSTDOCFLAGS=--cap-lints=warn" "-w" "/opt/rustwide/workdir" "--user" "0:0" "6cf0d705cb4bd86523965558a8477b67606f633af2e4f9a1eb69ccde82ccba6f" "/opt/rustwide/cargo-home/bin/cargo" "+1.99.0-beta.8" "test" "--frozen" "--no-run" "--message-format=json", kill_on_drop: false }`
[INFO] [stderr]    Compiling xacro-pure v0.1.1 (/opt/rustwide/workdir)
[INFO] [stderr] error: could not compile `xacro-pure` (lib test)
[INFO] [stderr] 
[INFO] [stderr] Caused by:
[INFO] [stderr]   process didn't exit successfully: `/opt/rustwide/rustup-home/toolchains/1.99.0-beta.8-x86_64-unknown-linux-gnu/bin/rustc --crate-name xacro_pure --edition=2021 src/lib.rs --error-format=json --json=diagnostic-rendered-ansi,artifacts,future-incompat --emit=dep-info,link -C embed-bitcode=no -C debuginfo=2 --test --check-cfg 'cfg(docsrs,test)' --check-cfg 'cfg(feature, values())' -C metadata=93c579b5b5fae314 -C extra-filename=-2c22da8e0c27b6b1 --out-dir /opt/rustwide/target/debug/deps -L dependency=/opt/rustwide/target/debug/deps --extern indexmap=/opt/rustwide/target/debug/deps/libindexmap-b92bb9c25241b995.rlib --extern malachite_bigint=/opt/rustwide/target/debug/deps/libmalachite_bigint-6e840d6680a975b6.rlib --extern num_bigint=/opt/rustwide/target/debug/deps/libnum_bigint-38e6aba430d14b1b.rlib --extern num_traits=/opt/rustwide/target/debug/deps/libnum_traits-888f07a85755f3c0.rlib --extern rustpython_vm=/opt/rustwide/target/debug/deps/librustpython_vm-a36542bcdfd31622.rlib --extern unicode_ident=/opt/rustwide/target/debug/deps/libunicode_ident-1996c11fff15f062.rlib --extern xmltree=/opt/rustwide/target/debug/deps/libxmltree-539ba6c7e45b7e76.rlib --extern yaml_rust2=/opt/rustwide/target/debug/deps/libyaml_rust2-8a61424eff08776b.rlib --cap-lints=warn` (signal: 9, SIGKILL: kill)
[INFO] [stderr] warning: build failed, waiting for other jobs to finish...
[INFO] [stdout] error: linking with `cc` failed: exit status: 1
[INFO] [stdout]   |
[INFO] [stdout]   = note:  "cc" "-m64" "/opt/rustwide/target/debug/deps/rustcfuOfX1/symbols.o" "<3 object files omitted>" "-Wl,--as-needed" "-Wl,-Bstatic" "<sysroot>/lib/rustlib/x86_64-unknown-linux-gnu/lib/{libtest-*,libgetopts-*,librustc_std_workspace_std-*}.rlib" "/opt/rustwide/target/debug/deps/{libxacro_pure-1c52c234496c9ed3,libunicode_ident-1996c11fff15f062,libyaml_rust2-8a61424eff08776b,libencoding_rs-c7a67ac351c2b19f,libarraydeque-113b06ef7681d200,libhashlink-2e976e08e9e3b634,libhashbrown-8da8fd0b7703f558,libfoldhash-07f233db1c671507,libxmltree-539ba6c7e45b7e76,libxml-8001e380a02b20a3,librustpython_vm-a36542bcdfd31622,libwhich-adadeaa92051c865,librustix-7496503439ea0e65,liblinux_raw_sys-e0d87a58652c2b0b,libuname-05f04aa51ff15535,libexitcode-9467c29269234ef8,libnum_cpus-22da3f91def6a041,libparking_lot-920f561c9d582d13,libparking_lot_core-184c30b48d87f7b4,libatty-524687fe88627b49,libhex-13e08b3b00984ab7,libcaseless-8330c2249a806eb3,libunicode_normalization-38897611c04e14d9,libtinyvec-aaac35e3e185f648,libtinyvec_macros-7b77ea21c73594ca,libtimsort-ffcf615e78a37b47,libstrum-1c4e15504d531528,librustpython_sre_engine-6c82ea98108ec957,libresult_like-8c12d090bc317770,libnum_enum-1f69415339df71c2,libchrono-f4b06f5f74d1e421,libiana_time_zone-bcd81aefedc374a6,libnix-2108bc902ceca6f1,libmemoffset-c85e7f1a92075f90,liboptional-06dcef7884484df1,librustyline-a1bc0aceb277aff7,libutf8parse-92d0158219063202,libnix-ccb325506ba2436f,libfd_lock-22444c8cdb3b9196,librustix-02d97837cd9bd231,liblinux_raw_sys-0b6cde911e9a3109,libunicode_width-b1bc0d6c10c00ecc,libunicode_segmentation-7adb7faea6d97d51,libhome-2459c00c573c2c5a,libradix_trie-1475f873edbf3c12,libnibble_vec-9401b977d4ade589,libsmallvec-49e7c38b3e8bf1d7,libendian_type-86fda68ea442df8c,librustpython_compiler-128b529055728907,librustpython_parser-6c316ee568f74f6f,libunicode_names2-5baf2c241da682b8,libphf-b8e5f21137260934,libphf_shared-b11cc979db3e2b58,libsiphasher-b16e808df37ae9fc,liblalrpop_util-5209fe84729b3023,libunic_emoji_char-5b738fa4f5400f16,librustc_hash-d7c4a66f98a2548f,librustpython_codegen-6ffbc1d4c2125c2a,librustpython_compiler_core-15eeacd2180b788c,liblz4_flex-b118d703de0399c1,libtwox_hash-c9d9f93d232d2481,librustpython_ast-274abf3294bc57c0,librustpython_parser_core-4d459bfe2535287a,librustpython_parser_vendored-c28b524f1ef5d297,libunicode_casing-40c4915407e38ceb,libunic_ucd_ident-0f648103594f8444,libunic_ucd_bidi-0092c81a786ed03a,librustpython_common-d848b59e9a1aacfb,librand-09592cca385cd098,librand_chacha-d1e08fb79ec236d4,libppv_lite86-777369bdcdfa9d1d,librand_core-47d1f210a2720dfd,libgetrandom-e5ac493054ce5ba8,librustpython_format-b21d0554f45c8d28,librustpython_literal-0cc8af4f60f15528,libhexf_parse-72d4824186d79465,liblexical_parse_float-1b1aa84b50cc24bc,liblexical_parse_integer-03db400c0045701d,liblexical_util-5478c93ebed23a1a,libstatic_assertions-f0217ecdd817a834,libunic_ucd_category-aafca78a5ced0573,libunic_ucd_version-0b9ee98f0d6b7b81,libunic_common-a65df4a110d91abe,libunic_char_property-9ce012fe8d0b5d14,libunic_char_range-8e1d66dda6c5c77f,libmatches-12896af12519b727,liblock_api-16d46fed645f7bff,libscopeguard-7ec2214574194454,libsiphasher-6bb0304e8b0d0631,libascii-9b9d62dee4f71246,libvolatile-89a947e63693b4fc,libradium-df668b38f12b3f7a,libnum_complex-ba678b671b892d67,libbstr-8f60e043d6c4e923,liblazy_static-3674be3f4245d19b,libregex_automata-31d378b01f1978af,libmemchr-2857f5b45a031ab1,libcrossbeam_utils-f696a08ab1e94e7a,libmalachite_bigint-6e840d6680a975b6,libmalachite-042b9af5a5cfeb21,libmalachite_q-cc61cf835b21ae41,libmalachite_nz-42e96ff72b57a4f0,libmalachite_base-d38d40103a26bd02,libryu-1f4f40e4352371e5,liblibm-5b428e9a242d4b36,libhashbrown-04ba1efd467ba4e1,libahash-7dc07a446eafe175,libgetrandom-cc909a37ddc04352,liblibc-177b4b632c025eff,libonce_cell-b5bdc597ed9676b3,libcfg_if-83060ec5685761ae,libzerocopy-75aa8ee85b4f20a8,libderive_more-2d51bdd2fa077bdb,libitertools-5fc1551408840b7e,libeither-3938c0541cce4f3e,libhalf-86c70b8d654c79a1,liblog-64a74e931fbdff63,libbitflags-4d66d68843710487,libnum_bigint-38e6aba430d14b1b,libnum_integer-f7e554cc6c996777,libnum_traits-888f07a85755f3c0,libindexmap-b92bb9c25241b995,libequivalent-6a754676e6af62ae,libhashbrown-d7214d631586fd51}.rlib" "<sysroot>/lib/rustlib/x86_64-unknown-linux-gnu/lib/{libstd-*,libpanic_unwind-*,libobject-*,libmemchr-*,libaddr2line-*,libgimli-*,libcfg_if-*,librustc_demangle-*,libstd_detect-*,libhashbrown-*,librustc_std_workspace_alloc-*,libminiz_oxide-*,libadler2-*,libunwind-*,liblibc-*,librustc_std_workspace_core-*,liballoc-*,libcore-*,libcompiler_builtins-*}.rlib" "-Wl,-Bdynamic" "-lgcc_s" "-lutil" "-lrt" "-lpthread" "-lm" "-ldl" "-lc" "-L" "/opt/rustwide/target/debug/deps/rustcfuOfX1/raw-dylibs" "-B<sysroot>/lib/rustlib/x86_64-unknown-linux-gnu/bin/gcc-ld" "-fuse-ld=lld" "-Wl,--eh-frame-hdr" "-Wl,-z,noexecstack" "-L" "<sysroot>/lib/rustlib/x86_64-unknown-linux-gnu/lib" "-o" "/opt/rustwide/target/debug/deps/pipeline-f4ed08eba0bc0fcb" "-Wl,--gc-sections" "-pie" "-Wl,-z,relro,-z,now" "-nodefaultlibs"
[INFO] [stdout]   = note: some arguments are omitted. use `--verbose` to show all linker arguments
[INFO] [stdout]   = note: collect2: fatal error: ld terminated with signal 9 [Killed]
[INFO] [stdout]           compilation terminated.
[INFO] [stdout]           
[INFO] [stdout] 
[INFO] [stdout] 
[INFO] [stderr] error: could not compile `xacro-pure` (test "pipeline") due to 1 previous error
[INFO] [stdout] error: linking with `cc` failed: exit status: 1
[INFO] [stdout]   |
[INFO] [stdout]   = note:  "cc" "-m64" "/opt/rustwide/target/debug/deps/rustcOpBjkp/symbols.o" "<2 object files omitted>" "-Wl,--as-needed" "-Wl,-Bstatic" "<sysroot>/lib/rustlib/x86_64-unknown-linux-gnu/lib/{libtest-*,libgetopts-*,librustc_std_workspace_std-*}.rlib" "/opt/rustwide/target/debug/deps/{libxacro_pure-1c52c234496c9ed3,libunicode_ident-1996c11fff15f062,libyaml_rust2-8a61424eff08776b,libencoding_rs-c7a67ac351c2b19f,libarraydeque-113b06ef7681d200,libhashlink-2e976e08e9e3b634,libhashbrown-8da8fd0b7703f558,libfoldhash-07f233db1c671507,libxmltree-539ba6c7e45b7e76,libxml-8001e380a02b20a3,librustpython_vm-a36542bcdfd31622,libwhich-adadeaa92051c865,librustix-7496503439ea0e65,liblinux_raw_sys-e0d87a58652c2b0b,libuname-05f04aa51ff15535,libexitcode-9467c29269234ef8,libnum_cpus-22da3f91def6a041,libparking_lot-920f561c9d582d13,libparking_lot_core-184c30b48d87f7b4,libatty-524687fe88627b49,libhex-13e08b3b00984ab7,libcaseless-8330c2249a806eb3,libunicode_normalization-38897611c04e14d9,libtinyvec-aaac35e3e185f648,libtinyvec_macros-7b77ea21c73594ca,libtimsort-ffcf615e78a37b47,libstrum-1c4e15504d531528,librustpython_sre_engine-6c82ea98108ec957,libresult_like-8c12d090bc317770,libnum_enum-1f69415339df71c2,libchrono-f4b06f5f74d1e421,libiana_time_zone-bcd81aefedc374a6,libnix-2108bc902ceca6f1,libmemoffset-c85e7f1a92075f90,liboptional-06dcef7884484df1,librustyline-a1bc0aceb277aff7,libutf8parse-92d0158219063202,libnix-ccb325506ba2436f,libfd_lock-22444c8cdb3b9196,librustix-02d97837cd9bd231,liblinux_raw_sys-0b6cde911e9a3109,libunicode_width-b1bc0d6c10c00ecc,libunicode_segmentation-7adb7faea6d97d51,libhome-2459c00c573c2c5a,libradix_trie-1475f873edbf3c12,libnibble_vec-9401b977d4ade589,libsmallvec-49e7c38b3e8bf1d7,libendian_type-86fda68ea442df8c,librustpython_compiler-128b529055728907,librustpython_parser-6c316ee568f74f6f,libunicode_names2-5baf2c241da682b8,libphf-b8e5f21137260934,libphf_shared-b11cc979db3e2b58,libsiphasher-b16e808df37ae9fc,liblalrpop_util-5209fe84729b3023,libunic_emoji_char-5b738fa4f5400f16,librustc_hash-d7c4a66f98a2548f,librustpython_codegen-6ffbc1d4c2125c2a,librustpython_compiler_core-15eeacd2180b788c,liblz4_flex-b118d703de0399c1,libtwox_hash-c9d9f93d232d2481,librustpython_ast-274abf3294bc57c0,librustpython_parser_core-4d459bfe2535287a,librustpython_parser_vendored-c28b524f1ef5d297,libunicode_casing-40c4915407e38ceb,libunic_ucd_ident-0f648103594f8444,libunic_ucd_bidi-0092c81a786ed03a,librustpython_common-d848b59e9a1aacfb,librand-09592cca385cd098,librand_chacha-d1e08fb79ec236d4,libppv_lite86-777369bdcdfa9d1d,librand_core-47d1f210a2720dfd,libgetrandom-e5ac493054ce5ba8,librustpython_format-b21d0554f45c8d28,librustpython_literal-0cc8af4f60f15528,libhexf_parse-72d4824186d79465,liblexical_parse_float-1b1aa84b50cc24bc,liblexical_parse_integer-03db400c0045701d,liblexical_util-5478c93ebed23a1a,libstatic_assertions-f0217ecdd817a834,libunic_ucd_category-aafca78a5ced0573,libunic_ucd_version-0b9ee98f0d6b7b81,libunic_common-a65df4a110d91abe,libunic_char_property-9ce012fe8d0b5d14,libunic_char_range-8e1d66dda6c5c77f,libmatches-12896af12519b727,liblock_api-16d46fed645f7bff,libscopeguard-7ec2214574194454,libsiphasher-6bb0304e8b0d0631,libascii-9b9d62dee4f71246,libvolatile-89a947e63693b4fc,libradium-df668b38f12b3f7a,libnum_complex-ba678b671b892d67,libbstr-8f60e043d6c4e923,liblazy_static-3674be3f4245d19b,libregex_automata-31d378b01f1978af,libmemchr-2857f5b45a031ab1,libcrossbeam_utils-f696a08ab1e94e7a,libmalachite_bigint-6e840d6680a975b6,libmalachite-042b9af5a5cfeb21,libmalachite_q-cc61cf835b21ae41,libmalachite_nz-42e96ff72b57a4f0,libmalachite_base-d38d40103a26bd02,libryu-1f4f40e4352371e5,liblibm-5b428e9a242d4b36,libhashbrown-04ba1efd467ba4e1,libahash-7dc07a446eafe175,libgetrandom-cc909a37ddc04352,liblibc-177b4b632c025eff,libonce_cell-b5bdc597ed9676b3,libcfg_if-83060ec5685761ae,libzerocopy-75aa8ee85b4f20a8,libderive_more-2d51bdd2fa077bdb,libitertools-5fc1551408840b7e,libeither-3938c0541cce4f3e,libhalf-86c70b8d654c79a1,liblog-64a74e931fbdff63,libbitflags-4d66d68843710487,libnum_bigint-38e6aba430d14b1b,libnum_integer-f7e554cc6c996777,libnum_traits-888f07a85755f3c0,libindexmap-b92bb9c25241b995,libequivalent-6a754676e6af62ae,libhashbrown-d7214d631586fd51}.rlib" "<sysroot>/lib/rustlib/x86_64-unknown-linux-gnu/lib/{libstd-*,libpanic_unwind-*,libobject-*,libmemchr-*,libaddr2line-*,libgimli-*,libcfg_if-*,librustc_demangle-*,libstd_detect-*,libhashbrown-*,librustc_std_workspace_alloc-*,libminiz_oxide-*,libadler2-*,libunwind-*,liblibc-*,librustc_std_workspace_core-*,liballoc-*,libcore-*,libcompiler_builtins-*}.rlib" "-Wl,-Bdynamic" "-lgcc_s" "-lutil" "-lrt" "-lpthread" "-lm" "-ldl" "-lc" "-L" "/opt/rustwide/target/debug/deps/rustcOpBjkp/raw-dylibs" "-B<sysroot>/lib/rustlib/x86_64-unknown-linux-gnu/bin/gcc-ld" "-fuse-ld=lld" "-Wl,--eh-frame-hdr" "-Wl,-z,noexecstack" "-L" "<sysroot>/lib/rustlib/x86_64-unknown-linux-gnu/lib" "-o" "/opt/rustwide/target/debug/deps/literal-8f26c464ffd0d630" "-Wl,--gc-sections" "-pie" "-Wl,-z,relro,-z,now" "-nodefaultlibs"
[INFO] [stdout]   = note: some arguments are omitted. use `--verbose` to show all linker arguments
[INFO] [stdout]   = note: collect2: fatal error: ld terminated with signal 9 [Killed]
[INFO] [stdout]           compilation terminated.
[INFO] [stdout]           
[INFO] [stdout] 
[INFO] [stdout] 
[INFO] [stdout] error: linking with `cc` failed: exit status: 1
[INFO] [stdout]   |
[INFO] [stdout]   = note:  "cc" "-m64" "/opt/rustwide/target/debug/deps/rustcmUio67/symbols.o" "<4 object files omitted>" "-Wl,--as-needed" "-Wl,-Bstatic" "<sysroot>/lib/rustlib/x86_64-unknown-linux-gnu/lib/{libtest-*,libgetopts-*,librustc_std_workspace_std-*}.rlib" "/opt/rustwide/target/debug/deps/{libxacro_pure-1c52c234496c9ed3,libunicode_ident-1996c11fff15f062,libyaml_rust2-8a61424eff08776b,libencoding_rs-c7a67ac351c2b19f,libarraydeque-113b06ef7681d200,libhashlink-2e976e08e9e3b634,libhashbrown-8da8fd0b7703f558,libfoldhash-07f233db1c671507,libxmltree-539ba6c7e45b7e76,libxml-8001e380a02b20a3,librustpython_vm-a36542bcdfd31622,libwhich-adadeaa92051c865,librustix-7496503439ea0e65,liblinux_raw_sys-e0d87a58652c2b0b,libuname-05f04aa51ff15535,libexitcode-9467c29269234ef8,libnum_cpus-22da3f91def6a041,libparking_lot-920f561c9d582d13,libparking_lot_core-184c30b48d87f7b4,libatty-524687fe88627b49,libhex-13e08b3b00984ab7,libcaseless-8330c2249a806eb3,libunicode_normalization-38897611c04e14d9,libtinyvec-aaac35e3e185f648,libtinyvec_macros-7b77ea21c73594ca,libtimsort-ffcf615e78a37b47,libstrum-1c4e15504d531528,librustpython_sre_engine-6c82ea98108ec957,libresult_like-8c12d090bc317770,libnum_enum-1f69415339df71c2,libchrono-f4b06f5f74d1e421,libiana_time_zone-bcd81aefedc374a6,libnix-2108bc902ceca6f1,libmemoffset-c85e7f1a92075f90,liboptional-06dcef7884484df1,librustyline-a1bc0aceb277aff7,libutf8parse-92d0158219063202,libnix-ccb325506ba2436f,libfd_lock-22444c8cdb3b9196,librustix-02d97837cd9bd231,liblinux_raw_sys-0b6cde911e9a3109,libunicode_width-b1bc0d6c10c00ecc,libunicode_segmentation-7adb7faea6d97d51,libhome-2459c00c573c2c5a,libradix_trie-1475f873edbf3c12,libnibble_vec-9401b977d4ade589,libsmallvec-49e7c38b3e8bf1d7,libendian_type-86fda68ea442df8c,librustpython_compiler-128b529055728907,librustpython_parser-6c316ee568f74f6f,libunicode_names2-5baf2c241da682b8,libphf-b8e5f21137260934,libphf_shared-b11cc979db3e2b58,libsiphasher-b16e808df37ae9fc,liblalrpop_util-5209fe84729b3023,libunic_emoji_char-5b738fa4f5400f16,librustc_hash-d7c4a66f98a2548f,librustpython_codegen-6ffbc1d4c2125c2a,librustpython_compiler_core-15eeacd2180b788c,liblz4_flex-b118d703de0399c1,libtwox_hash-c9d9f93d232d2481,librustpython_ast-274abf3294bc57c0,librustpython_parser_core-4d459bfe2535287a,librustpython_parser_vendored-c28b524f1ef5d297,libunicode_casing-40c4915407e38ceb,libunic_ucd_ident-0f648103594f8444,libunic_ucd_bidi-0092c81a786ed03a,librustpython_common-d848b59e9a1aacfb,librand-09592cca385cd098,librand_chacha-d1e08fb79ec236d4,libppv_lite86-777369bdcdfa9d1d,librand_core-47d1f210a2720dfd,libgetrandom-e5ac493054ce5ba8,librustpython_format-b21d0554f45c8d28,librustpython_literal-0cc8af4f60f15528,libhexf_parse-72d4824186d79465,liblexical_parse_float-1b1aa84b50cc24bc,liblexical_parse_integer-03db400c0045701d,liblexical_util-5478c93ebed23a1a,libstatic_assertions-f0217ecdd817a834,libunic_ucd_category-aafca78a5ced0573,libunic_ucd_version-0b9ee98f0d6b7b81,libunic_common-a65df4a110d91abe,libunic_char_property-9ce012fe8d0b5d14,libunic_char_range-8e1d66dda6c5c77f,libmatches-12896af12519b727,liblock_api-16d46fed645f7bff,libscopeguard-7ec2214574194454,libsiphasher-6bb0304e8b0d0631,libascii-9b9d62dee4f71246,libvolatile-89a947e63693b4fc,libradium-df668b38f12b3f7a,libnum_complex-ba678b671b892d67,libbstr-8f60e043d6c4e923,liblazy_static-3674be3f4245d19b,libregex_automata-31d378b01f1978af,libmemchr-2857f5b45a031ab1,libcrossbeam_utils-f696a08ab1e94e7a,libmalachite_bigint-6e840d6680a975b6,libmalachite-042b9af5a5cfeb21,libmalachite_q-cc61cf835b21ae41,libmalachite_nz-42e96ff72b57a4f0,libmalachite_base-d38d40103a26bd02,libryu-1f4f40e4352371e5,liblibm-5b428e9a242d4b36,libhashbrown-04ba1efd467ba4e1,libahash-7dc07a446eafe175,libgetrandom-cc909a37ddc04352,liblibc-177b4b632c025eff,libonce_cell-b5bdc597ed9676b3,libcfg_if-83060ec5685761ae,libzerocopy-75aa8ee85b4f20a8,libderive_more-2d51bdd2fa077bdb,libitertools-5fc1551408840b7e,libeither-3938c0541cce4f3e,libhalf-86c70b8d654c79a1,liblog-64a74e931fbdff63,libbitflags-4d66d68843710487,libnum_bigint-38e6aba430d14b1b,libnum_integer-f7e554cc6c996777,libnum_traits-888f07a85755f3c0,libindexmap-b92bb9c25241b995,libequivalent-6a754676e6af62ae,libhashbrown-d7214d631586fd51}.rlib" "<sysroot>/lib/rustlib/x86_64-unknown-linux-gnu/lib/{libstd-*,libpanic_unwind-*,libobject-*,libmemchr-*,libaddr2line-*,libgimli-*,libcfg_if-*,librustc_demangle-*,libstd_detect-*,libhashbrown-*,librustc_std_workspace_alloc-*,libminiz_oxide-*,libadler2-*,libunwind-*,liblibc-*,librustc_std_workspace_core-*,liballoc-*,libcore-*,libcompiler_builtins-*}.rlib" "-Wl,-Bdynamic" "-lgcc_s" "-lutil" "-lrt" "-lpthread" "-lm" "-ldl" "-lc" "-L" "/opt/rustwide/target/debug/deps/rustcmUio67/raw-dylibs" "-B<sysroot>/lib/rustlib/x86_64-unknown-linux-gnu/bin/gcc-ld" "-fuse-ld=lld" "-Wl,--eh-frame-hdr" "-Wl,-z,noexecstack" "-L" "<sysroot>/lib/rustlib/x86_64-unknown-linux-gnu/lib" "-o" "/opt/rustwide/target/debug/deps/macros-1f20fef174bb04c8" "-Wl,--gc-sections" "-pie" "-Wl,-z,relro,-z,now" "-nodefaultlibs"
[INFO] [stdout]   = note: some arguments are omitted. use `--verbose` to show all linker arguments
[INFO] [stdout]   = note: collect2: fatal error: ld terminated with signal 9 [Killed]
[INFO] [stdout]           compilation terminated.
[INFO] [stdout]           
[INFO] [stdout] 
[INFO] [stdout] 
[INFO] [stderr] error: could not compile `xacro-pure` (test "literal") due to 1 previous error
[INFO] [stderr] error: could not compile `xacro-pure` (test "macros") due to 1 previous error
[INFO] running `Command { std: "docker" "inspect" "6cf0d705cb4bd86523965558a8477b67606f633af2e4f9a1eb69ccde82ccba6f", kill_on_drop: false }`
[INFO] running `Command { std: "docker" "rm" "-f" "6cf0d705cb4bd86523965558a8477b67606f633af2e4f9a1eb69ccde82ccba6f", kill_on_drop: false }`
[INFO] [stdout] 6cf0d705cb4bd86523965558a8477b67606f633af2e4f9a1eb69ccde82ccba6f
