[INFO] cloning repository https://github.com/karambarakat/cms_for_rust
[INFO] running `Command { std: "git" "-c" "credential.helper=" "-c" "credential.helper=/workspace/cargo-home/bin/git-credential-null" "clone" "--bare" "https://github.com/karambarakat/cms_for_rust" "/workspace/cache/git-repos/https%3A%2F%2Fgithub.com%2Fkarambarakat%2Fcms_for_rust", kill_on_drop: false }`
[INFO] [stderr] Cloning into bare repository '/workspace/cache/git-repos/https%3A%2F%2Fgithub.com%2Fkarambarakat%2Fcms_for_rust'...
[INFO] running `Command { std: "git" "rev-parse" "HEAD", kill_on_drop: false }`
[INFO] [stdout] 0c2fafa19cd9d3a985fff23533532f5b8a89f714
[INFO] testing karambarakat/cms_for_rust against 1.100.0-beta.1 for beta-1.100-2
[INFO] running `Command { std: "git" "clone" "/workspace/cache/git-repos/https%3A%2F%2Fgithub.com%2Fkarambarakat%2Fcms_for_rust" "/workspace/builds/worker-0-tc2/source", kill_on_drop: false }`
[INFO] [stderr] Cloning into '/workspace/builds/worker-0-tc2/source'...
[INFO] [stderr] done.
[INFO] started tweaking git repo https://github.com/karambarakat/cms_for_rust
[INFO] finished tweaking git repo https://github.com/karambarakat/cms_for_rust
[INFO] tweaked toml for git repo https://github.com/karambarakat/cms_for_rust written to /workspace/builds/worker-0-tc2/source/Cargo.toml
[INFO] validating manifest of git repo https://github.com/karambarakat/cms_for_rust on toolchain 1.100.0-beta.1
[INFO] running `Command { std: CARGO_HOME="/workspace/cargo-home" RUSTUP_HOME="/workspace/rustup-home" "/workspace/cargo-home/bin/cargo" "+1.100.0-beta.1" "metadata" "--manifest-path" "Cargo.toml" "--no-deps", kill_on_drop: false }`
[INFO] crate git repo https://github.com/karambarakat/cms_for_rust already has a lockfile, it will not be regenerated
[INFO] running `Command { std: CARGO_HOME="/workspace/cargo-home" RUSTUP_HOME="/workspace/rustup-home" "/workspace/cargo-home/bin/cargo" "+1.100.0-beta.1" "fetch" "--manifest-path" "Cargo.toml", kill_on_drop: false }`
[INFO] [stderr] warning: query/Cargo.toml: unused manifest key: dev-depencencies
[INFO] [stderr] warning: `queries_for_sqlx` (manifest) generated 1 warning
[INFO] [stderr] warning: cms/Cargo.toml: unused manifest key: dev-depencencies
[INFO] [stderr] warning: `cms_for_rust` (manifest) generated 1 warning
[INFO] running `Command { std: "docker" "create" "-v" "/var/lib/crater-agent-workspace/builds/worker-0-tc2/source:/opt/rustwide/workdir:ro,Z" "-v" "/var/lib/crater-agent-workspace/builds/worker-0-tc2/target:/opt/rustwide/target:rw,Z" "-v" "/var/lib/crater-agent-workspace/cargo-home:/opt/rustwide/cargo-home:ro,Z" "-v" "/var/lib/crater-agent-workspace/rustup-home:/opt/rustwide/rustup-home:ro,Z" "-m" "1610612736" "--network" "none" "ghcr.io/rust-lang/crates-build-env/linux@sha256:3111399a4047eeb3a02b7a90e478d715f38a8c6669b5c4b49d30a17385265909" "sleep" "infinity", kill_on_drop: false }`
[INFO] [stdout] 0248f5bd1ec44ebe7ebb40bc658d7e77d1666610276057c527e4f7ae6bddd8e9
[INFO] running `Command { std: "docker" "start" "0248f5bd1ec44ebe7ebb40bc658d7e77d1666610276057c527e4f7ae6bddd8e9", kill_on_drop: false }`
[INFO] running `Command { std: "docker" "inspect" "0248f5bd1ec44ebe7ebb40bc658d7e77d1666610276057c527e4f7ae6bddd8e9", kill_on_drop: false }`
[INFO] running `Command { std: "docker" "exec" "-e" "SOURCE_DIR=/opt/rustwide/workdir" "-e" "CARGO_HOME=/opt/rustwide/cargo-home" "-e" "RUSTUP_HOME=/opt/rustwide/rustup-home" "-e" "CARGO_TARGET_DIR=/opt/rustwide/target" "-w" "/opt/rustwide/workdir" "--user" "0:0" "0248f5bd1ec44ebe7ebb40bc658d7e77d1666610276057c527e4f7ae6bddd8e9" "/opt/rustwide/cargo-home/bin/cargo" "+1.100.0-beta.1" "metadata" "--no-deps" "--format-version=1", kill_on_drop: false }`
[INFO] running `Command { std: "docker" "inspect" "0248f5bd1ec44ebe7ebb40bc658d7e77d1666610276057c527e4f7ae6bddd8e9", kill_on_drop: false }`
[INFO] running `Command { std: "docker" "exec" "-e" "SOURCE_DIR=/opt/rustwide/workdir" "-e" "CARGO_HOME=/opt/rustwide/cargo-home" "-e" "RUSTUP_HOME=/opt/rustwide/rustup-home" "-e" "CARGO_TARGET_DIR=/opt/rustwide/target" "-e" "CARGO_INCREMENTAL=0" "-e" "RUST_BACKTRACE=full" "-e" "RUSTFLAGS=--cap-lints=warn" "-e" "RUSTDOCFLAGS=--cap-lints=warn" "-w" "/opt/rustwide/workdir" "--user" "0:0" "0248f5bd1ec44ebe7ebb40bc658d7e77d1666610276057c527e4f7ae6bddd8e9" "/opt/rustwide/cargo-home/bin/cargo" "+1.100.0-beta.1" "build" "--frozen" "--message-format=json", kill_on_drop: false }`
[INFO] [stderr] warning: query/Cargo.toml: unused manifest key: dev-depencencies
[INFO] [stderr] warning: `queries_for_sqlx` (manifest) generated 1 warning
[INFO] [stderr] warning: cms/Cargo.toml: unused manifest key: dev-depencencies
[INFO] [stderr] warning: `cms_for_rust` (manifest) generated 1 warning
[INFO] [stderr] Compiling proc-macro2 v1.0.89
[INFO] [stderr] Compiling libc v0.2.169
[INFO] [stderr] Compiling futures-core v0.3.31
[INFO] [stderr] Compiling serde v1.0.215
[INFO] [stderr] Compiling futures-sink v0.3.31
[INFO] [stderr] Compiling num-traits v0.2.18
[INFO] [stderr] Compiling futures-io v0.3.31
[INFO] [stderr] Compiling futures-task v0.3.31
[INFO] [stderr] Compiling block-buffer v0.10.4
[INFO] [stderr] Compiling crypto-common v0.1.6
[INFO] [stderr] Compiling subtle v2.5.0
[INFO] [stderr] Compiling spin v0.9.8
[INFO] [stderr] Compiling ahash v0.8.11
[INFO] [stderr] Compiling serde_json v1.0.133
[INFO] [stderr] Compiling byteorder v1.5.0
[INFO] [stderr] Compiling digest v0.10.7
[INFO] [stderr] Compiling tracing-core v0.1.33
[INFO] [stderr] Compiling zerocopy v0.7.32
[INFO] [stderr] Compiling allocator-api2 v0.2.18
[INFO] [stderr] Compiling thiserror v1.0.59
[INFO] [stderr] Compiling rust_decimal v1.35.0
[INFO] [stderr] Compiling paste v1.0.15
[INFO] [stderr] Compiling zeroize v1.7.0
[INFO] [stderr] Compiling quote v1.0.37
[INFO] [stderr] Compiling nom v7.1.3
[INFO] [stderr] Compiling sha2 v0.10.8
[INFO] [stderr] Compiling hashbrown v0.15.0
[INFO] [stderr] Compiling syn v2.0.85
[INFO] [stderr] Compiling unicode_categories v0.1.1
[INFO] [stderr] Compiling base64ct v1.6.0
[INFO] [stderr] Compiling getrandom v0.2.14
[INFO] [stderr] Compiling mio v1.0.3
[INFO] [stderr] Compiling socket2 v0.5.6
[INFO] [stderr] Compiling rand_core v0.6.4
[INFO] [stderr] Compiling parking_lot_core v0.9.9
[INFO] [stderr] Compiling parking_lot v0.12.1
[INFO] [stderr] Compiling rand_chacha v0.3.1
[INFO] [stderr] Compiling signal-hook-registry v1.4.2
[INFO] [stderr] Compiling hashbrown v0.14.3
[INFO] [stderr] Compiling crc-catalog v2.4.0
[INFO] [stderr] Compiling smallvec v1.13.2
[INFO] [stderr] Compiling arrayvec v0.7.4
[INFO] [stderr] Compiling crc v3.2.1
[INFO] [stderr] Compiling rand v0.8.5
[INFO] [stderr] Compiling indexmap v2.6.0
[INFO] [stderr] Compiling atoi v2.0.0
[INFO] [stderr] Compiling pem-rfc7468 v0.7.0
[INFO] [stderr] Compiling url v2.5.0
[INFO] [stderr] Compiling crossbeam-queue v0.3.11
[INFO] [stderr] Compiling hashlink v0.8.4
[INFO] [stderr] Compiling lazy_static v1.5.0
[INFO] [stderr] Compiling uuid v1.8.0
[INFO] [stderr] Compiling cc v1.0.95
[INFO] [stderr] Compiling der v0.7.9
[INFO] [stderr] Compiling num-integer v0.1.46
[INFO] [stderr] Compiling num-bigint-dig v0.8.4
[INFO] [stderr] Compiling hmac v0.12.1
[INFO] [stderr] Compiling tokio v1.43.0
[INFO] [stderr] Compiling futures-util v0.3.31
[INFO] [stderr] Compiling num-iter v0.1.44
[INFO] [stderr] Compiling futures-channel v0.3.31
[INFO] [stderr] Compiling pkg-config v0.3.30
[INFO] [stderr] Compiling finl_unicode v1.2.0
[INFO] [stderr] Compiling log v0.4.21
[INFO] [stderr] Compiling futures-intrusive v0.5.0
[INFO] [stderr] Compiling stringprep v0.1.4
[INFO] [stderr] Compiling hkdf v0.12.4
[INFO] [stderr] Compiling spki v0.7.3
[INFO] [stderr] Compiling libsqlite3-sys v0.27.0
[INFO] [stderr] Compiling pkcs8 v0.10.2
[INFO] [stderr] Compiling pkcs1 v0.7.5
[INFO] [stderr] Compiling chrono v0.4.39
[INFO] [stderr] Compiling signature v2.2.0
[INFO] [stderr] Compiling md-5 v0.10.6
[INFO] [stderr] Compiling syn v1.0.109
[INFO] [stderr] Compiling base64 v0.21.7
[INFO] [stderr] Compiling whoami v1.5.1
[INFO] [stderr] Compiling dotenvy v0.15.7
[INFO] [stderr] Compiling rustix v0.38.34
[INFO] [stderr] Compiling flume v0.11.0
[INFO] [stderr] Compiling sha1 v0.10.6
[INFO] [stderr] Compiling tower-service v0.3.3
[INFO] [stderr] Compiling home v0.5.9
[INFO] [stderr] Compiling linux-raw-sys v0.4.13
[INFO] [stderr] Compiling unicode-segmentation v1.11.0
[INFO] [stderr] Compiling tower-layer v0.3.3
[INFO] [stderr] Compiling urlencoding v2.1.3
[INFO] [stderr] Compiling heck v0.4.1
[INFO] [stderr] Compiling rsa v0.9.6
[INFO] [stderr] Compiling futures-executor v0.3.31
[INFO] [stderr] Compiling fastrand v2.0.2
[INFO] [stderr] Compiling darling_core v0.20.10
[INFO] [stderr] Compiling rustversion v1.0.17
[INFO] [stderr] Compiling serde_derive v1.0.215
[INFO] [stderr] Compiling tracing-attributes v0.1.28
[INFO] [stderr] Compiling futures-macro v0.3.31
[INFO] [stderr] Compiling thiserror-impl v1.0.59
[INFO] [stderr] Compiling tokio-macros v2.5.0
[INFO] [stderr] Compiling tracing v0.1.41
[INFO] [stderr] Compiling tokio-stream v0.1.15
[INFO] [stderr] Compiling pin-project-internal v1.1.5
[INFO] [stderr] Compiling proc-macro-error-attr v1.0.4
[INFO] [stderr] Compiling darling_macro v0.20.10
[INFO] [stderr] Compiling http-body-util v0.1.1
[INFO] [stderr] Compiling overload v0.1.1
[INFO] [stderr] Compiling nu-ansi-term v0.46.0
[INFO] [stderr] Compiling darling v0.20.10
[INFO] [stderr] Compiling proc-macro-error v1.0.4
[INFO] [stderr] Compiling ring v0.17.8
[INFO] [stderr] Compiling sharded-slab v0.1.7
[INFO] [stderr] Compiling tracing-log v0.2.0
[INFO] [stderr] Compiling pin-project v1.1.5
[INFO] [stderr] Compiling thread_local v1.1.8
[INFO] [stderr] Compiling case v1.0.0
[INFO] [stderr] Compiling cms_macros v0.0.1 (/opt/rustwide/workdir/macros)
[INFO] [stderr] Compiling axum-macros v0.5.0
[INFO] [stderr] Compiling tracing-subscriber v0.3.19
[INFO] [stdout] warning: unused variable: `i`
[INFO] [stdout] --> macros/src/into_mut_argument_derive.rs:49:39
[INFO] [stdout] |
[INFO] [stdout] 49 | fn visit_data_enum(&mut self, i: &'ast syn::DataEnum) {
[INFO] [stdout] | ^ help: if this is intentional, prefix it with an underscore: `_i`
[INFO] [stdout] |
[INFO] [stdout] = note: `#[warn(unused_variables)]` (part of `#[warn(unused)]`) on by default
[INFO] [stdout]
[INFO] [stdout]
[INFO] [stdout] warning: unused variable: `i`
[INFO] [stdout] --> macros/src/into_mut_argument_derive.rs:52:40
[INFO] [stdout] |
[INFO] [stdout] 52 | fn visit_data_union(&mut self, i: &'ast syn::DataUnion) {
[INFO] [stdout] | ^ help: if this is intentional, prefix it with an underscore: `_i`
[INFO] [stdout]
[INFO] [stdout]
[INFO] [stdout] warning: function `main` is never used
[INFO] [stdout] --> macros/src/entity_derive.rs:8:8
[INFO] [stdout] |
[INFO] [stdout] 8 | pub fn main(input: &DeriveInput) -> TokenStream {
[INFO] [stdout] | ^^^^
[INFO] [stdout] |
[INFO] [stdout] = note: `#[warn(dead_code)]` (part of `#[warn(unused)]`) on by default
[INFO] [stdout]
[INFO] [stdout]
[INFO] [stdout] warning: function `consume_into_argument_impl` is never used
[INFO] [stdout] --> macros/src/into_mut_argument_derive.rs:6:8
[INFO] [stdout] |
[INFO] [stdout] 6 | pub fn consume_into_argument_impl(
[INFO] [stdout] | ^^^^^^^^^^^^^^^^^^^^^^^^^^
[INFO] [stdout]
[INFO] [stdout]
[INFO] [stdout] warning: struct `TwoEntities` is never constructed
[INFO] [stdout] --> macros/src/relations_mod.rs:13:8
[INFO] [stdout] |
[INFO] [stdout] 13 | struct TwoEntities {
[INFO] [stdout] | ^^^^^^^^^^^
[INFO] [stdout]
[INFO] [stdout]
[INFO] [stdout] warning: function `many_to_many` is never used
[INFO] [stdout] --> macros/src/relations_mod.rs:33:4
[INFO] [stdout] |
[INFO] [stdout] 33 | fn many_to_many(
[INFO] [stdout] | ^^^^^^^^^^^^
[INFO] [stdout]
[INFO] [stdout]
[INFO] [stdout] warning: function `optional_to_many` is never used
[INFO] [stdout] --> macros/src/relations_mod.rs:101:4
[INFO] [stdout] |
[INFO] [stdout] 101 | fn optional_to_many(
[INFO] [stdout] | ^^^^^^^^^^^^^^^^
[INFO] [stdout]
[INFO] [stdout]
[INFO] [stdout] warning: struct `Input` is never constructed
[INFO] [stdout] --> macros/src/relations_mod.rs:167:12
[INFO] [stdout] |
[INFO] [stdout] 167 | pub struct Input {
[INFO] [stdout] | ^^^^^
[INFO] [stdout]
[INFO] [stdout]
[INFO] [stdout] warning: struct `Inputs` is never constructed
[INFO] [stdout] --> macros/src/relations_mod.rs:172:12
[INFO] [stdout] |
[INFO] [stdout] 172 | pub struct Inputs {
[INFO] [stdout] | ^^^^^^
[INFO] [stdout]
[INFO] [stdout]
[INFO] [stdout] warning: function `main` is never used
[INFO] [stdout] --> macros/src/relations_mod.rs:229:8
[INFO] [stdout] |
[INFO] [stdout] 229 | pub fn main(input: Vec) -> TokenStream {
[INFO] [stdout] | ^^^^
[INFO] [stdout]
[INFO] [stdout]
[INFO] [stderr] Compiling axum-core v0.5.0
[INFO] [stderr] Compiling matchit v0.8.4
[INFO] [stderr] Compiling diff v0.1.13
[INFO] [stderr] Compiling yansi v1.0.1
[INFO] [stderr] Compiling async-trait v0.1.80
[INFO] [stderr] Compiling axum-macros v0.4.1
[INFO] [stderr] Compiling pretty_assertions v1.4.1
[INFO] [stderr] Compiling inventory v0.3.15
[INFO] [stderr] Compiling either v1.13.0
[INFO] [stderr] Compiling itertools v0.12.1
[INFO] [stderr] Compiling bitflags v2.5.0
[INFO] [stderr] Compiling serde_urlencoded v0.7.1
[INFO] [stderr] Compiling serde_path_to_error v0.1.16
[INFO] [stderr] Compiling jwt v0.16.0
[INFO] [stderr] Compiling hyper v1.3.1
[INFO] [stderr] Compiling tempfile v3.10.1
[INFO] [stderr] Compiling tower v0.4.13
[INFO] [stderr] Compiling tower v0.5.2
[INFO] [stderr] Compiling tower-http v0.5.2
[INFO] [stderr] Compiling sqlformat v0.2.3
[INFO] [stderr] Compiling hyper-util v0.1.4
[INFO] [stderr] Compiling axum v0.8.1
[INFO] [stderr] Compiling sqlx-core v0.7.4
[INFO] [stderr] Compiling sqlx-sqlite v0.7.4
[INFO] [stderr] Compiling sqlx-postgres v0.7.4
[INFO] [stderr] Compiling sqlx-mysql v0.7.4
[INFO] [stdout] error[E0277]: the trait bound `!: sqlx_core::io::Decode<'_>` is not satisfied
[INFO] [stdout] --> /opt/rustwide/cargo-home/registry/src/index.crates.io-1949cf8c6b5b557f/sqlx-postgres-0.7.4/src/connection/executor.rs:68:10
[INFO] [stdout] |
[INFO] [stdout] 68 | .recv_expect(MessageFormat::ParseComplete)
[INFO] [stdout] | ^^^^^^^^^^^ the trait `sqlx_core::io::Decode<'_>` is not implemented for `!`
[INFO] [stdout] |
[INFO] [stdout] = help: the following other types implement trait `sqlx_core::io::Decode<'de, Context>`:
[INFO] [stdout] ()
[INFO] [stdout] Authentication
[INFO] [stdout] AuthenticationSaslContinue
[INFO] [stdout] AuthenticationSaslFinal
[INFO] [stdout] BackendKeyData
[INFO] [stdout] CommandComplete
[INFO] [stdout] CopyData
[INFO] [stdout] CopyDone
[INFO] [stdout] and 10 others
[INFO] [stdout] = note: this error might have been caused by changes to Rust's type-inference algorithm (see issue #148922 for more information)
[INFO] [stdout] = help: you might have intended to use the type `()` here instead
[INFO] [stdout] note: required by a bound in `PgStream::recv_expect`
[INFO] [stdout] --> /opt/rustwide/cargo-home/registry/src/index.crates.io-1949cf8c6b5b557f/sqlx-postgres-0.7.4/src/connection/stream.rs:68:45
[INFO] [stdout] |
[INFO] [stdout] 41 | impl PgStream {
[INFO] [stdout] ...
[INFO] [stdout] 68 | pub(crate) async fn recv_expect<'de, T: Decode<'de>>(
[INFO] [stdout] | ^^^^^^^^^^^ required by this bound in `PgStream::recv_expect`
[INFO] [stdout]
[INFO] [stdout]
[INFO] [stdout] error[E0277]: the trait bound `!: sqlx_core::io::Decode<'_>` is not satisfied
[INFO] [stdout] --> /opt/rustwide/cargo-home/registry/src/index.crates.io-1949cf8c6b5b557f/sqlx-postgres-0.7.4/src/connection/executor.rs:66:13
[INFO] [stdout] |
[INFO] [stdout] 66 | let _ = conn
[INFO] [stdout] | _____________^
[INFO] [stdout] 67 | | .stream
[INFO] [stdout] 68 | | .recv_expect(MessageFormat::ParseComplete)
[INFO] [stdout] | |__________________________________________________^ the trait `sqlx_core::io::Decode<'_>` is not implemented for `!`
[INFO] [stdout] |
[INFO] [stdout] = help: the following other types implement trait `sqlx_core::io::Decode<'de, Context>`:
[INFO] [stdout] ()
[INFO] [stdout] Authentication
[INFO] [stdout] AuthenticationSaslContinue
[INFO] [stdout] AuthenticationSaslFinal
[INFO] [stdout] BackendKeyData
[INFO] [stdout] CommandComplete
[INFO] [stdout] CopyData
[INFO] [stdout] CopyDone
[INFO] [stdout] and 10 others
[INFO] [stdout] = note: this error might have been caused by changes to Rust's type-inference algorithm (see issue #148922 for more information)
[INFO] [stdout] = help: you might have intended to use the type `()` here instead
[INFO] [stdout] note: required by a bound in `PgStream::recv_expect`
[INFO] [stdout] --> /opt/rustwide/cargo-home/registry/src/index.crates.io-1949cf8c6b5b557f/sqlx-postgres-0.7.4/src/connection/stream.rs:68:45
[INFO] [stdout] |
[INFO] [stdout] 41 | impl PgStream {
[INFO] [stdout] ...
[INFO] [stdout] 68 | pub(crate) async fn recv_expect<'de, T: Decode<'de>>(
[INFO] [stdout] | ^^^^^^^^^^^ required by this bound in `PgStream::recv_expect`
[INFO] [stdout]
[INFO] [stdout]
[INFO] [stdout] error[E0277]: the trait bound `!: sqlx_core::io::Decode<'_>` is not satisfied
[INFO] [stdout] --> /opt/rustwide/cargo-home/registry/src/index.crates.io-1949cf8c6b5b557f/sqlx-postgres-0.7.4/src/connection/executor.rs:69:10
[INFO] [stdout] |
[INFO] [stdout] 69 | .await?;
[INFO] [stdout] | ^^^^^ the trait `sqlx_core::io::Decode<'_>` is not implemented for `!`
[INFO] [stdout] |
[INFO] [stdout] = help: the following other types implement trait `sqlx_core::io::Decode<'de, Context>`:
[INFO] [stdout] ()
[INFO] [stdout] Authentication
[INFO] [stdout] AuthenticationSaslContinue
[INFO] [stdout] AuthenticationSaslFinal
[INFO] [stdout] BackendKeyData
[INFO] [stdout] CommandComplete
[INFO] [stdout] CopyData
[INFO] [stdout] CopyDone
[INFO] [stdout] and 10 others
[INFO] [stdout] = note: this error might have been caused by changes to Rust's type-inference algorithm (see issue #148922 for more information)
[INFO] [stdout] = help: you might have intended to use the type `()` here instead
[INFO] [stdout] note: required by a bound in `PgStream::recv_expect`
[INFO] [stdout] --> /opt/rustwide/cargo-home/registry/src/index.crates.io-1949cf8c6b5b557f/sqlx-postgres-0.7.4/src/connection/stream.rs:68:45
[INFO] [stdout] |
[INFO] [stdout] 41 | impl PgStream {
[INFO] [stdout] ...
[INFO] [stdout] 68 | pub(crate) async fn recv_expect<'de, T: Decode<'de>>(
[INFO] [stdout] | ^^^^^^^^^^^ required by this bound in `PgStream::recv_expect`
[INFO] [stdout]
[INFO] [stdout]
[INFO] [stdout] error[E0277]: the trait bound `!: sqlx_core::io::Decode<'_>` is not satisfied
[INFO] [stdout] --> /opt/rustwide/cargo-home/registry/src/index.crates.io-1949cf8c6b5b557f/sqlx-postgres-0.7.4/src/copy.rs:280:30
[INFO] [stdout] |
[INFO] [stdout] 280 | ... .recv_expect(MessageFormat::ReadyForQuery)
[INFO] [stdout] | ^^^^^^^^^^^ the trait `sqlx_core::io::Decode<'_>` is not implemented for `!`
[INFO] [stdout] |
[INFO] [stdout] = help: the following other types implement trait `sqlx_core::io::Decode<'de, Context>`:
[INFO] [stdout] ()
[INFO] [stdout] Authentication
[INFO] [stdout] AuthenticationSaslContinue
[INFO] [stdout] AuthenticationSaslFinal
[INFO] [stdout] BackendKeyData
[INFO] [stdout] CommandComplete
[INFO] [stdout] CopyData
[INFO] [stdout] CopyDone
[INFO] [stdout] and 10 others
[INFO] [stdout] = note: this error might have been caused by changes to Rust's type-inference algorithm (see issue #148922 for more information)
[INFO] [stdout] = help: you might have intended to use the type `()` here instead
[INFO] [stdout] note: required by a bound in `PgStream::recv_expect`
[INFO] [stdout] --> /opt/rustwide/cargo-home/registry/src/index.crates.io-1949cf8c6b5b557f/sqlx-postgres-0.7.4/src/connection/stream.rs:68:45
[INFO] [stdout] |
[INFO] [stdout] 41 | impl PgStream {
[INFO] [stdout] ...
[INFO] [stdout] 68 | pub(crate) async fn recv_expect<'de, T: Decode<'de>>(
[INFO] [stdout] | ^^^^^^^^^^^ required by this bound in `PgStream::recv_expect`
[INFO] [stdout]
[INFO] [stdout]
[INFO] [stdout] error[E0277]: the trait bound `!: sqlx_core::io::Decode<'_>` is not satisfied
[INFO] [stdout] --> /opt/rustwide/cargo-home/registry/src/index.crates.io-1949cf8c6b5b557f/sqlx-postgres-0.7.4/src/copy.rs:279:25
[INFO] [stdout] |
[INFO] [stdout] 279 | / conn.stream
[INFO] [stdout] 280 | | .recv_expect(MessageFormat::ReadyForQuery)
[INFO] [stdout] | |______________________________________________________________________^ the trait `sqlx_core::io::Decode<'_>` is not implemented for `!`
[INFO] [stdout] |
[INFO] [stdout] = help: the following other types implement trait `sqlx_core::io::Decode<'de, Context>`:
[INFO] [stdout] ()
[INFO] [stdout] Authentication
[INFO] [stdout] AuthenticationSaslContinue
[INFO] [stdout] AuthenticationSaslFinal
[INFO] [stdout] BackendKeyData
[INFO] [stdout] CommandComplete
[INFO] [stdout] CopyData
[INFO] [stdout] CopyDone
[INFO] [stdout] and 10 others
[INFO] [stdout] = note: this error might have been caused by changes to Rust's type-inference algorithm (see issue #148922 for more information)
[INFO] [stdout] = help: you might have intended to use the type `()` here instead
[INFO] [stdout] note: required by a bound in `PgStream::recv_expect`
[INFO] [stdout] --> /opt/rustwide/cargo-home/registry/src/index.crates.io-1949cf8c6b5b557f/sqlx-postgres-0.7.4/src/connection/stream.rs:68:45
[INFO] [stdout] |
[INFO] [stdout] 41 | impl PgStream {
[INFO] [stdout] ...
[INFO] [stdout] 68 | pub(crate) async fn recv_expect<'de, T: Decode<'de>>(
[INFO] [stdout] | ^^^^^^^^^^^ required by this bound in `PgStream::recv_expect`
[INFO] [stdout]
[INFO] [stdout]
[INFO] [stdout] error[E0277]: the trait bound `!: sqlx_core::io::Decode<'_>` is not satisfied
[INFO] [stdout] --> /opt/rustwide/cargo-home/registry/src/index.crates.io-1949cf8c6b5b557f/sqlx-postgres-0.7.4/src/copy.rs:281:30
[INFO] [stdout] |
[INFO] [stdout] 281 | ... .await?;
[INFO] [stdout] | ^^^^^ the trait `sqlx_core::io::Decode<'_>` is not implemented for `!`
[INFO] [stdout] |
[INFO] [stdout] = help: the following other types implement trait `sqlx_core::io::Decode<'de, Context>`:
[INFO] [stdout] ()
[INFO] [stdout] Authentication
[INFO] [stdout] AuthenticationSaslContinue
[INFO] [stdout] AuthenticationSaslFinal
[INFO] [stdout] BackendKeyData
[INFO] [stdout] CommandComplete
[INFO] [stdout] CopyData
[INFO] [stdout] CopyDone
[INFO] [stdout] and 10 others
[INFO] [stdout] = note: this error might have been caused by changes to Rust's type-inference algorithm (see issue #148922 for more information)
[INFO] [stdout] = help: you might have intended to use the type `()` here instead
[INFO] [stdout] note: required by a bound in `PgStream::recv_expect`
[INFO] [stdout] --> /opt/rustwide/cargo-home/registry/src/index.crates.io-1949cf8c6b5b557f/sqlx-postgres-0.7.4/src/connection/stream.rs:68:45
[INFO] [stdout] |
[INFO] [stdout] 41 | impl PgStream {
[INFO] [stdout] ...
[INFO] [stdout] 68 | pub(crate) async fn recv_expect<'de, T: Decode<'de>>(
[INFO] [stdout] | ^^^^^^^^^^^ required by this bound in `PgStream::recv_expect`
[INFO] [stdout]
[INFO] [stdout]
[INFO] [stdout] error[E0277]: the trait bound `!: sqlx_core::io::Decode<'_>` is not satisfied
[INFO] [stdout] --> /opt/rustwide/cargo-home/registry/src/index.crates.io-1949cf8c6b5b557f/sqlx-postgres-0.7.4/src/copy.rs:314:14
[INFO] [stdout] |
[INFO] [stdout] 314 | .recv_expect(MessageFormat::ReadyForQuery)
[INFO] [stdout] | ^^^^^^^^^^^ the trait `sqlx_core::io::Decode<'_>` is not implemented for `!`
[INFO] [stdout] |
[INFO] [stdout] = help: the following other types implement trait `sqlx_core::io::Decode<'de, Context>`:
[INFO] [stdout] ()
[INFO] [stdout] Authentication
[INFO] [stdout] AuthenticationSaslContinue
[INFO] [stdout] AuthenticationSaslFinal
[INFO] [stdout] BackendKeyData
[INFO] [stdout] CommandComplete
[INFO] [stdout] CopyData
[INFO] [stdout] CopyDone
[INFO] [stdout] and 10 others
[INFO] [stdout] = note: this error might have been caused by changes to Rust's type-inference algorithm (see issue #148922 for more information)
[INFO] [stdout] = help: you might have intended to use the type `()` here instead
[INFO] [stdout] note: required by a bound in `PgStream::recv_expect`
[INFO] [stdout] --> /opt/rustwide/cargo-home/registry/src/index.crates.io-1949cf8c6b5b557f/sqlx-postgres-0.7.4/src/connection/stream.rs:68:45
[INFO] [stdout] |
[INFO] [stdout] 41 | impl PgStream {
[INFO] [stdout] ...
[INFO] [stdout] 68 | pub(crate) async fn recv_expect<'de, T: Decode<'de>>(
[INFO] [stdout] | ^^^^^^^^^^^ required by this bound in `PgStream::recv_expect`
[INFO] [stdout]
[INFO] [stdout]
[INFO] [stdout] error[E0277]: the trait bound `!: sqlx_core::io::Decode<'_>` is not satisfied
[INFO] [stdout] --> /opt/rustwide/cargo-home/registry/src/index.crates.io-1949cf8c6b5b557f/sqlx-postgres-0.7.4/src/copy.rs:313:9
[INFO] [stdout] |
[INFO] [stdout] 313 | / conn.stream
[INFO] [stdout] 314 | | .recv_expect(MessageFormat::ReadyForQuery)
[INFO] [stdout] | |______________________________________________________^ the trait `sqlx_core::io::Decode<'_>` is not implemented for `!`
[INFO] [stdout] |
[INFO] [stdout] = help: the following other types implement trait `sqlx_core::io::Decode<'de, Context>`:
[INFO] [stdout] ()
[INFO] [stdout] Authentication
[INFO] [stdout] AuthenticationSaslContinue
[INFO] [stdout] AuthenticationSaslFinal
[INFO] [stdout] BackendKeyData
[INFO] [stdout] CommandComplete
[INFO] [stdout] CopyData
[INFO] [stdout] CopyDone
[INFO] [stdout] and 10 others
[INFO] [stdout] = note: this error might have been caused by changes to Rust's type-inference algorithm (see issue #148922 for more information)
[INFO] [stdout] = help: you might have intended to use the type `()` here instead
[INFO] [stdout] note: required by a bound in `PgStream::recv_expect`
[INFO] [stdout] --> /opt/rustwide/cargo-home/registry/src/index.crates.io-1949cf8c6b5b557f/sqlx-postgres-0.7.4/src/connection/stream.rs:68:45
[INFO] [stdout] |
[INFO] [stdout] 41 | impl PgStream {
[INFO] [stdout] ...
[INFO] [stdout] 68 | pub(crate) async fn recv_expect<'de, T: Decode<'de>>(
[INFO] [stdout] | ^^^^^^^^^^^ required by this bound in `PgStream::recv_expect`
[INFO] [stdout]
[INFO] [stdout]
[INFO] [stdout] error[E0277]: the trait bound `!: sqlx_core::io::Decode<'_>` is not satisfied
[INFO] [stdout] --> /opt/rustwide/cargo-home/registry/src/index.crates.io-1949cf8c6b5b557f/sqlx-postgres-0.7.4/src/copy.rs:315:14
[INFO] [stdout] |
[INFO] [stdout] 315 | .await?;
[INFO] [stdout] | ^^^^^ the trait `sqlx_core::io::Decode<'_>` is not implemented for `!`
[INFO] [stdout] |
[INFO] [stdout] = help: the following other types implement trait `sqlx_core::io::Decode<'de, Context>`:
[INFO] [stdout] ()
[INFO] [stdout] Authentication
[INFO] [stdout] AuthenticationSaslContinue
[INFO] [stdout] AuthenticationSaslFinal
[INFO] [stdout] BackendKeyData
[INFO] [stdout] CommandComplete
[INFO] [stdout] CopyData
[INFO] [stdout] CopyDone
[INFO] [stdout] and 10 others
[INFO] [stdout] = note: this error might have been caused by changes to Rust's type-inference algorithm (see issue #148922 for more information)
[INFO] [stdout] = help: you might have intended to use the type `()` here instead
[INFO] [stdout] note: required by a bound in `PgStream::recv_expect`
[INFO] [stdout] --> /opt/rustwide/cargo-home/registry/src/index.crates.io-1949cf8c6b5b557f/sqlx-postgres-0.7.4/src/connection/stream.rs:68:45
[INFO] [stdout] |
[INFO] [stdout] 41 | impl PgStream {
[INFO] [stdout] ...
[INFO] [stdout] 68 | pub(crate) async fn recv_expect<'de, T: Decode<'de>>(
[INFO] [stdout] | ^^^^^^^^^^^ required by this bound in `PgStream::recv_expect`
[INFO] [stdout]
[INFO] [stdout]
[INFO] [stdout] error[E0277]: the trait bound `!: sqlx_core::io::Decode<'_>` is not satisfied
[INFO] [stdout] --> /opt/rustwide/cargo-home/registry/src/index.crates.io-1949cf8c6b5b557f/sqlx-postgres-0.7.4/src/copy.rs:350:33
[INFO] [stdout] |
[INFO] [stdout] 350 | conn.stream.recv_expect(MessageFormat::CommandComplete).await?;
[INFO] [stdout] | ^^^^^^^^^^^ the trait `sqlx_core::io::Decode<'_>` is not implemented for `!`
[INFO] [stdout] |
[INFO] [stdout] = help: the following other types implement trait `sqlx_core::io::Decode<'de, Context>`:
[INFO] [stdout] ()
[INFO] [stdout] Authentication
[INFO] [stdout] AuthenticationSaslContinue
[INFO] [stdout] AuthenticationSaslFinal
[INFO] [stdout] BackendKeyData
[INFO] [stdout] CommandComplete
[INFO] [stdout] CopyData
[INFO] [stdout] CopyDone
[INFO] [stdout] and 10 others
[INFO] [stdout] = note: this error might have been caused by changes to Rust's type-inference algorithm (see issue #148922 for more information)
[INFO] [stdout] = help: you might have intended to use the type `()` here instead
[INFO] [stdout] note: required by a bound in `PgStream::recv_expect`
[INFO] [stdout] --> /opt/rustwide/cargo-home/registry/src/index.crates.io-1949cf8c6b5b557f/sqlx-postgres-0.7.4/src/connection/stream.rs:68:45
[INFO] [stdout] |
[INFO] [stdout] 41 | impl PgStream {
[INFO] [stdout] ...
[INFO] [stdout] 68 | pub(crate) async fn recv_expect<'de, T: Decode<'de>>(
[INFO] [stdout] | ^^^^^^^^^^^ required by this bound in `PgStream::recv_expect`
[INFO] [stdout]
[INFO] [stdout]
[INFO] [stdout] error[E0277]: the trait bound `!: sqlx_core::io::Decode<'_>` is not satisfied
[INFO] [stdout] --> /opt/rustwide/cargo-home/registry/src/index.crates.io-1949cf8c6b5b557f/sqlx-postgres-0.7.4/src/copy.rs:350:21
[INFO] [stdout] |
[INFO] [stdout] 350 | conn.stream.recv_expect(MessageFormat::CommandComplete).await?;
[INFO] [stdout] | ^^^^^^^^^^^^^^^^^^^^^^^^^^^^^^^^^^^^^^^^^^^^^^^^^^^^^^^ the trait `sqlx_core::io::Decode<'_>` is not implemented for `!`
[INFO] [stdout] |
[INFO] [stdout] = help: the following other types implement trait `sqlx_core::io::Decode<'de, Context>`:
[INFO] [stdout] ()
[INFO] [stdout] Authentication
[INFO] [stdout] AuthenticationSaslContinue
[INFO] [stdout] AuthenticationSaslFinal
[INFO] [stdout] BackendKeyData
[INFO] [stdout] CommandComplete
[INFO] [stdout] CopyData
[INFO] [stdout] CopyDone
[INFO] [stdout] and 10 others
[INFO] [stdout] = note: this error might have been caused by changes to Rust's type-inference algorithm (see issue #148922 for more information)
[INFO] [stdout] = help: you might have intended to use the type `()` here instead
[INFO] [stdout] note: required by a bound in `PgStream::recv_expect`
[INFO] [stdout] --> /opt/rustwide/cargo-home/registry/src/index.crates.io-1949cf8c6b5b557f/sqlx-postgres-0.7.4/src/connection/stream.rs:68:45
[INFO] [stdout] |
[INFO] [stdout] 41 | impl PgStream {
[INFO] [stdout] ...
[INFO] [stdout] 68 | pub(crate) async fn recv_expect<'de, T: Decode<'de>>(
[INFO] [stdout] | ^^^^^^^^^^^ required by this bound in `PgStream::recv_expect`
[INFO] [stdout]
[INFO] [stdout]
[INFO] [stdout] error[E0277]: the trait bound `!: sqlx_core::io::Decode<'_>` is not satisfied
[INFO] [stdout] --> /opt/rustwide/cargo-home/registry/src/index.crates.io-1949cf8c6b5b557f/sqlx-postgres-0.7.4/src/copy.rs:351:33
[INFO] [stdout] |
[INFO] [stdout] 351 | conn.stream.recv_expect(MessageFormat::ReadyForQuery).await?;
[INFO] [stdout] | ^^^^^^^^^^^ the trait `sqlx_core::io::Decode<'_>` is not implemented for `!`
[INFO] [stdout] |
[INFO] [stdout] = help: the following other types implement trait `sqlx_core::io::Decode<'de, Context>`:
[INFO] [stdout] ()
[INFO] [stdout] Authentication
[INFO] [stdout] AuthenticationSaslContinue
[INFO] [stdout] AuthenticationSaslFinal
[INFO] [stdout] BackendKeyData
[INFO] [stdout] CommandComplete
[INFO] [stdout] CopyData
[INFO] [stdout] CopyDone
[INFO] [stdout] and 10 others
[INFO] [stdout] = note: this error might have been caused by changes to Rust's type-inference algorithm (see issue #148922 for more information)
[INFO] [stdout] = help: you might have intended to use the type `()` here instead
[INFO] [stdout] note: required by a bound in `PgStream::recv_expect`
[INFO] [stdout] --> /opt/rustwide/cargo-home/registry/src/index.crates.io-1949cf8c6b5b557f/sqlx-postgres-0.7.4/src/connection/stream.rs:68:45
[INFO] [stdout] |
[INFO] [stdout] 41 | impl PgStream {
[INFO] [stdout] ...
[INFO] [stdout] 68 | pub(crate) async fn recv_expect<'de, T: Decode<'de>>(
[INFO] [stdout] | ^^^^^^^^^^^ required by this bound in `PgStream::recv_expect`
[INFO] [stdout]
[INFO] [stdout]
[INFO] [stdout] error[E0277]: the trait bound `!: sqlx_core::io::Decode<'_>` is not satisfied
[INFO] [stdout] --> /opt/rustwide/cargo-home/registry/src/index.crates.io-1949cf8c6b5b557f/sqlx-postgres-0.7.4/src/copy.rs:351:21
[INFO] [stdout] |
[INFO] [stdout] 351 | conn.stream.recv_expect(MessageFormat::ReadyForQuery).await?;
[INFO] [stdout] | ^^^^^^^^^^^^^^^^^^^^^^^^^^^^^^^^^^^^^^^^^^^^^^^^^^^^^ the trait `sqlx_core::io::Decode<'_>` is not implemented for `!`
[INFO] [stdout] |
[INFO] [stdout] = help: the following other types implement trait `sqlx_core::io::Decode<'de, Context>`:
[INFO] [stdout] ()
[INFO] [stdout] Authentication
[INFO] [stdout] AuthenticationSaslContinue
[INFO] [stdout] AuthenticationSaslFinal
[INFO] [stdout] BackendKeyData
[INFO] [stdout] CommandComplete
[INFO] [stdout] CopyData
[INFO] [stdout] CopyDone
[INFO] [stdout] and 10 others
[INFO] [stdout] = note: this error might have been caused by changes to Rust's type-inference algorithm (see issue #148922 for more information)
[INFO] [stdout] = help: you might have intended to use the type `()` here instead
[INFO] [stdout] note: required by a bound in `PgStream::recv_expect`
[INFO] [stdout] --> /opt/rustwide/cargo-home/registry/src/index.crates.io-1949cf8c6b5b557f/sqlx-postgres-0.7.4/src/connection/stream.rs:68:45
[INFO] [stdout] |
[INFO] [stdout] 41 | impl PgStream {
[INFO] [stdout] ...
[INFO] [stdout] 68 | pub(crate) async fn recv_expect<'de, T: Decode<'de>>(
[INFO] [stdout] | ^^^^^^^^^^^ required by this bound in `PgStream::recv_expect`
[INFO] [stdout]
[INFO] [stdout]
[INFO] [stdout] error[E0277]: the trait bound `!: sqlx_core::io::Decode<'_>` is not satisfied
[INFO] [stdout] --> /opt/rustwide/cargo-home/registry/src/index.crates.io-1949cf8c6b5b557f/sqlx-postgres-0.7.4/src/copy.rs:350:77
[INFO] [stdout] |
[INFO] [stdout] 350 | conn.stream.recv_expect(MessageFormat::CommandComplete).await?;
[INFO] [stdout] | ^^^^^ the trait `sqlx_core::io::Decode<'_>` is not implemented for `!`
[INFO] [stdout] |
[INFO] [stdout] = help: the following other types implement trait `sqlx_core::io::Decode<'de, Context>`:
[INFO] [stdout] ()
[INFO] [stdout] Authentication
[INFO] [stdout] AuthenticationSaslContinue
[INFO] [stdout] AuthenticationSaslFinal
[INFO] [stdout] BackendKeyData
[INFO] [stdout] CommandComplete
[INFO] [stdout] CopyData
[INFO] [stdout] CopyDone
[INFO] [stdout] and 10 others
[INFO] [stdout] = note: this error might have been caused by changes to Rust's type-inference algorithm (see issue #148922 for more information)
[INFO] [stdout] = help: you might have intended to use the type `()` here instead
[INFO] [stdout] note: required by a bound in `PgStream::recv_expect`
[INFO] [stdout] --> /opt/rustwide/cargo-home/registry/src/index.crates.io-1949cf8c6b5b557f/sqlx-postgres-0.7.4/src/connection/stream.rs:68:45
[INFO] [stdout] |
[INFO] [stdout] 41 | impl PgStream {
[INFO] [stdout] ...
[INFO] [stdout] 68 | pub(crate) async fn recv_expect<'de, T: Decode<'de>>(
[INFO] [stdout] | ^^^^^^^^^^^ required by this bound in `PgStream::recv_expect`
[INFO] [stdout]
[INFO] [stdout]
[INFO] [stdout] error[E0277]: the trait bound `!: sqlx_core::io::Decode<'_>` is not satisfied
[INFO] [stdout] --> /opt/rustwide/cargo-home/registry/src/index.crates.io-1949cf8c6b5b557f/sqlx-postgres-0.7.4/src/copy.rs:351:75
[INFO] [stdout] |
[INFO] [stdout] 351 | conn.stream.recv_expect(MessageFormat::ReadyForQuery).await?;
[INFO] [stdout] | ^^^^^ the trait `sqlx_core::io::Decode<'_>` is not implemented for `!`
[INFO] [stdout] |
[INFO] [stdout] = help: the following other types implement trait `sqlx_core::io::Decode<'de, Context>`:
[INFO] [stdout] ()
[INFO] [stdout] Authentication
[INFO] [stdout] AuthenticationSaslContinue
[INFO] [stdout] AuthenticationSaslFinal
[INFO] [stdout] BackendKeyData
[INFO] [stdout] CommandComplete
[INFO] [stdout] CopyData
[INFO] [stdout] CopyDone
[INFO] [stdout] and 10 others
[INFO] [stdout] = note: this error might have been caused by changes to Rust's type-inference algorithm (see issue #148922 for more information)
[INFO] [stdout] = help: you might have intended to use the type `()` here instead
[INFO] [stdout] note: required by a bound in `PgStream::recv_expect`
[INFO] [stdout] --> /opt/rustwide/cargo-home/registry/src/index.crates.io-1949cf8c6b5b557f/sqlx-postgres-0.7.4/src/connection/stream.rs:68:45
[INFO] [stdout] |
[INFO] [stdout] 41 | impl PgStream {
[INFO] [stdout] ...
[INFO] [stdout] 68 | pub(crate) async fn recv_expect<'de, T: Decode<'de>>(
[INFO] [stdout] | ^^^^^^^^^^^ required by this bound in `PgStream::recv_expect`
[INFO] [stdout]
[INFO] [stdout]
[INFO] [stdout] error[E0277]: the trait bound `!: sqlx_core::io::Decode<'_>` is not satisfied
[INFO] [stdout] --> /opt/rustwide/cargo-home/registry/src/index.crates.io-1949cf8c6b5b557f/sqlx-postgres-0.7.4/src/connection/executor.rs:68:10
[INFO] [stdout] |
[INFO] [stdout] 68 | .recv_expect(MessageFormat::ParseComplete)
[INFO] [stdout] | ^^^^^^^^^^^ the trait `sqlx_core::io::Decode<'_>` is not implemented for `!`
[INFO] [stdout] |
[INFO] [stdout] = help: the following other types implement trait `sqlx_core::io::Decode<'de, Context>`:
[INFO] [stdout] ()
[INFO] [stdout] Authentication
[INFO] [stdout] AuthenticationSaslContinue
[INFO] [stdout] AuthenticationSaslFinal
[INFO] [stdout] BackendKeyData
[INFO] [stdout] CommandComplete
[INFO] [stdout] CopyData
[INFO] [stdout] CopyDone
[INFO] [stdout] and 10 others
[INFO] [stdout] = note: this error might have been caused by changes to Rust's type-inference algorithm (see issue #148922 for more information)
[INFO] [stdout] = help: you might have intended to use the type `()` here instead
[INFO] [stdout] note: required by a bound in `PgStream::recv_expect`
[INFO] [stdout] --> /opt/rustwide/cargo-home/registry/src/index.crates.io-1949cf8c6b5b557f/sqlx-postgres-0.7.4/src/connection/stream.rs:68:45
[INFO] [stdout] |
[INFO] [stdout] 41 | impl PgStream {
[INFO] [stdout] ...
[INFO] [stdout] 68 | pub(crate) async fn recv_expect<'de, T: Decode<'de>>(
[INFO] [stdout] | ^^^^^^^^^^^ required by this bound in `PgStream::recv_expect`
[INFO] [stdout]
[INFO] [stdout]
[INFO] [stdout] error[E0277]: the trait bound `!: sqlx_core::io::Decode<'_>` is not satisfied
[INFO] [stdout] --> /opt/rustwide/cargo-home/registry/src/index.crates.io-1949cf8c6b5b557f/sqlx-postgres-0.7.4/src/connection/executor.rs:66:13
[INFO] [stdout] |
[INFO] [stdout] 66 | let _ = conn
[INFO] [stdout] | _____________^
[INFO] [stdout] 67 | | .stream
[INFO] [stdout] 68 | | .recv_expect(MessageFormat::ParseComplete)
[INFO] [stdout] | |__________________________________________________^ the trait `sqlx_core::io::Decode<'_>` is not implemented for `!`
[INFO] [stdout] |
[INFO] [stdout] = help: the following other types implement trait `sqlx_core::io::Decode<'de, Context>`:
[INFO] [stdout] ()
[INFO] [stdout] Authentication
[INFO] [stdout] AuthenticationSaslContinue
[INFO] [stdout] AuthenticationSaslFinal
[INFO] [stdout] BackendKeyData
[INFO] [stdout] CommandComplete
[INFO] [stdout] CopyData
[INFO] [stdout] CopyDone
[INFO] [stdout] and 10 others
[INFO] [stdout] = note: this error might have been caused by changes to Rust's type-inference algorithm (see issue #148922 for more information)
[INFO] [stdout] = help: you might have intended to use the type `()` here instead
[INFO] [stdout] note: required by a bound in `PgStream::recv_expect`
[INFO] [stdout] --> /opt/rustwide/cargo-home/registry/src/index.crates.io-1949cf8c6b5b557f/sqlx-postgres-0.7.4/src/connection/stream.rs:68:45
[INFO] [stdout] |
[INFO] [stdout] 41 | impl PgStream {
[INFO] [stdout] ...
[INFO] [stdout] 68 | pub(crate) async fn recv_expect<'de, T: Decode<'de>>(
[INFO] [stdout] | ^^^^^^^^^^^ required by this bound in `PgStream::recv_expect`
[INFO] [stdout]
[INFO] [stdout]
[INFO] [stdout] error[E0277]: the trait bound `!: sqlx_core::io::Decode<'_>` is not satisfied
[INFO] [stdout] --> /opt/rustwide/cargo-home/registry/src/index.crates.io-1949cf8c6b5b557f/sqlx-postgres-0.7.4/src/connection/executor.rs:69:10
[INFO] [stdout] |
[INFO] [stdout] 69 | .await?;
[INFO] [stdout] | ^^^^^ the trait `sqlx_core::io::Decode<'_>` is not implemented for `!`
[INFO] [stdout] |
[INFO] [stdout] = help: the following other types implement trait `sqlx_core::io::Decode<'de, Context>`:
[INFO] [stdout] ()
[INFO] [stdout] Authentication
[INFO] [stdout] AuthenticationSaslContinue
[INFO] [stdout] AuthenticationSaslFinal
[INFO] [stdout] BackendKeyData
[INFO] [stdout] CommandComplete
[INFO] [stdout] CopyData
[INFO] [stdout] CopyDone
[INFO] [stdout] and 10 others
[INFO] [stdout] = note: this error might have been caused by changes to Rust's type-inference algorithm (see issue #148922 for more information)
[INFO] [stdout] = help: you might have intended to use the type `()` here instead
[INFO] [stdout] note: required by a bound in `PgStream::recv_expect`
[INFO] [stdout] --> /opt/rustwide/cargo-home/registry/src/index.crates.io-1949cf8c6b5b557f/sqlx-postgres-0.7.4/src/connection/stream.rs:68:45
[INFO] [stdout] |
[INFO] [stdout] 41 | impl PgStream {
[INFO] [stdout] ...
[INFO] [stdout] 68 | pub(crate) async fn recv_expect<'de, T: Decode<'de>>(
[INFO] [stdout] | ^^^^^^^^^^^ required by this bound in `PgStream::recv_expect`
[INFO] [stdout]
[INFO] [stdout]
[INFO] [stdout] error[E0277]: the trait bound `!: sqlx_core::io::Decode<'_>` is not satisfied
[INFO] [stdout] --> /opt/rustwide/cargo-home/registry/src/index.crates.io-1949cf8c6b5b557f/sqlx-postgres-0.7.4/src/copy.rs:280:30
[INFO] [stdout] |
[INFO] [stdout] 280 | ... .recv_expect(MessageFormat::ReadyForQuery)
[INFO] [stdout] | ^^^^^^^^^^^ the trait `sqlx_core::io::Decode<'_>` is not implemented for `!`
[INFO] [stdout] |
[INFO] [stdout] = help: the following other types implement trait `sqlx_core::io::Decode<'de, Context>`:
[INFO] [stdout] ()
[INFO] [stdout] Authentication
[INFO] [stdout] AuthenticationSaslContinue
[INFO] [stdout] AuthenticationSaslFinal
[INFO] [stdout] BackendKeyData
[INFO] [stdout] CommandComplete
[INFO] [stdout] CopyData
[INFO] [stdout] CopyDone
[INFO] [stdout] and 10 others
[INFO] [stdout] = note: this error might have been caused by changes to Rust's type-inference algorithm (see issue #148922 for more information)
[INFO] [stdout] = help: you might have intended to use the type `()` here instead
[INFO] [stdout] note: required by a bound in `PgStream::recv_expect`
[INFO] [stdout] --> /opt/rustwide/cargo-home/registry/src/index.crates.io-1949cf8c6b5b557f/sqlx-postgres-0.7.4/src/connection/stream.rs:68:45
[INFO] [stdout] |
[INFO] [stdout] 41 | impl PgStream {
[INFO] [stdout] ...
[INFO] [stdout] 68 | pub(crate) async fn recv_expect<'de, T: Decode<'de>>(
[INFO] [stdout] | ^^^^^^^^^^^ required by this bound in `PgStream::recv_expect`
[INFO] [stdout]
[INFO] [stdout]
[INFO] [stdout] error[E0277]: the trait bound `!: sqlx_core::io::Decode<'_>` is not satisfied
[INFO] [stdout] --> /opt/rustwide/cargo-home/registry/src/index.crates.io-1949cf8c6b5b557f/sqlx-postgres-0.7.4/src/copy.rs:279:25
[INFO] [stdout] |
[INFO] [stdout] 279 | / conn.stream
[INFO] [stdout] 280 | | .recv_expect(MessageFormat::ReadyForQuery)
[INFO] [stdout] | |______________________________________________________________________^ the trait `sqlx_core::io::Decode<'_>` is not implemented for `!`
[INFO] [stdout] |
[INFO] [stdout] = help: the following other types implement trait `sqlx_core::io::Decode<'de, Context>`:
[INFO] [stdout] ()
[INFO] [stdout] Authentication
[INFO] [stdout] AuthenticationSaslContinue
[INFO] [stdout] AuthenticationSaslFinal
[INFO] [stdout] BackendKeyData
[INFO] [stdout] CommandComplete
[INFO] [stdout] CopyData
[INFO] [stdout] CopyDone
[INFO] [stdout] and 10 others
[INFO] [stdout] = note: this error might have been caused by changes to Rust's type-inference algorithm (see issue #148922 for more information)
[INFO] [stdout] = help: you might have intended to use the type `()` here instead
[INFO] [stdout] note: required by a bound in `PgStream::recv_expect`
[INFO] [stdout] --> /opt/rustwide/cargo-home/registry/src/index.crates.io-1949cf8c6b5b557f/sqlx-postgres-0.7.4/src/connection/stream.rs:68:45
[INFO] [stdout] |
[INFO] [stdout] 41 | impl PgStream {
[INFO] [stdout] ...
[INFO] [stdout] 68 | pub(crate) async fn recv_expect<'de, T: Decode<'de>>(
[INFO] [stdout] | ^^^^^^^^^^^ required by this bound in `PgStream::recv_expect`
[INFO] [stdout]
[INFO] [stdout]
[INFO] [stdout] error[E0277]: the trait bound `!: sqlx_core::io::Decode<'_>` is not satisfied
[INFO] [stdout] --> /opt/rustwide/cargo-home/registry/src/index.crates.io-1949cf8c6b5b557f/sqlx-postgres-0.7.4/src/copy.rs:281:30
[INFO] [stdout] |
[INFO] [stdout] 281 | ... .await?;
[INFO] [stdout] | ^^^^^ the trait `sqlx_core::io::Decode<'_>` is not implemented for `!`
[INFO] [stdout] |
[INFO] [stdout] = help: the following other types implement trait `sqlx_core::io::Decode<'de, Context>`:
[INFO] [stdout] ()
[INFO] [stdout] Authentication
[INFO] [stdout] AuthenticationSaslContinue
[INFO] [stdout] AuthenticationSaslFinal
[INFO] [stdout] BackendKeyData
[INFO] [stdout] CommandComplete
[INFO] [stdout] CopyData
[INFO] [stdout] CopyDone
[INFO] [stdout] and 10 others
[INFO] [stdout] = note: this error might have been caused by changes to Rust's type-inference algorithm (see issue #148922 for more information)
[INFO] [stdout] = help: you might have intended to use the type `()` here instead
[INFO] [stdout] note: required by a bound in `PgStream::recv_expect`
[INFO] [stdout] --> /opt/rustwide/cargo-home/registry/src/index.crates.io-1949cf8c6b5b557f/sqlx-postgres-0.7.4/src/connection/stream.rs:68:45
[INFO] [stdout] |
[INFO] [stdout] 41 | impl PgStream {
[INFO] [stdout] ...
[INFO] [stdout] 68 | pub(crate) async fn recv_expect<'de, T: Decode<'de>>(
[INFO] [stdout] | ^^^^^^^^^^^ required by this bound in `PgStream::recv_expect`
[INFO] [stdout]
[INFO] [stdout]
[INFO] [stdout] error[E0277]: the trait bound `!: sqlx_core::io::Decode<'_>` is not satisfied
[INFO] [stdout] --> /opt/rustwide/cargo-home/registry/src/index.crates.io-1949cf8c6b5b557f/sqlx-postgres-0.7.4/src/copy.rs:314:14
[INFO] [stdout] |
[INFO] [stdout] 314 | .recv_expect(MessageFormat::ReadyForQuery)
[INFO] [stdout] | ^^^^^^^^^^^ the trait `sqlx_core::io::Decode<'_>` is not implemented for `!`
[INFO] [stdout] |
[INFO] [stdout] = help: the following other types implement trait `sqlx_core::io::Decode<'de, Context>`:
[INFO] [stdout] ()
[INFO] [stdout] Authentication
[INFO] [stdout] AuthenticationSaslContinue
[INFO] [stdout] AuthenticationSaslFinal
[INFO] [stdout] BackendKeyData
[INFO] [stdout] CommandComplete
[INFO] [stdout] CopyData
[INFO] [stdout] CopyDone
[INFO] [stdout] and 10 others
[INFO] [stdout] = note: this error might have been caused by changes to Rust's type-inference algorithm (see issue #148922 for more information)
[INFO] [stdout] = help: you might have intended to use the type `()` here instead
[INFO] [stdout] note: required by a bound in `PgStream::recv_expect`
[INFO] [stdout] --> /opt/rustwide/cargo-home/registry/src/index.crates.io-1949cf8c6b5b557f/sqlx-postgres-0.7.4/src/connection/stream.rs:68:45
[INFO] [stdout] |
[INFO] [stdout] 41 | impl PgStream {
[INFO] [stdout] ...
[INFO] [stdout] 68 | pub(crate) async fn recv_expect<'de, T: Decode<'de>>(
[INFO] [stdout] | ^^^^^^^^^^^ required by this bound in `PgStream::recv_expect`
[INFO] [stdout]
[INFO] [stdout]
[INFO] [stdout] error[E0277]: the trait bound `!: sqlx_core::io::Decode<'_>` is not satisfied
[INFO] [stdout] --> /opt/rustwide/cargo-home/registry/src/index.crates.io-1949cf8c6b5b557f/sqlx-postgres-0.7.4/src/copy.rs:313:9
[INFO] [stdout] |
[INFO] [stdout] 313 | / conn.stream
[INFO] [stdout] 314 | | .recv_expect(MessageFormat::ReadyForQuery)
[INFO] [stdout] | |______________________________________________________^ the trait `sqlx_core::io::Decode<'_>` is not implemented for `!`
[INFO] [stdout] |
[INFO] [stdout] = help: the following other types implement trait `sqlx_core::io::Decode<'de, Context>`:
[INFO] [stdout] ()
[INFO] [stdout] Authentication
[INFO] [stdout] AuthenticationSaslContinue
[INFO] [stdout] AuthenticationSaslFinal
[INFO] [stdout] BackendKeyData
[INFO] [stdout] CommandComplete
[INFO] [stdout] CopyData
[INFO] [stdout] CopyDone
[INFO] [stdout] and 10 others
[INFO] [stdout] = note: this error might have been caused by changes to Rust's type-inference algorithm (see issue #148922 for more information)
[INFO] [stdout] = help: you might have intended to use the type `()` here instead
[INFO] [stdout] note: required by a bound in `PgStream::recv_expect`
[INFO] [stdout] --> /opt/rustwide/cargo-home/registry/src/index.crates.io-1949cf8c6b5b557f/sqlx-postgres-0.7.4/src/connection/stream.rs:68:45
[INFO] [stdout] |
[INFO] [stdout] 41 | impl PgStream {
[INFO] [stdout] ...
[INFO] [stdout] 68 | pub(crate) async fn recv_expect<'de, T: Decode<'de>>(
[INFO] [stdout] | ^^^^^^^^^^^ required by this bound in `PgStream::recv_expect`
[INFO] [stdout]
[INFO] [stdout]
[INFO] [stdout] error[E0277]: the trait bound `!: sqlx_core::io::Decode<'_>` is not satisfied
[INFO] [stdout] --> /opt/rustwide/cargo-home/registry/src/index.crates.io-1949cf8c6b5b557f/sqlx-postgres-0.7.4/src/copy.rs:315:14
[INFO] [stdout] |
[INFO] [stdout] 315 | .await?;
[INFO] [stdout] | ^^^^^ the trait `sqlx_core::io::Decode<'_>` is not implemented for `!`
[INFO] [stdout] |
[INFO] [stdout] = help: the following other types implement trait `sqlx_core::io::Decode<'de, Context>`:
[INFO] [stdout] ()
[INFO] [stdout] Authentication
[INFO] [stdout] AuthenticationSaslContinue
[INFO] [stdout] AuthenticationSaslFinal
[INFO] [stdout] BackendKeyData
[INFO] [stdout] CommandComplete
[INFO] [stdout] CopyData
[INFO] [stdout] CopyDone
[INFO] [stdout] and 10 others
[INFO] [stdout] = note: this error might have been caused by changes to Rust's type-inference algorithm (see issue #148922 for more information)
[INFO] [stdout] = help: you might have intended to use the type `()` here instead
[INFO] [stdout] note: required by a bound in `PgStream::recv_expect`
[INFO] [stdout] --> /opt/rustwide/cargo-home/registry/src/index.crates.io-1949cf8c6b5b557f/sqlx-postgres-0.7.4/src/connection/stream.rs:68:45
[INFO] [stdout] |
[INFO] [stdout] 41 | impl PgStream {
[INFO] [stdout] ...
[INFO] [stdout] 68 | pub(crate) async fn recv_expect<'de, T: Decode<'de>>(
[INFO] [stdout] | ^^^^^^^^^^^ required by this bound in `PgStream::recv_expect`
[INFO] [stdout]
[INFO] [stdout]
[INFO] [stdout] error[E0277]: the trait bound `!: sqlx_core::io::Decode<'_>` is not satisfied
[INFO] [stdout] --> /opt/rustwide/cargo-home/registry/src/index.crates.io-1949cf8c6b5b557f/sqlx-postgres-0.7.4/src/copy.rs:350:33
[INFO] [stdout] |
[INFO] [stdout] 350 | conn.stream.recv_expect(MessageFormat::CommandComplete).await?;
[INFO] [stdout] | ^^^^^^^^^^^ the trait `sqlx_core::io::Decode<'_>` is not implemented for `!`
[INFO] [stdout] |
[INFO] [stdout] = help: the following other types implement trait `sqlx_core::io::Decode<'de, Context>`:
[INFO] [stdout] ()
[INFO] [stdout] Authentication
[INFO] [stdout] AuthenticationSaslContinue
[INFO] [stdout] AuthenticationSaslFinal
[INFO] [stdout] BackendKeyData
[INFO] [stdout] CommandComplete
[INFO] [stdout] CopyData
[INFO] [stdout] CopyDone
[INFO] [stdout] and 10 others
[INFO] [stdout] = note: this error might have been caused by changes to Rust's type-inference algorithm (see issue #148922 for more information)
[INFO] [stdout] = help: you might have intended to use the type `()` here instead
[INFO] [stdout] note: required by a bound in `PgStream::recv_expect`
[INFO] [stdout] --> /opt/rustwide/cargo-home/registry/src/index.crates.io-1949cf8c6b5b557f/sqlx-postgres-0.7.4/src/connection/stream.rs:68:45
[INFO] [stdout] |
[INFO] [stdout] 41 | impl PgStream {
[INFO] [stdout] ...
[INFO] [stdout] 68 | pub(crate) async fn recv_expect<'de, T: Decode<'de>>(
[INFO] [stdout] | ^^^^^^^^^^^ required by this bound in `PgStream::recv_expect`
[INFO] [stdout]
[INFO] [stdout]
[INFO] [stdout] error[E0277]: the trait bound `!: sqlx_core::io::Decode<'_>` is not satisfied
[INFO] [stdout] --> /opt/rustwide/cargo-home/registry/src/index.crates.io-1949cf8c6b5b557f/sqlx-postgres-0.7.4/src/copy.rs:350:21
[INFO] [stdout] |
[INFO] [stdout] 350 | conn.stream.recv_expect(MessageFormat::CommandComplete).await?;
[INFO] [stdout] | ^^^^^^^^^^^^^^^^^^^^^^^^^^^^^^^^^^^^^^^^^^^^^^^^^^^^^^^ the trait `sqlx_core::io::Decode<'_>` is not implemented for `!`
[INFO] [stdout] |
[INFO] [stdout] = help: the following other types implement trait `sqlx_core::io::Decode<'de, Context>`:
[INFO] [stdout] ()
[INFO] [stdout] Authentication
[INFO] [stdout] AuthenticationSaslContinue
[INFO] [stdout] AuthenticationSaslFinal
[INFO] [stdout] BackendKeyData
[INFO] [stdout] CommandComplete
[INFO] [stdout] CopyData
[INFO] [stdout] CopyDone
[INFO] [stdout] and 10 others
[INFO] [stdout] = note: this error might have been caused by changes to Rust's type-inference algorithm (see issue #148922 for more information)
[INFO] [stdout] = help: you might have intended to use the type `()` here instead
[INFO] [stdout] note: required by a bound in `PgStream::recv_expect`
[INFO] [stdout] --> /opt/rustwide/cargo-home/registry/src/index.crates.io-1949cf8c6b5b557f/sqlx-postgres-0.7.4/src/connection/stream.rs:68:45
[INFO] [stdout] |
[INFO] [stdout] 41 | impl PgStream {
[INFO] [stdout] ...
[INFO] [stdout] 68 | pub(crate) async fn recv_expect<'de, T: Decode<'de>>(
[INFO] [stdout] | ^^^^^^^^^^^ required by this bound in `PgStream::recv_expect`
[INFO] [stdout]
[INFO] [stdout]
[INFO] [stdout] error[E0277]: the trait bound `!: sqlx_core::io::Decode<'_>` is not satisfied
[INFO] [stdout] --> /opt/rustwide/cargo-home/registry/src/index.crates.io-1949cf8c6b5b557f/sqlx-postgres-0.7.4/src/copy.rs:351:33
[INFO] [stdout] |
[INFO] [stdout] 351 | conn.stream.recv_expect(MessageFormat::ReadyForQuery).await?;
[INFO] [stdout] | ^^^^^^^^^^^ the trait `sqlx_core::io::Decode<'_>` is not implemented for `!`
[INFO] [stdout] |
[INFO] [stdout] = help: the following other types implement trait `sqlx_core::io::Decode<'de, Context>`:
[INFO] [stdout] ()
[INFO] [stdout] Authentication
[INFO] [stdout] AuthenticationSaslContinue
[INFO] [stdout] AuthenticationSaslFinal
[INFO] [stdout] BackendKeyData
[INFO] [stdout] CommandComplete
[INFO] [stdout] CopyData
[INFO] [stdout] CopyDone
[INFO] [stdout] and 10 others
[INFO] [stdout] = note: this error might have been caused by changes to Rust's type-inference algorithm (see issue #148922 for more information)
[INFO] [stdout] = help: you might have intended to use the type `()` here instead
[INFO] [stdout] note: required by a bound in `PgStream::recv_expect`
[INFO] [stdout] --> /opt/rustwide/cargo-home/registry/src/index.crates.io-1949cf8c6b5b557f/sqlx-postgres-0.7.4/src/connection/stream.rs:68:45
[INFO] [stdout] |
[INFO] [stdout] 41 | impl PgStream {
[INFO] [stdout] ...
[INFO] [stdout] 68 | pub(crate) async fn recv_expect<'de, T: Decode<'de>>(
[INFO] [stdout] | ^^^^^^^^^^^ required by this bound in `PgStream::recv_expect`
[INFO] [stdout]
[INFO] [stdout]
[INFO] [stdout] error[E0277]: the trait bound `!: sqlx_core::io::Decode<'_>` is not satisfied
[INFO] [stdout] --> /opt/rustwide/cargo-home/registry/src/index.crates.io-1949cf8c6b5b557f/sqlx-postgres-0.7.4/src/copy.rs:351:21
[INFO] [stdout] |
[INFO] [stdout] 351 | conn.stream.recv_expect(MessageFormat::ReadyForQuery).await?;
[INFO] [stdout] | ^^^^^^^^^^^^^^^^^^^^^^^^^^^^^^^^^^^^^^^^^^^^^^^^^^^^^ the trait `sqlx_core::io::Decode<'_>` is not implemented for `!`
[INFO] [stdout] |
[INFO] [stdout] = help: the following other types implement trait `sqlx_core::io::Decode<'de, Context>`:
[INFO] [stdout] ()
[INFO] [stdout] Authentication
[INFO] [stdout] AuthenticationSaslContinue
[INFO] [stdout] AuthenticationSaslFinal
[INFO] [stdout] BackendKeyData
[INFO] [stdout] CommandComplete
[INFO] [stdout] CopyData
[INFO] [stdout] CopyDone
[INFO] [stdout] and 10 others
[INFO] [stdout] = note: this error might have been caused by changes to Rust's type-inference algorithm (see issue #148922 for more information)
[INFO] [stdout] = help: you might have intended to use the type `()` here instead
[INFO] [stdout] note: required by a bound in `PgStream::recv_expect`
[INFO] [stdout] --> /opt/rustwide/cargo-home/registry/src/index.crates.io-1949cf8c6b5b557f/sqlx-postgres-0.7.4/src/connection/stream.rs:68:45
[INFO] [stdout] |
[INFO] [stdout] 41 | impl PgStream {
[INFO] [stdout] ...
[INFO] [stdout] 68 | pub(crate) async fn recv_expect<'de, T: Decode<'de>>(
[INFO] [stdout] | ^^^^^^^^^^^ required by this bound in `PgStream::recv_expect`
[INFO] [stdout]
[INFO] [stdout]
[INFO] [stdout] error[E0277]: the trait bound `!: sqlx_core::io::Decode<'_>` is not satisfied
[INFO] [stdout] --> /opt/rustwide/cargo-home/registry/src/index.crates.io-1949cf8c6b5b557f/sqlx-postgres-0.7.4/src/copy.rs:350:77
[INFO] [stdout] |
[INFO] [stdout] 350 | conn.stream.recv_expect(MessageFormat::CommandComplete).await?;
[INFO] [stdout] | ^^^^^ the trait `sqlx_core::io::Decode<'_>` is not implemented for `!`
[INFO] [stdout] |
[INFO] [stdout] = help: the following other types implement trait `sqlx_core::io::Decode<'de, Context>`:
[INFO] [stdout] ()
[INFO] [stdout] Authentication
[INFO] [stdout] AuthenticationSaslContinue
[INFO] [stdout] AuthenticationSaslFinal
[INFO] [stdout] BackendKeyData
[INFO] [stdout] CommandComplete
[INFO] [stdout] CopyData
[INFO] [stdout] CopyDone
[INFO] [stdout] and 10 others
[INFO] [stdout] = note: this error might have been caused by changes to Rust's type-inference algorithm (see issue #148922 for more information)
[INFO] [stdout] = help: you might have intended to use the type `()` here instead
[INFO] [stdout] note: required by a bound in `PgStream::recv_expect`
[INFO] [stdout] --> /opt/rustwide/cargo-home/registry/src/index.crates.io-1949cf8c6b5b557f/sqlx-postgres-0.7.4/src/connection/stream.rs:68:45
[INFO] [stdout] |
[INFO] [stdout] 41 | impl PgStream {
[INFO] [stdout] ...
[INFO] [stdout] 68 | pub(crate) async fn recv_expect<'de, T: Decode<'de>>(
[INFO] [stdout] | ^^^^^^^^^^^ required by this bound in `PgStream::recv_expect`
[INFO] [stdout]
[INFO] [stdout]
[INFO] [stdout] error[E0277]: the trait bound `!: sqlx_core::io::Decode<'_>` is not satisfied
[INFO] [stdout] --> /opt/rustwide/cargo-home/registry/src/index.crates.io-1949cf8c6b5b557f/sqlx-postgres-0.7.4/src/copy.rs:351:75
[INFO] [stdout] |
[INFO] [stdout] 351 | conn.stream.recv_expect(MessageFormat::ReadyForQuery).await?;
[INFO] [stdout] | ^^^^^ the trait `sqlx_core::io::Decode<'_>` is not implemented for `!`
[INFO] [stdout] |
[INFO] [stdout] = help: the following other types implement trait `sqlx_core::io::Decode<'de, Context>`:
[INFO] [stdout] ()
[INFO] [stdout] Authentication
[INFO] [stdout] AuthenticationSaslContinue
[INFO] [stdout] AuthenticationSaslFinal
[INFO] [stdout] BackendKeyData
[INFO] [stdout] CommandComplete
[INFO] [stdout] CopyData
[INFO] [stdout] CopyDone
[INFO] [stdout] and 10 others
[INFO] [stdout] = note: this error might have been caused by changes to Rust's type-inference algorithm (see issue #148922 for more information)
[INFO] [stdout] = help: you might have intended to use the type `()` here instead
[INFO] [stdout] note: required by a bound in `PgStream::recv_expect`
[INFO] [stdout] --> /opt/rustwide/cargo-home/registry/src/index.crates.io-1949cf8c6b5b557f/sqlx-postgres-0.7.4/src/connection/stream.rs:68:45
[INFO] [stdout] |
[INFO] [stdout] 41 | impl PgStream {
[INFO] [stdout] ...
[INFO] [stdout] 68 | pub(crate) async fn recv_expect<'de, T: Decode<'de>>(
[INFO] [stdout] | ^^^^^^^^^^^ required by this bound in `PgStream::recv_expect`
[INFO] [stdout]
[INFO] [stdout]
[INFO] [stdout] For more information about this error, try `rustc --explain E0277`.
[INFO] [stdout]
[INFO] [stderr] error: could not compile `sqlx-postgres` (lib) due to 15 previous errors
[INFO] [stderr] warning: build failed, waiting for other jobs to finish...
[INFO] [stdout] For more information about this error, try `rustc --explain E0277`.
[INFO] [stdout]
[INFO] [stderr] error: could not compile `sqlx-postgres` (lib) due to 15 previous errors
[INFO] running `Command { std: "docker" "inspect" "0248f5bd1ec44ebe7ebb40bc658d7e77d1666610276057c527e4f7ae6bddd8e9", kill_on_drop: false }`
[INFO] running `Command { std: "docker" "rm" "-f" "0248f5bd1ec44ebe7ebb40bc658d7e77d1666610276057c527e4f7ae6bddd8e9", kill_on_drop: false }`
[INFO] [stdout] 0248f5bd1ec44ebe7ebb40bc658d7e77d1666610276057c527e4f7ae6bddd8e9